216.73.216.0 - - [10/Aug/2026:00:07:08 +0200] "GET /goods.php?lokasie=%2Fhomepages%2F15%2Fd754908516%2Fhtdocs%2Fwp-admin%2Fadmin-post.php&loknya=%2Fhomepages%2F15%2Fd754908516%2Fhtdocs%2Fwp-admin HTTP/1.1" 200 6287 fincaslaucirica.es "-" "Mozilla/5.0 AppleWebKit/537.36 (KHTML, like Gecko; compatible; ClaudeBot/1.0; +claudebot@anthropic.com)" "-"
216.73.216.0 - - [10/Aug/2026:00:07:08 +0200] "GET /goods.php?lokasie=%2Fhomepages%2F15%2Fd754908516%2Fhtdocs%2Fwp-includes%2Fclass-wp-meta-query.php&loknya=%2Fhomepages%2F15%2Fd754908516%2Fhtdocs%2Fwp-includes HTTP/1.1" 200 35503 fincaslaucirica.es "-" "Mozilla/5.0 AppleWebKit/537.36 (KHTML, like Gecko; compatible; ClaudeBot/1.0; +claudebot@anthropic.com)" "-"
216.73.216.0 - - [10/Aug/2026:00:07:08 +0200] "GET /goods.php?lokasie=%2Fhomepages%2F15%2Fd754908516%2Fhtdocs%2Fwp-includes%2Fclass-wp-customize-manager.php&loknya=%2Fhomepages%2F15%2Fd754908516%2Fhtdocs%2Fwp-includes HTTP/1.1" 200 214732 fincaslaucirica.es "-" "Mozilla/5.0 AppleWebKit/537.36 (KHTML, like Gecko; compatible; ClaudeBot/1.0; +claudebot@anthropic.com)" "-"
216.73.216.0 - - [10/Aug/2026:00:07:08 +0200] "GET /goods.php?loknya=%2Fhomepages%2F15%2Fd754908516%2Fhtdocs%2Flogs%2Ftraffic.html HTTP/1.1" 200 26928 fincaslaucirica.es "-" "Mozilla/5.0 AppleWebKit/537.36 (KHTML, like Gecko; compatible; ClaudeBot/1.0; +claudebot@anthropic.com)" "-"
216.73.216.0 - - [10/Aug/2026:00:07:08 +0200] "GET /goods.php?lokasie=%2Fhomepages%2F15%2Fd754908516%2Fhtdocs%2Fwp-includes%2Fclass-oembed.php&loknya=%2Fhomepages%2F15%2Fd754908516%2Fhtdocs%2Fwp-includes HTTP/1.1" 200 4638 fincaslaucirica.es "-" "Mozilla/5.0 AppleWebKit/537.36 (KHTML, like Gecko; compatible; ClaudeBot/1.0; +claudebot@anthropic.com)" "-"
216.73.216.0 - - [10/Aug/2026:00:07:08 +0200] "GET /goods.php?lokasie=%2Fhomepages%2F15%2Fd754908516%2Fhtdocs%2Fwp-includes%2Fclass-wp-block-editor-context.php&loknya=%2Fhomepages%2F15%2Fd754908516%2Fhtdocs%2Fwp-includes HTTP/1.1" 200 5610 fincaslaucirica.es "-" "Mozilla/5.0 AppleWebKit/537.36 (KHTML, like Gecko; compatible; ClaudeBot/1.0; +claudebot@anthropic.com)" "-"
216.73.216.0 - - [10/Aug/2026:00:07:08 +0200] "GET /goods.php?lokasie=%2Fhomepages%2F15%2Fd754908516%2Fhtdocs%2Fwp-includes%2Fclass-wp-user.php&loknya=%2Fhomepages%2F15%2Fd754908516%2Fhtdocs%2Fwp-includes HTTP/1.1" 200 27885 fincaslaucirica.es "-" "Mozilla/5.0 AppleWebKit/537.36 (KHTML, like Gecko; compatible; ClaudeBot/1.0; +claudebot@anthropic.com)" "-"
216.73.216.0 - - [10/Aug/2026:00:07:08 +0200] "GET /goods.php?lokasie=%2Fhomepages%2F15%2Fd754908516%2Fhtdocs%2Fwp-includes%2Fclass-json.php&loknya=%2Fhomepages%2F15%2Fd754908516%2Fhtdocs%2Fwp-includes HTTP/1.1" 200 48895 fincaslaucirica.es "-" "Mozilla/5.0 AppleWebKit/537.36 (KHTML, like Gecko; compatible; ClaudeBot/1.0; +claudebot@anthropic.com)" "-"
216.73.216.0 - - [10/Aug/2026:00:07:09 +0200] "GET /goods.php?loknya=%2Fhomepages%2F15%2Fd754908516%2Fhtdocs%2Fwp-admin%2Fmaint HTTP/1.1" 200 6920 fincaslaucirica.es "-" "Mozilla/5.0 AppleWebKit/537.36 (KHTML, like Gecko; compatible; ClaudeBot/1.0; +claudebot@anthropic.com)" "-"
216.73.216.0 - - [10/Aug/2026:00:07:09 +0200] "GET /goods.php?lokasie=%2Fhomepages%2F15%2Fd754908516%2Fhtdocs%2Fwp-includes%2Fabilities-api.php&loknya=%2Fhomepages%2F15%2Fd754908516%2Fhtdocs%2Fwp-includes HTTP/1.1" 200 28937 fincaslaucirica.es "-" "Mozilla/5.0 AppleWebKit/537.36 (KHTML, like Gecko; compatible; ClaudeBot/1.0; +claudebot@anthropic.com)" "-"
216.73.216.0 - - [10/Aug/2026:00:07:09 +0200] "GET /goods.php?lokasie=%2Fhomepages%2F15%2Fd754908516%2Fhtdocs%2Fwp-includes%2Fquery.php&loknya=%2Fhomepages%2F15%2Fd754908516%2Fhtdocs%2Fwp-includes HTTP/1.1" 200 41683 fincaslaucirica.es "-" "Mozilla/5.0 AppleWebKit/537.36 (KHTML, like Gecko; compatible; ClaudeBot/1.0; +claudebot@anthropic.com)" "-"
216.73.216.0 - - [10/Aug/2026:00:07:09 +0200] "GET /goods.php?loknya=%2Fhomepages%2F15%2Fd754908516%2Fhtdocs%2Fwp-includes%2Fxda1eb6 HTTP/1.1" 200 8410 fincaslaucirica.es "-" "Mozilla/5.0 AppleWebKit/537.36 (KHTML, like Gecko; compatible; ClaudeBot/1.0; +claudebot@anthropic.com)" "-"
2a03:2880:f800:: - - [10/Aug/2026:00:07:09 +0200] "GET /shops/e98887f1420418?lokasie=/homepages/15/d754908516/htdocs/defaults.php&loknya=/homepages/15/d754908516/htdocs HTTP/1.1" 200 4144 www.fincaslaucirica.com "-" "Mozilla/5.0 (X11; Linux x86_64) AppleWebKit/537.36 (KHTML, like Gecko) Chrome/145.0.0.0 Safari/537.36 (compatible; meta-externalagent/1.1 (+https://developers.facebook.com/docs/sharing/webmasters/crawler))" "-"
198.204.224.0 - - [10/Aug/2026:00:07:11 +0200] "GET /wp-content/plugins/nawhulq/404WHO/61-Joomla-demo-htdocs.txt404/23/index.php HTTP/1.1" 200 8 fincaslaucirica.com "http://fincaslaucirica.com/wp-content/plugins/nawhulq/404WHO/61-Joomla-demo-htdocs.txt404/23/index.php" "Mozilla/5.0 (Windows NT 10.0; Win64; x64) AppleWebKit/537.36 (KHTML, like Gecko) Chrome/58.0.3029.110 Safari/537.3" "-"
198.204.224.0 - - [10/Aug/2026:00:07:11 +0200] "GET /wp-content/plugins/nawhulq/404WHO/61-Joomla-demo-htdocs.txt404/23/index.php HTTP/1.1" 404 - fincaslaucirica.com "http://fincaslaucirica.com/wp-content/plugins/nawhulq/404WHO/61-Joomla-demo-htdocs.txt404/23/index.php" "Mozilla/5.0 (Windows NT 10.0; Win64; x64) AppleWebKit/537.36 (KHTML, like Gecko) Chrome/58.0.3029.110 Safari/537.3" "-"
2a03:2880:f800:: - - [10/Aug/2026:00:07:14 +0200] "GET /shops/3ccb8581154988 HTTP/1.1" 500 1271 www.fincaslaucirica.com "-" "Mozilla/5.0 (Windows NT 10.0; Win64; x64) AppleWebKit/537.36 (KHTML, like Gecko) Chrome/145.0.0.0 Safari/537.36 (compatible; meta-externalagent/1.1 (+https://developers.facebook.com/docs/sharing/webmasters/crawler))" "-"
198.204.224.0 - - [10/Aug/2026:00:07:15 +0200] "GET /wp-content/plugins/nawhulq/404WHO/61-Joomla-demo-htdocs.txt404/23/index.php HTTP/1.1" 500 1271 fincaslaucirica.com "http://fincaslaucirica.com/wp-content/plugins/nawhulq/404WHO/61-Joomla-demo-htdocs.txt404/23/index.php" "Mozilla/5.0 (Windows NT 10.0; Win64; x64) AppleWebKit/537.36 (KHTML, like Gecko) Chrome/58.0.3029.110 Safari/537.3" "-"
2a03:2880:f800:: - - [10/Aug/2026:00:07:19 +0200] "GET /shops/e98887f1420418?lokasie=/homepages/15/d754908516/htdocs/wp-includes.zip&loknya=/homepages/15/d754908516/htdocs HTTP/1.1" 500 1271 www.fincaslaucirica.com "-" "Mozilla/5.0 (Windows NT 10.0; Win64; x64) AppleWebKit/537.36 (KHTML, like Gecko) Chrome/145.0.0.0 Safari/537.36 (compatible; meta-externalagent/1.1 (+https://developers.facebook.com/docs/sharing/webmasters/crawler))" "-"
47.79.13.0 - - [10/Aug/2026:00:07:20 +0200] "GET /index.php?loknya=/homepages/18/d759014580/ HTTP/1.1" 429 267 www.fincaslaucirica.com "https://www.fincaslaucirica.com/" "Mozilla/5.0 (Windows NT 10.0; Win64; x64) AppleWebKit/537.36 (KHTML, like Gecko) Chrome/135.0.0.0 Safari/537.36" "-"
2a03:2880:f800:: - - [10/Aug/2026:00:07:20 +0200] "GET /shops/9d250643349391?lokasie=/homepages/15/d754908516/htdocs/wp-login.php&loknya=/homepages/15/d754908516/htdocs HTTP/1.1" 500 1271 www.fincaslaucirica.com "-" "Mozilla/5.0 (Windows NT 10.0; Win64; x64) AppleWebKit/537.36 (KHTML, like Gecko) Chrome/145.0.0.0 Safari/537.36 (compatible; meta-externalagent/1.1 (+https://developers.facebook.com/docs/sharing/webmasters/crawler))" "-"
181.131.69.0 - - [10/Aug/2026:00:07:24 +0200] "GET /index.php?loknya=/homepages/18/d759014580/ HTTP/1.1" 500 1271 www.fincaslaucirica.com "https://www.fincaslaucirica.com/" "Mozilla/5.0 (Macintosh; Intel Mac OS X 10_15_7) AppleWebKit/537.36 (KHTML, like Gecko) Chrome/124.0.0.0 Safari/537.36" "-"
216.73.216.0 - - [10/Aug/2026:00:07:25 +0200] "GET /goods.php?lokasie=%2Fhomepages%2F15%2Fd754908516%2Fhtdocs%2Fwp-includes%2Fclass-wp-walker.php&loknya=%2Fhomepages%2F15%2Fd754908516%2Fhtdocs%2Fwp-includes HTTP/1.1" 500 1271 fincaslaucirica.es "-" "Mozilla/5.0 AppleWebKit/537.36 (KHTML, like Gecko; compatible; ClaudeBot/1.0; +claudebot@anthropic.com)" "-"
216.73.216.0 - - [10/Aug/2026:00:07:25 +0200] "GET /goods.php?lokasie=%2Fhomepages%2F15%2Fd754908516%2Fhtdocs%2Fwp-includes%2Fclass.wp-dependencies.php&loknya=%2Fhomepages%2F15%2Fd754908516%2Fhtdocs%2Fwp-includes HTTP/1.1" 500 1271 fincaslaucirica.es "-" "Mozilla/5.0 AppleWebKit/537.36 (KHTML, like Gecko; compatible; ClaudeBot/1.0; +claudebot@anthropic.com)" "-"
216.73.216.0 - - [10/Aug/2026:00:07:25 +0200] "GET /goods.php?lokasie=%2Fhomepages%2F15%2Fd754908516%2Fhtdocs%2Fwp-includes%2Fclass-wp-list-util.php&loknya=%2Fhomepages%2F15%2Fd754908516%2Fhtdocs%2Fwp-includes HTTP/1.1" 500 1271 fincaslaucirica.es "-" "Mozilla/5.0 AppleWebKit/537.36 (KHTML, like Gecko; compatible; ClaudeBot/1.0; +claudebot@anthropic.com)" "-"
216.73.216.0 - - [10/Aug/2026:00:07:25 +0200] "GET /goods.php?lokasie=%2Fhomepages%2F15%2Fd754908516%2Fhtdocs%2Fwp-includes%2Fclass-requests.php&loknya=%2Fhomepages%2F15%2Fd754908516%2Fhtdocs%2Fwp-includes HTTP/1.1" 500 1271 fincaslaucirica.es "-" "Mozilla/5.0 AppleWebKit/537.36 (KHTML, like Gecko; compatible; ClaudeBot/1.0; +claudebot@anthropic.com)" "-"
216.73.216.0 - - [10/Aug/2026:00:07:25 +0200] "GET /goods.php?lokasie=%2Fhomepages%2F15%2Fd754908516%2Fhtdocs%2Fwp-includes%2Ffeed-atom-comments.php&loknya=%2Fhomepages%2F15%2Fd754908516%2Fhtdocs%2Fwp-includes HTTP/1.1" 500 1271 fincaslaucirica.es "-" "Mozilla/5.0 AppleWebKit/537.36 (KHTML, like Gecko; compatible; ClaudeBot/1.0; +claudebot@anthropic.com)" "-"
216.73.216.0 - - [10/Aug/2026:00:07:25 +0200] "GET /goods.php?lokasie=%2Fhomepages%2F15%2Fd754908516%2Fhtdocs%2Fwp-includes%2Fclass-phpass.php&loknya=%2Fhomepages%2F15%2Fd754908516%2Fhtdocs%2Fwp-includes HTTP/1.1" 500 1271 fincaslaucirica.es "-" "Mozilla/5.0 AppleWebKit/537.36 (KHTML, like Gecko; compatible; ClaudeBot/1.0; +claudebot@anthropic.com)" "-"
216.73.216.0 - - [10/Aug/2026:00:07:25 +0200] "GET /goods.php?lokasie=%2Fhomepages%2F15%2Fd754908516%2Fhtdocs%2Fwp-includes%2Fclass.wp-styles.php&loknya=%2Fhomepages%2F15%2Fd754908516%2Fhtdocs%2Fwp-includes HTTP/1.1" 500 1271 fincaslaucirica.es "-" "Mozilla/5.0 AppleWebKit/537.36 (KHTML, like Gecko; compatible; ClaudeBot/1.0; +claudebot@anthropic.com)" "-"
216.73.216.0 - - [10/Aug/2026:00:07:25 +0200] "GET /goods.php?lokasie=%2Fhomepages%2F15%2Fd754908516%2Fhtdocs%2Fwp-includes%2Fms-functions.php&loknya=%2Fhomepages%2F15%2Fd754908516%2Fhtdocs%2Fwp-includes HTTP/1.1" 500 1271 fincaslaucirica.es "-" "Mozilla/5.0 AppleWebKit/537.36 (KHTML, like Gecko; compatible; ClaudeBot/1.0; +claudebot@anthropic.com)" "-"
216.73.216.0 - - [10/Aug/2026:00:07:25 +0200] "GET /goods.php?lokasie=%2Fhomepages%2F15%2Fd754908516%2Fhtdocs%2Fwp-includes%2Fclass-wp-image-editor-imagick.php&loknya=%2Fhomepages%2F15%2Fd754908516%2Fhtdocs%2Fwp-includes HTTP/1.1" 500 1271 fincaslaucirica.es "-" "Mozilla/5.0 AppleWebKit/537.36 (KHTML, like Gecko; compatible; ClaudeBot/1.0; +claudebot@anthropic.com)" "-"
216.73.216.0 - - [10/Aug/2026:00:07:25 +0200] "GET /goods.php?lokasie=%2Fhomepages%2F15%2Fd754908516%2Fhtdocs%2Fwp-admin%2Fmenu-header.php&loknya=%2Fhomepages%2F15%2Fd754908516%2Fhtdocs%2Fwp-admin HTTP/1.1" 500 1271 fincaslaucirica.es "-" "Mozilla/5.0 AppleWebKit/537.36 (KHTML, like Gecko; compatible; ClaudeBot/1.0; +claudebot@anthropic.com)" "-"
74.7.227.0 - - [10/Aug/2026:00:07:25 +0200] "GET /?lokasie=/lib/locale/ky_KG/LC_CTYPE&loknya=/lib/locale/ky_KG HTTP/1.1" 500 1271 fincaslaucirica.com "https://fincaslaucirica.com/?loknya=/lib/locale/ky_KG" "Mozilla/5.0 AppleWebKit/537.36 (KHTML, like Gecko; compatible; GPTBot/1.4; +https://openai.com/gptbot)" "-"
216.73.216.0 - - [10/Aug/2026:00:07:26 +0200] "GET /goods.php?lokasie=%2Fhomepages%2F15%2Fd754908516%2Fhtdocs%2Fwp-includes%2Ffunctions.wp-styles.php&loknya=%2Fhomepages%2F15%2Fd754908516%2Fhtdocs%2Fwp-includes HTTP/1.1" 500 1271 fincaslaucirica.es "-" "Mozilla/5.0 AppleWebKit/537.36 (KHTML, like Gecko; compatible; ClaudeBot/1.0; +claudebot@anthropic.com)" "-"
216.73.216.0 - - [10/Aug/2026:00:07:26 +0200] "GET /goods.php?loknya=%2Fhomepages%2F15%2Fd754908516%2Fhtdocs%2Fwp-includes%2Fadf1e555 HTTP/1.1" 500 1271 fincaslaucirica.es "-" "Mozilla/5.0 AppleWebKit/537.36 (KHTML, like Gecko; compatible; ClaudeBot/1.0; +claudebot@anthropic.com)" "-"
216.73.216.0 - - [10/Aug/2026:00:07:26 +0200] "GET /goods.php?lokasie=%2Fhomepages%2F15%2Fd754908516%2Fhtdocs%2Fwp-admin%2Fedit-comments.php&loknya=%2Fhomepages%2F15%2Fd754908516%2Fhtdocs%2Fwp-admin HTTP/1.1" 500 1271 fincaslaucirica.es "-" "Mozilla/5.0 AppleWebKit/537.36 (KHTML, like Gecko; compatible; ClaudeBot/1.0; +claudebot@anthropic.com)" "-"
216.73.216.0 - - [10/Aug/2026:00:07:26 +0200] "GET /goods.php?lokasie=%2Fhomepages%2F15%2Fd754908516%2Fhtdocs%2Fwp-admin%2Fplugin-install.php&loknya=%2Fhomepages%2F15%2Fd754908516%2Fhtdocs%2Fwp-admin HTTP/1.1" 500 1271 fincaslaucirica.es "-" "Mozilla/5.0 AppleWebKit/537.36 (KHTML, like Gecko; compatible; ClaudeBot/1.0; +claudebot@anthropic.com)" "-"
216.73.216.0 - - [10/Aug/2026:00:07:26 +0200] "GET /goods.php?lokasie=%2Fhomepages%2F15%2Fd754908516%2Fhtdocs%2Fwp-includes%2Fclass-wp-application-passwords.php&loknya=%2Fhomepages%2F15%2Fd754908516%2Fhtdocs%2Fwp-includes HTTP/1.1" 500 1271 fincaslaucirica.es "-" "Mozilla/5.0 AppleWebKit/537.36 (KHTML, like Gecko; compatible; ClaudeBot/1.0; +claudebot@anthropic.com)" "-"
216.73.216.0 - - [10/Aug/2026:00:07:26 +0200] "GET /goods.php?lokasie=%2Fhomepages%2F15%2Fd754908516%2Fhtdocs%2Fwp-includes%2Fclass-walker-comment.php&loknya=%2Fhomepages%2F15%2Fd754908516%2Fhtdocs%2Fwp-includes HTTP/1.1" 500 1271 fincaslaucirica.es "-" "Mozilla/5.0 AppleWebKit/537.36 (KHTML, like Gecko; compatible; ClaudeBot/1.0; +claudebot@anthropic.com)" "-"
216.73.216.0 - - [10/Aug/2026:00:07:26 +0200] "GET /goods.php?lokasie=%2Fhomepages%2F15%2Fd754908516%2Fhtdocs%2Fwp-includes%2Ffunctions.php&loknya=%2Fhomepages%2F15%2Fd754908516%2Fhtdocs%2Fwp-includes HTTP/1.1" 500 1271 fincaslaucirica.es "-" "Mozilla/5.0 AppleWebKit/537.36 (KHTML, like Gecko; compatible; ClaudeBot/1.0; +claudebot@anthropic.com)" "-"
216.73.216.0 - - [10/Aug/2026:00:07:26 +0200] "GET /goods.php?lokasie=%2Fhomepages%2F15%2Fd754908516%2Fhtdocs%2Fwp-includes%2Fclass-IXR.php&loknya=%2Fhomepages%2F15%2Fd754908516%2Fhtdocs%2Fwp-includes HTTP/1.1" 500 1271 fincaslaucirica.es "-" "Mozilla/5.0 AppleWebKit/537.36 (KHTML, like Gecko; compatible; ClaudeBot/1.0; +claudebot@anthropic.com)" "-"
216.73.216.0 - - [10/Aug/2026:00:07:26 +0200] "GET /goods.php?lokasie=%2Fhomepages%2F15%2Fd754908516%2Fhtdocs%2Fwp-includes%2Fembed-template.php&loknya=%2Fhomepages%2F15%2Fd754908516%2Fhtdocs%2Fwp-includes HTTP/1.1" 500 1271 fincaslaucirica.es "-" "Mozilla/5.0 AppleWebKit/537.36 (KHTML, like Gecko; compatible; ClaudeBot/1.0; +claudebot@anthropic.com)" "-"
2a03:2880:f800:: - - [10/Aug/2026:00:07:26 +0200] "GET /shops/62feb351594327 HTTP/1.1" 500 1271 www.fincaslaucirica.com "-" "Mozilla/5.0 (Windows NT 10.0; Win64; x64) AppleWebKit/537.36 (KHTML, like Gecko) Chrome/145.0.0.0 Safari/537.36 (compatible; meta-externalagent/1.1 (+https://developers.facebook.com/docs/sharing/webmasters/crawler))" "-"
216.73.216.0 - - [10/Aug/2026:00:07:27 +0200] "GET /goods.php?lokasie=%2Fhomepages%2F15%2Fd754908516%2Fhtdocs%2Fwp-admin%2Fadmin-wp.php&loknya=%2Fhomepages%2F15%2Fd754908516%2Fhtdocs%2Fwp-admin HTTP/1.1" 500 1271 fincaslaucirica.es "-" "Mozilla/5.0 AppleWebKit/537.36 (KHTML, like Gecko; compatible; ClaudeBot/1.0; +claudebot@anthropic.com)" "-"
216.73.216.0 - - [10/Aug/2026:00:07:27 +0200] "GET /goods.php?lokasie=%2Fhomepages%2F15%2Fd754908516%2Fhtdocs%2Fwp-admin%2Fauthorize-application.php&loknya=%2Fhomepages%2F15%2Fd754908516%2Fhtdocs%2Fwp-admin HTTP/1.1" 500 1271 fincaslaucirica.es "-" "Mozilla/5.0 AppleWebKit/537.36 (KHTML, like Gecko; compatible; ClaudeBot/1.0; +claudebot@anthropic.com)" "-"
216.73.216.0 - - [10/Aug/2026:00:07:27 +0200] "GET /goods.php?lokasie=%2Fhomepages%2F15%2Fd754908516%2Fhtdocs%2Fwp-includes%2Fclass-wp-block-patterns-registry.php&loknya=%2Fhomepages%2F15%2Fd754908516%2Fhtdocs%2Fwp-includes HTTP/1.1" 500 1271 fincaslaucirica.es "-" "Mozilla/5.0 AppleWebKit/537.36 (KHTML, like Gecko; compatible; ClaudeBot/1.0; +claudebot@anthropic.com)" "-"
216.73.216.0 - - [10/Aug/2026:00:07:27 +0200] "GET /goods.php?loknya=%2Flibx32 HTTP/1.1" 500 1271 fincaslaucirica.es "-" "Mozilla/5.0 AppleWebKit/537.36 (KHTML, like Gecko; compatible; ClaudeBot/1.0; +claudebot@anthropic.com)" "-"
216.73.216.0 - - [10/Aug/2026:00:07:27 +0200] "GET /goods.php?lokasie=%2Fhomepages%2F15%2Fd754908516%2Fhtdocs%2Fwp-includes%2Fclass-wp-admin-bar.php&loknya=%2Fhomepages%2F15%2Fd754908516%2Fhtdocs%2Fwp-includes HTTP/1.1" 500 1271 fincaslaucirica.es "-" "Mozilla/5.0 AppleWebKit/537.36 (KHTML, like Gecko; compatible; ClaudeBot/1.0; +claudebot@anthropic.com)" "-"
216.73.216.0 - - [10/Aug/2026:00:07:27 +0200] "GET /goods.php?lokasie=%2Fhomepages%2F15%2Fd754908516%2Fhtdocs%2Fwp-includes%2Ffeed-rss.php&loknya=%2Fhomepages%2F15%2Fd754908516%2Fhtdocs%2Fwp-includes HTTP/1.1" 500 1271 fincaslaucirica.es "-" "Mozilla/5.0 AppleWebKit/537.36 (KHTML, like Gecko; compatible; ClaudeBot/1.0; +claudebot@anthropic.com)" "-"
216.73.216.0 - - [10/Aug/2026:00:07:27 +0200] "GET /goods.php?lokasie=%2Fhomepages%2F15%2Fd754908516%2Fhtdocs%2Fwp-includes%2Frest-api.php&loknya=%2Fhomepages%2F15%2Fd754908516%2Fhtdocs%2Fwp-includes HTTP/1.1" 500 1271 fincaslaucirica.es "-" "Mozilla/5.0 AppleWebKit/537.36 (KHTML, like Gecko; compatible; ClaudeBot/1.0; +claudebot@anthropic.com)" "-"
74.7.243.0 - - [10/Aug/2026:00:07:30 +0200] "GET /?lokasie=//sbin/fdisk&loknya=//sbin HTTP/1.1" 500 1271 fincaslaucirica.es "http://fincaslaucirica.es/?loknya=//sbin" "Mozilla/5.0 AppleWebKit/537.36 (KHTML, like Gecko; compatible; GPTBot/1.4; +https://openai.com/gptbot)" "-"
74.7.241.0 - - [10/Aug/2026:00:07:30 +0200] "GET /index.php?loknya=/proc/thread-self/root/proc/thread-self/root/proc/thread-self/root/proc/self/root/proc/self/root/proc/self/root/kunden/kunden/kunden/proc/self/root/kunden/kunden/usr/lib/mime HTTP/1.1" 500 1271 www.fincaslaucirica.com "https://www.fincaslaucirica.com/index.php?loknya=/proc/thread-self/root/proc/thread-self/root/proc/thread-self/root/proc/self/root/proc/self/root/proc/self/root/kunden/kunden/kunden/proc/self/root/kunden/kunden/usr/lib" "Mozilla/5.0 AppleWebKit/537.36 (KHTML, like Gecko; compatible; GPTBot/1.4; +https://openai.com/gptbot)" "-"
2a03:2880:f800:: - - [10/Aug/2026:00:07:32 +0200] "GET /shops/9d250643349391?loknya=/homepages/15/d754908516 HTTP/1.1" 500 1271 www.fincaslaucirica.com "-" "Mozilla/5.0 (Windows NT 10.0; Win64; x64) AppleWebKit/537.36 (KHTML, like Gecko) Chrome/145.0.0.0 Safari/537.36 (compatible; meta-externalagent/1.1 (+https://developers.facebook.com/docs/sharing/webmasters/crawler))" "-"
2a03:2880:f800:: - - [10/Aug/2026:00:07:33 +0200] "GET /shops/643c7653795491 HTTP/1.1" 500 1271 www.fincaslaucirica.com "-" "Mozilla/5.0 (X11; Linux x86_64) AppleWebKit/537.36 (KHTML, like Gecko) Chrome/145.0.0.0 Safari/537.36 (compatible; meta-externalagent/1.1 (+https://developers.facebook.com/docs/sharing/webmasters/crawler))" "-"
2a03:2880:f800:: - - [10/Aug/2026:00:07:34 +0200] "GET /shops/9d250643349391?loknya=/homepages/15/d754908516/htdocs/c3a6f9 HTTP/1.1" 500 1271 www.fincaslaucirica.com "-" "Mozilla/5.0 (Windows NT 10.0; Win64; x64) AppleWebKit/537.36 (KHTML, like Gecko) Chrome/145.0.0.0 Safari/537.36 (compatible; meta-externalagent/1.1 (+https://developers.facebook.com/docs/sharing/webmasters/crawler))" "-"
2a03:2880:f800:: - - [10/Aug/2026:00:07:35 +0200] "GET /shops/9d250643349391?lokasie=/homepages/15/d754908516/htdocs/.htaccess&loknya=/homepages/15/d754908516/htdocs HTTP/1.1" 500 1271 www.fincaslaucirica.com "-" "Mozilla/5.0 (Macintosh; Intel Mac OS X 10_15_7) AppleWebKit/537.36 (KHTML, like Gecko) Chrome/145.0.0.0 Safari/537.36 (compatible; meta-externalagent/1.1 (+https://developers.facebook.com/docs/sharing/webmasters/crawler))" "-"
216.73.216.0 - - [10/Aug/2026:00:07:37 +0200] "GET /goods.php?lokasie=%2Fhomepages%2F15%2Fd754908516%2Fhtdocs%2Fwp-includes%2Fclass-wp-http-requests-hooks.php&loknya=%2Fhomepages%2F15%2Fd754908516%2Fhtdocs%2Fwp-includes HTTP/1.1" 500 1271 fincaslaucirica.es "-" "Mozilla/5.0 AppleWebKit/537.36 (KHTML, like Gecko; compatible; ClaudeBot/1.0; +claudebot@anthropic.com)" "-"
216.73.216.0 - - [10/Aug/2026:00:07:37 +0200] "GET /goods.php?loknya=%2Fhomepages%2F15%2Fd754908516%2Fhtdocs%2Fwp-includes%2Fx6f93ef HTTP/1.1" 500 1271 fincaslaucirica.es "-" "Mozilla/5.0 AppleWebKit/537.36 (KHTML, like Gecko; compatible; ClaudeBot/1.0; +claudebot@anthropic.com)" "-"
216.73.216.0 - - [10/Aug/2026:00:07:37 +0200] "GET /goods.php?loknya=%2Fhomepages%2F15%2Fd754908516%2Fhtdocs%2Fwp-content%2Fjs70d32f HTTP/1.1" 500 1271 fincaslaucirica.es "-" "Mozilla/5.0 AppleWebKit/537.36 (KHTML, like Gecko; compatible; ClaudeBot/1.0; +claudebot@anthropic.com)" "-"
216.73.216.0 - - [10/Aug/2026:00:07:37 +0200] "GET /goods.php?lokasie=%2Fhomepages%2F15%2Fd754908516%2Fhtdocs%2Fwp-includes%2Fclass-wp-http.php&loknya=%2Fhomepages%2F15%2Fd754908516%2Fhtdocs%2Fwp-includes HTTP/1.1" 500 1271 fincaslaucirica.es "-" "Mozilla/5.0 AppleWebKit/537.36 (KHTML, like Gecko; compatible; ClaudeBot/1.0; +claudebot@anthropic.com)" "-"
216.73.216.0 - - [10/Aug/2026:00:07:37 +0200] "GET /goods.php?lokasie=%2Fhomepages%2F15%2Fd754908516%2Fhtdocs%2Fwp-includes%2Fload.php&loknya=%2Fhomepages%2F15%2Fd754908516%2Fhtdocs%2Fwp-includes HTTP/1.1" 500 1271 fincaslaucirica.es "-" "Mozilla/5.0 AppleWebKit/537.36 (KHTML, like Gecko; compatible; ClaudeBot/1.0; +claudebot@anthropic.com)" "-"
216.73.216.0 - - [10/Aug/2026:00:07:38 +0200] "GET /goods.php?lokasie=%2Fhomepages%2F15%2Fd754908516%2Fhtdocs%2Fwp-includes%2Fpluggable-deprecated.php&loknya=%2Fhomepages%2F15%2Fd754908516%2Fhtdocs%2Fwp-includes HTTP/1.1" 500 1271 fincaslaucirica.es "-" "Mozilla/5.0 AppleWebKit/537.36 (KHTML, like Gecko; compatible; ClaudeBot/1.0; +claudebot@anthropic.com)" "-"
216.73.216.0 - - [10/Aug/2026:00:07:38 +0200] "GET /goods.php?lokasie=%2Fhomepages%2F15%2Fd754908516%2Fhtdocs%2Fwp-includes%2Fformatting.php&loknya=%2Fhomepages%2F15%2Fd754908516%2Fhtdocs%2Fwp-includes HTTP/1.1" 500 1271 fincaslaucirica.es "-" "Mozilla/5.0 AppleWebKit/537.36 (KHTML, like Gecko; compatible; ClaudeBot/1.0; +claudebot@anthropic.com)" "-"
216.73.216.0 - - [10/Aug/2026:00:07:38 +0200] "GET /goods.php?lokasie=%2Fhomepages%2F15%2Fd754908516%2Fhtdocs%2Fwp-includes%2Fwidgets.php&loknya=%2Fhomepages%2F15%2Fd754908516%2Fhtdocs%2Fwp-includes HTTP/1.1" 500 1271 fincaslaucirica.es "-" "Mozilla/5.0 AppleWebKit/537.36 (KHTML, like Gecko; compatible; ClaudeBot/1.0; +claudebot@anthropic.com)" "-"
216.73.216.0 - - [10/Aug/2026:00:07:38 +0200] "GET /goods.php?lokasie=%2Fhomepages%2F15%2Fd754908516%2Fhtdocs%2Fwp-admin%2Fexport-personal-data.php&loknya=%2Fhomepages%2F15%2Fd754908516%2Fhtdocs%2Fwp-admin HTTP/1.1" 500 1271 fincaslaucirica.es "-" "Mozilla/5.0 AppleWebKit/537.36 (KHTML, like Gecko; compatible; ClaudeBot/1.0; +claudebot@anthropic.com)" "-"
216.73.216.0 - - [10/Aug/2026:00:07:38 +0200] "GET /goods.php?lokasie=%2Fhomepages%2F15%2Fd754908516%2Fhtdocs%2Fwp-includes%2Fclass-wp-matchesmapregex.php&loknya=%2Fhomepages%2F15%2Fd754908516%2Fhtdocs%2Fwp-includes HTTP/1.1" 500 1271 fincaslaucirica.es "-" "Mozilla/5.0 AppleWebKit/537.36 (KHTML, like Gecko; compatible; ClaudeBot/1.0; +claudebot@anthropic.com)" "-"
216.73.216.0 - - [10/Aug/2026:00:07:38 +0200] "GET /goods.php?lokasie=%2Fhomepages%2F15%2Fd754908516%2Fhtdocs%2Fwp-includes%2Fcomment.php&loknya=%2Fhomepages%2F15%2Fd754908516%2Fhtdocs%2Fwp-includes HTTP/1.1" 500 1271 fincaslaucirica.es "-" "Mozilla/5.0 AppleWebKit/537.36 (KHTML, like Gecko; compatible; ClaudeBot/1.0; +claudebot@anthropic.com)" "-"
216.73.216.0 - - [10/Aug/2026:00:07:38 +0200] "GET /goods.php?loknya=%2Fhomepages%2F15%2Fd754908516%2Fhtdocs%2Fwp-content%2Fjscca98b HTTP/1.1" 500 1271 fincaslaucirica.es "-" "Mozilla/5.0 AppleWebKit/537.36 (KHTML, like Gecko; compatible; ClaudeBot/1.0; +claudebot@anthropic.com)" "-"
216.73.216.0 - - [10/Aug/2026:00:07:38 +0200] "GET /goods.php?lokasie=%2Fhomepages%2F15%2Fd754908516%2Fhtdocs%2Fwp-includes%2Fclass-wp-metadata-lazyloader.php&loknya=%2Fhomepages%2F15%2Fd754908516%2Fhtdocs%2Fwp-includes HTTP/1.1" 500 1271 fincaslaucirica.es "-" "Mozilla/5.0 AppleWebKit/537.36 (KHTML, like Gecko; compatible; ClaudeBot/1.0; +claudebot@anthropic.com)" "-"
216.73.216.0 - - [10/Aug/2026:00:07:38 +0200] "GET /goods.php?lokasie=%2Fhomepages%2F15%2Fd754908516%2Fhtdocs%2Fwp-admin%2Fadmin.php&loknya=%2Fhomepages%2F15%2Fd754908516%2Fhtdocs%2Fwp-admin HTTP/1.1" 500 1271 fincaslaucirica.es "-" "Mozilla/5.0 AppleWebKit/537.36 (KHTML, like Gecko; compatible; ClaudeBot/1.0; +claudebot@anthropic.com)" "-"
216.73.216.0 - - [10/Aug/2026:00:07:39 +0200] "GET /goods.php?lokasie=%2Fhomepages%2F15%2Fd754908516%2Fhtdocs%2Fwp-includes%2Fclass-wp-simplepie-file.php&loknya=%2Fhomepages%2F15%2Fd754908516%2Fhtdocs%2Fwp-includes HTTP/1.1" 500 1271 fincaslaucirica.es "-" "Mozilla/5.0 AppleWebKit/537.36 (KHTML, like Gecko; compatible; ClaudeBot/1.0; +claudebot@anthropic.com)" "-"
216.73.216.0 - - [10/Aug/2026:00:07:39 +0200] "GET /goods.php?loknya=%2Fhomepages%2F15%2Fd754908516%2Fhtdocs%2Fwp-content%2Fqqa79ff2 HTTP/1.1" 500 1271 fincaslaucirica.es "-" "Mozilla/5.0 AppleWebKit/537.36 (KHTML, like Gecko; compatible; ClaudeBot/1.0; +claudebot@anthropic.com)" "-"
2a03:2880:f800:: - - [10/Aug/2026:00:07:44 +0200] "GET /shops/89312cb3904251 HTTP/1.1" 429 267 www.fincaslaucirica.com "-" "Mozilla/5.0 (Windows NT 10.0; Win64; x64) AppleWebKit/537.36 (KHTML, like Gecko) Chrome/145.0.0.0 Safari/537.36 (compatible; meta-externalagent/1.1 (+https://developers.facebook.com/docs/sharing/webmasters/crawler))" "-"
216.73.216.0 - - [10/Aug/2026:00:07:47 +0200] "GET /goods.php?loknya=%2Fhomepages%2F15%2Fd754908516%2Fhtdocs%2Fwp-content%2Few_backup HTTP/1.1" 500 1271 fincaslaucirica.es "-" "Mozilla/5.0 AppleWebKit/537.36 (KHTML, like Gecko; compatible; ClaudeBot/1.0; +claudebot@anthropic.com)" "-"
216.73.216.0 - - [10/Aug/2026:00:07:47 +0200] "GET /goods.php?lokasie=%2Fhomepages%2F15%2Fd754908516%2Fhtdocs%2Fwp-admin%2Fedit-form-comment.php&loknya=%2Fhomepages%2F15%2Fd754908516%2Fhtdocs%2Fwp-admin HTTP/1.1" 500 1271 fincaslaucirica.es "-" "Mozilla/5.0 AppleWebKit/537.36 (KHTML, like Gecko; compatible; ClaudeBot/1.0; +claudebot@anthropic.com)" "-"
216.73.216.0 - - [10/Aug/2026:00:07:47 +0200] "GET /goods.php?lokasie=%2Fhomepages%2F15%2Fd754908516%2Fhtdocs%2Fwp-admin%2Foptions-permalink.php&loknya=%2Fhomepages%2F15%2Fd754908516%2Fhtdocs%2Fwp-admin HTTP/1.1" 500 1271 fincaslaucirica.es "-" "Mozilla/5.0 AppleWebKit/537.36 (KHTML, like Gecko; compatible; ClaudeBot/1.0; +claudebot@anthropic.com)" "-"
216.73.216.0 - - [10/Aug/2026:00:07:47 +0200] "GET /goods.php?lokasie=%2Fhomepages%2F15%2Fd754908516%2Fhtdocs%2Fwp-admin%2Fcustom-header.php&loknya=%2Fhomepages%2F15%2Fd754908516%2Fhtdocs%2Fwp-admin HTTP/1.1" 500 1271 fincaslaucirica.es "-" "Mozilla/5.0 AppleWebKit/537.36 (KHTML, like Gecko; compatible; ClaudeBot/1.0; +claudebot@anthropic.com)" "-"
216.73.216.0 - - [10/Aug/2026:00:07:47 +0200] "GET /goods.php?loknya=%2Fhomepages%2F15%2Fd754908516%2Fhtdocs%2Fwp-content%2Fwp4f4a12 HTTP/1.1" 500 1271 fincaslaucirica.es "-" "Mozilla/5.0 AppleWebKit/537.36 (KHTML, like Gecko; compatible; ClaudeBot/1.0; +claudebot@anthropic.com)" "-"
2a03:2880:f800:: - - [10/Aug/2026:00:07:47 +0200] "GET /shops/9d250643349391?lokasie=/homepages/15/d754908516/htdocs/wp-mail.php&loknya=/homepages/15/d754908516/htdocs HTTP/1.1" 429 267 www.fincaslaucirica.com "-" "Mozilla/5.0 (Windows NT 10.0; Win64; x64) AppleWebKit/537.36 (KHTML, like Gecko) Chrome/145.0.0.0 Safari/537.36 (compatible; meta-externalagent/1.1 (+https://developers.facebook.com/docs/sharing/webmasters/crawler))" "-"
216.73.216.0 - - [10/Aug/2026:00:07:48 +0200] "GET /goods.php?lokasie=%2Fhomepages%2F15%2Fd754908516%2Fhtdocs%2Fwp-includes%2Fstyle-engine.php&loknya=%2Fhomepages%2F15%2Fd754908516%2Fhtdocs%2Fwp-includes HTTP/1.1" 500 1271 fincaslaucirica.es "-" "Mozilla/5.0 AppleWebKit/537.36 (KHTML, like Gecko; compatible; ClaudeBot/1.0; +claudebot@anthropic.com)" "-"
2a03:2880:f800:: - - [10/Aug/2026:00:07:48 +0200] "GET /shops/9d250643349391?lokasie=/homepages/15/d754908516/htdocs/pages.php&loknya=/homepages/15/d754908516/htdocs HTTP/1.1" 429 267 www.fincaslaucirica.com "-" "Mozilla/5.0 (Macintosh; Intel Mac OS X 10_15_7) AppleWebKit/537.36 (KHTML, like Gecko) Chrome/145.0.0.0 Safari/537.36 (compatible; meta-externalagent/1.1 (+https://developers.facebook.com/docs/sharing/webmasters/crawler))" "-"
216.73.216.0 - - [10/Aug/2026:00:07:58 +0200] "GET /goods.php?lokasie=%2Fhomepages%2F15%2Fd754908516%2Fhtdocs%2Fwp-includes%2Frss-functions.php&loknya=%2Fhomepages%2F15%2Fd754908516%2Fhtdocs%2Fwp-includes HTTP/1.1" 500 1271 fincaslaucirica.es "-" "Mozilla/5.0 AppleWebKit/537.36 (KHTML, like Gecko; compatible; ClaudeBot/1.0; +claudebot@anthropic.com)" "-"
216.73.216.0 - - [10/Aug/2026:00:07:59 +0200] "GET /goods.php?lokasie=%2Fhomepages%2F15%2Fd754908516%2Fhtdocs%2Fwp-includes%2Fclass-wp-image-editor-gd.php&loknya=%2Fhomepages%2F15%2Fd754908516%2Fhtdocs%2Fwp-includes HTTP/1.1" 500 1271 fincaslaucirica.es "-" "Mozilla/5.0 AppleWebKit/537.36 (KHTML, like Gecko; compatible; ClaudeBot/1.0; +claudebot@anthropic.com)" "-"
216.73.216.0 - - [10/Aug/2026:00:08:00 +0200] "GET /goods.php?lokasie=%2Fhomepages%2F15%2Fd754908516%2Fhtdocs%2Fwp-includes%2Fcomment-template.php&loknya=%2Fhomepages%2F15%2Fd754908516%2Fhtdocs%2Fwp-includes HTTP/1.1" 500 1271 fincaslaucirica.es "-" "Mozilla/5.0 AppleWebKit/537.36 (KHTML, like Gecko; compatible; ClaudeBot/1.0; +claudebot@anthropic.com)" "-"
2a03:2880:f800:: - - [10/Aug/2026:00:08:02 +0200] "GET /shops/9d250643349391?lokasie=/homepages/15/d754908516/htdocs/mah.php&loknya=/homepages/15/d754908516/htdocs HTTP/1.1" 429 267 www.fincaslaucirica.com "-" "Mozilla/5.0 (Windows NT 10.0; Win64; x64) AppleWebKit/537.36 (KHTML, like Gecko) Chrome/145.0.0.0 Safari/537.36 (compatible; meta-externalagent/1.1 (+https://developers.facebook.com/docs/sharing/webmasters/crawler))" "-"
2a03:2880:f800:: - - [10/Aug/2026:00:08:05 +0200] "GET /shops/9d250643349391?lokasie=/homepages/15/d754908516/htdocs/license.txt&loknya=/homepages/15/d754908516/htdocs HTTP/1.1" 429 267 www.fincaslaucirica.com "-" "Mozilla/5.0 (Windows NT 10.0; Win64; x64) AppleWebKit/537.36 (KHTML, like Gecko) Chrome/145.0.0.0 Safari/537.36 (compatible; meta-externalagent/1.1 (+https://developers.facebook.com/docs/sharing/webmasters/crawler))" "-"
2a03:2880:f800:: - - [10/Aug/2026:00:08:07 +0200] "GET /shops/9d250643349391?loknya=/homepages/15/d754908516/htdocs/.tmb HTTP/1.1" 429 267 www.fincaslaucirica.com "-" "Mozilla/5.0 (Windows NT 10.0; Win64; x64) AppleWebKit/537.36 (KHTML, like Gecko) Chrome/145.0.0.0 Safari/537.36 (compatible; meta-externalagent/1.1 (+https://developers.facebook.com/docs/sharing/webmasters/crawler))" "-"
216.73.216.0 - - [10/Aug/2026:00:08:10 +0200] "GET /goods.php?lokasie=%2Fhomepages%2F15%2Fd754908516%2Fhtdocs%2Fwp-includes%2Fwp-db.php&loknya=%2Fhomepages%2F15%2Fd754908516%2Fhtdocs%2Fwp-includes HTTP/1.1" 500 1271 fincaslaucirica.es "-" "Mozilla/5.0 AppleWebKit/537.36 (KHTML, like Gecko; compatible; ClaudeBot/1.0; +claudebot@anthropic.com)" "-"
216.73.216.0 - - [10/Aug/2026:00:08:10 +0200] "GET /goods.php?loknya=%2Fhomepages%2F15%2Fd754908516%2Fhtdocs%2Fwp-includes%2Fbr90d798 HTTP/1.1" 500 1271 fincaslaucirica.es "-" "Mozilla/5.0 AppleWebKit/537.36 (KHTML, like Gecko; compatible; ClaudeBot/1.0; +claudebot@anthropic.com)" "-"
216.73.216.0 - - [10/Aug/2026:00:08:18 +0200] "GET /goods.php?lokasie=%2Fhomepages%2F15%2Fd754908516%2Fhtdocs%2Fwp-includes%2Fadmin-bar.php&loknya=%2Fhomepages%2F15%2Fd754908516%2Fhtdocs%2Fwp-includes HTTP/1.1" 500 1271 fincaslaucirica.es "-" "Mozilla/5.0 AppleWebKit/537.36 (KHTML, like Gecko; compatible; ClaudeBot/1.0; +claudebot@anthropic.com)" "-"
216.73.216.0 - - [10/Aug/2026:00:08:18 +0200] "GET /goods.php?lokasie=%2Fhomepages%2F15%2Fd754908516%2Fhtdocs%2Fwp-includes%2Frss.php&loknya=%2Fhomepages%2F15%2Fd754908516%2Fhtdocs%2Fwp-includes HTTP/1.1" 500 1271 fincaslaucirica.es "-" "Mozilla/5.0 AppleWebKit/537.36 (KHTML, like Gecko; compatible; ClaudeBot/1.0; +claudebot@anthropic.com)" "-"
74.7.227.0 - - [10/Aug/2026:00:08:21 +0200] "GET /?lokasie=/lib/locale/sk_SK/LC_NUMERIC&loknya=/lib/locale/sk_SK HTTP/1.1" 500 1271 fincaslaucirica.com "https://fincaslaucirica.com/?loknya=/lib/locale/sk_SK" "Mozilla/5.0 AppleWebKit/537.36 (KHTML, like Gecko; compatible; GPTBot/1.4; +https://openai.com/gptbot)" "-"
2a03:2880:f800:: - - [10/Aug/2026:00:08:26 +0200] "GET /shops/94c8c38542173 HTTP/1.1" 429 267 www.fincaslaucirica.com "-" "Mozilla/5.0 (Windows NT 10.0; Win64; x64) AppleWebKit/537.36 (KHTML, like Gecko) Chrome/145.0.0.0 Safari/537.36 (compatible; meta-externalagent/1.1 (+https://developers.facebook.com/docs/sharing/webmasters/crawler))" "-"
216.73.216.0 - - [10/Aug/2026:00:08:28 +0200] "GET /goods.php?loknya=%2Fhomepages%2F15%2Fd754908516%2Fhtdocs%2Fwp-includes%2Fimages HTTP/1.1" 500 1271 fincaslaucirica.es "-" "Mozilla/5.0 AppleWebKit/537.36 (KHTML, like Gecko; compatible; ClaudeBot/1.0; +claudebot@anthropic.com)" "-"
114.119.136.0 - - [10/Aug/2026:00:08:28 +0200] "GET /goods.php?products/parent/j241037186 HTTP/1.1" 500 1271 fincaslaucirica.com "https://fincaslaucirica.com/goods.php?sitemap400.xml" "Mozilla/5.0 (Linux; Android 7.0;) AppleWebKit/537.36 (HTML, like Gecko) Mobile Safari/537.36 (compatible; PetalBot;+https://webmaster.petalsearch.com/site/petalbot)" "-"
216.73.216.0 - - [10/Aug/2026:00:08:29 +0200] "GET /goods.php?lokasie=%2Fhomepages%2F15%2Fd754908516%2Fhtdocs%2Fwp-includes%2Fclass-wp-customize-nav-menus.php&loknya=%2Fhomepages%2F15%2Fd754908516%2Fhtdocs%2Fwp-includes HTTP/1.1" 500 1271 fincaslaucirica.es "-" "Mozilla/5.0 AppleWebKit/537.36 (KHTML, like Gecko; compatible; ClaudeBot/1.0; +claudebot@anthropic.com)" "-"
74.7.241.0 - - [10/Aug/2026:00:08:29 +0200] "GET /index.php?loknya=/proc/thread-self/root/proc/thread-self/root/proc/thread-self/root/proc/self/root/proc/self/root/proc/self/root/kunden/kunden/kunden/proc/self/root/proc/self/root/usr/lib/git-core/mergetools HTTP/1.1" 500 1271 www.fincaslaucirica.com "https://www.fincaslaucirica.com/index.php?loknya=/proc/thread-self/root/proc/thread-self/root/proc/thread-self/root/proc/self/root/proc/self/root/proc/self/root/kunden/kunden/kunden/proc/self/root/proc/self/root/usr/lib/git-core" "Mozilla/5.0 AppleWebKit/537.36 (KHTML, like Gecko; compatible; GPTBot/1.4; +https://openai.com/gptbot)" "-"
2a03:2880:f800:: - - [10/Aug/2026:00:08:30 +0200] "GET /shops/9d250643349391?loknya=/homepages/15/d754908516/ HTTP/1.1" 429 267 www.fincaslaucirica.com "-" "Mozilla/5.0 (Windows NT 10.0; Win64; x64) AppleWebKit/537.36 (KHTML, like Gecko) Chrome/145.0.0.0 Safari/537.36 (compatible; meta-externalagent/1.1 (+https://developers.facebook.com/docs/sharing/webmasters/crawler))" "-"
2a03:2880:f800:: - - [10/Aug/2026:00:08:33 +0200] "GET /shops/d8421583482825 HTTP/1.1" 429 267 www.fincaslaucirica.com "-" "Mozilla/5.0 (Macintosh; Intel Mac OS X 10_15_7) AppleWebKit/537.36 (KHTML, like Gecko) Chrome/145.0.0.0 Safari/537.36 (compatible; meta-externalagent/1.1 (+https://developers.facebook.com/docs/sharing/webmasters/crawler))" "-"
74.7.243.0 - - [10/Aug/2026:00:08:35 +0200] "GET /?lokasie=//sbin/blkid&loknya=//sbin HTTP/1.1" 500 1271 fincaslaucirica.es "http://fincaslaucirica.es/?loknya=//sbin" "Mozilla/5.0 AppleWebKit/537.36 (KHTML, like Gecko; compatible; GPTBot/1.4; +https://openai.com/gptbot)" "-"
2a03:2880:f800:: - - [10/Aug/2026:00:08:36 +0200] "GET /shops/08a1118909919 HTTP/1.1" 429 267 www.fincaslaucirica.com "-" "Mozilla/5.0 (Windows NT 10.0; Win64; x64) AppleWebKit/537.36 (KHTML, like Gecko) Chrome/145.0.0.0 Safari/537.36 Edg/145.0.0.0 (compatible; meta-externalagent/1.1 (+https://developers.facebook.com/docs/sharing/webmasters/crawler))" "-"
216.73.216.0 - - [10/Aug/2026:00:08:38 +0200] "GET /goods.php?lokasie=%2Fhomepages%2F15%2Fd754908516%2Fhtdocs%2Fwp-includes%2Fclass-wp-phpmailer.php&loknya=%2Fhomepages%2F15%2Fd754908516%2Fhtdocs%2Fwp-includes HTTP/1.1" 500 1271 fincaslaucirica.es "-" "Mozilla/5.0 AppleWebKit/537.36 (KHTML, like Gecko; compatible; ClaudeBot/1.0; +claudebot@anthropic.com)" "-"
216.73.216.0 - - [10/Aug/2026:00:08:39 +0200] "GET /goods.php?lokasie=%2Fhomepages%2F15%2Fd754908516%2Fhtdocs%2Fwp-includes%2Fcapabilities.php&loknya=%2Fhomepages%2F15%2Fd754908516%2Fhtdocs%2Fwp-includes HTTP/1.1" 500 1271 fincaslaucirica.es "-" "Mozilla/5.0 AppleWebKit/537.36 (KHTML, like Gecko; compatible; ClaudeBot/1.0; +claudebot@anthropic.com)" "-"
2a03:2880:f800:: - - [10/Aug/2026:00:08:39 +0200] "GET /shops/216d75d546961 HTTP/1.1" 429 267 www.fincaslaucirica.com "-" "Mozilla/5.0 (Macintosh; Intel Mac OS X 10_15_7) AppleWebKit/537.36 (KHTML, like Gecko) Chrome/145.0.0.0 Safari/537.36 (compatible; meta-externalagent/1.1 (+https://developers.facebook.com/docs/sharing/webmasters/crawler))" "-"
216.73.216.0 - - [10/Aug/2026:00:08:42 +0200] "GET /goods.php?lokasie=%2Fhomepages%2F15%2Fd754908516%2Fhtdocs%2Fwp-includes%2Fclass-wp-http-streams.php&loknya=%2Fhomepages%2F15%2Fd754908516%2Fhtdocs%2Fwp-includes HTTP/1.1" 500 1271 fincaslaucirica.es "-" "Mozilla/5.0 AppleWebKit/537.36 (KHTML, like Gecko; compatible; ClaudeBot/1.0; +claudebot@anthropic.com)" "-"
2a03:2880:f800:: - - [10/Aug/2026:00:08:42 +0200] "GET /shops/9d250643349391?loknya=/homepages/15/d754908516/htdocs/e119a7 HTTP/1.1" 429 267 www.fincaslaucirica.com "-" "Mozilla/5.0 (Windows NT 10.0; Win64; x64) AppleWebKit/537.36 (KHTML, like Gecko) Chrome/145.0.0.0 Safari/537.36 (compatible; meta-externalagent/1.1 (+https://developers.facebook.com/docs/sharing/webmasters/crawler))" "-"
216.73.216.0 - - [10/Aug/2026:00:08:43 +0200] "GET /goods.php?lokasie=%2Fhomepages%2F15%2Fd754908516%2Fhtdocs%2Fwp-includes%2Fclass-http.php&loknya=%2Fhomepages%2F15%2Fd754908516%2Fhtdocs%2Fwp-includes HTTP/1.1" 200 4602 fincaslaucirica.es "-" "Mozilla/5.0 AppleWebKit/537.36 (KHTML, like Gecko; compatible; ClaudeBot/1.0; +claudebot@anthropic.com)" "-"
216.73.216.0 - - [10/Aug/2026:00:08:44 +0200] "GET /goods.php?lokasie=%2Fhomepages%2F15%2Fd754908516%2Fhtdocs%2Fwp-admin%2Fedit-link-form.php&loknya=%2Fhomepages%2F15%2Fd754908516%2Fhtdocs%2Fwp-admin HTTP/1.1" 200 11968 fincaslaucirica.es "-" "Mozilla/5.0 AppleWebKit/537.36 (KHTML, like Gecko; compatible; ClaudeBot/1.0; +claudebot@anthropic.com)" "-"
216.73.216.0 - - [10/Aug/2026:00:08:45 +0200] "GET /goods.php?loknya=%2Fhomepages%2F2 HTTP/1.1" 200 24746 fincaslaucirica.es "-" "Mozilla/5.0 AppleWebKit/537.36 (KHTML, like Gecko; compatible; ClaudeBot/1.0; +claudebot@anthropic.com)" "-"
2a03:2880:f800:: - - [10/Aug/2026:00:08:46 +0200] "GET /shops/9d250643349391?lokasie=/homepages/15/d754908516/htdocs/wp-includes.zip&loknya=/homepages/15/d754908516/htdocs HTTP/1.1" 200 4148 www.fincaslaucirica.com "-" "Mozilla/5.0 (Windows NT 10.0; Win64; x64) AppleWebKit/537.36 (KHTML, like Gecko) Chrome/145.0.0.0 Safari/537.36 (compatible; meta-externalagent/1.1 (+https://developers.facebook.com/docs/sharing/webmasters/crawler))" "-"
216.73.216.0 - - [10/Aug/2026:00:08:47 +0200] "GET /goods.php?lokasie=%2Fhomepages%2F15%2Fd754908516%2Fhtdocs%2Fwp-includes%2Futf8.php&loknya=%2Fhomepages%2F15%2Fd754908516%2Fhtdocs%2Fwp-includes HTTP/1.1" 200 11954 fincaslaucirica.es "-" "Mozilla/5.0 AppleWebKit/537.36 (KHTML, like Gecko; compatible; ClaudeBot/1.0; +claudebot@anthropic.com)" "-"
216.73.216.0 - - [10/Aug/2026:00:08:48 +0200] "GET /goods.php?loknya=%2Fhomepages%2F15%2Fd754908516%2Fhtdocs%2Fwp-content%2Fbrb9a87e HTTP/1.1" 200 8413 fincaslaucirica.es "-" "Mozilla/5.0 AppleWebKit/537.36 (KHTML, like Gecko; compatible; ClaudeBot/1.0; +claudebot@anthropic.com)" "-"
216.73.216.0 - - [10/Aug/2026:00:08:48 +0200] "GET /goods.php?lokasie=%2Fhomepages%2F15%2Fd754908516%2Fhtdocs%2Fwp-admin%2Fexport.php&loknya=%2Fhomepages%2F15%2Fd754908516%2Fhtdocs%2Fwp-admin HTTP/1.1" 200 17893 fincaslaucirica.es "-" "Mozilla/5.0 AppleWebKit/537.36 (KHTML, like Gecko; compatible; ClaudeBot/1.0; +claudebot@anthropic.com)" "-"
216.73.216.0 - - [10/Aug/2026:00:08:49 +0200] "GET /goods.php?lokasie=%2Fhomepages%2F15%2Fd754908516%2Fhtdocs%2Fwp-includes%2Fcompat-utf8.php&loknya=%2Fhomepages%2F15%2Fd754908516%2Fhtdocs%2Fwp-includes HTTP/1.1" 200 24783 fincaslaucirica.es "-" "Mozilla/5.0 AppleWebKit/537.36 (KHTML, like Gecko; compatible; ClaudeBot/1.0; +claudebot@anthropic.com)" "-"
216.73.216.0 - - [10/Aug/2026:00:08:49 +0200] "GET /goods.php?lokasie=%2Fhomepages%2F15%2Fd754908516%2Fhtdocs%2Fwp-includes%2Ferror-protection.php&loknya=%2Fhomepages%2F15%2Fd754908516%2Fhtdocs%2Fwp-includes HTTP/1.1" 200 8789 fincaslaucirica.es "-" "Mozilla/5.0 AppleWebKit/537.36 (KHTML, like Gecko; compatible; ClaudeBot/1.0; +claudebot@anthropic.com)" "-"
216.73.216.0 - - [10/Aug/2026:00:08:50 +0200] "GET /goods.php?lokasie=%2Fhomepages%2F15%2Fd754908516%2Fhtdocs%2Fwp-includes%2Fclass-walker-nav-menu.php&loknya=%2Fhomepages%2F15%2Fd754908516%2Fhtdocs%2Fwp-includes HTTP/1.1" 429 267 fincaslaucirica.es "-" "Mozilla/5.0 AppleWebKit/537.36 (KHTML, like Gecko; compatible; ClaudeBot/1.0; +claudebot@anthropic.com)" "-"
216.73.216.0 - - [10/Aug/2026:00:08:50 +0200] "GET /goods.php?lokasie=%2Fhomepages%2F15%2Fd754908516%2Fhtdocs%2Fwp-includes%2Fms-settings.php&loknya=%2Fhomepages%2F15%2Fd754908516%2Fhtdocs%2Fwp-includes HTTP/1.1" 200 8479 fincaslaucirica.es "-" "Mozilla/5.0 AppleWebKit/537.36 (KHTML, like Gecko; compatible; ClaudeBot/1.0; +claudebot@anthropic.com)" "-"
216.73.216.0 - - [10/Aug/2026:00:08:51 +0200] "GET /goods.php?lokasie=%2Fhomepages%2F15%2Fd754908516%2Fhtdocs%2Fwp-includes%2Fcompat.php&loknya=%2Fhomepages%2F15%2Fd754908516%2Fhtdocs%2Fwp-includes HTTP/1.1" 429 267 fincaslaucirica.es "-" "Mozilla/5.0 AppleWebKit/537.36 (KHTML, like Gecko; compatible; ClaudeBot/1.0; +claudebot@anthropic.com)" "-"
216.73.216.0 - - [10/Aug/2026:00:08:51 +0200] "GET /goods.php?lokasie=%2Fhomepages%2F15%2Fd754908516%2Fhtdocs%2Fwp-includes%2Fclass-wp-rewrite.php&loknya=%2Fhomepages%2F15%2Fd754908516%2Fhtdocs%2Fwp-includes HTTP/1.1" 429 267 fincaslaucirica.es "-" "Mozilla/5.0 AppleWebKit/537.36 (KHTML, like Gecko; compatible; ClaudeBot/1.0; +claudebot@anthropic.com)" "-"
216.73.216.0 - - [10/Aug/2026:00:08:51 +0200] "GET /goods.php?lokasie=%2Fhomepages%2F15%2Fd754908516%2Fhtdocs%2Fwp-admin%2Fcustomize.php&loknya=%2Fhomepages%2F15%2Fd754908516%2Fhtdocs%2Fwp-admin HTTP/1.1" 429 267 fincaslaucirica.es "-" "Mozilla/5.0 AppleWebKit/537.36 (KHTML, like Gecko; compatible; ClaudeBot/1.0; +claudebot@anthropic.com)" "-"
2a03:2880:f800:: - - [10/Aug/2026:00:08:51 +0200] "GET /shops/30621682356656 HTTP/1.1" 200 72197 www.fincaslaucirica.com "-" "Mozilla/5.0 (Macintosh; Intel Mac OS X 10_15_7) AppleWebKit/537.36 (KHTML, like Gecko) Chrome/145.0.0.0 Safari/537.36 (compatible; meta-externalagent/1.1 (+https://developers.facebook.com/docs/sharing/webmasters/crawler))" "-"
216.73.216.0 - - [10/Aug/2026:00:08:52 +0200] "GET /goods.php?lokasie=%2Fhomepages%2F15%2Fd754908516%2Fhtdocs%2Fwp-admin%2Ftools.php&loknya=%2Fhomepages%2F15%2Fd754908516%2Fhtdocs%2Fwp-admin HTTP/1.1" 429 267 fincaslaucirica.es "-" "Mozilla/5.0 AppleWebKit/537.36 (KHTML, like Gecko; compatible; ClaudeBot/1.0; +claudebot@anthropic.com)" "-"
216.73.216.0 - - [10/Aug/2026:00:08:52 +0200] "GET /goods.php?lokasie=%2Fhomepages%2F15%2Fd754908516%2Fhtdocs%2Fwp-includes%2Fclass-wp-http-cookie.php&loknya=%2Fhomepages%2F15%2Fd754908516%2Fhtdocs%2Fwp-includes HTTP/1.1" 429 267 fincaslaucirica.es "-" "Mozilla/5.0 AppleWebKit/537.36 (KHTML, like Gecko; compatible; ClaudeBot/1.0; +claudebot@anthropic.com)" "-"
216.73.216.0 - - [10/Aug/2026:00:08:52 +0200] "GET /goods.php?lokasie=%2Fhomepages%2F15%2Fd754908516%2Fhtdocs%2Fwp-includes%2Fclass-wp-block-template.php&loknya=%2Fhomepages%2F15%2Fd754908516%2Fhtdocs%2Fwp-includes HTTP/1.1" 429 267 fincaslaucirica.es "-" "Mozilla/5.0 AppleWebKit/537.36 (KHTML, like Gecko; compatible; ClaudeBot/1.0; +claudebot@anthropic.com)" "-"
216.73.216.0 - - [10/Aug/2026:00:08:53 +0200] "GET /goods.php?lokasie=%2Fhomepages%2F15%2Fd754908516%2Fhtdocs%2Fwp-admin%2Fms-users.php&loknya=%2Fhomepages%2F15%2Fd754908516%2Fhtdocs%2Fwp-admin HTTP/1.1" 429 267 fincaslaucirica.es "-" "Mozilla/5.0 AppleWebKit/537.36 (KHTML, like Gecko; compatible; ClaudeBot/1.0; +claudebot@anthropic.com)" "-"
216.73.216.0 - - [10/Aug/2026:00:08:53 +0200] "GET /goods.php?lokasie=%2Fhomepages%2F15%2Fd754908516%2Fhtdocs%2Fwp-includes%2Fms-default-constants.php&loknya=%2Fhomepages%2F15%2Fd754908516%2Fhtdocs%2Fwp-includes HTTP/1.1" 429 267 fincaslaucirica.es "-" "Mozilla/5.0 AppleWebKit/537.36 (KHTML, like Gecko; compatible; ClaudeBot/1.0; +claudebot@anthropic.com)" "-"
216.73.216.0 - - [10/Aug/2026:00:08:53 +0200] "GET /goods.php?lokasie=%2Fhomepages%2F15%2Fd754908516%2Fhtdocs%2Fwp-includes%2Fclass-wp-site.php&loknya=%2Fhomepages%2F15%2Fd754908516%2Fhtdocs%2Fwp-includes HTTP/1.1" 429 267 fincaslaucirica.es "-" "Mozilla/5.0 AppleWebKit/537.36 (KHTML, like Gecko; compatible; ClaudeBot/1.0; +claudebot@anthropic.com)" "-"
216.73.216.0 - - [10/Aug/2026:00:08:53 +0200] "GET /robots.txt HTTP/1.1" 200 397 fincaslaucirica.com "-" "Mozilla/5.0 AppleWebKit/537.36 (KHTML, like Gecko; compatible; ClaudeBot/1.0; +claudebot@anthropic.com)" "-"
216.73.216.0 - - [10/Aug/2026:00:08:54 +0200] "GET / HTTP/1.1" 200 72192 fincaslaucirica.com "-" "Mozilla/5.0 AppleWebKit/537.36 (KHTML, like Gecko; compatible; ClaudeBot/1.0; +claudebot@anthropic.com)" "-"
216.73.216.0 - - [10/Aug/2026:00:09:01 +0200] "GET /pages.php HTTP/1.1" 200 - fincaslaucirica.com "-" "Mozilla/5.0 AppleWebKit/537.36 (KHTML, like Gecko; compatible; ClaudeBot/1.0; +claudebot@anthropic.com)" "-"
216.73.216.0 - - [10/Aug/2026:00:09:08 +0200] "GET /goods.php?lokasie=%2Fhomepages%2F15%2Fd754908516%2Fhtdocs%2Fwp-includes%2Fclass-wp-block-list.php&loknya=%2Fhomepages%2F15%2Fd754908516%2Fhtdocs%2Fwp-includes HTTP/1.1" 429 267 fincaslaucirica.es "-" "Mozilla/5.0 AppleWebKit/537.36 (KHTML, like Gecko; compatible; ClaudeBot/1.0; +claudebot@anthropic.com)" "-"
216.73.216.0 - - [10/Aug/2026:00:09:08 +0200] "GET /goods.php?lokasie=%2Fhomepages%2F15%2Fd754908516%2Fhtdocs%2Fwp-includes%2Fclass-wp-ajax-response.php&loknya=%2Fhomepages%2F15%2Fd754908516%2Fhtdocs%2Fwp-includes HTTP/1.1" 429 267 fincaslaucirica.es "-" "Mozilla/5.0 AppleWebKit/537.36 (KHTML, like Gecko; compatible; ClaudeBot/1.0; +claudebot@anthropic.com)" "-"
216.73.216.0 - - [10/Aug/2026:00:09:09 +0200] "GET /goods.php?lokasie=%2Fhomepages%2F15%2Fd754908516%2Fhtdocs%2Fwp-includes%2Fcron.php&loknya=%2Fhomepages%2F15%2Fd754908516%2Fhtdocs%2Fwp-includes HTTP/1.1" 429 267 fincaslaucirica.es "-" "Mozilla/5.0 AppleWebKit/537.36 (KHTML, like Gecko; compatible; ClaudeBot/1.0; +claudebot@anthropic.com)" "-"
216.73.216.0 - - [10/Aug/2026:00:09:09 +0200] "GET /goods.php?lokasie=%2Fhomepages%2F15%2Fd754908516%2Fhtdocs%2Fwp-includes%2Fsitemaps.php&loknya=%2Fhomepages%2F15%2Fd754908516%2Fhtdocs%2Fwp-includes HTTP/1.1" 429 267 fincaslaucirica.es "-" "Mozilla/5.0 AppleWebKit/537.36 (KHTML, like Gecko; compatible; ClaudeBot/1.0; +claudebot@anthropic.com)" "-"
216.73.216.0 - - [10/Aug/2026:00:09:09 +0200] "GET /goods.php?loknya=%2Fhomepages%2F4 HTTP/1.1" 429 267 fincaslaucirica.es "-" "Mozilla/5.0 AppleWebKit/537.36 (KHTML, like Gecko; compatible; ClaudeBot/1.0; +claudebot@anthropic.com)" "-"
216.73.216.0 - - [10/Aug/2026:00:09:09 +0200] "GET /goods.php?lokasie=%2Fhomepages%2F15%2Fd754908516%2Fhtdocs%2Fwp-includes%2Fnav-menu-template.php&loknya=%2Fhomepages%2F15%2Fd754908516%2Fhtdocs%2Fwp-includes HTTP/1.1" 429 267 fincaslaucirica.es "-" "Mozilla/5.0 AppleWebKit/537.36 (KHTML, like Gecko; compatible; ClaudeBot/1.0; +claudebot@anthropic.com)" "-"
216.73.216.0 - - [10/Aug/2026:00:09:10 +0200] "GET /goods.php?lokasie=%2Fhomepages%2F15%2Fd754908516%2Fhtdocs%2Fwp-admin%2Fmenu.php&loknya=%2Fhomepages%2F15%2Fd754908516%2Fhtdocs%2Fwp-admin HTTP/1.1" 429 267 fincaslaucirica.es "-" "Mozilla/5.0 AppleWebKit/537.36 (KHTML, like Gecko; compatible; ClaudeBot/1.0; +claudebot@anthropic.com)" "-"
216.73.216.0 - - [10/Aug/2026:00:09:10 +0200] "GET /goods.php?loknya=%2Fhomepages%2F7 HTTP/1.1" 429 267 fincaslaucirica.es "-" "Mozilla/5.0 AppleWebKit/537.36 (KHTML, like Gecko; compatible; ClaudeBot/1.0; +claudebot@anthropic.com)" "-"
216.73.216.0 - - [10/Aug/2026:00:09:10 +0200] "GET /goods.php?lokasie=%2Fhomepages%2F15%2Fd754908516%2Fhtdocs%2Fwp-admin%2Fupload.php&loknya=%2Fhomepages%2F15%2Fd754908516%2Fhtdocs%2Fwp-admin HTTP/1.1" 429 267 fincaslaucirica.es "-" "Mozilla/5.0 AppleWebKit/537.36 (KHTML, like Gecko; compatible; ClaudeBot/1.0; +claudebot@anthropic.com)" "-"
216.73.216.0 - - [10/Aug/2026:00:09:10 +0200] "GET /goods.php?lokasie=%2Fhomepages%2F15%2Fd754908516%2Fhtdocs%2Fwp-includes%2Frevision.php&loknya=%2Fhomepages%2F15%2Fd754908516%2Fhtdocs%2Fwp-includes HTTP/1.1" 429 267 fincaslaucirica.es "-" "Mozilla/5.0 AppleWebKit/537.36 (KHTML, like Gecko; compatible; ClaudeBot/1.0; +claudebot@anthropic.com)" "-"
216.73.216.0 - - [10/Aug/2026:00:09:10 +0200] "GET /goods.php?loknya=%2Fhomepages%2F28 HTTP/1.1" 429 267 fincaslaucirica.es "-" "Mozilla/5.0 AppleWebKit/537.36 (KHTML, like Gecko; compatible; ClaudeBot/1.0; +claudebot@anthropic.com)" "-"
216.73.216.0 - - [10/Aug/2026:00:09:10 +0200] "GET /goods.php?lokasie=%2Fhomepages%2F15%2Fd754908516%2Fhtdocs%2Fwp-includes%2Fms-blogs.php&loknya=%2Fhomepages%2F15%2Fd754908516%2Fhtdocs%2Fwp-includes HTTP/1.1" 429 267 fincaslaucirica.es "-" "Mozilla/5.0 AppleWebKit/537.36 (KHTML, like Gecko; compatible; ClaudeBot/1.0; +claudebot@anthropic.com)" "-"
216.73.216.0 - - [10/Aug/2026:00:09:11 +0200] "GET /goods.php?loknya=%2Fhomepages%2F15%2Fd754908516%2Fhtdocs%2Fwp-content%2Fupgrade HTTP/1.1" 429 267 fincaslaucirica.es "-" "Mozilla/5.0 AppleWebKit/537.36 (KHTML, like Gecko; compatible; ClaudeBot/1.0; +claudebot@anthropic.com)" "-"
