74.7.227.0 - - [09/Aug/2026:00:32:54 +0200] "GET /?lokasie=/bin/rdebsums&loknya=/bin HTTP/1.1" 200 6719 fincaslaucirica.com "https://fincaslaucirica.com/?loknya=/bin" "Mozilla/5.0 AppleWebKit/537.36 (KHTML, like Gecko; compatible; GPTBot/1.4; +https://openai.com/gptbot)" "-"
144.76.19.0 - - [09/Aug/2026:00:32:56 +0200] "GET /buy.php?shopdetail/container/079028453 HTTP/1.1" 200 86418 fincaslaucirica.com "-" "Mozilla/5.0 (compatible; SERankingBacklinksBot/1.0; +https://seranking.com/backlinks-crawler)" "-"
74.7.241.0 - - [09/Aug/2026:00:32:56 +0200] "GET /?lokasie=/kunden/bin/gpgsplit&loknya=/kunden/bin HTTP/1.1" 200 3989 fincaslaucirica.es "http://fincaslaucirica.es/?loknya=/kunden/bin" "Mozilla/5.0 AppleWebKit/537.36 (KHTML, like Gecko; compatible; GPTBot/1.4; +https://openai.com/gptbot)" "-"
144.76.19.0 - - [09/Aug/2026:00:33:00 +0200] "GET /buy.php?shop/excited/bid031016138.html HTTP/1.1" 200 79456 fincaslaucirica.com "-" "Mozilla/5.0 (compatible; SERankingBacklinksBot/1.0; +https://seranking.com/backlinks-crawler)" "-"
74.7.242.0 - - [09/Aug/2026:00:33:03 +0200] "GET /index.php?loknya=/proc/thread-self/root/proc/thread-self/root/proc/thread-self/root/proc/self/root/proc/self/root/proc/self/root/kunden/kunden/kunden/proc/self/root/proc/thread-self/root/kunden/etc/gss HTTP/1.1" 200 10896 www.fincaslaucirica.com "https://www.fincaslaucirica.com/index.php?loknya=/proc/thread-self/root/proc/thread-self/root/proc/thread-self/root/proc/self/root/proc/self/root/proc/self/root/kunden/kunden/kunden/proc/self/root/proc/thread-self/root/kunden/etc" "Mozilla/5.0 AppleWebKit/537.36 (KHTML, like Gecko; compatible; GPTBot/1.4; +https://openai.com/gptbot)" "-"
144.76.19.0 - - [09/Aug/2026:00:33:04 +0200] "GET /buy.php?shopdetail/container/094000726 HTTP/1.1" 200 83940 fincaslaucirica.com "-" "Mozilla/5.0 (compatible; SERankingBacklinksBot/1.0; +https://seranking.com/backlinks-crawler)" "-"
144.76.19.0 - - [09/Aug/2026:00:33:08 +0200] "GET /buy.php?shop/excuse/ally175041062.html HTTP/1.1" 200 72052 fincaslaucirica.com "-" "Mozilla/5.0 (compatible; SERankingBacklinksBot/1.0; +https://seranking.com/backlinks-crawler)" "-"
74.7.227.0 - - [09/Aug/2026:00:33:09 +0200] "GET /?lokasie=/bin/spctoppm&loknya=/bin HTTP/1.1" 200 3939 fincaslaucirica.com "https://fincaslaucirica.com/?loknya=/bin" "Mozilla/5.0 AppleWebKit/537.36 (KHTML, like Gecko; compatible; GPTBot/1.4; +https://openai.com/gptbot)" "-"
144.76.19.0 - - [09/Aug/2026:00:33:12 +0200] "GET /buy.php?shopdetail/container/105039153 HTTP/1.1" 200 73719 fincaslaucirica.com "-" "Mozilla/5.0 (compatible; SERankingBacklinksBot/1.0; +https://seranking.com/backlinks-crawler)" "-"
144.76.19.0 - - [09/Aug/2026:00:33:15 +0200] "GET /buy.php?shop/exhibit/cop001000312.html HTTP/1.1" 200 80851 fincaslaucirica.com "-" "Mozilla/5.0 (compatible; SERankingBacklinksBot/1.0; +https://seranking.com/backlinks-crawler)" "-"
144.76.19.0 - - [09/Aug/2026:00:33:19 +0200] "GET /buy.php?shopdetail/container/143029469 HTTP/1.1" 200 73844 fincaslaucirica.com "-" "Mozilla/5.0 (compatible; SERankingBacklinksBot/1.0; +https://seranking.com/backlinks-crawler)" "-"
74.7.227.0 - - [09/Aug/2026:00:33:21 +0200] "GET /?lokasie=/bin/pfbtopfa&loknya=/bin HTTP/1.1" 200 4572 fincaslaucirica.com "https://fincaslaucirica.com/?loknya=/bin" "Mozilla/5.0 AppleWebKit/537.36 (KHTML, like Gecko; compatible; GPTBot/1.4; +https://openai.com/gptbot)" "-"
144.76.19.0 - - [09/Aug/2026:00:33:23 +0200] "GET /buy.php?shop/exist/sound003009602.html HTTP/1.1" 200 83412 fincaslaucirica.com "-" "Mozilla/5.0 (compatible; SERankingBacklinksBot/1.0; +https://seranking.com/backlinks-crawler)" "-"
2a03:2880:f800:: - - [09/Aug/2026:00:33:27 +0200] "GET /shops/24c96844007134 HTTP/1.1" 404 1271 www.fincaslaucirica.com "-" "Mozilla/5.0 (Macintosh; Intel Mac OS X 10_15_7) AppleWebKit/537.36 (KHTML, like Gecko) Chrome/145.0.0.0 Safari/537.36 (compatible; meta-externalagent/1.1 (+https://developers.facebook.com/docs/sharing/webmasters/crawler))" "-"
144.76.19.0 - - [09/Aug/2026:00:33:27 +0200] "GET /buy.php?shopdetail/container/221015191 HTTP/1.1" 200 75511 fincaslaucirica.com "-" "Mozilla/5.0 (compatible; SERankingBacklinksBot/1.0; +https://seranking.com/backlinks-crawler)" "-"
2600:1f28:300:: - - [09/Aug/2026:00:33:28 +0200] "GET /2022/12/26/betfair-nz-casino/ HTTP/1.1" 404 1271 www.fincaslaucirica.com "-" "CCBot/2.0 (https://commoncrawl.org/faq/)" "-"
144.76.19.0 - - [09/Aug/2026:00:33:31 +0200] "GET /buy.php?shop/expand/body002000627.html HTTP/1.1" 200 77097 fincaslaucirica.com "-" "Mozilla/5.0 (compatible; SERankingBacklinksBot/1.0; +https://seranking.com/backlinks-crawler)" "-"
74.7.241.0 - - [09/Aug/2026:00:33:31 +0200] "GET /?lokasie=/kunden/bin/rrdupdate&loknya=/kunden/bin HTTP/1.1" 200 3990 fincaslaucirica.es "http://fincaslaucirica.es/?loknya=/kunden/bin" "Mozilla/5.0 AppleWebKit/537.36 (KHTML, like Gecko; compatible; GPTBot/1.4; +https://openai.com/gptbot)" "-"
74.7.227.0 - - [09/Aug/2026:00:33:33 +0200] "GET /?lokasie=/bin/giftopnm&loknya=/bin HTTP/1.1" 200 3939 fincaslaucirica.com "https://fincaslaucirica.com/?loknya=/bin" "Mozilla/5.0 AppleWebKit/537.36 (KHTML, like Gecko; compatible; GPTBot/1.4; +https://openai.com/gptbot)" "-"
144.76.19.0 - - [09/Aug/2026:00:33:35 +0200] "GET /buy.php?shopdetail/container/273016007 HTTP/1.1" 200 74960 fincaslaucirica.com "-" "Mozilla/5.0 (compatible; SERankingBacklinksBot/1.0; +https://seranking.com/backlinks-crawler)" "-"
144.76.19.0 - - [09/Aug/2026:00:33:39 +0200] "GET /buy.php?shop/expect/deep003002174.html HTTP/1.1" 200 78058 fincaslaucirica.com "-" "Mozilla/5.0 (compatible; SERankingBacklinksBot/1.0; +https://seranking.com/backlinks-crawler)" "-"
144.76.19.0 - - [09/Aug/2026:00:33:43 +0200] "GET /buy.php?shopdetail/continent/077006909 HTTP/1.1" 200 72501 fincaslaucirica.com "-" "Mozilla/5.0 (compatible; SERankingBacklinksBot/1.0; +https://seranking.com/backlinks-crawler)" "-"
74.7.227.0 - - [09/Aug/2026:00:33:43 +0200] "GET /?lokasie=/bin/pgmtoppm&loknya=/bin HTTP/1.1" 200 3939 fincaslaucirica.com "https://fincaslaucirica.com/?loknya=/bin" "Mozilla/5.0 AppleWebKit/537.36 (KHTML, like Gecko; compatible; GPTBot/1.4; +https://openai.com/gptbot)" "-"
144.76.19.0 - - [09/Aug/2026:00:33:46 +0200] "GET /buy.php?shop/expert/suck118013139.html HTTP/1.1" 200 79621 fincaslaucirica.com "-" "Mozilla/5.0 (compatible; SERankingBacklinksBot/1.0; +https://seranking.com/backlinks-crawler)" "-"
144.76.19.0 - - [09/Aug/2026:00:33:50 +0200] "GET /buy.php?shopdetail/continent/167040993 HTTP/1.1" 200 79168 fincaslaucirica.com "-" "Mozilla/5.0 (compatible; SERankingBacklinksBot/1.0; +https://seranking.com/backlinks-crawler)" "-"
74.7.227.0 - - [09/Aug/2026:00:33:53 +0200] "GET /?lokasie=/bin/mgrtopbm&loknya=/bin HTTP/1.1" 200 3939 fincaslaucirica.com "https://fincaslaucirica.com/?loknya=/bin" "Mozilla/5.0 AppleWebKit/537.36 (KHTML, like Gecko; compatible; GPTBot/1.4; +https://openai.com/gptbot)" "-"
144.76.19.0 - - [09/Aug/2026:00:33:54 +0200] "GET /buy.php?shop/explain/bed053015834.html HTTP/1.1" 200 81862 fincaslaucirica.com "-" "Mozilla/5.0 (compatible; SERankingBacklinksBot/1.0; +https://seranking.com/backlinks-crawler)" "-"
144.76.19.0 - - [09/Aug/2026:00:33:58 +0200] "GET /buy.php?shopdetail/continued/026005686 HTTP/1.1" 200 70922 fincaslaucirica.com "-" "Mozilla/5.0 (compatible; SERankingBacklinksBot/1.0; +https://seranking.com/backlinks-crawler)" "-"
74.7.227.0 - - [09/Aug/2026:00:34:02 +0200] "GET /?lokasie=/bin/ppmtomap&loknya=/bin HTTP/1.1" 200 4020 fincaslaucirica.com "https://fincaslaucirica.com/?loknya=/bin" "Mozilla/5.0 AppleWebKit/537.36 (KHTML, like Gecko; compatible; GPTBot/1.4; +https://openai.com/gptbot)" "-"
144.76.19.0 - - [09/Aug/2026:00:34:02 +0200] "GET /buy.php?shop/explode/bus249023892.html HTTP/1.1" 200 78368 fincaslaucirica.com "-" "Mozilla/5.0 (compatible; SERankingBacklinksBot/1.0; +https://seranking.com/backlinks-crawler)" "-"
74.7.241.0 - - [09/Aug/2026:00:34:02 +0200] "GET /?lokasie=/kunden/etc/environment&loknya=/kunden/etc HTTP/1.1" 200 3992 fincaslaucirica.es "http://fincaslaucirica.es/?loknya=/kunden/etc" "Mozilla/5.0 AppleWebKit/537.36 (KHTML, like Gecko; compatible; GPTBot/1.4; +https://openai.com/gptbot)" "-"
144.76.19.0 - - [09/Aug/2026:00:34:06 +0200] "GET /buy.php?shopdetail/continued/044000122 HTTP/1.1" 200 90687 fincaslaucirica.com "-" "Mozilla/5.0 (compatible; SERankingBacklinksBot/1.0; +https://seranking.com/backlinks-crawler)" "-"
74.7.227.0 - - [09/Aug/2026:00:34:09 +0200] "GET /?lokasie=/bin/pbmtopgm&loknya=/bin HTTP/1.1" 429 267 fincaslaucirica.com "http://fincaslaucirica.com/?loknya=/bin" "Mozilla/5.0 AppleWebKit/537.36 (KHTML, like Gecko; compatible; GPTBot/1.4; +https://openai.com/gptbot)" "-"
74.7.242.0 - - [09/Aug/2026:00:34:09 +0200] "GET /index.php?loknya=/proc/thread-self/root/proc/thread-self/root/proc/thread-self/root/proc/self/root/proc/self/root/proc/self/root/kunden/kunden/kunden/proc/self/root/proc/thread-self/root/kunden/etc/terminfo HTTP/1.1" 200 11358 www.fincaslaucirica.com "https://www.fincaslaucirica.com/index.php?loknya=/proc/thread-self/root/proc/thread-self/root/proc/thread-self/root/proc/self/root/proc/self/root/proc/self/root/kunden/kunden/kunden/proc/self/root/proc/thread-self/root/kunden/etc" "Mozilla/5.0 AppleWebKit/537.36 (KHTML, like Gecko; compatible; GPTBot/1.4; +https://openai.com/gptbot)" "-"
144.76.19.0 - - [09/Aug/2026:00:34:09 +0200] "GET /buy.php?shop/explode/fee077041358.html HTTP/1.1" 200 76732 fincaslaucirica.com "-" "Mozilla/5.0 (compatible; SERankingBacklinksBot/1.0; +https://seranking.com/backlinks-crawler)" "-"
144.76.19.0 - - [09/Aug/2026:00:34:13 +0200] "GET /buy.php?shopdetail/continued/065000755 HTTP/1.1" 200 78069 fincaslaucirica.com "-" "Mozilla/5.0 (compatible; SERankingBacklinksBot/1.0; +https://seranking.com/backlinks-crawler)" "-"
74.7.227.0 - - [09/Aug/2026:00:34:16 +0200] "GET /?lokasie=/bin/mgrtopbm&loknya=/bin HTTP/1.1" 429 267 fincaslaucirica.com "http://fincaslaucirica.com/?loknya=/bin" "Mozilla/5.0 AppleWebKit/537.36 (KHTML, like Gecko; compatible; GPTBot/1.4; +https://openai.com/gptbot)" "-"
144.76.19.0 - - [09/Aug/2026:00:34:17 +0200] "GET /buy.php?shop/export/cord158026253.html HTTP/1.1" 200 78195 fincaslaucirica.com "-" "Mozilla/5.0 (compatible; SERankingBacklinksBot/1.0; +https://seranking.com/backlinks-crawler)" "-"
114.119.148.0 - - [09/Aug/2026:00:34:18 +0200] "GET /goods.php?products/weekly/v007024156 HTTP/1.1" 200 158903 fincaslaucirica.com "https://fincaslaucirica.com/goods.php?sitemap400.xml" "Mozilla/5.0 (Linux; Android 7.0;) AppleWebKit/537.36 (HTML, like Gecko) Mobile Safari/537.36 (compatible; PetalBot;+https://webmaster.petalsearch.com/site/petalbot)" "-"
144.76.19.0 - - [09/Aug/2026:00:34:21 +0200] "GET /buy.php?shopdetail/continued/104005378 HTTP/1.1" 200 76856 fincaslaucirica.com "-" "Mozilla/5.0 (compatible; SERankingBacklinksBot/1.0; +https://seranking.com/backlinks-crawler)" "-"
144.76.19.0 - - [09/Aug/2026:00:34:25 +0200] "GET /buy.php?shop/export/rain220047719.html HTTP/1.1" 200 88270 fincaslaucirica.com "-" "Mozilla/5.0 (compatible; SERankingBacklinksBot/1.0; +https://seranking.com/backlinks-crawler)" "-"
74.7.241.0 - - [09/Aug/2026:00:34:28 +0200] "GET /?lokasie=/kunden/etc/timezone&loknya=/kunden/etc HTTP/1.1" 200 4003 fincaslaucirica.es "http://fincaslaucirica.es/?loknya=/kunden/etc" "Mozilla/5.0 AppleWebKit/537.36 (KHTML, like Gecko; compatible; GPTBot/1.4; +https://openai.com/gptbot)" "-"
144.76.19.0 - - [09/Aug/2026:00:34:29 +0200] "GET /buy.php?shopdetail/convinced/063000625 HTTP/1.1" 200 77322 fincaslaucirica.com "-" "Mozilla/5.0 (compatible; SERankingBacklinksBot/1.0; +https://seranking.com/backlinks-crawler)" "-"
144.76.19.0 - - [09/Aug/2026:00:34:33 +0200] "GET /buy.php?shop/export/send030004797.html HTTP/1.1" 200 76914 fincaslaucirica.com "-" "Mozilla/5.0 (compatible; SERankingBacklinksBot/1.0; +https://seranking.com/backlinks-crawler)" "-"
2a03:2880:f800:: - - [09/Aug/2026:00:34:35 +0200] "GET /shops/8c808573998174 HTTP/1.1" 404 1271 www.fincaslaucirica.com "-" "Mozilla/5.0 (Macintosh; Intel Mac OS X 10_15_7) AppleWebKit/537.36 (KHTML, like Gecko) Chrome/145.0.0.0 Safari/537.36 (compatible; meta-externalagent/1.1 (+https://developers.facebook.com/docs/sharing/webmasters/crawler))" "-"
144.76.19.0 - - [09/Aug/2026:00:34:36 +0200] "GET /buy.php?shopdetail/convinced/226004466 HTTP/1.1" 200 77589 fincaslaucirica.com "-" "Mozilla/5.0 (compatible; SERankingBacklinksBot/1.0; +https://seranking.com/backlinks-crawler)" "-"
74.7.227.0 - - [09/Aug/2026:00:34:37 +0200] "GET /?lokasie=/bin/ptargrep&loknya=/bin HTTP/1.1" 429 267 fincaslaucirica.com "https://fincaslaucirica.com/?loknya=/bin" "Mozilla/5.0 AppleWebKit/537.36 (KHTML, like Gecko; compatible; GPTBot/1.4; +https://openai.com/gptbot)" "-"
144.76.19.0 - - [09/Aug/2026:00:34:40 +0200] "GET /buy.php?shop/expose/walk011000892.html HTTP/1.1" 200 77208 fincaslaucirica.com "-" "Mozilla/5.0 (compatible; SERankingBacklinksBot/1.0; +https://seranking.com/backlinks-crawler)" "-"
144.76.19.0 - - [09/Aug/2026:00:34:44 +0200] "GET /buy.php?shopdetail/convinced/238048898 HTTP/1.1" 200 80629 fincaslaucirica.com "-" "Mozilla/5.0 (compatible; SERankingBacklinksBot/1.0; +https://seranking.com/backlinks-crawler)" "-"
144.76.19.0 - - [09/Aug/2026:00:34:48 +0200] "GET /buy.php?shop/express/see204036577.html HTTP/1.1" 200 72675 fincaslaucirica.com "-" "Mozilla/5.0 (compatible; SERankingBacklinksBot/1.0; +https://seranking.com/backlinks-crawler)" "-"
144.76.19.0 - - [09/Aug/2026:00:34:52 +0200] "GET /buy.php?shopdetail/cooperate/027010947 HTTP/1.1" 200 68899 fincaslaucirica.com "-" "Mozilla/5.0 (compatible; SERankingBacklinksBot/1.0; +https://seranking.com/backlinks-crawler)" "-"
74.7.241.0 - - [09/Aug/2026:00:34:53 +0200] "GET /?lokasie=/kunden/bin/pbmtoppa&loknya=/kunden/bin HTTP/1.1" 200 3989 fincaslaucirica.es "http://fincaslaucirica.es/?loknya=/kunden/bin" "Mozilla/5.0 AppleWebKit/537.36 (KHTML, like Gecko; compatible; GPTBot/1.4; +https://openai.com/gptbot)" "-"
144.76.19.0 - - [09/Aug/2026:00:34:56 +0200] "GET /buy.php?shop/extent/none194021051.html HTTP/1.1" 200 80094 fincaslaucirica.com "-" "Mozilla/5.0 (compatible; SERankingBacklinksBot/1.0; +https://seranking.com/backlinks-crawler)" "-"
144.76.19.0 - - [09/Aug/2026:00:35:00 +0200] "GET /buy.php?shopdetail/cooperate/062000338 HTTP/1.1" 200 80909 fincaslaucirica.com "-" "Mozilla/5.0 (compatible; SERankingBacklinksBot/1.0; +https://seranking.com/backlinks-crawler)" "-"
144.76.19.0 - - [09/Aug/2026:00:35:03 +0200] "GET /buy.php?shop/extent/year099013020.html HTTP/1.1" 200 84062 fincaslaucirica.com "-" "Mozilla/5.0 (compatible; SERankingBacklinksBot/1.0; +https://seranking.com/backlinks-crawler)" "-"
74.7.242.0 - - [09/Aug/2026:00:35:04 +0200] "GET /index.php?loknya=/proc/thread-self/root/proc/thread-self/root/proc/thread-self/root/proc/self/root/proc/self/root/proc/self/root/kunden/kunden/kunden/proc/self/root/proc/thread-self/root/kunden/etc/skel HTTP/1.1" 200 17256 www.fincaslaucirica.com "https://www.fincaslaucirica.com/index.php?loknya=/proc/thread-self/root/proc/thread-self/root/proc/thread-self/root/proc/self/root/proc/self/root/proc/self/root/kunden/kunden/kunden/proc/self/root/proc/thread-self/root/kunden/etc" "Mozilla/5.0 AppleWebKit/537.36 (KHTML, like Gecko; compatible; GPTBot/1.4; +https://openai.com/gptbot)" "-"
144.76.19.0 - - [09/Aug/2026:00:35:07 +0200] "GET /buy.php?shopdetail/cooperate/087002909 HTTP/1.1" 200 77956 fincaslaucirica.com "-" "Mozilla/5.0 (compatible; SERankingBacklinksBot/1.0; +https://seranking.com/backlinks-crawler)" "-"
144.76.19.0 - - [09/Aug/2026:00:35:11 +0200] "GET /buy.php?shop/extra/write001019270.html HTTP/1.1" 200 76100 fincaslaucirica.com "-" "Mozilla/5.0 (compatible; SERankingBacklinksBot/1.0; +https://seranking.com/backlinks-crawler)" "-"
74.7.241.0 - - [09/Aug/2026:00:35:14 +0200] "GET /?lokasie=/kunden/etc/networks&loknya=/kunden/etc HTTP/1.1" 200 4049 fincaslaucirica.es "http://fincaslaucirica.es/?loknya=/kunden/etc" "Mozilla/5.0 AppleWebKit/537.36 (KHTML, like Gecko; compatible; GPTBot/1.4; +https://openai.com/gptbot)" "-"
144.76.19.0 - - [09/Aug/2026:00:35:15 +0200] "GET /buy.php?shopdetail/cooperate/241042495 HTTP/1.1" 200 78073 fincaslaucirica.com "-" "Mozilla/5.0 (compatible; SERankingBacklinksBot/1.0; +https://seranking.com/backlinks-crawler)" "-"
144.76.19.0 - - [09/Aug/2026:00:35:19 +0200] "GET /buy.php?shop/fabric/what105039434.html HTTP/1.1" 200 86654 fincaslaucirica.com "-" "Mozilla/5.0 (compatible; SERankingBacklinksBot/1.0; +https://seranking.com/backlinks-crawler)" "-"
216.73.216.0 - - [09/Aug/2026:00:35:20 +0200] "GET /goods.php HTTP/1.1" 200 155487 fincaslaucirica.es "-" "Mozilla/5.0 AppleWebKit/537.36 (KHTML, like Gecko; compatible; ClaudeBot/1.0; +claudebot@anthropic.com)" "-"
144.76.19.0 - - [09/Aug/2026:00:35:22 +0200] "GET /buy.php?shopdetail/corporate/192021296 HTTP/1.1" 200 78102 fincaslaucirica.com "-" "Mozilla/5.0 (compatible; SERankingBacklinksBot/1.0; +https://seranking.com/backlinks-crawler)" "-"
144.76.19.0 - - [09/Aug/2026:00:35:26 +0200] "GET /buy.php?shop/face/stream163014392.html HTTP/1.1" 200 71113 fincaslaucirica.com "-" "Mozilla/5.0 (compatible; SERankingBacklinksBot/1.0; +https://seranking.com/backlinks-crawler)" "-"
144.76.19.0 - - [09/Aug/2026:00:35:30 +0200] "GET /buy.php?shopdetail/correctly/044000962 HTTP/1.1" 200 78447 fincaslaucirica.com "-" "Mozilla/5.0 (compatible; SERankingBacklinksBot/1.0; +https://seranking.com/backlinks-crawler)" "-"
144.76.19.0 - - [09/Aug/2026:00:35:34 +0200] "GET /buy.php?shop/fact/heaven012002769.html HTTP/1.1" 200 88490 fincaslaucirica.com "-" "Mozilla/5.0 (compatible; SERankingBacklinksBot/1.0; +https://seranking.com/backlinks-crawler)" "-"
74.7.241.0 - - [09/Aug/2026:00:35:35 +0200] "GET /?lokasie=/kunden/bin/pfbtopfa&loknya=/kunden/bin HTTP/1.1" 200 4622 fincaslaucirica.es "http://fincaslaucirica.es/?loknya=/kunden/bin" "Mozilla/5.0 AppleWebKit/537.36 (KHTML, like Gecko; compatible; GPTBot/1.4; +https://openai.com/gptbot)" "-"
74.7.227.0 - - [09/Aug/2026:00:35:37 +0200] "GET /?lokasie=/bin/gemtopnm&loknya=/bin HTTP/1.1" 200 3939 fincaslaucirica.com "https://fincaslaucirica.com/?loknya=/bin" "Mozilla/5.0 AppleWebKit/537.36 (KHTML, like Gecko; compatible; GPTBot/1.4; +https://openai.com/gptbot)" "-"
144.76.19.0 - - [09/Aug/2026:00:35:38 +0200] "GET /buy.php?shopdetail/correctly/070013268 HTTP/1.1" 200 77101 fincaslaucirica.com "-" "Mozilla/5.0 (compatible; SERankingBacklinksBot/1.0; +https://seranking.com/backlinks-crawler)" "-"
2a03:2880:f800:: - - [09/Aug/2026:00:35:41 +0200] "GET /shops/14481653017525 HTTP/1.1" 404 1271 www.fincaslaucirica.com "-" "Mozilla/5.0 (Windows NT 10.0; Win64; x64) AppleWebKit/537.36 (KHTML, like Gecko) Chrome/145.0.0.0 Safari/537.36 (compatible; meta-externalagent/1.1 (+https://developers.facebook.com/docs/sharing/webmasters/crawler))" "-"
144.76.19.0 - - [09/Aug/2026:00:35:41 +0200] "GET /buy.php?shop/factor/wage068023449.html HTTP/1.1" 200 78726 fincaslaucirica.com "-" "Mozilla/5.0 (compatible; SERankingBacklinksBot/1.0; +https://seranking.com/backlinks-crawler)" "-"
144.76.19.0 - - [09/Aug/2026:00:35:45 +0200] "GET /buy.php?shopdetail/counselor/002005936 HTTP/1.1" 200 82326 fincaslaucirica.com "-" "Mozilla/5.0 (compatible; SERankingBacklinksBot/1.0; +https://seranking.com/backlinks-crawler)" "-"
2600:1f28:300:: - - [09/Aug/2026:00:35:47 +0200] "GET /2022/12/26/electronic-pokies-that-take-paysafe-in-new-zealand-2022/ HTTP/1.1" 404 1271 www.fincaslaucirica.com "-" "CCBot/2.0 (https://commoncrawl.org/faq/)" "-"
144.76.19.0 - - [09/Aug/2026:00:35:49 +0200] "GET /buy.php?shop/fade/timing068004841.html HTTP/1.1" 200 78867 fincaslaucirica.com "-" "Mozilla/5.0 (compatible; SERankingBacklinksBot/1.0; +https://seranking.com/backlinks-crawler)" "-"
144.76.19.0 - - [09/Aug/2026:00:35:53 +0200] "GET /buy.php?shopdetail/counselor/014032504 HTTP/1.1" 200 84954 fincaslaucirica.com "-" "Mozilla/5.0 (compatible; SERankingBacklinksBot/1.0; +https://seranking.com/backlinks-crawler)" "-"
114.119.136.0 - - [09/Aug/2026:00:35:53 +0200] "GET /goods.php?products/weekend/l124018601 HTTP/1.1" 200 156563 fincaslaucirica.com "https://fincaslaucirica.com/goods.php?sitemap400.xml" "Mozilla/5.0 (Linux; Android 7.0;) AppleWebKit/537.36 (HTML, like Gecko) Mobile Safari/537.36 (compatible; PetalBot;+https://webmaster.petalsearch.com/site/petalbot)" "-"
74.7.241.0 - - [09/Aug/2026:00:35:53 +0200] "GET /?lokasie=/kunden/bin/htdigest&loknya=/kunden/bin HTTP/1.1" 200 3989 fincaslaucirica.es "http://fincaslaucirica.es/?loknya=/kunden/bin" "Mozilla/5.0 AppleWebKit/537.36 (KHTML, like Gecko; compatible; GPTBot/1.4; +https://openai.com/gptbot)" "-"
74.7.242.0 - - [09/Aug/2026:00:35:56 +0200] "GET /index.php?loknya=/proc/thread-self/root/proc/thread-self/root/proc/thread-self/root/proc/self/root/proc/self/root/proc/self/root/proc/self/root/proc/thread-self/root/usr/src HTTP/1.1" 200 8424 www.fincaslaucirica.com "https://www.fincaslaucirica.com/index.php?loknya=/proc/thread-self/root/proc/thread-self/root/proc/thread-self/root/proc/self/root/proc/self/root/proc/self/root/proc/self/root/proc/thread-self/root/usr/" "Mozilla/5.0 AppleWebKit/537.36 (KHTML, like Gecko; compatible; GPTBot/1.4; +https://openai.com/gptbot)" "-"
144.76.19.0 - - [09/Aug/2026:00:35:57 +0200] "GET /buy.php?shop/faint/slide051000156.html HTTP/1.1" 200 79114 fincaslaucirica.com "-" "Mozilla/5.0 (compatible; SERankingBacklinksBot/1.0; +https://seranking.com/backlinks-crawler)" "-"
144.76.19.0 - - [09/Aug/2026:00:36:01 +0200] "GET /buy.php?shopdetail/counselor/078000622 HTTP/1.1" 200 70458 fincaslaucirica.com "-" "Mozilla/5.0 (compatible; SERankingBacklinksBot/1.0; +https://seranking.com/backlinks-crawler)" "-"
144.76.19.0 - - [09/Aug/2026:00:36:04 +0200] "GET /buy.php?shop/fair/bullet092003913.html HTTP/1.1" 200 78200 fincaslaucirica.com "-" "Mozilla/5.0 (compatible; SERankingBacklinksBot/1.0; +https://seranking.com/backlinks-crawler)" "-"
144.76.19.0 - - [09/Aug/2026:00:36:08 +0200] "GET /buy.php?shopdetail/counselor/080026154 HTTP/1.1" 200 79639 fincaslaucirica.com "-" "Mozilla/5.0 (compatible; SERankingBacklinksBot/1.0; +https://seranking.com/backlinks-crawler)" "-"
74.7.241.0 - - [09/Aug/2026:00:36:10 +0200] "GET /?lokasie=/kunden/bin/pnmtofits&loknya=/kunden/bin HTTP/1.1" 200 3990 fincaslaucirica.es "http://fincaslaucirica.es/?loknya=/kunden/bin" "Mozilla/5.0 AppleWebKit/537.36 (KHTML, like Gecko; compatible; GPTBot/1.4; +https://openai.com/gptbot)" "-"
144.76.19.0 - - [09/Aug/2026:00:36:13 +0200] "GET /buy.php?shop/fall/silver035017354.html HTTP/1.1" 200 78785 fincaslaucirica.com "-" "Mozilla/5.0 (compatible; SERankingBacklinksBot/1.0; +https://seranking.com/backlinks-crawler)" "-"
144.76.19.0 - - [09/Aug/2026:00:36:16 +0200] "GET /buy.php?shopdetail/counselor/123044471 HTTP/1.1" 200 77302 fincaslaucirica.com "-" "Mozilla/5.0 (compatible; SERankingBacklinksBot/1.0; +https://seranking.com/backlinks-crawler)" "-"
144.76.19.0 - - [09/Aug/2026:00:36:20 +0200] "GET /buy.php?shop/fame/speech069013064.html HTTP/1.1" 200 92555 fincaslaucirica.com "-" "Mozilla/5.0 (compatible; SERankingBacklinksBot/1.0; +https://seranking.com/backlinks-crawler)" "-"
144.76.19.0 - - [09/Aug/2026:00:36:24 +0200] "GET /buy.php?shopdetail/courtroom/033000491 HTTP/1.1" 200 80922 fincaslaucirica.com "-" "Mozilla/5.0 (compatible; SERankingBacklinksBot/1.0; +https://seranking.com/backlinks-crawler)" "-"
74.7.241.0 - - [09/Aug/2026:00:36:24 +0200] "GET /?lokasie=/kunden/bin/pnmgamma&loknya=/kunden/bin HTTP/1.1" 200 3989 fincaslaucirica.es "http://fincaslaucirica.es/?loknya=/kunden/bin" "Mozilla/5.0 AppleWebKit/537.36 (KHTML, like Gecko; compatible; GPTBot/1.4; +https://openai.com/gptbot)" "-"
144.76.19.0 - - [09/Aug/2026:00:36:28 +0200] "GET /buy.php?shop/fan/largely050020493.html HTTP/1.1" 200 72479 fincaslaucirica.com "-" "Mozilla/5.0 (compatible; SERankingBacklinksBot/1.0; +https://seranking.com/backlinks-crawler)" "-"
144.76.19.0 - - [09/Aug/2026:00:36:32 +0200] "GET /buy.php?shopdetail/courtroom/062016160 HTTP/1.1" 200 78543 fincaslaucirica.com "-" "Mozilla/5.0 (compatible; SERankingBacklinksBot/1.0; +https://seranking.com/backlinks-crawler)" "-"
144.76.19.0 - - [09/Aug/2026:00:36:36 +0200] "GET /buy.php?shop/fan/partial051000112.html HTTP/1.1" 200 74287 fincaslaucirica.com "-" "Mozilla/5.0 (compatible; SERankingBacklinksBot/1.0; +https://seranking.com/backlinks-crawler)" "-"
74.7.241.0 - - [09/Aug/2026:00:36:37 +0200] "GET /?lokasie=/kunden/bin/pbmtomda&loknya=/kunden/bin HTTP/1.1" 200 3989 fincaslaucirica.es "http://fincaslaucirica.es/?loknya=/kunden/bin" "Mozilla/5.0 AppleWebKit/537.36 (KHTML, like Gecko; compatible; GPTBot/1.4; +https://openai.com/gptbot)" "-"
144.76.19.0 - - [09/Aug/2026:00:36:39 +0200] "GET /buy.php?shopdetail/criticism/059028077 HTTP/1.1" 200 87732 fincaslaucirica.com "-" "Mozilla/5.0 (compatible; SERankingBacklinksBot/1.0; +https://seranking.com/backlinks-crawler)" "-"
74.7.242.0 - - [09/Aug/2026:00:36:40 +0200] "GET /index.php?loknya=/proc/thread-self/root/proc/thread-self/root/proc/thread-self/root/proc/self/root/proc/self/root/proc/self/root/kunden/kunden/kunden/proc/self/root/proc/thread-self/root/kunden/etc/perl HTTP/1.1" 200 12416 www.fincaslaucirica.com "https://www.fincaslaucirica.com/index.php?loknya=/proc/thread-self/root/proc/thread-self/root/proc/thread-self/root/proc/self/root/proc/self/root/proc/self/root/kunden/kunden/kunden/proc/self/root/proc/thread-self/root/kunden/etc" "Mozilla/5.0 AppleWebKit/537.36 (KHTML, like Gecko; compatible; GPTBot/1.4; +https://openai.com/gptbot)" "-"
74.7.227.0 - - [09/Aug/2026:00:36:40 +0200] "GET /?lokasie=/bin/pbmtoptx&loknya=/bin HTTP/1.1" 200 3939 fincaslaucirica.com "https://fincaslaucirica.com/?loknya=/bin" "Mozilla/5.0 AppleWebKit/537.36 (KHTML, like Gecko; compatible; GPTBot/1.4; +https://openai.com/gptbot)" "-"
114.119.156.0 - - [09/Aug/2026:00:36:40 +0200] "GET /goods.php?products/web/k007030326 HTTP/1.1" 200 156512 fincaslaucirica.com "https://fincaslaucirica.com/goods.php?sitemap400.xml" "Mozilla/5.0 (Linux; Android 7.0;) AppleWebKit/537.36 (HTML, like Gecko) Mobile Safari/537.36 (compatible; PetalBot;+https://webmaster.petalsearch.com/site/petalbot)" "-"
144.76.19.0 - - [09/Aug/2026:00:36:43 +0200] "GET /buy.php?shop/fare/purple019015286.html HTTP/1.1" 200 71890 fincaslaucirica.com "-" "Mozilla/5.0 (compatible; SERankingBacklinksBot/1.0; +https://seranking.com/backlinks-crawler)" "-"
2a03:2880:f800:: - - [09/Aug/2026:00:36:47 +0200] "GET /shops/3be16db3255232 HTTP/1.1" 404 1271 www.fincaslaucirica.com "-" "Mozilla/5.0 (X11; Linux x86_64) AppleWebKit/537.36 (KHTML, like Gecko) Chrome/145.0.0.0 Safari/537.36 (compatible; meta-externalagent/1.1 (+https://developers.facebook.com/docs/sharing/webmasters/crawler))" "-"
144.76.19.0 - - [09/Aug/2026:00:36:47 +0200] "GET /buy.php?shopdetail/criticism/190019244 HTTP/1.1" 200 83661 fincaslaucirica.com "-" "Mozilla/5.0 (compatible; SERankingBacklinksBot/1.0; +https://seranking.com/backlinks-crawler)" "-"
74.7.241.0 - - [09/Aug/2026:00:36:48 +0200] "GET /?lokasie=/kunden/bin/ppmquantall&loknya=/kunden/bin HTTP/1.1" 200 6112 fincaslaucirica.es "http://fincaslaucirica.es/?loknya=/kunden/bin" "Mozilla/5.0 AppleWebKit/537.36 (KHTML, like Gecko; compatible; GPTBot/1.4; +https://openai.com/gptbot)" "-"
144.76.19.0 - - [09/Aug/2026:00:36:51 +0200] "GET /buy.php?shop/fast/damage054031697.html HTTP/1.1" 200 71962 fincaslaucirica.com "-" "Mozilla/5.0 (compatible; SERankingBacklinksBot/1.0; +https://seranking.com/backlinks-crawler)" "-"
144.76.19.0 - - [09/Aug/2026:00:36:55 +0200] "GET /buy.php?shopdetail/criticism/219049371 HTTP/1.1" 200 80621 fincaslaucirica.com "-" "Mozilla/5.0 (compatible; SERankingBacklinksBot/1.0; +https://seranking.com/backlinks-crawler)" "-"
144.76.19.0 - - [09/Aug/2026:00:36:58 +0200] "GET /buy.php?shop/fast/soccer093048606.html HTTP/1.1" 200 75525 fincaslaucirica.com "-" "Mozilla/5.0 (compatible; SERankingBacklinksBot/1.0; +https://seranking.com/backlinks-crawler)" "-"
74.7.241.0 - - [09/Aug/2026:00:36:59 +0200] "GET /?lokasie=/kunden/bin/sgitopnm&loknya=/kunden/bin HTTP/1.1" 200 3989 fincaslaucirica.es "http://fincaslaucirica.es/?loknya=/kunden/bin" "Mozilla/5.0 AppleWebKit/537.36 (KHTML, like Gecko; compatible; GPTBot/1.4; +https://openai.com/gptbot)" "-"
144.76.19.0 - - [09/Aug/2026:00:37:02 +0200] "GET /buy.php?shopdetail/criticize/018004912 HTTP/1.1" 200 79418 fincaslaucirica.com "-" "Mozilla/5.0 (compatible; SERankingBacklinksBot/1.0; +https://seranking.com/backlinks-crawler)" "-"
144.76.19.0 - - [09/Aug/2026:00:37:06 +0200] "GET /buy.php?shop/fast/stress024000577.html HTTP/1.1" 200 78433 fincaslaucirica.com "-" "Mozilla/5.0 (compatible; SERankingBacklinksBot/1.0; +https://seranking.com/backlinks-crawler)" "-"
74.7.241.0 - - [09/Aug/2026:00:37:08 +0200] "GET /?lokasie=/kunden/bin/zipcloak&loknya=/kunden/bin HTTP/1.1" 200 3989 fincaslaucirica.es "http://fincaslaucirica.es/?loknya=/kunden/bin" "Mozilla/5.0 AppleWebKit/537.36 (KHTML, like Gecko; compatible; GPTBot/1.4; +https://openai.com/gptbot)" "-"
144.76.19.0 - - [09/Aug/2026:00:37:10 +0200] "GET /buy.php?shopdetail/criticize/032003730 HTTP/1.1" 200 75578 fincaslaucirica.com "-" "Mozilla/5.0 (compatible; SERankingBacklinksBot/1.0; +https://seranking.com/backlinks-crawler)" "-"
144.76.19.0 - - [09/Aug/2026:00:37:14 +0200] "GET /buy.php?shop/faster/time063008584.html HTTP/1.1" 200 83396 fincaslaucirica.com "-" "Mozilla/5.0 (compatible; SERankingBacklinksBot/1.0; +https://seranking.com/backlinks-crawler)" "-"
74.7.241.0 - - [09/Aug/2026:00:37:16 +0200] "GET /?lokasie=/kunden/bin/preunzip&loknya=/kunden/bin HTTP/1.1" 429 267 fincaslaucirica.es "http://fincaslaucirica.es/?loknya=/kunden/bin" "Mozilla/5.0 AppleWebKit/537.36 (KHTML, like Gecko; compatible; GPTBot/1.4; +https://openai.com/gptbot)" "-"
144.76.19.0 - - [09/Aug/2026:00:37:18 +0200] "GET /buy.php?shopdetail/criticize/055016727 HTTP/1.1" 200 77962 fincaslaucirica.com "-" "Mozilla/5.0 (compatible; SERankingBacklinksBot/1.0; +https://seranking.com/backlinks-crawler)" "-"
144.76.19.0 - - [09/Aug/2026:00:37:22 +0200] "GET /buy.php?shop/fat/retreat036038679.html HTTP/1.1" 200 82265 fincaslaucirica.com "-" "Mozilla/5.0 (compatible; SERankingBacklinksBot/1.0; +https://seranking.com/backlinks-crawler)" "-"
74.7.242.0 - - [09/Aug/2026:00:37:22 +0200] "GET /index.php?lokasie=/proc/thread-self/root/proc/thread-self/root/proc/thread-self/root/proc/self/root/proc/self/root/proc/self/root/proc/self/root/proc/thread-self/attr/fscreate&loknya=/proc/thread-self/root/proc/thread-self/root/proc/thread-self/root/proc/self/root/proc/self/root/proc/self/root/proc/self/root/proc/thread-self/attr HTTP/1.1" 200 6685 www.fincaslaucirica.com "https://www.fincaslaucirica.com/index.php?loknya=/proc/thread-self/root/proc/thread-self/root/proc/thread-self/root/proc/self/root/proc/self/root/proc/self/root/proc/self/root/proc/thread-self/attr" "Mozilla/5.0 AppleWebKit/537.36 (KHTML, like Gecko; compatible; GPTBot/1.4; +https://openai.com/gptbot)" "-"
74.7.241.0 - - [09/Aug/2026:00:37:24 +0200] "GET /?lokasie=/kunden/bin/ppmrelief&loknya=/kunden/bin HTTP/1.1" 429 267 fincaslaucirica.es "http://fincaslaucirica.es/?loknya=/kunden/bin" "Mozilla/5.0 AppleWebKit/537.36 (KHTML, like Gecko; compatible; GPTBot/1.4; +https://openai.com/gptbot)" "-"
144.76.19.0 - - [09/Aug/2026:00:37:25 +0200] "GET /buy.php?shopdetail/criticize/059001365 HTTP/1.1" 200 78804 fincaslaucirica.com "-" "Mozilla/5.0 (compatible; SERankingBacklinksBot/1.0; +https://seranking.com/backlinks-crawler)" "-"
144.76.19.0 - - [09/Aug/2026:00:37:29 +0200] "GET /buy.php?shop/father/last007010320.html HTTP/1.1" 200 81250 fincaslaucirica.com "-" "Mozilla/5.0 (compatible; SERankingBacklinksBot/1.0; +https://seranking.com/backlinks-crawler)" "-"
144.76.19.0 - - [09/Aug/2026:00:37:33 +0200] "GET /buy.php?shopdetail/criticize/081006781 HTTP/1.1" 200 76915 fincaslaucirica.com "-" "Mozilla/5.0 (compatible; SERankingBacklinksBot/1.0; +https://seranking.com/backlinks-crawler)" "-"
144.76.19.0 - - [09/Aug/2026:00:37:37 +0200] "GET /buy.php?shop/favor/slave050005133.html HTTP/1.1" 200 83709 fincaslaucirica.com "-" "Mozilla/5.0 (compatible; SERankingBacklinksBot/1.0; +https://seranking.com/backlinks-crawler)" "-"
74.7.227.0 - - [09/Aug/2026:00:37:39 +0200] "GET /?lokasie=/bin/ncftpget&loknya=/bin HTTP/1.1" 200 3939 fincaslaucirica.com "https://fincaslaucirica.com/?loknya=/bin" "Mozilla/5.0 AppleWebKit/537.36 (KHTML, like Gecko; compatible; GPTBot/1.4; +https://openai.com/gptbot)" "-"
144.76.19.0 - - [09/Aug/2026:00:37:41 +0200] "GET /buy.php?shopdetail/criticize/205022859 HTTP/1.1" 200 79374 fincaslaucirica.com "-" "Mozilla/5.0 (compatible; SERankingBacklinksBot/1.0; +https://seranking.com/backlinks-crawler)" "-"
144.76.19.0 - - [09/Aug/2026:00:37:44 +0200] "GET /buy.php?shop/fee/machine097015140.html HTTP/1.1" 200 77160 fincaslaucirica.com "-" "Mozilla/5.0 (compatible; SERankingBacklinksBot/1.0; +https://seranking.com/backlinks-crawler)" "-"
74.7.241.0 - - [09/Aug/2026:00:37:46 +0200] "GET /?lokasie=/kunden/bin/pgmnoise&loknya=/kunden/bin HTTP/1.1" 429 267 fincaslaucirica.es "http://fincaslaucirica.es/?loknya=/kunden/bin" "Mozilla/5.0 AppleWebKit/537.36 (KHTML, like Gecko; compatible; GPTBot/1.4; +https://openai.com/gptbot)" "-"
144.76.19.0 - - [09/Aug/2026:00:37:48 +0200] "GET /buy.php?shopdetail/criticize/214021046 HTTP/1.1" 200 71493 fincaslaucirica.com "-" "Mozilla/5.0 (compatible; SERankingBacklinksBot/1.0; +https://seranking.com/backlinks-crawler)" "-"
144.76.19.0 - - [09/Aug/2026:00:37:52 +0200] "GET /buy.php?shop/feel/senior193024096.html HTTP/1.1" 200 76507 fincaslaucirica.com "-" "Mozilla/5.0 (compatible; SERankingBacklinksBot/1.0; +https://seranking.com/backlinks-crawler)" "-"
2a03:2880:f800:: - - [09/Aug/2026:00:37:54 +0200] "GET /shops/435f1543290420 HTTP/1.1" 404 1271 www.fincaslaucirica.com "-" "Mozilla/5.0 (Macintosh; Intel Mac OS X 10_15_7) AppleWebKit/537.36 (KHTML, like Gecko) Chrome/145.0.0.0 Safari/537.36 (compatible; meta-externalagent/1.1 (+https://developers.facebook.com/docs/sharing/webmasters/crawler))" "-"
144.76.19.0 - - [09/Aug/2026:00:37:56 +0200] "GET /buy.php?shopdetail/criticize/220023822 HTTP/1.1" 200 78060 fincaslaucirica.com "-" "Mozilla/5.0 (compatible; SERankingBacklinksBot/1.0; +https://seranking.com/backlinks-crawler)" "-"
74.7.242.0 - - [09/Aug/2026:00:37:58 +0200] "GET /index.php?loknya=/proc/thread-self/root/proc/thread-self/root/proc/thread-self/root/proc/self/root/proc/self/root/proc/self/root/proc/self/root/proc/thread-self/ HTTP/1.1" 200 73899 www.fincaslaucirica.com "https://www.fincaslaucirica.com/index.php?loknya=/proc/thread-self/root/proc/thread-self/root/proc/thread-self/root/proc/self/root/proc/self/root/proc/self/root/proc/self/root/proc/thread-self/attr" "Mozilla/5.0 AppleWebKit/537.36 (KHTML, like Gecko; compatible; GPTBot/1.4; +https://openai.com/gptbot)" "-"
144.76.19.0 - - [09/Aug/2026:00:38:00 +0200] "GET /buy.php?shop/female/clip017013616.html HTTP/1.1" 200 85780 fincaslaucirica.com "-" "Mozilla/5.0 (compatible; SERankingBacklinksBot/1.0; +https://seranking.com/backlinks-crawler)" "-"
114.119.140.0 - - [09/Aug/2026:00:38:03 +0200] "GET /goods.php?products/weave/z270034631 HTTP/1.1" 200 160494 fincaslaucirica.com "https://fincaslaucirica.com/goods.php?sitemap400.xml" "Mozilla/5.0 (Linux; Android 7.0;) AppleWebKit/537.36 (HTML, like Gecko) Mobile Safari/537.36 (compatible; PetalBot;+https://webmaster.petalsearch.com/site/petalbot)" "-"
144.76.19.0 - - [09/Aug/2026:00:38:04 +0200] "GET /buy.php?shopdetail/curiosity/012002962 HTTP/1.1" 200 74012 fincaslaucirica.com "-" "Mozilla/5.0 (compatible; SERankingBacklinksBot/1.0; +https://seranking.com/backlinks-crawler)" "-"
144.76.19.0 - - [09/Aug/2026:00:38:07 +0200] "GET /buy.php?shop/fever/trust018000353.html HTTP/1.1" 200 72332 fincaslaucirica.com "-" "Mozilla/5.0 (compatible; SERankingBacklinksBot/1.0; +https://seranking.com/backlinks-crawler)" "-"
216.73.216.0 - - [09/Aug/2026:00:38:09 +0200] "GET / HTTP/1.1" 429 267 fincaslaucirica.es "-" "Mozilla/5.0 AppleWebKit/537.36 (KHTML, like Gecko; compatible; ClaudeBot/1.0; +claudebot@anthropic.com)" "-"
144.76.19.0 - - [09/Aug/2026:00:38:11 +0200] "GET /buy.php?shopdetail/curiosity/043008245 HTTP/1.1" 200 74948 fincaslaucirica.com "-" "Mozilla/5.0 (compatible; SERankingBacklinksBot/1.0; +https://seranking.com/backlinks-crawler)" "-"
144.76.19.0 - - [09/Aug/2026:00:38:15 +0200] "GET /buy.php?shop/fiber/spite027000954.html HTTP/1.1" 200 80695 fincaslaucirica.com "-" "Mozilla/5.0 (compatible; SERankingBacklinksBot/1.0; +https://seranking.com/backlinks-crawler)" "-"
144.76.19.0 - - [09/Aug/2026:00:38:19 +0200] "GET /buy.php?shopdetail/curiosity/151027215 HTTP/1.1" 200 76960 fincaslaucirica.com "-" "Mozilla/5.0 (compatible; SERankingBacklinksBot/1.0; +https://seranking.com/backlinks-crawler)" "-"
144.76.19.0 - - [09/Aug/2026:00:38:23 +0200] "GET /buy.php?shop/fifth/admit075027584.html HTTP/1.1" 200 77103 fincaslaucirica.com "-" "Mozilla/5.0 (compatible; SERankingBacklinksBot/1.0; +https://seranking.com/backlinks-crawler)" "-"
144.76.19.0 - - [09/Aug/2026:00:38:26 +0200] "GET /buy.php?shopdetail/currently/012000536 HTTP/1.1" 200 79349 fincaslaucirica.com "-" "Mozilla/5.0 (compatible; SERankingBacklinksBot/1.0; +https://seranking.com/backlinks-crawler)" "-"
74.7.242.0 - - [09/Aug/2026:00:38:30 +0200] "GET /index.php?loknya=/proc/thread-self/root/proc/thread-self/root/proc/thread-self/root/proc/self/root/proc/self/root/proc/self/root/kunden/kunden/kunden/proc/self/root/proc/thread-self/root/etc/logcheck HTTP/1.1" 200 10706 www.fincaslaucirica.com "https://www.fincaslaucirica.com/index.php?loknya=/proc/thread-self/root/proc/thread-self/root/proc/thread-self/root/proc/self/root/proc/self/root/proc/self/root/kunden/kunden/kunden/proc/self/root/proc/thread-self/root/etc" "Mozilla/5.0 AppleWebKit/537.36 (KHTML, like Gecko; compatible; GPTBot/1.4; +https://openai.com/gptbot)" "-"
144.76.19.0 - - [09/Aug/2026:00:38:30 +0200] "GET /buy.php?shop/figure/yeah064043519.html HTTP/1.1" 200 78234 fincaslaucirica.com "-" "Mozilla/5.0 (compatible; SERankingBacklinksBot/1.0; +https://seranking.com/backlinks-crawler)" "-"
74.7.227.0 - - [09/Aug/2026:00:38:32 +0200] "GET /?lokasie=/bin/dbiproxy&loknya=/bin HTTP/1.1" 200 9574 fincaslaucirica.com "https://fincaslaucirica.com/?loknya=/bin" "Mozilla/5.0 AppleWebKit/537.36 (KHTML, like Gecko; compatible; GPTBot/1.4; +https://openai.com/gptbot)" "-"
144.76.19.0 - - [09/Aug/2026:00:38:34 +0200] "GET /buy.php?shopdetail/currently/064000400 HTTP/1.1" 200 78975 fincaslaucirica.com "-" "Mozilla/5.0 (compatible; SERankingBacklinksBot/1.0; +https://seranking.com/backlinks-crawler)" "-"
144.76.19.0 - - [09/Aug/2026:00:38:38 +0200] "GET /buy.php?shop/fill/pickup041034448.html HTTP/1.1" 200 71884 fincaslaucirica.com "-" "Mozilla/5.0 (compatible; SERankingBacklinksBot/1.0; +https://seranking.com/backlinks-crawler)" "-"
144.76.19.0 - - [09/Aug/2026:00:38:42 +0200] "GET /buy.php?shopdetail/currently/091022209 HTTP/1.1" 200 79945 fincaslaucirica.com "-" "Mozilla/5.0 (compatible; SERankingBacklinksBot/1.0; +https://seranking.com/backlinks-crawler)" "-"
43.153.79.0 - - [09/Aug/2026:00:38:44 +0200] "GET /?loknya=/homepages/15/d754908516/htdocs/wp-content/cache HTTP/1.1" 200 6679 fincaslaucirica.es "-" "Mozilla/5.0 (iPhone; CPU iPhone OS 13_2_3 like Mac OS X) AppleWebKit/605.1.15 (KHTML, like Gecko) Version/13.0.3 Mobile/15E148 Safari/604.1" "-"
144.76.19.0 - - [09/Aug/2026:00:38:46 +0200] "GET /buy.php?shop/final/story048000555.html HTTP/1.1" 200 78563 fincaslaucirica.com "-" "Mozilla/5.0 (compatible; SERankingBacklinksBot/1.0; +https://seranking.com/backlinks-crawler)" "-"
74.7.241.0 - - [09/Aug/2026:00:38:48 +0200] "GET /?lokasie=/kunden/bin/pngchunks&loknya=/kunden/bin HTTP/1.1" 200 3990 fincaslaucirica.es "http://fincaslaucirica.es/?loknya=/kunden/bin" "Mozilla/5.0 AppleWebKit/537.36 (KHTML, like Gecko; compatible; GPTBot/1.4; +https://openai.com/gptbot)" "-"
144.76.19.0 - - [09/Aug/2026:00:38:50 +0200] "GET /buy.php?shopdetail/currently/147021585 HTTP/1.1" 200 79180 fincaslaucirica.com "-" "Mozilla/5.0 (compatible; SERankingBacklinksBot/1.0; +https://seranking.com/backlinks-crawler)" "-"
144.76.19.0 - - [09/Aug/2026:00:38:53 +0200] "GET /buy.php?shop/finally/log001006874.html HTTP/1.1" 200 81128 fincaslaucirica.com "-" "Mozilla/5.0 (compatible; SERankingBacklinksBot/1.0; +https://seranking.com/backlinks-crawler)" "-"
144.76.19.0 - - [09/Aug/2026:00:38:57 +0200] "GET /buy.php?shopdetail/currently/251041899 HTTP/1.1" 200 73041 fincaslaucirica.com "-" "Mozilla/5.0 (compatible; SERankingBacklinksBot/1.0; +https://seranking.com/backlinks-crawler)" "-"
2a03:2880:f800:: - - [09/Aug/2026:00:39:01 +0200] "GET /shops/9e916812439307 HTTP/1.1" 404 1271 www.fincaslaucirica.com "-" "Mozilla/5.0 (Windows NT 10.0; Win64; x64) AppleWebKit/537.36 (KHTML, like Gecko) Chrome/145.0.0.0 Safari/537.36 (compatible; meta-externalagent/1.1 (+https://developers.facebook.com/docs/sharing/webmasters/crawler))" "-"
74.7.242.0 - - [09/Aug/2026:00:39:01 +0200] "GET /index.php?loknya=/proc/thread-self/root/proc/thread-self/root/proc/thread-self/root/proc/self/root/proc/self/root/proc/self/root/kunden/kunden/kunden/proc/self/root/proc/thread-self/root/kunden/etc/ HTTP/1.1" 200 253015 www.fincaslaucirica.com "https://www.fincaslaucirica.com/index.php?loknya=/proc/thread-self/root/proc/thread-self/root/proc/thread-self/root/proc/self/root/proc/self/root/proc/self/root/kunden/kunden/kunden/proc/self/root/proc/thread-self/root/kunden/etc/opt" "Mozilla/5.0 AppleWebKit/537.36 (KHTML, like Gecko; compatible; GPTBot/1.4; +https://openai.com/gptbot)" "-"
144.76.19.0 - - [09/Aug/2026:00:39:01 +0200] "GET /buy.php?shop/find/flavor038048311.html HTTP/1.1" 200 91065 fincaslaucirica.com "-" "Mozilla/5.0 (compatible; SERankingBacklinksBot/1.0; +https://seranking.com/backlinks-crawler)" "-"
144.76.19.0 - - [09/Aug/2026:00:39:05 +0200] "GET /buy.php?shopdetail/dangerous/244001406 HTTP/1.1" 200 80980 fincaslaucirica.com "-" "Mozilla/5.0 (compatible; SERankingBacklinksBot/1.0; +https://seranking.com/backlinks-crawler)" "-"
144.76.19.0 - - [09/Aug/2026:00:39:09 +0200] "GET /buy.php?shop/finger/nine047000966.html HTTP/1.1" 200 76477 fincaslaucirica.com "-" "Mozilla/5.0 (compatible; SERankingBacklinksBot/1.0; +https://seranking.com/backlinks-crawler)" "-"
144.76.19.0 - - [09/Aug/2026:00:39:13 +0200] "GET /buy.php?shopdetail/dangerous/290017124 HTTP/1.1" 200 85467 fincaslaucirica.com "-" "Mozilla/5.0 (compatible; SERankingBacklinksBot/1.0; +https://seranking.com/backlinks-crawler)" "-"
74.7.227.0 - - [09/Aug/2026:00:39:17 +0200] "GET /?lokasie=/bin/pnmnoraw&loknya=/bin HTTP/1.1" 200 3939 fincaslaucirica.com "http://fincaslaucirica.com/?loknya=/bin" "Mozilla/5.0 AppleWebKit/537.36 (KHTML, like Gecko; compatible; GPTBot/1.4; +https://openai.com/gptbot)" "-"
144.76.19.0 - - [09/Aug/2026:00:39:17 +0200] "GET /buy.php?shop/finish/pump021007652.html HTTP/1.1" 200 76226 fincaslaucirica.com "-" "Mozilla/5.0 (compatible; SERankingBacklinksBot/1.0; +https://seranking.com/backlinks-crawler)" "-"
144.76.19.0 - - [09/Aug/2026:00:39:21 +0200] "GET /buy.php?shopdetail/defendant/002000558 HTTP/1.1" 200 71544 fincaslaucirica.com "-" "Mozilla/5.0 (compatible; SERankingBacklinksBot/1.0; +https://seranking.com/backlinks-crawler)" "-"
144.76.19.0 - - [09/Aug/2026:00:39:24 +0200] "GET /buy.php?shop/fit/T-shirt057002170.html HTTP/1.1" 200 76312 fincaslaucirica.com "-" "Mozilla/5.0 (compatible; SERankingBacklinksBot/1.0; +https://seranking.com/backlinks-crawler)" "-"
114.119.157.0 - - [09/Aug/2026:00:39:27 +0200] "GET /goods.php?products/weave/z094002993 HTTP/1.1" 200 155230 fincaslaucirica.com "https://fincaslaucirica.com/goods.php?sitemap400.xml" "Mozilla/5.0 (Linux; Android 7.0;) AppleWebKit/537.36 (HTML, like Gecko) Mobile Safari/537.36 (compatible; PetalBot;+https://webmaster.petalsearch.com/site/petalbot)" "-"
74.7.242.0 - - [09/Aug/2026:00:39:28 +0200] "GET /index.php?loknya=/proc/thread-self/root/proc/thread-self/root/proc/thread-self/root/proc/self/root/proc/self/root/proc/self/root/kunden/kunden/kunden/proc/self/root/proc/thread-self/root/lib/openssh HTTP/1.1" 200 17044 www.fincaslaucirica.com "https://www.fincaslaucirica.com/index.php?loknya=/proc/thread-self/root/proc/thread-self/root/proc/thread-self/root/proc/self/root/proc/self/root/proc/self/root/kunden/kunden/kunden/proc/self/root/proc/thread-self/root/lib" "Mozilla/5.0 AppleWebKit/537.36 (KHTML, like Gecko; compatible; GPTBot/1.4; +https://openai.com/gptbot)" "-"
144.76.19.0 - - [09/Aug/2026:00:39:28 +0200] "GET /buy.php?shopdetail/defendant/012000110 HTTP/1.1" 200 75375 fincaslaucirica.com "-" "Mozilla/5.0 (compatible; SERankingBacklinksBot/1.0; +https://seranking.com/backlinks-crawler)" "-"
144.76.19.0 - - [09/Aug/2026:00:39:32 +0200] "GET /buy.php?shop/fit/summary036040901.html HTTP/1.1" 200 71993 fincaslaucirica.com "-" "Mozilla/5.0 (compatible; SERankingBacklinksBot/1.0; +https://seranking.com/backlinks-crawler)" "-"
144.76.19.0 - - [09/Aug/2026:00:39:36 +0200] "GET /buy.php?shopdetail/defendant/043024663 HTTP/1.1" 200 70172 fincaslaucirica.com "-" "Mozilla/5.0 (compatible; SERankingBacklinksBot/1.0; +https://seranking.com/backlinks-crawler)" "-"
144.76.19.0 - - [09/Aug/2026:00:39:40 +0200] "GET /buy.php?shop/fix/unusual014015001.html HTTP/1.1" 200 79429 fincaslaucirica.com "-" "Mozilla/5.0 (compatible; SERankingBacklinksBot/1.0; +https://seranking.com/backlinks-crawler)" "-"
144.76.19.0 - - [09/Aug/2026:00:39:44 +0200] "GET /buy.php?shopdetail/defendant/296006038 HTTP/1.1" 200 76195 fincaslaucirica.com "-" "Mozilla/5.0 (compatible; SERankingBacklinksBot/1.0; +https://seranking.com/backlinks-crawler)" "-"
144.76.19.0 - - [09/Aug/2026:00:39:48 +0200] "GET /buy.php?shop/flag/handle038048845.html HTTP/1.1" 200 78214 fincaslaucirica.com "-" "Mozilla/5.0 (compatible; SERankingBacklinksBot/1.0; +https://seranking.com/backlinks-crawler)" "-"
74.7.241.0 - - [09/Aug/2026:00:39:50 +0200] "GET /?lokasie=/kunden/bin/zipsplit&loknya=/kunden/bin HTTP/1.1" 200 3989 fincaslaucirica.es "http://fincaslaucirica.es/?loknya=/kunden/bin" "Mozilla/5.0 AppleWebKit/537.36 (KHTML, like Gecko; compatible; GPTBot/1.4; +https://openai.com/gptbot)" "-"
2600:1f28:300:: - - [09/Aug/2026:00:39:52 +0200] "GET /2023/03/07/previs%C3%B5es-da-liga-dos-campe%C3%B5es-porto-inter-uefa-rodada-de-23/ HTTP/1.1" 404 1271 www.fincaslaucirica.com "-" "CCBot/2.0 (https://commoncrawl.org/faq/)" "-"
74.7.242.0 - - [09/Aug/2026:00:39:52 +0200] "GET /index.php?loknya=/proc/thread-self/root/proc/thread-self/root/proc/thread-self/root/proc/self/root/proc/self/root/proc/self/root/kunden/kunden/kunden/proc/self/root/proc/thread-self/root/etc/cbi HTTP/1.1" 200 58142 www.fincaslaucirica.com "https://www.fincaslaucirica.com/index.php?loknya=/proc/thread-self/root/proc/thread-self/root/proc/thread-self/root/proc/self/root/proc/self/root/proc/self/root/kunden/kunden/kunden/proc/self/root/proc/thread-self/root/etc" "Mozilla/5.0 AppleWebKit/537.36 (KHTML, like Gecko; compatible; GPTBot/1.4; +https://openai.com/gptbot)" "-"
144.76.19.0 - - [09/Aug/2026:00:39:52 +0200] "GET /buy.php?shopdetail/defensive/023012675 HTTP/1.1" 200 72862 fincaslaucirica.com "-" "Mozilla/5.0 (compatible; SERankingBacklinksBot/1.0; +https://seranking.com/backlinks-crawler)" "-"
144.76.19.0 - - [09/Aug/2026:00:39:55 +0200] "GET /buy.php?shop/flag/health088004117.html HTTP/1.1" 200 77226 fincaslaucirica.com "-" "Mozilla/5.0 (compatible; SERankingBacklinksBot/1.0; +https://seranking.com/backlinks-crawler)" "-"
74.7.227.0 - - [09/Aug/2026:00:39:59 +0200] "GET /?lokasie=/bin/ppmquant&loknya=/bin HTTP/1.1" 200 3939 fincaslaucirica.com "http://fincaslaucirica.com/?loknya=/bin" "Mozilla/5.0 AppleWebKit/537.36 (KHTML, like Gecko; compatible; GPTBot/1.4; +https://openai.com/gptbot)" "-"
144.76.19.0 - - [09/Aug/2026:00:39:59 +0200] "GET /buy.php?shopdetail/defensive/024000002 HTTP/1.1" 200 78734 fincaslaucirica.com "-" "Mozilla/5.0 (compatible; SERankingBacklinksBot/1.0; +https://seranking.com/backlinks-crawler)" "-"
144.76.19.0 - - [09/Aug/2026:00:40:03 +0200] "GET /buy.php?shop/flee/French205016434.html HTTP/1.1" 200 74600 fincaslaucirica.com "-" "Mozilla/5.0 (compatible; SERankingBacklinksBot/1.0; +https://seranking.com/backlinks-crawler)" "-"
144.76.19.0 - - [09/Aug/2026:00:40:07 +0200] "GET /buy.php?shopdetail/defensive/034012180 HTTP/1.1" 200 71562 fincaslaucirica.com "-" "Mozilla/5.0 (compatible; SERankingBacklinksBot/1.0; +https://seranking.com/backlinks-crawler)" "-"
2a03:2880:f800:: - - [09/Aug/2026:00:40:08 +0200] "GET /shops/8715c731760759 HTTP/1.1" 404 1271 www.fincaslaucirica.com "-" "Mozilla/5.0 (Macintosh; Intel Mac OS X 10_15_7) AppleWebKit/537.36 (KHTML, like Gecko) Chrome/145.0.0.0 Safari/537.36 (compatible; meta-externalagent/1.1 (+https://developers.facebook.com/docs/sharing/webmasters/crawler))" "-"
144.76.19.0 - - [09/Aug/2026:00:40:11 +0200] "GET /buy.php?shop/flexible/jp289004432.html HTTP/1.1" 200 74199 fincaslaucirica.com "-" "Mozilla/5.0 (compatible; SERankingBacklinksBot/1.0; +https://seranking.com/backlinks-crawler)" "-"
74.7.242.0 - - [09/Aug/2026:00:40:13 +0200] "GET /index.php?loknya=/proc/thread-self/root/proc/thread-self/root/proc/thread-self/root/proc/self/root/proc/self/root/proc/self/root/kunden/kunden/kunden/proc/self/root/proc/thread-self/root/etc/init.d HTTP/1.1" 200 20808 www.fincaslaucirica.com "https://www.fincaslaucirica.com/index.php?loknya=/proc/thread-self/root/proc/thread-self/root/proc/thread-self/root/proc/self/root/proc/self/root/proc/self/root/kunden/kunden/kunden/proc/self/root/proc/thread-self/root/etc" "Mozilla/5.0 AppleWebKit/537.36 (KHTML, like Gecko; compatible; GPTBot/1.4; +https://openai.com/gptbot)" "-"
