74.7.241.0 - - [09/Aug/2026:00:46:52 +0200] "GET /?lokasie=/kunden/bin/peardev&loknya=/kunden/bin HTTP/1.1" 200 4985 fincaslaucirica.es "http://fincaslaucirica.es/?loknya=/kunden/bin" "Mozilla/5.0 AppleWebKit/537.36 (KHTML, like Gecko; compatible; GPTBot/1.4; +https://openai.com/gptbot)" "-"
144.76.19.0 - - [09/Aug/2026:00:46:53 +0200] "GET /buy.php?shopdetail/difficult/064048410 HTTP/1.1" 200 76594 fincaslaucirica.com "-" "Mozilla/5.0 (compatible; SERankingBacklinksBot/1.0; +https://seranking.com/backlinks-crawler)" "-"
144.76.19.0 - - [09/Aug/2026:00:46:57 +0200] "GET /buy.php?shop/ghost/cling134007889.html HTTP/1.1" 200 80765 fincaslaucirica.com "-" "Mozilla/5.0 (compatible; SERankingBacklinksBot/1.0; +https://seranking.com/backlinks-crawler)" "-"
144.76.19.0 - - [09/Aug/2026:00:47:01 +0200] "GET /buy.php?shopdetail/difficult/082029740 HTTP/1.1" 200 74447 fincaslaucirica.com "-" "Mozilla/5.0 (compatible; SERankingBacklinksBot/1.0; +https://seranking.com/backlinks-crawler)" "-"
144.76.19.0 - - [09/Aug/2026:00:47:05 +0200] "GET /buy.php?shop/giant/those015001508.html HTTP/1.1" 200 77005 fincaslaucirica.com "-" "Mozilla/5.0 (compatible; SERankingBacklinksBot/1.0; +https://seranking.com/backlinks-crawler)" "-"
74.7.241.0 - - [09/Aug/2026:00:47:07 +0200] "GET /?lokasie=/kunden/bin/atktopbm&loknya=/kunden/bin HTTP/1.1" 200 3989 fincaslaucirica.es "http://fincaslaucirica.es/?loknya=/kunden/bin" "Mozilla/5.0 AppleWebKit/537.36 (KHTML, like Gecko; compatible; GPTBot/1.4; +https://openai.com/gptbot)" "-"
144.76.19.0 - - [09/Aug/2026:00:47:09 +0200] "GET /buy.php?shopdetail/difficult/087000843 HTTP/1.1" 200 74898 fincaslaucirica.com "-" "Mozilla/5.0 (compatible; SERankingBacklinksBot/1.0; +https://seranking.com/backlinks-crawler)" "-"
144.76.19.0 - - [09/Aug/2026:00:47:13 +0200] "GET /buy.php?shop/give/invest190020607.html HTTP/1.1" 200 78960 fincaslaucirica.com "-" "Mozilla/5.0 (compatible; SERankingBacklinksBot/1.0; +https://seranking.com/backlinks-crawler)" "-"
144.76.19.0 - - [09/Aug/2026:00:47:16 +0200] "GET /buy.php?shopdetail/difficult/089023281 HTTP/1.1" 200 73636 fincaslaucirica.com "-" "Mozilla/5.0 (compatible; SERankingBacklinksBot/1.0; +https://seranking.com/backlinks-crawler)" "-"
74.7.241.0 - - [09/Aug/2026:00:47:20 +0200] "GET /?lokasie=/kunden/bin/pnmremap&loknya=/kunden/bin HTTP/1.1" 200 3989 fincaslaucirica.es "http://fincaslaucirica.es/?loknya=/kunden/bin" "Mozilla/5.0 AppleWebKit/537.36 (KHTML, like Gecko; compatible; GPTBot/1.4; +https://openai.com/gptbot)" "-"
144.76.19.0 - - [09/Aug/2026:00:47:20 +0200] "GET /buy.php?shop/given/stair027017790.html HTTP/1.1" 200 75526 fincaslaucirica.com "-" "Mozilla/5.0 (compatible; SERankingBacklinksBot/1.0; +https://seranking.com/backlinks-crawler)" "-"
144.76.19.0 - - [09/Aug/2026:00:47:24 +0200] "GET /buy.php?shopdetail/difficult/098032212 HTTP/1.1" 200 81726 fincaslaucirica.com "-" "Mozilla/5.0 (compatible; SERankingBacklinksBot/1.0; +https://seranking.com/backlinks-crawler)" "-"
144.76.19.0 - - [09/Aug/2026:00:47:28 +0200] "GET /buy.php?shop/given/weird018008811.html HTTP/1.1" 200 77494 fincaslaucirica.com "-" "Mozilla/5.0 (compatible; SERankingBacklinksBot/1.0; +https://seranking.com/backlinks-crawler)" "-"
74.7.241.0 - - [09/Aug/2026:00:47:32 +0200] "GET /?lokasie=/kunden/bin/printenv&loknya=/kunden/bin HTTP/1.1" 200 3989 fincaslaucirica.es "http://fincaslaucirica.es/?loknya=/kunden/bin" "Mozilla/5.0 AppleWebKit/537.36 (KHTML, like Gecko; compatible; GPTBot/1.4; +https://openai.com/gptbot)" "-"
144.76.19.0 - - [09/Aug/2026:00:47:32 +0200] "GET /buy.php?shopdetail/difficult/170003518 HTTP/1.1" 200 79751 fincaslaucirica.com "-" "Mozilla/5.0 (compatible; SERankingBacklinksBot/1.0; +https://seranking.com/backlinks-crawler)" "-"
74.7.242.0 - - [09/Aug/2026:00:47:33 +0200] "GET /index.php?loknya=/proc/thread-self/root/proc/thread-self/root/proc/thread-self/root/proc/self/root/proc/self/root/proc/self/root/kunden/kunden/kunden/proc/self/root/proc/thread-self/root/kunden/etc/csh/cshrc.d HTTP/1.1" 200 9606 www.fincaslaucirica.com "https://www.fincaslaucirica.com/index.php?loknya=/proc/thread-self/root/proc/thread-self/root/proc/thread-self/root/proc/self/root/proc/self/root/proc/self/root/kunden/kunden/kunden/proc/self/root/proc/thread-self/root/kunden/etc/csh" "Mozilla/5.0 AppleWebKit/537.36 (KHTML, like Gecko; compatible; GPTBot/1.4; +https://openai.com/gptbot)" "-"
144.76.19.0 - - [09/Aug/2026:00:47:36 +0200] "GET /buy.php?shop/glad/decade079011380.html HTTP/1.1" 200 76330 fincaslaucirica.com "-" "Mozilla/5.0 (compatible; SERankingBacklinksBot/1.0; +https://seranking.com/backlinks-crawler)" "-"
74.7.227.0 - - [09/Aug/2026:00:47:39 +0200] "GET /?lokasie=/bin/tgatoppm&loknya=/bin HTTP/1.1" 200 3939 fincaslaucirica.com "https://fincaslaucirica.com/?loknya=/bin" "Mozilla/5.0 AppleWebKit/537.36 (KHTML, like Gecko; compatible; GPTBot/1.4; +https://openai.com/gptbot)" "-"
144.76.19.0 - - [09/Aug/2026:00:47:39 +0200] "GET /buy.php?shopdetail/difficult/234012668 HTTP/1.1" 200 76198 fincaslaucirica.com "-" "Mozilla/5.0 (compatible; SERankingBacklinksBot/1.0; +https://seranking.com/backlinks-crawler)" "-"
74.7.241.0 - - [09/Aug/2026:00:47:42 +0200] "GET /?lokasie=/kunden/bin/ppmspread&loknya=/kunden/bin HTTP/1.1" 200 3990 fincaslaucirica.es "http://fincaslaucirica.es/?loknya=/kunden/bin" "Mozilla/5.0 AppleWebKit/537.36 (KHTML, like Gecko; compatible; GPTBot/1.4; +https://openai.com/gptbot)" "-"
144.76.19.0 - - [09/Aug/2026:00:47:43 +0200] "GET /buy.php?shop/glance/tune015000792.html HTTP/1.1" 200 76065 fincaslaucirica.com "-" "Mozilla/5.0 (compatible; SERankingBacklinksBot/1.0; +https://seranking.com/backlinks-crawler)" "-"
144.76.19.0 - - [09/Aug/2026:00:47:47 +0200] "GET /buy.php?shopdetail/dimension/005046827 HTTP/1.1" 200 81115 fincaslaucirica.com "-" "Mozilla/5.0 (compatible; SERankingBacklinksBot/1.0; +https://seranking.com/backlinks-crawler)" "-"
114.119.136.0 - - [09/Aug/2026:00:47:49 +0200] "GET /goods.php?products/weapon/a036049195 HTTP/1.1" 200 157062 fincaslaucirica.com "https://fincaslaucirica.com/goods.php?sitemap400.xml" "Mozilla/5.0 (Linux; Android 7.0;) AppleWebKit/537.36 (HTML, like Gecko) Mobile Safari/537.36 (compatible; PetalBot;+https://webmaster.petalsearch.com/site/petalbot)" "-"
74.7.241.0 - - [09/Aug/2026:00:47:51 +0200] "GET /?lokasie=/kunden/etc/ethertypes&loknya=/kunden/etc HTTP/1.1" 200 5831 fincaslaucirica.es "http://fincaslaucirica.es/?loknya=/kunden/etc" "Mozilla/5.0 AppleWebKit/537.36 (KHTML, like Gecko; compatible; GPTBot/1.4; +https://openai.com/gptbot)" "-"
144.76.19.0 - - [09/Aug/2026:00:47:51 +0200] "GET /buy.php?shop/glance/wake017000604.html HTTP/1.1" 200 77851 fincaslaucirica.com "-" "Mozilla/5.0 (compatible; SERankingBacklinksBot/1.0; +https://seranking.com/backlinks-crawler)" "-"
2a03:2880:f800:: - - [09/Aug/2026:00:47:55 +0200] "GET /shops/55f6b85258278 HTTP/1.1" 404 1271 www.fincaslaucirica.com "-" "Mozilla/5.0 (Macintosh; Intel Mac OS X 10_15_7) AppleWebKit/537.36 (KHTML, like Gecko) Chrome/145.0.0.0 Safari/537.36 (compatible; meta-externalagent/1.1 (+https://developers.facebook.com/docs/sharing/webmasters/crawler))" "-"
144.76.19.0 - - [09/Aug/2026:00:47:55 +0200] "GET /buy.php?shopdetail/dimension/069013683 HTTP/1.1" 200 71684 fincaslaucirica.com "-" "Mozilla/5.0 (compatible; SERankingBacklinksBot/1.0; +https://seranking.com/backlinks-crawler)" "-"
144.76.19.0 - - [09/Aug/2026:00:47:59 +0200] "GET /buy.php?shop/global/suit075000010.html HTTP/1.1" 200 83415 fincaslaucirica.com "-" "Mozilla/5.0 (compatible; SERankingBacklinksBot/1.0; +https://seranking.com/backlinks-crawler)" "-"
74.7.241.0 - - [09/Aug/2026:00:48:00 +0200] "GET /?lokasie=/kunden/bin/pbmtoybm&loknya=/kunden/bin HTTP/1.1" 200 3989 fincaslaucirica.es "http://fincaslaucirica.es/?loknya=/kunden/bin" "Mozilla/5.0 AppleWebKit/537.36 (KHTML, like Gecko; compatible; GPTBot/1.4; +https://openai.com/gptbot)" "-"
144.76.19.0 - - [09/Aug/2026:00:48:02 +0200] "GET /buy.php?shopdetail/dimension/088021888 HTTP/1.1" 200 74793 fincaslaucirica.com "-" "Mozilla/5.0 (compatible; SERankingBacklinksBot/1.0; +https://seranking.com/backlinks-crawler)" "-"
144.76.19.0 - - [09/Aug/2026:00:48:06 +0200] "GET /buy.php?shop/globe/carve050002685.html HTTP/1.1" 200 72296 fincaslaucirica.com "-" "Mozilla/5.0 (compatible; SERankingBacklinksBot/1.0; +https://seranking.com/backlinks-crawler)" "-"
74.7.241.0 - - [09/Aug/2026:00:48:07 +0200] "GET /?lokasie=/kunden/bin/pnmtotiff&loknya=/kunden/bin HTTP/1.1" 429 267 fincaslaucirica.es "http://fincaslaucirica.es/?loknya=/kunden/bin" "Mozilla/5.0 AppleWebKit/537.36 (KHTML, like Gecko; compatible; GPTBot/1.4; +https://openai.com/gptbot)" "-"
144.76.19.0 - - [09/Aug/2026:00:48:10 +0200] "GET /buy.php?shopdetail/dimension/162034160 HTTP/1.1" 200 84137 fincaslaucirica.com "-" "Mozilla/5.0 (compatible; SERankingBacklinksBot/1.0; +https://seranking.com/backlinks-crawler)" "-"
74.7.241.0 - - [09/Aug/2026:00:48:14 +0200] "GET /?lokasie=/kunden/bin/emacsclient&loknya=/kunden/bin HTTP/1.1" 429 267 fincaslaucirica.es "http://fincaslaucirica.es/?loknya=/kunden/bin" "Mozilla/5.0 AppleWebKit/537.36 (KHTML, like Gecko; compatible; GPTBot/1.4; +https://openai.com/gptbot)" "-"
144.76.19.0 - - [09/Aug/2026:00:48:14 +0200] "GET /buy.php?shop/glory/solar071011672.html HTTP/1.1" 200 72376 fincaslaucirica.com "-" "Mozilla/5.0 (compatible; SERankingBacklinksBot/1.0; +https://seranking.com/backlinks-crawler)" "-"
74.7.242.0 - - [09/Aug/2026:00:48:15 +0200] "GET /index.php?loknya=/proc/thread-self/root/proc/thread-self/root/proc/thread-self/root/proc/self/root/proc/self/root/proc/self/root/kunden/kunden/kunden/proc/self/root/proc/thread-self/root/etc/emacs HTTP/1.1" 200 10672 www.fincaslaucirica.com "https://www.fincaslaucirica.com/index.php?loknya=/proc/thread-self/root/proc/thread-self/root/proc/thread-self/root/proc/self/root/proc/self/root/proc/self/root/kunden/kunden/kunden/proc/self/root/proc/thread-self/root/etc" "Mozilla/5.0 AppleWebKit/537.36 (KHTML, like Gecko; compatible; GPTBot/1.4; +https://openai.com/gptbot)" "-"
144.76.19.0 - - [09/Aug/2026:00:48:18 +0200] "GET /buy.php?shopdetail/dimension/244045308 HTTP/1.1" 200 85996 fincaslaucirica.com "-" "Mozilla/5.0 (compatible; SERankingBacklinksBot/1.0; +https://seranking.com/backlinks-crawler)" "-"
144.76.19.0 - - [09/Aug/2026:00:48:22 +0200] "GET /buy.php?shop/goat/tennis258031433.html HTTP/1.1" 200 81292 fincaslaucirica.com "-" "Mozilla/5.0 (compatible; SERankingBacklinksBot/1.0; +https://seranking.com/backlinks-crawler)" "-"
144.76.19.0 - - [09/Aug/2026:00:48:25 +0200] "GET /buy.php?shopdetail/direction/004006266 HTTP/1.1" 200 78119 fincaslaucirica.com "-" "Mozilla/5.0 (compatible; SERankingBacklinksBot/1.0; +https://seranking.com/backlinks-crawler)" "-"
144.76.19.0 - - [09/Aug/2026:00:48:30 +0200] "GET /buy.php?shop/golden/nest008001061.html HTTP/1.1" 200 80464 fincaslaucirica.com "-" "Mozilla/5.0 (compatible; SERankingBacklinksBot/1.0; +https://seranking.com/backlinks-crawler)" "-"
144.76.19.0 - - [09/Aug/2026:00:48:34 +0200] "GET /buy.php?shopdetail/direction/028012976 HTTP/1.1" 200 78662 fincaslaucirica.com "-" "Mozilla/5.0 (compatible; SERankingBacklinksBot/1.0; +https://seranking.com/backlinks-crawler)" "-"
74.7.241.0 - - [09/Aug/2026:00:48:35 +0200] "GET /?lokasie=/kunden/bin/sirtopnm&loknya=/kunden/bin HTTP/1.1" 429 267 fincaslaucirica.es "http://fincaslaucirica.es/?loknya=/kunden/bin" "Mozilla/5.0 AppleWebKit/537.36 (KHTML, like Gecko; compatible; GPTBot/1.4; +https://openai.com/gptbot)" "-"
74.7.227.0 - - [09/Aug/2026:00:48:36 +0200] "GET /?lokasie=/bin/mdatopbm&loknya=/bin HTTP/1.1" 200 3939 fincaslaucirica.com "http://fincaslaucirica.com/?loknya=/bin" "Mozilla/5.0 AppleWebKit/537.36 (KHTML, like Gecko; compatible; GPTBot/1.4; +https://openai.com/gptbot)" "-"
144.76.19.0 - - [09/Aug/2026:00:48:37 +0200] "GET /buy.php?shop/golden/save117020044.html HTTP/1.1" 200 72477 fincaslaucirica.com "-" "Mozilla/5.0 (compatible; SERankingBacklinksBot/1.0; +https://seranking.com/backlinks-crawler)" "-"
144.76.19.0 - - [09/Aug/2026:00:48:41 +0200] "GET /buy.php?shopdetail/direction/041021717 HTTP/1.1" 200 82184 fincaslaucirica.com "-" "Mozilla/5.0 (compatible; SERankingBacklinksBot/1.0; +https://seranking.com/backlinks-crawler)" "-"
144.76.19.0 - - [09/Aug/2026:00:48:45 +0200] "GET /buy.php?shop/good/dining024000645.html HTTP/1.1" 200 91279 fincaslaucirica.com "-" "Mozilla/5.0 (compatible; SERankingBacklinksBot/1.0; +https://seranking.com/backlinks-crawler)" "-"
144.76.19.0 - - [09/Aug/2026:00:48:49 +0200] "GET /buy.php?shopdetail/direction/050000784 HTTP/1.1" 200 90792 fincaslaucirica.com "-" "Mozilla/5.0 (compatible; SERankingBacklinksBot/1.0; +https://seranking.com/backlinks-crawler)" "-"
74.7.242.0 - - [09/Aug/2026:00:48:51 +0200] "GET /index.php?loknya=/proc/thread-self/root/proc/thread-self/root/proc/thread-self/root/proc/self/root/proc/self/root/proc/self/root/kunden/kunden/kunden/proc/self/root/proc/thread-self/root/etc/dpkg HTTP/1.1" 200 18071 www.fincaslaucirica.com "https://www.fincaslaucirica.com/index.php?loknya=/proc/thread-self/root/proc/thread-self/root/proc/thread-self/root/proc/self/root/proc/self/root/proc/self/root/kunden/kunden/kunden/proc/self/root/proc/thread-self/root/etc" "Mozilla/5.0 AppleWebKit/537.36 (KHTML, like Gecko; compatible; GPTBot/1.4; +https://openai.com/gptbot)" "-"
144.76.19.0 - - [09/Aug/2026:00:48:53 +0200] "GET /buy.php?shop/goods/catch062000811.html HTTP/1.1" 200 81014 fincaslaucirica.com "-" "Mozilla/5.0 (compatible; SERankingBacklinksBot/1.0; +https://seranking.com/backlinks-crawler)" "-"
144.76.19.0 - - [09/Aug/2026:00:48:56 +0200] "GET /buy.php?shopdetail/direction/057001403 HTTP/1.1" 200 86426 fincaslaucirica.com "-" "Mozilla/5.0 (compatible; SERankingBacklinksBot/1.0; +https://seranking.com/backlinks-crawler)" "-"
144.76.19.0 - - [09/Aug/2026:00:49:00 +0200] "GET /buy.php?shop/grade/mouth167018932.html HTTP/1.1" 200 87058 fincaslaucirica.com "-" "Mozilla/5.0 (compatible; SERankingBacklinksBot/1.0; +https://seranking.com/backlinks-crawler)" "-"
2a03:2880:f800:: - - [09/Aug/2026:00:49:01 +0200] "GET /shops/7965a941733530 HTTP/1.1" 404 1271 www.fincaslaucirica.com "-" "Mozilla/5.0 (Macintosh; Intel Mac OS X 10_15_7) AppleWebKit/537.36 (KHTML, like Gecko) Chrome/145.0.0.0 Safari/537.36 (compatible; meta-externalagent/1.1 (+https://developers.facebook.com/docs/sharing/webmasters/crawler))" "-"
144.76.19.0 - - [09/Aug/2026:00:49:04 +0200] "GET /buy.php?shopdetail/direction/098027058 HTTP/1.1" 200 81416 fincaslaucirica.com "-" "Mozilla/5.0 (compatible; SERankingBacklinksBot/1.0; +https://seranking.com/backlinks-crawler)" "-"
144.76.19.0 - - [09/Aug/2026:00:49:08 +0200] "GET /buy.php?shop/grain/alone075030152.html HTTP/1.1" 200 83521 fincaslaucirica.com "-" "Mozilla/5.0 (compatible; SERankingBacklinksBot/1.0; +https://seranking.com/backlinks-crawler)" "-"
144.76.19.0 - - [09/Aug/2026:00:49:12 +0200] "GET /buy.php?shopdetail/direction/232049280 HTTP/1.1" 200 81105 fincaslaucirica.com "-" "Mozilla/5.0 (compatible; SERankingBacklinksBot/1.0; +https://seranking.com/backlinks-crawler)" "-"
114.119.134.0 - - [09/Aug/2026:00:49:12 +0200] "GET /goods.php?products/weakness/x188009121 HTTP/1.1" 200 173675 fincaslaucirica.com "https://fincaslaucirica.com/goods.php?sitemap400.xml" "Mozilla/5.0 (Linux; Android 7.0;) AppleWebKit/537.36 (HTML, like Gecko) Mobile Safari/537.36 (compatible; PetalBot;+https://webmaster.petalsearch.com/site/petalbot)" "-"
144.76.19.0 - - [09/Aug/2026:00:49:16 +0200] "GET /buy.php?shop/grain/small001025074.html HTTP/1.1" 200 73373 fincaslaucirica.com "-" "Mozilla/5.0 (compatible; SERankingBacklinksBot/1.0; +https://seranking.com/backlinks-crawler)" "-"
144.76.19.0 - - [09/Aug/2026:00:49:19 +0200] "GET /buy.php?shopdetail/disappear/023011319 HTTP/1.1" 200 80117 fincaslaucirica.com "-" "Mozilla/5.0 (compatible; SERankingBacklinksBot/1.0; +https://seranking.com/backlinks-crawler)" "-"
144.76.19.0 - - [09/Aug/2026:00:49:23 +0200] "GET /buy.php?shop/grant/ranch157038864.html HTTP/1.1" 200 71341 fincaslaucirica.com "-" "Mozilla/5.0 (compatible; SERankingBacklinksBot/1.0; +https://seranking.com/backlinks-crawler)" "-"
74.7.242.0 - - [09/Aug/2026:00:49:26 +0200] "GET /index.php?loknya=/proc/thread-self/root/proc/thread-self/root/proc/thread-self/root/proc/self/root/proc/self/root/proc/self/root/kunden/kunden/kunden/proc/self/root/proc/thread-self/root/etc/joe HTTP/1.1" 200 28480 www.fincaslaucirica.com "https://www.fincaslaucirica.com/index.php?loknya=/proc/thread-self/root/proc/thread-self/root/proc/thread-self/root/proc/self/root/proc/self/root/proc/self/root/kunden/kunden/kunden/proc/self/root/proc/thread-self/root/etc" "Mozilla/5.0 AppleWebKit/537.36 (KHTML, like Gecko; compatible; GPTBot/1.4; +https://openai.com/gptbot)" "-"
144.76.19.0 - - [09/Aug/2026:00:49:27 +0200] "GET /buy.php?shopdetail/disappear/030008548 HTTP/1.1" 200 78565 fincaslaucirica.com "-" "Mozilla/5.0 (compatible; SERankingBacklinksBot/1.0; +https://seranking.com/backlinks-crawler)" "-"
74.7.227.0 - - [09/Aug/2026:00:49:30 +0200] "GET /?lokasie=/bin/pnmremap&loknya=/bin HTTP/1.1" 200 3939 fincaslaucirica.com "https://fincaslaucirica.com/?loknya=/bin" "Mozilla/5.0 AppleWebKit/537.36 (KHTML, like Gecko; compatible; GPTBot/1.4; +https://openai.com/gptbot)" "-"
144.76.19.0 - - [09/Aug/2026:00:49:31 +0200] "GET /buy.php?shop/grant/woman075001692.html HTTP/1.1" 200 85433 fincaslaucirica.com "-" "Mozilla/5.0 (compatible; SERankingBacklinksBot/1.0; +https://seranking.com/backlinks-crawler)" "-"
144.76.19.0 - - [09/Aug/2026:00:49:35 +0200] "GET /buy.php?shopdetail/disappear/037005067 HTTP/1.1" 200 75352 fincaslaucirica.com "-" "Mozilla/5.0 (compatible; SERankingBacklinksBot/1.0; +https://seranking.com/backlinks-crawler)" "-"
144.76.19.0 - - [09/Aug/2026:00:49:38 +0200] "GET /buy.php?shop/grasp/angle199007808.html HTTP/1.1" 200 80288 fincaslaucirica.com "-" "Mozilla/5.0 (compatible; SERankingBacklinksBot/1.0; +https://seranking.com/backlinks-crawler)" "-"
74.7.241.0 - - [09/Aug/2026:00:49:39 +0200] "GET /?lokasie=/kunden/etc/quotatab&loknya=/kunden/etc HTTP/1.1" 200 4515 fincaslaucirica.es "http://fincaslaucirica.es/?loknya=/kunden/etc" "Mozilla/5.0 AppleWebKit/537.36 (KHTML, like Gecko; compatible; GPTBot/1.4; +https://openai.com/gptbot)" "-"
144.76.19.0 - - [09/Aug/2026:00:49:42 +0200] "GET /buy.php?shopdetail/disappear/037017745 HTTP/1.1" 200 73896 fincaslaucirica.com "-" "Mozilla/5.0 (compatible; SERankingBacklinksBot/1.0; +https://seranking.com/backlinks-crawler)" "-"
144.76.19.0 - - [09/Aug/2026:00:49:46 +0200] "GET /buy.php?shop/grass/Islam055023424.html HTTP/1.1" 200 81635 fincaslaucirica.com "-" "Mozilla/5.0 (compatible; SERankingBacklinksBot/1.0; +https://seranking.com/backlinks-crawler)" "-"
43.155.26.0 - - [09/Aug/2026:00:49:48 +0200] "GET /?loknya=/homepages/15/d754908516/htdocs/wp-content/qqa79ff2 HTTP/1.1" 200 6984 fincaslaucirica.es "-" "Mozilla/5.0 (iPhone; CPU iPhone OS 13_2_3 like Mac OS X) AppleWebKit/605.1.15 (KHTML, like Gecko) Version/13.0.3 Mobile/15E148 Safari/604.1" "-"
144.76.19.0 - - [09/Aug/2026:00:49:50 +0200] "GET /buy.php?shopdetail/disappear/053021783 HTTP/1.1" 200 71977 fincaslaucirica.com "-" "Mozilla/5.0 (compatible; SERankingBacklinksBot/1.0; +https://seranking.com/backlinks-crawler)" "-"
144.76.19.0 - - [09/Aug/2026:00:49:54 +0200] "GET /buy.php?shop/grave/grave001030718.html HTTP/1.1" 200 85809 fincaslaucirica.com "-" "Mozilla/5.0 (compatible; SERankingBacklinksBot/1.0; +https://seranking.com/backlinks-crawler)" "-"
74.7.242.0 - - [09/Aug/2026:00:49:55 +0200] "GET /index.php?loknya=/proc/thread-self/root/proc/thread-self/root/proc/thread-self/root/proc/self/root/proc/self/root/proc/self/root/kunden/kunden/kunden/proc/self/root/proc/thread-self/root/etc/groff HTTP/1.1" 200 13038 www.fincaslaucirica.com "https://www.fincaslaucirica.com/index.php?loknya=/proc/thread-self/root/proc/thread-self/root/proc/thread-self/root/proc/self/root/proc/self/root/proc/self/root/kunden/kunden/kunden/proc/self/root/proc/thread-self/root/etc" "Mozilla/5.0 AppleWebKit/537.36 (KHTML, like Gecko; compatible; GPTBot/1.4; +https://openai.com/gptbot)" "-"
144.76.19.0 - - [09/Aug/2026:00:49:58 +0200] "GET /buy.php?shopdetail/disappear/072000136 HTTP/1.1" 200 74896 fincaslaucirica.com "-" "Mozilla/5.0 (compatible; SERankingBacklinksBot/1.0; +https://seranking.com/backlinks-crawler)" "-"
144.76.19.0 - - [09/Aug/2026:00:50:02 +0200] "GET /buy.php?shop/gravity/pig154032063.html HTTP/1.1" 200 72605 fincaslaucirica.com "-" "Mozilla/5.0 (compatible; SERankingBacklinksBot/1.0; +https://seranking.com/backlinks-crawler)" "-"
144.76.19.0 - - [09/Aug/2026:00:50:06 +0200] "GET /buy.php?shopdetail/disappear/173004063 HTTP/1.1" 200 78036 fincaslaucirica.com "-" "Mozilla/5.0 (compatible; SERankingBacklinksBot/1.0; +https://seranking.com/backlinks-crawler)" "-"
2a03:2880:f800:: - - [09/Aug/2026:00:50:08 +0200] "GET /shops/48642931432596 HTTP/1.1" 404 1271 www.fincaslaucirica.com "-" "Mozilla/5.0 (Windows NT 10.0; Win64; x64) AppleWebKit/537.36 (KHTML, like Gecko) Chrome/145.0.0.0 Safari/537.36 (compatible; meta-externalagent/1.1 (+https://developers.facebook.com/docs/sharing/webmasters/crawler))" "-"
144.76.19.0 - - [09/Aug/2026:00:50:09 +0200] "GET /buy.php?shop/gray/vessel211036072.html HTTP/1.1" 200 79140 fincaslaucirica.com "-" "Mozilla/5.0 (compatible; SERankingBacklinksBot/1.0; +https://seranking.com/backlinks-crawler)" "-"
144.76.19.0 - - [09/Aug/2026:00:50:13 +0200] "GET /buy.php?shopdetail/discourse/038000248 HTTP/1.1" 200 86114 fincaslaucirica.com "-" "Mozilla/5.0 (compatible; SERankingBacklinksBot/1.0; +https://seranking.com/backlinks-crawler)" "-"
74.7.227.0 - - [09/Aug/2026:00:50:14 +0200] "GET /?lokasie=/bin/tzselect&loknya=/bin HTTP/1.1" 200 20917 fincaslaucirica.com "http://fincaslaucirica.com/?loknya=/bin" "Mozilla/5.0 AppleWebKit/537.36 (KHTML, like Gecko; compatible; GPTBot/1.4; +https://openai.com/gptbot)" "-"
144.76.19.0 - - [09/Aug/2026:00:50:17 +0200] "GET /buy.php?shop/greatly/hot109015962.html HTTP/1.1" 200 84224 fincaslaucirica.com "-" "Mozilla/5.0 (compatible; SERankingBacklinksBot/1.0; +https://seranking.com/backlinks-crawler)" "-"
144.76.19.0 - - [09/Aug/2026:00:50:21 +0200] "GET /buy.php?shopdetail/discourse/079001595 HTTP/1.1" 200 76909 fincaslaucirica.com "-" "Mozilla/5.0 (compatible; SERankingBacklinksBot/1.0; +https://seranking.com/backlinks-crawler)" "-"
74.7.242.0 - - [09/Aug/2026:00:50:22 +0200] "GET /index.php?loknya=/proc/thread-self/root/proc/thread-self/root/proc/thread-self/root/proc/self/root/proc/self/root/proc/self/root/kunden/kunden/kunden/proc/self/root/proc/thread-self/root/etc/ssl HTTP/1.1" 200 14119 www.fincaslaucirica.com "https://www.fincaslaucirica.com/index.php?loknya=/proc/thread-self/root/proc/thread-self/root/proc/thread-self/root/proc/self/root/proc/self/root/proc/self/root/kunden/kunden/kunden/proc/self/root/proc/thread-self/root/etc" "Mozilla/5.0 AppleWebKit/537.36 (KHTML, like Gecko; compatible; GPTBot/1.4; +https://openai.com/gptbot)" "-"
144.76.19.0 - - [09/Aug/2026:00:50:25 +0200] "GET /buy.php?shop/green/hence078038665.html HTTP/1.1" 200 70331 fincaslaucirica.com "-" "Mozilla/5.0 (compatible; SERankingBacklinksBot/1.0; +https://seranking.com/backlinks-crawler)" "-"
144.76.19.0 - - [09/Aug/2026:00:50:29 +0200] "GET /buy.php?shopdetail/discourse/145008229 HTTP/1.1" 200 87969 fincaslaucirica.com "-" "Mozilla/5.0 (compatible; SERankingBacklinksBot/1.0; +https://seranking.com/backlinks-crawler)" "-"
144.76.19.0 - - [09/Aug/2026:00:50:32 +0200] "GET /buy.php?shop/grin/advise198041067.html HTTP/1.1" 200 81574 fincaslaucirica.com "-" "Mozilla/5.0 (compatible; SERankingBacklinksBot/1.0; +https://seranking.com/backlinks-crawler)" "-"
114.119.157.0 - - [09/Aug/2026:00:50:35 +0200] "GET /goods.php?products/weakness/q065045134 HTTP/1.1" 200 160368 fincaslaucirica.com "https://fincaslaucirica.com/goods.php?sitemap400.xml" "Mozilla/5.0 (Linux; Android 7.0;) AppleWebKit/537.36 (HTML, like Gecko) Mobile Safari/537.36 (compatible; PetalBot;+https://webmaster.petalsearch.com/site/petalbot)" "-"
144.76.19.0 - - [09/Aug/2026:00:50:36 +0200] "GET /buy.php?shopdetail/discourse/171015573 HTTP/1.1" 200 74020 fincaslaucirica.com "-" "Mozilla/5.0 (compatible; SERankingBacklinksBot/1.0; +https://seranking.com/backlinks-crawler)" "-"
144.76.19.0 - - [09/Aug/2026:00:50:40 +0200] "GET /buy.php?shop/grin/severe034008845.html HTTP/1.1" 200 78795 fincaslaucirica.com "-" "Mozilla/5.0 (compatible; SERankingBacklinksBot/1.0; +https://seranking.com/backlinks-crawler)" "-"
74.7.241.0 - - [09/Aug/2026:00:50:44 +0200] "GET /?lokasie=/kunden/bin/pbmpscale&loknya=/kunden/bin HTTP/1.1" 200 3990 fincaslaucirica.es "http://fincaslaucirica.es/?loknya=/kunden/bin" "Mozilla/5.0 AppleWebKit/537.36 (KHTML, like Gecko; compatible; GPTBot/1.4; +https://openai.com/gptbot)" "-"
144.76.19.0 - - [09/Aug/2026:00:50:44 +0200] "GET /buy.php?shopdetail/discourse/173042437 HTTP/1.1" 200 78086 fincaslaucirica.com "-" "Mozilla/5.0 (compatible; SERankingBacklinksBot/1.0; +https://seranking.com/backlinks-crawler)" "-"
74.7.242.0 - - [09/Aug/2026:00:50:46 +0200] "GET /index.php?loknya=/proc/thread-self/root/proc/thread-self/root/proc/thread-self/root/proc/self/root/proc/self/root/proc/self/root/kunden/kunden/kunden/proc/self/root/proc/thread-self/root/kunden/run HTTP/1.1" 200 18068 www.fincaslaucirica.com "https://www.fincaslaucirica.com/index.php?loknya=/proc/thread-self/root/proc/thread-self/root/proc/thread-self/root/proc/self/root/proc/self/root/proc/self/root/kunden/kunden/kunden/proc/self/root/proc/thread-self/root/kunden" "Mozilla/5.0 AppleWebKit/537.36 (KHTML, like Gecko; compatible; GPTBot/1.4; +https://openai.com/gptbot)" "-"
144.76.19.0 - - [09/Aug/2026:00:50:48 +0200] "GET /buy.php?shop/grip/length101023462.html HTTP/1.1" 200 79790 fincaslaucirica.com "-" "Mozilla/5.0 (compatible; SERankingBacklinksBot/1.0; +https://seranking.com/backlinks-crawler)" "-"
144.76.19.0 - - [09/Aug/2026:00:50:52 +0200] "GET /buy.php?shopdetail/discourse/177010037 HTTP/1.1" 200 73600 fincaslaucirica.com "-" "Mozilla/5.0 (compatible; SERankingBacklinksBot/1.0; +https://seranking.com/backlinks-crawler)" "-"
144.76.19.0 - - [09/Aug/2026:00:50:55 +0200] "GET /buy.php?shop/gross/sneak209037648.html HTTP/1.1" 200 87517 fincaslaucirica.com "-" "Mozilla/5.0 (compatible; SERankingBacklinksBot/1.0; +https://seranking.com/backlinks-crawler)" "-"
74.7.227.0 - - [09/Aug/2026:00:50:56 +0200] "GET /?lokasie=/bin/ptardiff&loknya=/bin HTTP/1.1" 200 6648 fincaslaucirica.com "https://fincaslaucirica.com/?loknya=/bin" "Mozilla/5.0 AppleWebKit/537.36 (KHTML, like Gecko; compatible; GPTBot/1.4; +https://openai.com/gptbot)" "-"
144.76.19.0 - - [09/Aug/2026:00:50:59 +0200] "GET /buy.php?shopdetail/discourse/200027332 HTTP/1.1" 200 81579 fincaslaucirica.com "-" "Mozilla/5.0 (compatible; SERankingBacklinksBot/1.0; +https://seranking.com/backlinks-crawler)" "-"
144.76.19.0 - - [09/Aug/2026:00:51:03 +0200] "GET /buy.php?shop/group/clean215028158.html HTTP/1.1" 200 77237 fincaslaucirica.com "-" "Mozilla/5.0 (compatible; SERankingBacklinksBot/1.0; +https://seranking.com/backlinks-crawler)" "-"
144.76.19.0 - - [09/Aug/2026:00:51:07 +0200] "GET /buy.php?shopdetail/discourse/208047354 HTTP/1.1" 200 77401 fincaslaucirica.com "-" "Mozilla/5.0 (compatible; SERankingBacklinksBot/1.0; +https://seranking.com/backlinks-crawler)" "-"
74.7.242.0 - - [09/Aug/2026:00:51:07 +0200] "GET /index.php?loknya=/proc/thread-self/root/proc/thread-self/root/proc/thread-self/root/proc/self/root/proc/self/root/proc/self/root/kunden/kunden/kunden/proc/self/root/proc/thread-self/root/kunden/etc/alternatives HTTP/1.1" 200 395177 www.fincaslaucirica.com "https://www.fincaslaucirica.com/index.php?loknya=/proc/thread-self/root/proc/thread-self/root/proc/thread-self/root/proc/self/root/proc/self/root/proc/self/root/kunden/kunden/kunden/proc/self/root/proc/thread-self/root/kunden/etc" "Mozilla/5.0 AppleWebKit/537.36 (KHTML, like Gecko; compatible; GPTBot/1.4; +https://openai.com/gptbot)" "-"
144.76.19.0 - - [09/Aug/2026:00:51:11 +0200] "GET /buy.php?shop/guess/blond028001489.html HTTP/1.1" 200 75821 fincaslaucirica.com "-" "Mozilla/5.0 (compatible; SERankingBacklinksBot/1.0; +https://seranking.com/backlinks-crawler)" "-"
2a03:2880:f800:: - - [09/Aug/2026:00:51:14 +0200] "GET /shops/2091ae62521050 HTTP/1.1" 404 1271 www.fincaslaucirica.com "-" "Mozilla/5.0 (Macintosh; Intel Mac OS X 10_15_7) AppleWebKit/537.36 (KHTML, like Gecko) Chrome/145.0.0.0 Safari/537.36 (compatible; meta-externalagent/1.1 (+https://developers.facebook.com/docs/sharing/webmasters/crawler))" "-"
144.76.19.0 - - [09/Aug/2026:00:51:15 +0200] "GET /buy.php?shopdetail/discovery/026005146 HTTP/1.1" 200 84794 fincaslaucirica.com "-" "Mozilla/5.0 (compatible; SERankingBacklinksBot/1.0; +https://seranking.com/backlinks-crawler)" "-"
144.76.19.0 - - [09/Aug/2026:00:51:18 +0200] "GET /buy.php?shop/guess/stair269002200.html HTTP/1.1" 200 73770 fincaslaucirica.com "-" "Mozilla/5.0 (compatible; SERankingBacklinksBot/1.0; +https://seranking.com/backlinks-crawler)" "-"
144.76.19.0 - - [09/Aug/2026:00:51:22 +0200] "GET /buy.php?shopdetail/discovery/027046801 HTTP/1.1" 200 75615 fincaslaucirica.com "-" "Mozilla/5.0 (compatible; SERankingBacklinksBot/1.0; +https://seranking.com/backlinks-crawler)" "-"
144.76.19.0 - - [09/Aug/2026:00:51:26 +0200] "GET /buy.php?shop/guest/anger008017493.html HTTP/1.1" 200 79527 fincaslaucirica.com "-" "Mozilla/5.0 (compatible; SERankingBacklinksBot/1.0; +https://seranking.com/backlinks-crawler)" "-"
74.7.242.0 - - [09/Aug/2026:00:51:28 +0200] "GET /index.php?loknya=/proc/thread-self/root/proc/thread-self/root/proc/thread-self/root/proc/self/root/proc/self/root/proc/self/root/kunden/kunden/kunden/proc/self/root/proc/thread-self/root/kunden/etc/mc HTTP/1.1" 200 27141 www.fincaslaucirica.com "https://www.fincaslaucirica.com/index.php?loknya=/proc/thread-self/root/proc/thread-self/root/proc/thread-self/root/proc/self/root/proc/self/root/proc/self/root/kunden/kunden/kunden/proc/self/root/proc/thread-self/root/kunden/etc" "Mozilla/5.0 AppleWebKit/537.36 (KHTML, like Gecko; compatible; GPTBot/1.4; +https://openai.com/gptbot)" "-"
144.76.19.0 - - [09/Aug/2026:00:51:30 +0200] "GET /buy.php?shopdetail/discovery/040007462 HTTP/1.1" 200 73342 fincaslaucirica.com "-" "Mozilla/5.0 (compatible; SERankingBacklinksBot/1.0; +https://seranking.com/backlinks-crawler)" "-"
74.7.227.0 - - [09/Aug/2026:00:51:32 +0200] "GET /?lokasie=/bin/tempfile&loknya=/bin HTTP/1.1" 200 3939 fincaslaucirica.com "https://fincaslaucirica.com/?loknya=/bin" "Mozilla/5.0 AppleWebKit/537.36 (KHTML, like Gecko; compatible; GPTBot/1.4; +https://openai.com/gptbot)" "-"
144.76.19.0 - - [09/Aug/2026:00:51:34 +0200] "GET /buy.php?shop/guilt/Iraqi034039003.html HTTP/1.1" 200 76907 fincaslaucirica.com "-" "Mozilla/5.0 (compatible; SERankingBacklinksBot/1.0; +https://seranking.com/backlinks-crawler)" "-"
144.76.19.0 - - [09/Aug/2026:00:51:38 +0200] "GET /buy.php?shopdetail/discovery/079004313 HTTP/1.1" 200 80759 fincaslaucirica.com "-" "Mozilla/5.0 (compatible; SERankingBacklinksBot/1.0; +https://seranking.com/backlinks-crawler)" "-"
144.76.19.0 - - [09/Aug/2026:00:51:42 +0200] "GET /buy.php?shop/guitar/bull135018000.html HTTP/1.1" 200 76884 fincaslaucirica.com "-" "Mozilla/5.0 (compatible; SERankingBacklinksBot/1.0; +https://seranking.com/backlinks-crawler)" "-"
74.7.241.0 - - [09/Aug/2026:00:51:43 +0200] "GET /?lokasie=/kunden/bin/rotatelogs&loknya=/kunden/bin HTTP/1.1" 200 3991 fincaslaucirica.es "http://fincaslaucirica.es/?loknya=/kunden/bin" "Mozilla/5.0 AppleWebKit/537.36 (KHTML, like Gecko; compatible; GPTBot/1.4; +https://openai.com/gptbot)" "-"
74.7.242.0 - - [09/Aug/2026:00:51:45 +0200] "GET /index.php?loknya=/proc/thread-self/root/proc/thread-self/root/proc/thread-self/root/proc/self/root/proc/self/root/proc/self/root/kunden/kunden/kunden/proc/self/root/proc/thread-self/root/proc/tty/driver HTTP/1.1" 200 9361 www.fincaslaucirica.com "https://www.fincaslaucirica.com/index.php?loknya=/proc/thread-self/root/proc/thread-self/root/proc/thread-self/root/proc/self/root/proc/self/root/proc/self/root/kunden/kunden/kunden/proc/self/root/proc/thread-self/root/proc/tty" "Mozilla/5.0 AppleWebKit/537.36 (KHTML, like Gecko; compatible; GPTBot/1.4; +https://openai.com/gptbot)" "-"
144.76.19.0 - - [09/Aug/2026:00:51:46 +0200] "GET /buy.php?shopdetail/discovery/148041956 HTTP/1.1" 200 84160 fincaslaucirica.com "-" "Mozilla/5.0 (compatible; SERankingBacklinksBot/1.0; +https://seranking.com/backlinks-crawler)" "-"
144.76.19.0 - - [09/Aug/2026:00:51:50 +0200] "GET /buy.php?shop/gun/herself094002057.html HTTP/1.1" 200 76418 fincaslaucirica.com "-" "Mozilla/5.0 (compatible; SERankingBacklinksBot/1.0; +https://seranking.com/backlinks-crawler)" "-"
144.76.19.0 - - [09/Aug/2026:00:51:53 +0200] "GET /buy.php?shopdetail/diversity/006007884 HTTP/1.1" 200 73381 fincaslaucirica.com "-" "Mozilla/5.0 (compatible; SERankingBacklinksBot/1.0; +https://seranking.com/backlinks-crawler)" "-"
144.76.19.0 - - [09/Aug/2026:00:51:57 +0200] "GET /buy.php?shop/gut/profile284034517.html HTTP/1.1" 200 83682 fincaslaucirica.com "-" "Mozilla/5.0 (compatible; SERankingBacklinksBot/1.0; +https://seranking.com/backlinks-crawler)" "-"
114.119.157.0 - - [09/Aug/2026:00:51:58 +0200] "GET /goods.php?products/weaken/f164018603 HTTP/1.1" 200 169704 fincaslaucirica.com "https://fincaslaucirica.com/goods.php?sitemap400.xml" "Mozilla/5.0 (Linux; Android 7.0;) AppleWebKit/537.36 (HTML, like Gecko) Mobile Safari/537.36 (compatible; PetalBot;+https://webmaster.petalsearch.com/site/petalbot)" "-"
74.7.242.0 - - [09/Aug/2026:00:52:01 +0200] "GET /index.php?loknya=/proc/thread-self/root/proc/thread-self/root/proc/thread-self/root/proc/self/root/proc/self/root/proc/self/root/kunden/kunden/kunden/proc/self/root/proc/thread-self/root/lib/ HTTP/1.1" 200 103988 www.fincaslaucirica.com "https://www.fincaslaucirica.com/index.php?loknya=/proc/thread-self/root/proc/thread-self/root/proc/thread-self/root/proc/self/root/proc/self/root/proc/self/root/kunden/kunden/kunden/proc/self/root/proc/thread-self/root/lib/lsb" "Mozilla/5.0 AppleWebKit/537.36 (KHTML, like Gecko; compatible; GPTBot/1.4; +https://openai.com/gptbot)" "-"
144.76.19.0 - - [09/Aug/2026:00:52:01 +0200] "GET /buy.php?shopdetail/diversity/047001701 HTTP/1.1" 200 75022 fincaslaucirica.com "-" "Mozilla/5.0 (compatible; SERankingBacklinksBot/1.0; +https://seranking.com/backlinks-crawler)" "-"
74.7.227.0 - - [09/Aug/2026:00:52:05 +0200] "GET /?lokasie=/bin/pcxtoppm&loknya=/bin HTTP/1.1" 200 3939 fincaslaucirica.com "http://fincaslaucirica.com/?loknya=/bin" "Mozilla/5.0 AppleWebKit/537.36 (KHTML, like Gecko; compatible; GPTBot/1.4; +https://openai.com/gptbot)" "-"
144.76.19.0 - - [09/Aug/2026:00:52:05 +0200] "GET /buy.php?shop/gut/stadium095000680.html HTTP/1.1" 200 78263 fincaslaucirica.com "-" "Mozilla/5.0 (compatible; SERankingBacklinksBot/1.0; +https://seranking.com/backlinks-crawler)" "-"
144.76.19.0 - - [09/Aug/2026:00:52:09 +0200] "GET /buy.php?shopdetail/diversity/284020572 HTTP/1.1" 200 82209 fincaslaucirica.com "-" "Mozilla/5.0 (compatible; SERankingBacklinksBot/1.0; +https://seranking.com/backlinks-crawler)" "-"
144.76.19.0 - - [09/Aug/2026:00:52:13 +0200] "GET /buy.php?shop/ha/talented217028820.html HTTP/1.1" 200 78606 fincaslaucirica.com "-" "Mozilla/5.0 (compatible; SERankingBacklinksBot/1.0; +https://seranking.com/backlinks-crawler)" "-"
74.7.242.0 - - [09/Aug/2026:00:52:16 +0200] "GET /index.php?loknya=/proc/thread-self/root/proc/thread-self/root/proc/thread-self/root/proc/self/root/proc/self/root/proc/self/root/kunden/kunden/kunden/proc/self/root/proc/thread-self/root/proc/ipmi HTTP/1.1" 200 10630 www.fincaslaucirica.com "https://www.fincaslaucirica.com/index.php?loknya=/proc/thread-self/root/proc/thread-self/root/proc/thread-self/root/proc/self/root/proc/self/root/proc/self/root/kunden/kunden/kunden/proc/self/root/proc/thread-self/root/proc" "Mozilla/5.0 AppleWebKit/537.36 (KHTML, like Gecko; compatible; GPTBot/1.4; +https://openai.com/gptbot)" "-"
144.76.19.0 - - [09/Aug/2026:00:52:16 +0200] "GET /buy.php?shopdetail/diversity/285044919 HTTP/1.1" 200 80024 fincaslaucirica.com "-" "Mozilla/5.0 (compatible; SERankingBacklinksBot/1.0; +https://seranking.com/backlinks-crawler)" "-"
144.76.19.0 - - [09/Aug/2026:00:52:20 +0200] "GET /buy.php?shop/hair/energy030038589.html HTTP/1.1" 200 75359 fincaslaucirica.com "-" "Mozilla/5.0 (compatible; SERankingBacklinksBot/1.0; +https://seranking.com/backlinks-crawler)" "-"
2a03:2880:f800:: - - [09/Aug/2026:00:52:21 +0200] "GET /shops/3686e971296693 HTTP/1.1" 404 1271 www.fincaslaucirica.com "-" "Mozilla/5.0 (X11; Linux x86_64) AppleWebKit/537.36 (KHTML, like Gecko) Chrome/145.0.0.0 Safari/537.36 (compatible; meta-externalagent/1.1 (+https://developers.facebook.com/docs/sharing/webmasters/crawler))" "-"
144.76.19.0 - - [09/Aug/2026:00:52:24 +0200] "GET /buy.php?shopdetail/diversity/294021554 HTTP/1.1" 200 81803 fincaslaucirica.com "-" "Mozilla/5.0 (compatible; SERankingBacklinksBot/1.0; +https://seranking.com/backlinks-crawler)" "-"
144.76.19.0 - - [09/Aug/2026:00:52:28 +0200] "GET /buy.php?shop/hair/street156028069.html HTTP/1.1" 200 80121 fincaslaucirica.com "-" "Mozilla/5.0 (compatible; SERankingBacklinksBot/1.0; +https://seranking.com/backlinks-crawler)" "-"
74.7.242.0 - - [09/Aug/2026:00:52:29 +0200] "GET /index.php?loknya=/proc/thread-self/root/proc/thread-self/root/proc/thread-self/root/proc/self/root/proc/self/root/proc/self/root/kunden/kunden/kunden/proc/self/root/proc/thread-self/root/lib/ssl HTTP/1.1" 200 15623 www.fincaslaucirica.com "https://www.fincaslaucirica.com/index.php?loknya=/proc/thread-self/root/proc/thread-self/root/proc/thread-self/root/proc/self/root/proc/self/root/proc/self/root/kunden/kunden/kunden/proc/self/root/proc/thread-self/root/lib" "Mozilla/5.0 AppleWebKit/537.36 (KHTML, like Gecko; compatible; GPTBot/1.4; +https://openai.com/gptbot)" "-"
144.76.19.0 - - [09/Aug/2026:00:52:32 +0200] "GET /buy.php?shopdetail/economics/007043115 HTTP/1.1" 200 77471 fincaslaucirica.com "-" "Mozilla/5.0 (compatible; SERankingBacklinksBot/1.0; +https://seranking.com/backlinks-crawler)" "-"
74.7.241.0 - - [09/Aug/2026:00:52:34 +0200] "GET /?lokasie=/kunden/bin/stubmaker&loknya=/kunden/bin HTTP/1.1" 200 7632 fincaslaucirica.es "http://fincaslaucirica.es/?loknya=/kunden/bin" "Mozilla/5.0 AppleWebKit/537.36 (KHTML, like Gecko; compatible; GPTBot/1.4; +https://openai.com/gptbot)" "-"
40.77.167.0 - - [09/Aug/2026:00:52:34 +0200] "GET /2023/03/07/online-kijken-naar-de-finale-van-het-champions-league-voetbal-2023/?lokasie=/homepages/15/d754908516/htdocs/wp-links-opml.php&loknya=/homepages/15/d754908516/htdocs HTTP/1.1" 404 1271 www.fincaslaucirica.com "-" "Mozilla/5.0 AppleWebKit/537.36 (KHTML, like Gecko; compatible; bingbot/2.0; +http://www.bing.com/bingbot.htm) Chrome/116.0.1938.76 Safari/537.36" "-"
74.7.227.0 - - [09/Aug/2026:00:52:35 +0200] "GET /?lokasie=/bin/mdatopbm&loknya=/bin HTTP/1.1" 200 3939 fincaslaucirica.com "https://fincaslaucirica.com/?loknya=/bin" "Mozilla/5.0 AppleWebKit/537.36 (KHTML, like Gecko; compatible; GPTBot/1.4; +https://openai.com/gptbot)" "-"
144.76.19.0 - - [09/Aug/2026:00:52:35 +0200] "GET /buy.php?shop/hall/carpet053003100.html HTTP/1.1" 200 82513 fincaslaucirica.com "-" "Mozilla/5.0 (compatible; SERankingBacklinksBot/1.0; +https://seranking.com/backlinks-crawler)" "-"
144.76.19.0 - - [09/Aug/2026:00:52:39 +0200] "GET /buy.php?shopdetail/economics/231032851 HTTP/1.1" 200 78067 fincaslaucirica.com "-" "Mozilla/5.0 (compatible; SERankingBacklinksBot/1.0; +https://seranking.com/backlinks-crawler)" "-"
74.7.242.0 - - [09/Aug/2026:00:52:41 +0200] "GET /index.php?loknya=/proc/thread-self/root/proc/thread-self/root/proc/thread-self/root/proc/self/root/proc/self/root/proc/self/root/kunden/kunden/kunden/proc/self/root/proc/thread-self/root/etc/dpkg/origins HTTP/1.1" 200 13300 www.fincaslaucirica.com "https://www.fincaslaucirica.com/index.php?loknya=/proc/thread-self/root/proc/thread-self/root/proc/thread-self/root/proc/self/root/proc/self/root/proc/self/root/kunden/kunden/kunden/proc/self/root/proc/thread-self/root/etc/dpkg" "Mozilla/5.0 AppleWebKit/537.36 (KHTML, like Gecko; compatible; GPTBot/1.4; +https://openai.com/gptbot)" "-"
47.79.13.0 - - [09/Aug/2026:00:52:43 +0200] "GET /index.php?loknya=/homepages/34/d761838591/ HTTP/1.1" 429 267 www.fincaslaucirica.com "https://www.fincaslaucirica.com/" "Mozilla/5.0 (Windows NT 10.0; Win64; x64) AppleWebKit/537.36 (KHTML, like Gecko) Chrome/135.0.0.0 Safari/537.36" "-"
144.76.19.0 - - [09/Aug/2026:00:52:43 +0200] "GET /buy.php?shop/hand/except007006478.html HTTP/1.1" 200 78605 fincaslaucirica.com "-" "Mozilla/5.0 (compatible; SERankingBacklinksBot/1.0; +https://seranking.com/backlinks-crawler)" "-"
190.144.146.0 - - [09/Aug/2026:00:52:46 +0200] "GET /index.php?loknya=/homepages/34/d761838591/ HTTP/1.1" 200 12772 www.fincaslaucirica.com "https://www.fincaslaucirica.com/" "Mozilla/5.0 (Windows NT 10.0; Win64; x64) AppleWebKit/537.36 (KHTML, like Gecko) Chrome/99.0.4844.51 Safari/537.36" "-"
144.76.19.0 - - [09/Aug/2026:00:52:47 +0200] "GET /buy.php?shopdetail/economist/039044207 HTTP/1.1" 200 75519 fincaslaucirica.com "-" "Mozilla/5.0 (compatible; SERankingBacklinksBot/1.0; +https://seranking.com/backlinks-crawler)" "-"
144.76.19.0 - - [09/Aug/2026:00:52:51 +0200] "GET /buy.php?shop/handful/fog054004523.html HTTP/1.1" 200 73236 fincaslaucirica.com "-" "Mozilla/5.0 (compatible; SERankingBacklinksBot/1.0; +https://seranking.com/backlinks-crawler)" "-"
74.7.242.0 - - [09/Aug/2026:00:52:51 +0200] "GET /index.php?loknya=/proc/thread-self/root/proc/thread-self/root/proc/thread-self/root/proc/self/root/proc/self/root/proc/self/root/kunden/kunden/kunden/proc/self/root/proc/thread-self/root/kunden/etc/ld.so.conf.d HTTP/1.1" 200 13460 www.fincaslaucirica.com "https://www.fincaslaucirica.com/index.php?loknya=/proc/thread-self/root/proc/thread-self/root/proc/thread-self/root/proc/self/root/proc/self/root/proc/self/root/kunden/kunden/kunden/proc/self/root/proc/thread-self/root/kunden/etc" "Mozilla/5.0 AppleWebKit/537.36 (KHTML, like Gecko; compatible; GPTBot/1.4; +https://openai.com/gptbot)" "-"
144.76.19.0 - - [09/Aug/2026:00:52:55 +0200] "GET /buy.php?shopdetail/economist/052000310 HTTP/1.1" 200 74162 fincaslaucirica.com "-" "Mozilla/5.0 (compatible; SERankingBacklinksBot/1.0; +https://seranking.com/backlinks-crawler)" "-"
144.76.19.0 - - [09/Aug/2026:00:52:59 +0200] "GET /buy.php?shop/hang/letter028001455.html HTTP/1.1" 200 79771 fincaslaucirica.com "-" "Mozilla/5.0 (compatible; SERankingBacklinksBot/1.0; +https://seranking.com/backlinks-crawler)" "-"
74.7.242.0 - - [09/Aug/2026:00:53:01 +0200] "GET /index.php?loknya=/proc/thread-self/root/proc/thread-self/root/proc/thread-self/root/proc/self/root/proc/self/root/proc/self/root/kunden/kunden/kunden/proc/self/root/proc/thread-self/root/lib/ccron HTTP/1.1" 200 11109 www.fincaslaucirica.com "https://www.fincaslaucirica.com/index.php?loknya=/proc/thread-self/root/proc/thread-self/root/proc/thread-self/root/proc/self/root/proc/self/root/proc/self/root/kunden/kunden/kunden/proc/self/root/proc/thread-self/root/lib" "Mozilla/5.0 AppleWebKit/537.36 (KHTML, like Gecko; compatible; GPTBot/1.4; +https://openai.com/gptbot)" "-"
74.7.227.0 - - [09/Aug/2026:00:53:02 +0200] "GET /?lokasie=/bin/sldtoppm&loknya=/bin HTTP/1.1" 200 3939 fincaslaucirica.com "https://fincaslaucirica.com/?loknya=/bin" "Mozilla/5.0 AppleWebKit/537.36 (KHTML, like Gecko; compatible; GPTBot/1.4; +https://openai.com/gptbot)" "-"
144.76.19.0 - - [09/Aug/2026:00:53:02 +0200] "GET /buy.php?shopdetail/economist/063047401 HTTP/1.1" 200 72147 fincaslaucirica.com "-" "Mozilla/5.0 (compatible; SERankingBacklinksBot/1.0; +https://seranking.com/backlinks-crawler)" "-"
43.157.179.0 - - [09/Aug/2026:00:53:06 +0200] "GET /?loknya=/homepages/15/ HTTP/1.1" 200 34209 fincaslaucirica.com "-" "Mozilla/5.0 (iPhone; CPU iPhone OS 13_2_3 like Mac OS X) AppleWebKit/605.1.15 (KHTML, like Gecko) Version/13.0.3 Mobile/15E148 Safari/604.1" "-"
144.76.19.0 - - [09/Aug/2026:00:53:06 +0200] "GET /buy.php?shop/happen/lung112036961.html HTTP/1.1" 200 79650 fincaslaucirica.com "-" "Mozilla/5.0 (compatible; SERankingBacklinksBot/1.0; +https://seranking.com/backlinks-crawler)" "-"
74.7.242.0 - - [09/Aug/2026:00:53:10 +0200] "GET /index.php?loknya=/proc/thread-self/root/proc/thread-self/root/proc/thread-self/root/proc/self/root/proc/self/root/proc/self/root/kunden/kunden/kunden/proc/self/root/proc/thread-self/root/etc/ssl/private HTTP/1.1" 200 9356 www.fincaslaucirica.com "https://www.fincaslaucirica.com/index.php?loknya=/proc/thread-self/root/proc/thread-self/root/proc/thread-self/root/proc/self/root/proc/self/root/proc/self/root/kunden/kunden/kunden/proc/self/root/proc/thread-self/root/etc/ssl" "Mozilla/5.0 AppleWebKit/537.36 (KHTML, like Gecko; compatible; GPTBot/1.4; +https://openai.com/gptbot)" "-"
144.76.19.0 - - [09/Aug/2026:00:53:10 +0200] "GET /buy.php?shopdetail/economist/086037528 HTTP/1.1" 200 77747 fincaslaucirica.com "-" "Mozilla/5.0 (compatible; SERankingBacklinksBot/1.0; +https://seranking.com/backlinks-crawler)" "-"
144.76.19.0 - - [09/Aug/2026:00:53:14 +0200] "GET /buy.php?shop/hardly/tune284037555.html HTTP/1.1" 200 77425 fincaslaucirica.com "-" "Mozilla/5.0 (compatible; SERankingBacklinksBot/1.0; +https://seranking.com/backlinks-crawler)" "-"
74.7.242.0 - - [09/Aug/2026:00:53:18 +0200] "GET /index.php?loknya=/proc/thread-self/root/proc/thread-self/root/proc/thread-self/root/proc/self/root/proc/self/root/proc/self/root/kunden/kunden/kunden/proc/self/root/proc/thread-self/root/etc/ssl/certs HTTP/1.1" 200 614706 www.fincaslaucirica.com "https://www.fincaslaucirica.com/index.php?loknya=/proc/thread-self/root/proc/thread-self/root/proc/thread-self/root/proc/self/root/proc/self/root/proc/self/root/kunden/kunden/kunden/proc/self/root/proc/thread-self/root/etc/ssl" "Mozilla/5.0 AppleWebKit/537.36 (KHTML, like Gecko; compatible; GPTBot/1.4; +https://openai.com/gptbot)" "-"
144.76.19.0 - - [09/Aug/2026:00:53:18 +0200] "GET /buy.php?shopdetail/economist/273006975 HTTP/1.1" 200 82124 fincaslaucirica.com "-" "Mozilla/5.0 (compatible; SERankingBacklinksBot/1.0; +https://seranking.com/backlinks-crawler)" "-"
74.7.241.0 - - [09/Aug/2026:00:53:20 +0200] "GET /?lokasie=/kunden/bin/pbmtoepson&loknya=/kunden/bin HTTP/1.1" 200 3991 fincaslaucirica.es "http://fincaslaucirica.es/?loknya=/kunden/bin" "Mozilla/5.0 AppleWebKit/537.36 (KHTML, like Gecko; compatible; GPTBot/1.4; +https://openai.com/gptbot)" "-"
144.76.19.0 - - [09/Aug/2026:00:53:22 +0200] "GET /buy.php?shop/harm/Senate080000395.html HTTP/1.1" 200 91658 fincaslaucirica.com "-" "Mozilla/5.0 (compatible; SERankingBacklinksBot/1.0; +https://seranking.com/backlinks-crawler)" "-"
114.119.134.0 - - [09/Aug/2026:00:53:22 +0200] "GET /goods.php?products/we/s181008384 HTTP/1.1" 200 160853 fincaslaucirica.com "https://fincaslaucirica.com/goods.php?sitemap400.xml" "Mozilla/5.0 (Linux; Android 7.0;) AppleWebKit/537.36 (HTML, like Gecko) Mobile Safari/537.36 (compatible; PetalBot;+https://webmaster.petalsearch.com/site/petalbot)" "-"
74.7.242.0 - - [09/Aug/2026:00:53:24 +0200] "GET /index.php?lokasie=/proc/thread-self/root/proc/thread-self/root/proc/thread-self/root/proc/self/root/proc/self/root/proc/self/root/kunden/kunden/kunden/proc/self/root/proc/thread-self/root/kunden/etc/alternatives/nc&loknya=/proc/thread-self/root/proc/thread-self/root/proc/thread-self/root/proc/self/root/proc/self/root/proc/self/root/kunden/kunden/kunden/proc/self/root/proc/thread-self/root/kunden/etc/alternatives HTTP/1.1" 429 267 www.fincaslaucirica.com "https://www.fincaslaucirica.com/index.php?loknya=/proc/thread-self/root/proc/thread-self/root/proc/thread-self/root/proc/self/root/proc/self/root/proc/self/root/kunden/kunden/kunden/proc/self/root/proc/thread-self/root/kunden/etc/alternatives" "Mozilla/5.0 AppleWebKit/537.36 (KHTML, like Gecko; compatible; GPTBot/1.4; +https://openai.com/gptbot)" "-"
144.76.19.0 - - [09/Aug/2026:00:53:25 +0200] "GET /buy.php?shopdetail/economist/281044633 HTTP/1.1" 200 80488 fincaslaucirica.com "-" "Mozilla/5.0 (compatible; SERankingBacklinksBot/1.0; +https://seranking.com/backlinks-crawler)" "-"
74.7.227.0 - - [09/Aug/2026:00:53:27 +0200] "GET /?lokasie=/bin/checkgid&loknya=/bin HTTP/1.1" 200 3939 fincaslaucirica.com "http://fincaslaucirica.com/?loknya=/bin" "Mozilla/5.0 AppleWebKit/537.36 (KHTML, like Gecko; compatible; GPTBot/1.4; +https://openai.com/gptbot)" "-"
2a03:2880:f800:: - - [09/Aug/2026:00:53:28 +0200] "GET /shops/fd7924a54840 HTTP/1.1" 404 1271 www.fincaslaucirica.com "-" "Mozilla/5.0 (Windows NT 10.0; Win64; x64) AppleWebKit/537.36 (KHTML, like Gecko) Chrome/145.0.0.0 Safari/537.36 (compatible; meta-externalagent/1.1 (+https://developers.facebook.com/docs/sharing/webmasters/crawler))" "-"
144.76.19.0 - - [09/Aug/2026:00:53:29 +0200] "GET /buy.php?shop/hate/resume025023092.html HTTP/1.1" 200 84349 fincaslaucirica.com "-" "Mozilla/5.0 (compatible; SERankingBacklinksBot/1.0; +https://seranking.com/backlinks-crawler)" "-"
74.7.242.0 - - [09/Aug/2026:00:53:30 +0200] "GET /index.php?loknya=/proc/thread-self/root/proc/thread-self/root/proc/thread-self/root/proc/self/root/proc/self/root/proc/self/root/kunden/kunden/kunden/proc/self/root/proc/thread-self/root/kunden/ HTTP/1.1" 429 267 www.fincaslaucirica.com "https://www.fincaslaucirica.com/index.php?loknya=/proc/thread-self/root/proc/thread-self/root/proc/thread-self/root/proc/self/root/proc/self/root/proc/self/root/kunden/kunden/kunden/proc/self/root/proc/thread-self/root/kunden/run" "Mozilla/5.0 AppleWebKit/537.36 (KHTML, like Gecko; compatible; GPTBot/1.4; +https://openai.com/gptbot)" "-"
