144.76.19.0 - - [09/Aug/2026:00:11:53 +0200] "GET /buy.php?shop/craft/count023045610.html HTTP/1.1" 200 77622 fincaslaucirica.com "-" "Mozilla/5.0 (compatible; SERankingBacklinksBot/1.0; +https://seranking.com/backlinks-crawler)" "-"
144.76.19.0 - - [09/Aug/2026:00:11:57 +0200] "GET /buy.php?shopdetail/biography/080000782 HTTP/1.1" 200 73309 fincaslaucirica.com "-" "Mozilla/5.0 (compatible; SERankingBacklinksBot/1.0; +https://seranking.com/backlinks-crawler)" "-"
144.76.19.0 - - [09/Aug/2026:00:12:01 +0200] "GET /buy.php?shop/crash/react006001125.html HTTP/1.1" 200 87777 fincaslaucirica.com "-" "Mozilla/5.0 (compatible; SERankingBacklinksBot/1.0; +https://seranking.com/backlinks-crawler)" "-"
74.7.227.0 - - [09/Aug/2026:00:12:02 +0200] "GET /?lokasie=/lib/locale/it_CH.utf8/LC_TIME&loknya=/lib/locale/it_CH.utf8 HTTP/1.1" 200 4053 fincaslaucirica.com "https://fincaslaucirica.com/?loknya=/lib/locale/it_CH.utf8" "Mozilla/5.0 AppleWebKit/537.36 (KHTML, like Gecko; compatible; GPTBot/1.4; +https://openai.com/gptbot)" "-"
144.76.19.0 - - [09/Aug/2026:00:12:05 +0200] "GET /buy.php?shopdetail/biography/092000306 HTTP/1.1" 200 73796 fincaslaucirica.com "-" "Mozilla/5.0 (compatible; SERankingBacklinksBot/1.0; +https://seranking.com/backlinks-crawler)" "-"
144.76.19.0 - - [09/Aug/2026:00:12:08 +0200] "GET /buy.php?shop/crash/rough132008851.html HTTP/1.1" 200 75295 fincaslaucirica.com "-" "Mozilla/5.0 (compatible; SERankingBacklinksBot/1.0; +https://seranking.com/backlinks-crawler)" "-"
74.7.227.0 - - [09/Aug/2026:00:12:12 +0200] "GET /?lokasie=/lib/locale/sl_SI.utf8/LC_TIME&loknya=/lib/locale/sl_SI.utf8 HTTP/1.1" 200 4053 fincaslaucirica.com "https://fincaslaucirica.com/?loknya=/lib/locale/sl_SI.utf8" "Mozilla/5.0 AppleWebKit/537.36 (KHTML, like Gecko; compatible; GPTBot/1.4; +https://openai.com/gptbot)" "-"
144.76.19.0 - - [09/Aug/2026:00:12:12 +0200] "GET /buy.php?shopdetail/biography/112021672 HTTP/1.1" 200 79747 fincaslaucirica.com "-" "Mozilla/5.0 (compatible; SERankingBacklinksBot/1.0; +https://seranking.com/backlinks-crawler)" "-"
47.79.13.0 - - [09/Aug/2026:00:12:13 +0200] "GET /index.php?loknya=/homepages/1/d754141650/managed HTTP/1.1" 429 267 www.fincaslaucirica.com "https://www.fincaslaucirica.com/" "Mozilla/5.0 (Macintosh; Intel Mac OS X 10_15_7) AppleWebKit/537.36 (KHTML, like Gecko) CMAC 2.1.2.01; Chrome/118.0.5993.119 Safari/537.36" "-"
27.3.41.0 - - [09/Aug/2026:00:12:15 +0200] "GET /index.php?loknya=/homepages/1/d754141650/managed HTTP/1.1" 200 5250 www.fincaslaucirica.com "https://www.fincaslaucirica.com/" "Mozilla/5.0 (Macintosh; Intel Mac OS X 10_15_7) AppleWebKit/537.36 (KHTML, like Gecko) Chrome/119.0.0.0 Safari/537.36" "-"
144.76.19.0 - - [09/Aug/2026:00:12:16 +0200] "GET /buy.php?shop/crawl/actor171014726.html HTTP/1.1" 200 74121 fincaslaucirica.com "-" "Mozilla/5.0 (compatible; SERankingBacklinksBot/1.0; +https://seranking.com/backlinks-crawler)" "-"
74.7.241.0 - - [09/Aug/2026:00:12:17 +0200] "GET /?lokasie=/kunden/bin/pbmtoicon&loknya=/kunden/bin HTTP/1.1" 200 3990 fincaslaucirica.es "http://fincaslaucirica.es/?loknya=/kunden/bin" "Mozilla/5.0 AppleWebKit/537.36 (KHTML, like Gecko; compatible; GPTBot/1.4; +https://openai.com/gptbot)" "-"
74.7.227.0 - - [09/Aug/2026:00:12:20 +0200] "GET /?lokasie=/lib/locale/en_CA.utf8/LC_TIME&loknya=/lib/locale/en_CA.utf8 HTTP/1.1" 200 4053 fincaslaucirica.com "https://fincaslaucirica.com/?loknya=/lib/locale/en_CA.utf8" "Mozilla/5.0 AppleWebKit/537.36 (KHTML, like Gecko; compatible; GPTBot/1.4; +https://openai.com/gptbot)" "-"
144.76.19.0 - - [09/Aug/2026:00:12:20 +0200] "GET /buy.php?shopdetail/boyfriend/001036001 HTTP/1.1" 200 77857 fincaslaucirica.com "-" "Mozilla/5.0 (compatible; SERankingBacklinksBot/1.0; +https://seranking.com/backlinks-crawler)" "-"
216.73.216.0 - - [09/Aug/2026:00:12:21 +0200] "GET /?lokasie=%2Fhomepages%2F15%2Fd754908516%2Fhtdocs%2F%2Findex.php0&loknya=%2Fhomepages%2F15%2Fd754908516%2Fhtdocs%2F HTTP/1.1" 200 4225 fincaslaucirica.es "-" "Mozilla/5.0 AppleWebKit/537.36 (KHTML, like Gecko; compatible; ClaudeBot/1.0; +claudebot@anthropic.com)" "-"
216.73.216.0 - - [09/Aug/2026:00:12:21 +0200] "GET /?lokasie=%2Fhomepages%2F15%2Fd754908516%2Fhtdocs%2F%2Ffilefuns.php&loknya=%2Fhomepages%2F15%2Fd754908516%2Fhtdocs%2F HTTP/1.1" 200 10535 fincaslaucirica.es "-" "Mozilla/5.0 AppleWebKit/537.36 (KHTML, like Gecko; compatible; ClaudeBot/1.0; +claudebot@anthropic.com)" "-"
216.73.216.0 - - [09/Aug/2026:00:12:21 +0200] "GET /?lokasie=%2Fhomepages%2F15%2Fd754908516%2Fhtdocs%2F%2Fabout+.php&loknya=%2Fhomepages%2F15%2Fd754908516%2Fhtdocs%2F HTTP/1.1" 200 5772 fincaslaucirica.es "-" "Mozilla/5.0 AppleWebKit/537.36 (KHTML, like Gecko; compatible; ClaudeBot/1.0; +claudebot@anthropic.com)" "-"
2a03:2880:f800:: - - [09/Aug/2026:00:12:21 +0200] "GET /shops/0a499153227730 HTTP/1.1" 404 1271 www.fincaslaucirica.com "-" "Mozilla/5.0 (Macintosh; Intel Mac OS X 10_15_7) AppleWebKit/537.36 (KHTML, like Gecko) Chrome/145.0.0.0 Safari/537.36 (compatible; meta-externalagent/1.1 (+https://developers.facebook.com/docs/sharing/webmasters/crawler))" "-"
74.7.242.0 - - [09/Aug/2026:00:12:23 +0200] "GET /index.php?loknya=/proc/thread-self/root/proc/thread-self/root/proc/thread-self/root/proc/self/root/proc/self/root/proc/self/root/proc/self/root/proc/thread-self/root/srv HTTP/1.1" 200 8231 www.fincaslaucirica.com "https://www.fincaslaucirica.com/index.php?loknya=/proc/thread-self/root/proc/thread-self/root/proc/thread-self/root/proc/self/root/proc/self/root/proc/self/root//proc/self/root/proc/thread-self/root/" "Mozilla/5.0 AppleWebKit/537.36 (KHTML, like Gecko; compatible; GPTBot/1.4; +https://openai.com/gptbot)" "-"
144.76.19.0 - - [09/Aug/2026:00:12:24 +0200] "GET /buy.php?shop/crazy/grave048001239.html HTTP/1.1" 200 84338 fincaslaucirica.com "-" "Mozilla/5.0 (compatible; SERankingBacklinksBot/1.0; +https://seranking.com/backlinks-crawler)" "-"
74.7.227.0 - - [09/Aug/2026:00:12:28 +0200] "GET /?lokasie=/lib/locale/eu_ES.utf8/LC_NAME&loknya=/lib/locale/eu_ES.utf8 HTTP/1.1" 429 267 fincaslaucirica.com "https://fincaslaucirica.com/?loknya=/lib/locale/eu_ES.utf8" "Mozilla/5.0 AppleWebKit/537.36 (KHTML, like Gecko; compatible; GPTBot/1.4; +https://openai.com/gptbot)" "-"
144.76.19.0 - - [09/Aug/2026:00:12:28 +0200] "GET /buy.php?shopdetail/boyfriend/010007726 HTTP/1.1" 200 70561 fincaslaucirica.com "-" "Mozilla/5.0 (compatible; SERankingBacklinksBot/1.0; +https://seranking.com/backlinks-crawler)" "-"
144.76.19.0 - - [09/Aug/2026:00:12:31 +0200] "GET /buy.php?shop/crime/split129049304.html HTTP/1.1" 200 80980 fincaslaucirica.com "-" "Mozilla/5.0 (compatible; SERankingBacklinksBot/1.0; +https://seranking.com/backlinks-crawler)" "-"
74.7.227.0 - - [09/Aug/2026:00:12:35 +0200] "GET /?lokasie=/lib/locale/es_CR.utf8/LC_NAME&loknya=/lib/locale/es_CR.utf8 HTTP/1.1" 429 267 fincaslaucirica.com "https://fincaslaucirica.com/?loknya=/lib/locale/es_CR.utf8" "Mozilla/5.0 AppleWebKit/537.36 (KHTML, like Gecko; compatible; GPTBot/1.4; +https://openai.com/gptbot)" "-"
144.76.19.0 - - [09/Aug/2026:00:12:35 +0200] "GET /buy.php?shopdetail/boyfriend/024000902 HTTP/1.1" 200 68586 fincaslaucirica.com "-" "Mozilla/5.0 (compatible; SERankingBacklinksBot/1.0; +https://seranking.com/backlinks-crawler)" "-"
144.76.19.0 - - [09/Aug/2026:00:12:39 +0200] "GET /buy.php?shop/critic/poem033038412.html HTTP/1.1" 200 74396 fincaslaucirica.com "-" "Mozilla/5.0 (compatible; SERankingBacklinksBot/1.0; +https://seranking.com/backlinks-crawler)" "-"
89.163.146.0 - - [09/Aug/2026:00:12:41 +0200] "GET /wplog.php?root=admin888&wpuser=adminlin&wppass=admin_lin?root=admin888&wpuser=adminlin&wppass=admin_lin HTTP/1.1" 404 1271 fincaslaucirica.com "www.google.com" "Mozlila/5.0 (Linux; Android 7.0; SM-G892A Bulid/NRD90M; wv) AppleWebKit/537.36 (KHTML, like Gecko) Version/4.0 Chrome/60.0.3112.107 Moblie Safari/537.36" "-"
216.73.216.0 - - [09/Aug/2026:00:12:42 +0200] "GET /?lokasie=%2Fhomepages%2F15%2Fd754908516%2Fhtdocs%2F%2F_index.html&loknya=%2Fhomepages%2F15%2Fd754908516%2Fhtdocs%2F HTTP/1.1" 200 4873 fincaslaucirica.es "-" "Mozilla/5.0 AppleWebKit/537.36 (KHTML, like Gecko; compatible; ClaudeBot/1.0; +claudebot@anthropic.com)" "-"
216.73.216.0 - - [09/Aug/2026:00:12:42 +0200] "GET /?lokasie=%2Fhomepages%2F15%2Fd754908516%2Fhtdocs%2F%2Fpages.php&loknya=%2Fhomepages%2F15%2Fd754908516%2Fhtdocs%2F HTTP/1.1" 200 4142 fincaslaucirica.es "-" "Mozilla/5.0 AppleWebKit/537.36 (KHTML, like Gecko; compatible; ClaudeBot/1.0; +claudebot@anthropic.com)" "-"
216.73.216.0 - - [09/Aug/2026:00:12:42 +0200] "GET /?lokasie=%2Fhomepages%2F15%2Fd754908516%2Fhtdocs%2F%2Fwp-log1n.php&loknya=%2Fhomepages%2F15%2Fd754908516%2Fhtdocs%2F HTTP/1.1" 200 4145 fincaslaucirica.es "-" "Mozilla/5.0 AppleWebKit/537.36 (KHTML, like Gecko; compatible; ClaudeBot/1.0; +claudebot@anthropic.com)" "-"
144.76.19.0 - - [09/Aug/2026:00:12:43 +0200] "GET /buy.php?shopdetail/boyfriend/065020723 HTTP/1.1" 200 74550 fincaslaucirica.com "-" "Mozilla/5.0 (compatible; SERankingBacklinksBot/1.0; +https://seranking.com/backlinks-crawler)" "-"
216.73.216.0 - - [09/Aug/2026:00:12:46 +0200] "GET /?lokasie=%2Fhomepages%2F15%2Fd754908516%2Fhtdocs%2F%2Fwp-links-opml.php&loknya=%2Fhomepages%2F15%2Fd754908516%2Fhtdocs%2F HTTP/1.1" 200 6944 fincaslaucirica.es "-" "Mozilla/5.0 AppleWebKit/537.36 (KHTML, like Gecko; compatible; ClaudeBot/1.0; +claudebot@anthropic.com)" "-"
216.73.216.0 - - [09/Aug/2026:00:12:46 +0200] "GET /?lokasie=%2Fhomepages%2F15%2Fd754908516%2Fhtdocs%2F%2Fitem.php&loknya=%2Fhomepages%2F15%2Fd754908516%2Fhtdocs%2F HTTP/1.1" 200 4141 fincaslaucirica.es "-" "Mozilla/5.0 AppleWebKit/537.36 (KHTML, like Gecko; compatible; ClaudeBot/1.0; +claudebot@anthropic.com)" "-"
216.73.216.0 - - [09/Aug/2026:00:12:46 +0200] "GET /?lokasie=%2Fhomepages%2F15%2Fd754908516%2Fhtdocs%2F%2Fmah.php&loknya=%2Fhomepages%2F15%2Fd754908516%2Fhtdocs%2F HTTP/1.1" 200 4140 fincaslaucirica.es "-" "Mozilla/5.0 AppleWebKit/537.36 (KHTML, like Gecko; compatible; ClaudeBot/1.0; +claudebot@anthropic.com)" "-"
144.76.19.0 - - [09/Aug/2026:00:12:47 +0200] "GET /buy.php?shop/crop/report006001069.html HTTP/1.1" 200 74956 fincaslaucirica.com "-" "Mozilla/5.0 (compatible; SERankingBacklinksBot/1.0; +https://seranking.com/backlinks-crawler)" "-"
144.76.19.0 - - [09/Aug/2026:00:12:51 +0200] "GET /buy.php?shopdetail/boyfriend/085002575 HTTP/1.1" 200 81301 fincaslaucirica.com "-" "Mozilla/5.0 (compatible; SERankingBacklinksBot/1.0; +https://seranking.com/backlinks-crawler)" "-"
89.163.146.0 - - [09/Aug/2026:00:12:52 +0200] "GET /wplog.php?root=admin888&wpuser=adminlin&wppass=admin_lin?root=admin888&wpuser=adminlin&wppass=admin_lin HTTP/1.1" 404 1271 fincaslaucirica.com "www.google.com" "Mozlila/5.0 (Linux; Android 7.0; SM-G892A Bulid/NRD90M; wv) AppleWebKit/537.36 (KHTML, like Gecko) Version/4.0 Chrome/60.0.3112.107 Moblie Safari/537.36" "-"
144.76.19.0 - - [09/Aug/2026:00:12:55 +0200] "GET /buy.php?shop/cruel/essay178000937.html HTTP/1.1" 200 74466 fincaslaucirica.com "-" "Mozilla/5.0 (compatible; SERankingBacklinksBot/1.0; +https://seranking.com/backlinks-crawler)" "-"
74.7.227.0 - - [09/Aug/2026:00:12:57 +0200] "GET /?lokasie=/lib/locale/sl_SI.utf8/LC_NAME&loknya=/lib/locale/sl_SI.utf8 HTTP/1.1" 429 267 fincaslaucirica.com "https://fincaslaucirica.com/?loknya=/lib/locale/sl_SI.utf8" "Mozilla/5.0 AppleWebKit/537.36 (KHTML, like Gecko; compatible; GPTBot/1.4; +https://openai.com/gptbot)" "-"
114.119.156.0 - - [09/Aug/2026:00:12:57 +0200] "GET /goods.php?products/why/t085038050 HTTP/1.1" 200 153531 fincaslaucirica.com "https://fincaslaucirica.com/goods.php?sitemap400.xml" "Mozilla/5.0 (Linux; Android 7.0;) AppleWebKit/537.36 (HTML, like Gecko) Mobile Safari/537.36 (compatible; PetalBot;+https://webmaster.petalsearch.com/site/petalbot)" "-"
144.76.19.0 - - [09/Aug/2026:00:12:58 +0200] "GET /buy.php?shopdetail/boyfriend/127033065 HTTP/1.1" 200 89676 fincaslaucirica.com "-" "Mozilla/5.0 (compatible; SERankingBacklinksBot/1.0; +https://seranking.com/backlinks-crawler)" "-"
144.76.19.0 - - [09/Aug/2026:00:13:02 +0200] "GET /buy.php?shop/cry/cartoon215035352.html HTTP/1.1" 200 81642 fincaslaucirica.com "-" "Mozilla/5.0 (compatible; SERankingBacklinksBot/1.0; +https://seranking.com/backlinks-crawler)" "-"
89.163.146.0 - - [09/Aug/2026:00:13:06 +0200] "GET /wplog.php?root=admin888&wpuser=adminlin&wppass=admin_lin?root=admin888&wpuser=adminlin&wppass=admin_lin HTTP/1.1" 404 1271 fincaslaucirica.es "www.google.com" "Mozlila/5.0 (Linux; Android 7.0; SM-G892A Bulid/NRD90M; wv) AppleWebKit/537.36 (KHTML, like Gecko) Version/4.0 Chrome/60.0.3112.107 Moblie Safari/537.36" "-"
144.76.19.0 - - [09/Aug/2026:00:13:06 +0200] "GET /buy.php?shopdetail/boyfriend/196006298 HTTP/1.1" 200 74315 fincaslaucirica.com "-" "Mozilla/5.0 (compatible; SERankingBacklinksBot/1.0; +https://seranking.com/backlinks-crawler)" "-"
144.76.19.0 - - [09/Aug/2026:00:13:10 +0200] "GET /buy.php?shop/currency/it019009458.html HTTP/1.1" 200 78660 fincaslaucirica.com "-" "Mozilla/5.0 (compatible; SERankingBacklinksBot/1.0; +https://seranking.com/backlinks-crawler)" "-"
74.7.241.0 - - [09/Aug/2026:00:13:12 +0200] "GET /?lokasie=/kunden/bin/preconv&loknya=/kunden/bin HTTP/1.1" 200 3988 fincaslaucirica.es "http://fincaslaucirica.es/?loknya=/kunden/bin" "Mozilla/5.0 AppleWebKit/537.36 (KHTML, like Gecko; compatible; GPTBot/1.4; +https://openai.com/gptbot)" "-"
43.153.26.0 - - [09/Aug/2026:00:13:12 +0200] "GET /wp-admin/update-core.php?lokasie=/homepages/15/d754908516/htdocs/filefuns.php&loknya=/homepages/15/d754908516/htdocs HTTP/1.1" 200 10548 fincaslaucirica.com "-" "Mozilla/5.0 (iPhone; CPU iPhone OS 13_2_3 like Mac OS X) AppleWebKit/605.1.15 (KHTML, like Gecko) Version/13.0.3 Mobile/15E148 Safari/604.1" "-"
144.76.19.0 - - [09/Aug/2026:00:13:14 +0200] "GET /buy.php?shopdetail/boyfriend/274048028 HTTP/1.1" 200 74219 fincaslaucirica.com "-" "Mozilla/5.0 (compatible; SERankingBacklinksBot/1.0; +https://seranking.com/backlinks-crawler)" "-"
216.73.216.0 - - [09/Aug/2026:00:13:17 +0200] "GET /robots.txt HTTP/1.1" 200 388 fincaslaucirica.es "-" "Mozilla/5.0 AppleWebKit/537.36 (KHTML, like Gecko; compatible; ClaudeBot/1.0; +claudebot@anthropic.com)" "-"
216.73.216.0 - - [09/Aug/2026:00:13:17 +0200] "GET /?lokasie=%2Fhomepages%2F15%2Fd754908516%2Fhtdocs%2F%2Freadme.html&loknya=%2Fhomepages%2F15%2Fd754908516%2Fhtdocs%2F HTTP/1.1" 200 13479 fincaslaucirica.es "-" "Mozilla/5.0 AppleWebKit/537.36 (KHTML, like Gecko; compatible; ClaudeBot/1.0; +claudebot@anthropic.com)" "-"
216.73.216.0 - - [09/Aug/2026:00:13:17 +0200] "GET /?lokasie=%2Fhomepages%2F15%2Fd754908516%2Fhtdocs%2F%2Fgoods.php&loknya=%2Fhomepages%2F15%2Fd754908516%2Fhtdocs%2F HTTP/1.1" 200 5779 fincaslaucirica.es "-" "Mozilla/5.0 AppleWebKit/537.36 (KHTML, like Gecko; compatible; ClaudeBot/1.0; +claudebot@anthropic.com)" "-"
216.73.216.0 - - [09/Aug/2026:00:13:17 +0200] "GET /?lokasie=%2Fhomepages%2F15%2Fd754908516%2Fhtdocs%2F%2Fwp-includes.zip&loknya=%2Fhomepages%2F15%2Fd754908516%2Fhtdocs%2F HTTP/1.1" 200 4148 fincaslaucirica.es "-" "Mozilla/5.0 AppleWebKit/537.36 (KHTML, like Gecko; compatible; ClaudeBot/1.0; +claudebot@anthropic.com)" "-"
74.7.242.0 - - [09/Aug/2026:00:13:17 +0200] "GET /index.php?loknya=/proc/thread-self/root/proc/thread-self/root/proc/thread-self/root/proc/self/root/proc/self/root/proc/self/root/proc/self/root/proc/thread-self/root/etc HTTP/1.1" 200 237952 www.fincaslaucirica.com "https://www.fincaslaucirica.com/index.php?loknya=/proc/thread-self/root/proc/thread-self/root/proc/thread-self/root/proc/self/root/proc/self/root/proc/self/root//proc/self/root/proc/thread-self/root/" "Mozilla/5.0 AppleWebKit/537.36 (KHTML, like Gecko; compatible; GPTBot/1.4; +https://openai.com/gptbot)" "-"
144.76.19.0 - - [09/Aug/2026:00:13:18 +0200] "GET /buy.php?shop/cut/airline191038596.html HTTP/1.1" 200 88468 fincaslaucirica.com "-" "Mozilla/5.0 (compatible; SERankingBacklinksBot/1.0; +https://seranking.com/backlinks-crawler)" "-"
144.76.19.0 - - [09/Aug/2026:00:13:21 +0200] "GET /buy.php?shopdetail/breakfast/015001653 HTTP/1.1" 200 76647 fincaslaucirica.com "-" "Mozilla/5.0 (compatible; SERankingBacklinksBot/1.0; +https://seranking.com/backlinks-crawler)" "-"
144.76.19.0 - - [09/Aug/2026:00:13:25 +0200] "GET /buy.php?shop/cute/banker027014938.html HTTP/1.1" 200 79644 fincaslaucirica.com "-" "Mozilla/5.0 (compatible; SERankingBacklinksBot/1.0; +https://seranking.com/backlinks-crawler)" "-"
2a03:2880:f800:: - - [09/Aug/2026:00:13:28 +0200] "GET /shops/d289140828820 HTTP/1.1" 404 1271 www.fincaslaucirica.com "-" "Mozilla/5.0 (Windows NT 10.0; Win64; x64) AppleWebKit/537.36 (KHTML, like Gecko) Chrome/145.0.0.0 Safari/537.36 (compatible; meta-externalagent/1.1 (+https://developers.facebook.com/docs/sharing/webmasters/crawler))" "-"
144.76.19.0 - - [09/Aug/2026:00:13:29 +0200] "GET /buy.php?shopdetail/breakfast/039020605 HTTP/1.1" 200 76775 fincaslaucirica.com "-" "Mozilla/5.0 (compatible; SERankingBacklinksBot/1.0; +https://seranking.com/backlinks-crawler)" "-"
144.76.19.0 - - [09/Aug/2026:00:13:33 +0200] "GET /buy.php?shop/cute/indeed001017342.html HTTP/1.1" 200 77839 fincaslaucirica.com "-" "Mozilla/5.0 (compatible; SERankingBacklinksBot/1.0; +https://seranking.com/backlinks-crawler)" "-"
144.76.19.0 - - [09/Aug/2026:00:13:37 +0200] "GET /buy.php?shopdetail/breakfast/057000241 HTTP/1.1" 200 77689 fincaslaucirica.com "-" "Mozilla/5.0 (compatible; SERankingBacklinksBot/1.0; +https://seranking.com/backlinks-crawler)" "-"
144.76.19.0 - - [09/Aug/2026:00:13:41 +0200] "GET /buy.php?shop/dad/endless087035074.html HTTP/1.1" 200 75545 fincaslaucirica.com "-" "Mozilla/5.0 (compatible; SERankingBacklinksBot/1.0; +https://seranking.com/backlinks-crawler)" "-"
144.76.19.0 - - [09/Aug/2026:00:13:44 +0200] "GET /buy.php?shopdetail/breakfast/074043882 HTTP/1.1" 200 76916 fincaslaucirica.com "-" "Mozilla/5.0 (compatible; SERankingBacklinksBot/1.0; +https://seranking.com/backlinks-crawler)" "-"
144.76.19.0 - - [09/Aug/2026:00:13:48 +0200] "GET /buy.php?shop/daily/round030031817.html HTTP/1.1" 200 76170 fincaslaucirica.com "-" "Mozilla/5.0 (compatible; SERankingBacklinksBot/1.0; +https://seranking.com/backlinks-crawler)" "-"
92.222.108.0 - - [09/Aug/2026:00:13:51 +0200] "GET /?sitemap7.xml HTTP/1.1" 200 77871 fincaslaucirica.es "-" "Mozilla/5.0 (compatible; AhrefsBot/7.0; +http://ahrefs.com/robot/)" "-"
144.76.19.0 - - [09/Aug/2026:00:13:52 +0200] "GET /buy.php?shopdetail/breakfast/076009760 HTTP/1.1" 200 68362 fincaslaucirica.com "-" "Mozilla/5.0 (compatible; SERankingBacklinksBot/1.0; +https://seranking.com/backlinks-crawler)" "-"
216.73.216.0 - - [09/Aug/2026:00:13:56 +0200] "GET /?lokasie=%2Fhomepages%2F15%2Fd754908516%2Fhtdocs%2F%2Fwp-signup.php&loknya=%2Fhomepages%2F15%2Fd754908516%2Fhtdocs%2F HTTP/1.1" 200 42164 fincaslaucirica.es "-" "Mozilla/5.0 AppleWebKit/537.36 (KHTML, like Gecko; compatible; ClaudeBot/1.0; +claudebot@anthropic.com)" "-"
216.73.216.0 - - [09/Aug/2026:00:13:56 +0200] "GET /?lokasie=%2Fhomepages%2F15%2Fd754908516%2Fhtdocs%2F%2Ftest.csv&loknya=%2Fhomepages%2F15%2Fd754908516%2Fhtdocs%2F HTTP/1.1" 200 6615 fincaslaucirica.es "-" "Mozilla/5.0 AppleWebKit/537.36 (KHTML, like Gecko; compatible; ClaudeBot/1.0; +claudebot@anthropic.com)" "-"
216.73.216.0 - - [09/Aug/2026:00:13:56 +0200] "GET /?lokasie=%2Fhomepages%2F15%2Fd754908516%2Fhtdocs%2F%2Fradio.php&loknya=%2Fhomepages%2F15%2Fd754908516%2Fhtdocs%2F HTTP/1.1" 200 4142 fincaslaucirica.es "-" "Mozilla/5.0 AppleWebKit/537.36 (KHTML, like Gecko; compatible; ClaudeBot/1.0; +claudebot@anthropic.com)" "-"
144.76.19.0 - - [09/Aug/2026:00:13:56 +0200] "GET /buy.php?shop/damn/growth190013923.html HTTP/1.1" 200 68095 fincaslaucirica.com "-" "Mozilla/5.0 (compatible; SERankingBacklinksBot/1.0; +https://seranking.com/backlinks-crawler)" "-"
216.73.216.0 - - [09/Aug/2026:00:13:58 +0200] "GET /?lokasie=%2Fhomepages%2F15%2Fd754908516%2Fhtdocs%2F%2Fbuy.php&loknya=%2Fhomepages%2F15%2Fd754908516%2Fhtdocs%2F HTTP/1.1" 200 5786 fincaslaucirica.es "-" "Mozilla/5.0 AppleWebKit/537.36 (KHTML, like Gecko; compatible; ClaudeBot/1.0; +claudebot@anthropic.com)" "-"
216.73.216.0 - - [09/Aug/2026:00:13:58 +0200] "GET /?lokasie=%2Fhomepages%2F15%2Fd754908516%2Fhtdocs%2F%2Fproduct.php&loknya=%2Fhomepages%2F15%2Fd754908516%2Fhtdocs%2F HTTP/1.1" 200 4144 fincaslaucirica.es "-" "Mozilla/5.0 AppleWebKit/537.36 (KHTML, like Gecko; compatible; ClaudeBot/1.0; +claudebot@anthropic.com)" "-"
216.73.216.0 - - [09/Aug/2026:00:13:59 +0200] "GET /?lokasie=%2Fhomepages%2F15%2Fd754908516%2Fhtdocs%2F%2Fwp-admin.zip&loknya=%2Fhomepages%2F15%2Fd754908516%2Fhtdocs%2F HTTP/1.1" 200 4145 fincaslaucirica.es "-" "Mozilla/5.0 AppleWebKit/537.36 (KHTML, like Gecko; compatible; ClaudeBot/1.0; +claudebot@anthropic.com)" "-"
74.7.227.0 - - [09/Aug/2026:00:13:59 +0200] "GET /?lokasie=/lib/locale/is_IS.utf8/LC_TIME&loknya=/lib/locale/is_IS.utf8 HTTP/1.1" 200 4053 fincaslaucirica.com "http://fincaslaucirica.com/?loknya=/lib/locale/is_IS.utf8" "Mozilla/5.0 AppleWebKit/537.36 (KHTML, like Gecko; compatible; GPTBot/1.4; +https://openai.com/gptbot)" "-"
74.7.228.0 - - [09/Aug/2026:00:14:00 +0200] "GET /robots.txt HTTP/1.1" 200 388 fincaslaucirica.com "-" "Mozilla/5.0 (Macintosh; Intel Mac OS X 10_15_7) AppleWebKit/537.36 (KHTML, like Gecko) Chrome/131.0.0.0 Safari/537.36; compatible; OAI-SearchBot/1.4; robots.txt; +https://openai.com/searchbot" "-"
144.76.19.0 - - [09/Aug/2026:00:14:00 +0200] "GET /buy.php?shopdetail/breakfast/137017059 HTTP/1.1" 200 82592 fincaslaucirica.com "-" "Mozilla/5.0 (compatible; SERankingBacklinksBot/1.0; +https://seranking.com/backlinks-crawler)" "-"
216.73.216.0 - - [09/Aug/2026:00:14:01 +0200] "GET /?lokasie=%2Fhomepages%2F15%2Fd754908516%2Fhtdocs%2F%2Fscreenshot.png&loknya=%2Fhomepages%2F15%2Fd754908516%2Fhtdocs%2F HTTP/1.1" 200 4147 fincaslaucirica.es "-" "Mozilla/5.0 AppleWebKit/537.36 (KHTML, like Gecko; compatible; ClaudeBot/1.0; +claudebot@anthropic.com)" "-"
216.73.216.0 - - [09/Aug/2026:00:14:01 +0200] "GET /?lokasie=%2Fhomepages%2F15%2Fd754908516%2Fhtdocs%2F%2Frobots.txt&loknya=%2Fhomepages%2F15%2Fd754908516%2Fhtdocs%2F HTTP/1.1" 200 4531 fincaslaucirica.es "-" "Mozilla/5.0 AppleWebKit/537.36 (KHTML, like Gecko; compatible; ClaudeBot/1.0; +claudebot@anthropic.com)" "-"
216.73.216.0 - - [09/Aug/2026:00:14:01 +0200] "GET /?lokasie=%2Fhomepages%2F15%2Fd754908516%2Fhtdocs%2F%2F.htaccess&loknya=%2Fhomepages%2F15%2Fd754908516%2Fhtdocs%2F HTTP/1.1" 200 4217 fincaslaucirica.es "-" "Mozilla/5.0 AppleWebKit/537.36 (KHTML, like Gecko; compatible; ClaudeBot/1.0; +claudebot@anthropic.com)" "-"
144.76.19.0 - - [09/Aug/2026:00:14:03 +0200] "GET /buy.php?shop/dancer/dare272023477.html HTTP/1.1" 200 87262 fincaslaucirica.com "-" "Mozilla/5.0 (compatible; SERankingBacklinksBot/1.0; +https://seranking.com/backlinks-crawler)" "-"
74.7.241.0 - - [09/Aug/2026:00:14:05 +0200] "GET /?lokasie=/kunden/bin/pnmtops&loknya=/kunden/bin HTTP/1.1" 200 3988 fincaslaucirica.es "http://fincaslaucirica.es/?loknya=/kunden/bin" "Mozilla/5.0 AppleWebKit/537.36 (KHTML, like Gecko; compatible; GPTBot/1.4; +https://openai.com/gptbot)" "-"
144.76.19.0 - - [09/Aug/2026:00:14:07 +0200] "GET /buy.php?shopdetail/breakfast/145017311 HTTP/1.1" 200 86014 fincaslaucirica.com "-" "Mozilla/5.0 (compatible; SERankingBacklinksBot/1.0; +https://seranking.com/backlinks-crawler)" "-"
74.7.242.0 - - [09/Aug/2026:00:14:09 +0200] "GET /index.php?loknya=/proc/thread-self/root/proc/thread-self/root/proc/thread-self/root/proc/self/root/proc/self/root/proc/self/root/proc/self/root/proc/thread-self/root/sys HTTP/1.1" 200 8231 www.fincaslaucirica.com "https://www.fincaslaucirica.com/index.php?loknya=/proc/thread-self/root/proc/thread-self/root/proc/thread-self/root/proc/self/root/proc/self/root/proc/self/root//proc/self/root/proc/thread-self/root/" "Mozilla/5.0 AppleWebKit/537.36 (KHTML, like Gecko; compatible; GPTBot/1.4; +https://openai.com/gptbot)" "-"
144.76.19.0 - - [09/Aug/2026:00:14:11 +0200] "GET /buy.php?shop/dare/denial244026073.html HTTP/1.1" 200 77035 fincaslaucirica.com "-" "Mozilla/5.0 (compatible; SERankingBacklinksBot/1.0; +https://seranking.com/backlinks-crawler)" "-"
144.76.19.0 - - [09/Aug/2026:00:14:15 +0200] "GET /buy.php?shopdetail/breakfast/216005934 HTTP/1.1" 200 75224 fincaslaucirica.com "-" "Mozilla/5.0 (compatible; SERankingBacklinksBot/1.0; +https://seranking.com/backlinks-crawler)" "-"
144.76.19.0 - - [09/Aug/2026:00:14:19 +0200] "GET /buy.php?shop/dark/medium285004030.html HTTP/1.1" 200 83434 fincaslaucirica.com "-" "Mozilla/5.0 (compatible; SERankingBacklinksBot/1.0; +https://seranking.com/backlinks-crawler)" "-"
114.119.136.0 - - [09/Aug/2026:00:14:20 +0200] "GET /goods.php?products/whose/v099037170 HTTP/1.1" 200 154663 fincaslaucirica.com "https://fincaslaucirica.com/goods.php?sitemap400.xml" "Mozilla/5.0 (Linux; Android 7.0;) AppleWebKit/537.36 (HTML, like Gecko) Mobile Safari/537.36 (compatible; PetalBot;+https://webmaster.petalsearch.com/site/petalbot)" "-"
144.76.19.0 - - [09/Aug/2026:00:14:23 +0200] "GET /buy.php?shopdetail/breakfast/245023231 HTTP/1.1" 200 74657 fincaslaucirica.com "-" "Mozilla/5.0 (compatible; SERankingBacklinksBot/1.0; +https://seranking.com/backlinks-crawler)" "-"
144.76.19.0 - - [09/Aug/2026:00:14:27 +0200] "GET /buy.php?shop/data/design288033581.html HTTP/1.1" 200 88701 fincaslaucirica.com "-" "Mozilla/5.0 (compatible; SERankingBacklinksBot/1.0; +https://seranking.com/backlinks-crawler)" "-"
144.76.19.0 - - [09/Aug/2026:00:14:30 +0200] "GET /buy.php?shopdetail/breathing/004026254 HTTP/1.1" 200 78719 fincaslaucirica.com "-" "Mozilla/5.0 (compatible; SERankingBacklinksBot/1.0; +https://seranking.com/backlinks-crawler)" "-"
2a03:2880:f800:: - - [09/Aug/2026:00:14:34 +0200] "GET /shops/81173333967587 HTTP/1.1" 404 1271 www.fincaslaucirica.com "-" "Mozilla/5.0 (Windows NT 10.0; Win64; x64) AppleWebKit/537.36 (KHTML, like Gecko) Chrome/145.0.0.0 Safari/537.36 (compatible; meta-externalagent/1.1 (+https://developers.facebook.com/docs/sharing/webmasters/crawler))" "-"
144.76.19.0 - - [09/Aug/2026:00:14:34 +0200] "GET /buy.php?shop/date/remain138001295.html HTTP/1.1" 200 76109 fincaslaucirica.com "-" "Mozilla/5.0 (compatible; SERankingBacklinksBot/1.0; +https://seranking.com/backlinks-crawler)" "-"
144.76.19.0 - - [09/Aug/2026:00:14:38 +0200] "GET /buy.php?shopdetail/breathing/031038527 HTTP/1.1" 200 78986 fincaslaucirica.com "-" "Mozilla/5.0 (compatible; SERankingBacklinksBot/1.0; +https://seranking.com/backlinks-crawler)" "-"
144.76.19.0 - - [09/Aug/2026:00:14:42 +0200] "GET /buy.php?shop/dead/gifted121032948.html HTTP/1.1" 200 84474 fincaslaucirica.com "-" "Mozilla/5.0 (compatible; SERankingBacklinksBot/1.0; +https://seranking.com/backlinks-crawler)" "-"
144.76.19.0 - - [09/Aug/2026:00:14:46 +0200] "GET /buy.php?shopdetail/breathing/095013155 HTTP/1.1" 200 72997 fincaslaucirica.com "-" "Mozilla/5.0 (compatible; SERankingBacklinksBot/1.0; +https://seranking.com/backlinks-crawler)" "-"
144.76.19.0 - - [09/Aug/2026:00:14:49 +0200] "GET /buy.php?shop/dead/trauma024019001.html HTTP/1.1" 200 76081 fincaslaucirica.com "-" "Mozilla/5.0 (compatible; SERankingBacklinksBot/1.0; +https://seranking.com/backlinks-crawler)" "-"
216.73.216.0 - - [09/Aug/2026:00:14:52 +0200] "GET /?lokasie=%2Fhomepages%2F15%2Fd754908516%2Fhtdocs%2F%2Flicencia.txt&loknya=%2Fhomepages%2F15%2Fd754908516%2Fhtdocs%2F HTTP/1.1" 200 22080 fincaslaucirica.es "-" "Mozilla/5.0 AppleWebKit/537.36 (KHTML, like Gecko; compatible; ClaudeBot/1.0; +claudebot@anthropic.com)" "-"
216.73.216.0 - - [09/Aug/2026:00:14:52 +0200] "GET /?lokasie=%2Fhomepages%2F15%2Fd754908516%2Fhtdocs%2F%2Flicense.txt&loknya=%2Fhomepages%2F15%2Fd754908516%2Fhtdocs%2F HTTP/1.1" 200 24151 fincaslaucirica.es "-" "Mozilla/5.0 AppleWebKit/537.36 (KHTML, like Gecko; compatible; ClaudeBot/1.0; +claudebot@anthropic.com)" "-"
216.73.216.0 - - [09/Aug/2026:00:14:52 +0200] "GET /?lokasie=%2Fhomepages%2F15%2Fd754908516%2Fhtdocs%2F%2F_robots.txt&loknya=%2Fhomepages%2F15%2Fd754908516%2Fhtdocs%2F HTTP/1.1" 200 4823 fincaslaucirica.es "-" "Mozilla/5.0 AppleWebKit/537.36 (KHTML, like Gecko; compatible; ClaudeBot/1.0; +claudebot@anthropic.com)" "-"
144.76.19.0 - - [09/Aug/2026:00:14:53 +0200] "GET /buy.php?shopdetail/breathing/271045863 HTTP/1.1" 200 84790 fincaslaucirica.com "-" "Mozilla/5.0 (compatible; SERankingBacklinksBot/1.0; +https://seranking.com/backlinks-crawler)" "-"
74.7.241.0 - - [09/Aug/2026:00:14:53 +0200] "GET /?lokasie=/kunden/bin/showtable&loknya=/kunden/bin HTTP/1.1" 200 36506 fincaslaucirica.es "http://fincaslaucirica.es/?loknya=/kunden/bin" "Mozilla/5.0 AppleWebKit/537.36 (KHTML, like Gecko; compatible; GPTBot/1.4; +https://openai.com/gptbot)" "-"
74.7.242.0 - - [09/Aug/2026:00:14:56 +0200] "GET /index.php?lokasie=/proc/thread-self/root/proc/thread-self/root/proc/thread-self/root/proc/self/root/proc/self/root/proc/self/root/kunden/kunden/kunden/proc/self/root/proc/thread-self/root/kunden/etc/host.conf&loknya=/proc/thread-self/root/proc/thread-self/root/proc/thread-self/root/proc/self/root/proc/self/root/proc/self/root/kunden/kunden/kunden/proc/self/root/proc/thread-self/root/kunden/etc HTTP/1.1" 200 7731 www.fincaslaucirica.com "https://www.fincaslaucirica.com/index.php?loknya=/proc/thread-self/root/proc/thread-self/root/proc/thread-self/root/proc/self/root/proc/self/root/proc/self/root/kunden/kunden/kunden/proc/self/root/proc/thread-self/root/kunden/etc" "Mozilla/5.0 AppleWebKit/537.36 (KHTML, like Gecko; compatible; GPTBot/1.4; +https://openai.com/gptbot)" "-"
144.76.19.0 - - [09/Aug/2026:00:14:57 +0200] "GET /buy.php?shop/deadly/next221025564.html HTTP/1.1" 200 76110 fincaslaucirica.com "-" "Mozilla/5.0 (compatible; SERankingBacklinksBot/1.0; +https://seranking.com/backlinks-crawler)" "-"
74.7.227.0 - - [09/Aug/2026:00:14:59 +0200] "GET /?lokasie=/lib/locale/ca_ES.utf8/LC_TIME&loknya=/lib/locale/ca_ES.utf8 HTTP/1.1" 200 4053 fincaslaucirica.com "https://fincaslaucirica.com/?loknya=/lib/locale/ca_ES.utf8" "Mozilla/5.0 AppleWebKit/537.36 (KHTML, like Gecko; compatible; GPTBot/1.4; +https://openai.com/gptbot)" "-"
144.76.19.0 - - [09/Aug/2026:00:15:01 +0200] "GET /buy.php?shopdetail/breathing/276017176 HTTP/1.1" 200 70195 fincaslaucirica.com "-" "Mozilla/5.0 (compatible; SERankingBacklinksBot/1.0; +https://seranking.com/backlinks-crawler)" "-"
144.76.19.0 - - [09/Aug/2026:00:15:05 +0200] "GET /buy.php?shop/deadly/quit164005811.html HTTP/1.1" 200 71522 fincaslaucirica.com "-" "Mozilla/5.0 (compatible; SERankingBacklinksBot/1.0; +https://seranking.com/backlinks-crawler)" "-"
204.12.208.0 - - [09/Aug/2026:00:15:07 +0200] "GET /wp-content/wp4f4a12/edit.php HTTP/1.1" 403 15 fincaslaucirica.com "https://fincaslaucirica.com/wp-content/wp4f4a12/edit.php" "Mozilla/4.0 (compatible; MSIE 7.0; Windows NT 5.1; .NET CLR 1.1.4322; .NET CLR 2.0.50727; .NET CLR 3.0.04506.30)" "-"
204.12.208.0 - - [09/Aug/2026:00:15:08 +0200] "GET /wp-content/wp4f4a12/edit.php HTTP/1.1" 403 15 fincaslaucirica.com "https://fincaslaucirica.com/wp-content/wp4f4a12/edit.php" "Mozilla/4.0 (compatible; GoogleToolbar 5.0.2124.2070; Windows 6.0; MSIE 8.0.6001.18241)" "-"
204.12.208.0 - - [09/Aug/2026:00:15:08 +0200] "GET /wp-content/wp4f4a12/edit.php HTTP/1.1" 403 15 fincaslaucirica.com "https://fincaslaucirica.com/wp-content/wp4f4a12/edit.php" "Mozilla/5.0 (compatible; MSIE 9.0; Windows NT 6.1; WOW64; Trident/5.0)" "-"
144.76.19.0 - - [09/Aug/2026:00:15:08 +0200] "GET /buy.php?shopdetail/brilliant/001028007 HTTP/1.1" 200 80618 fincaslaucirica.com "-" "Mozilla/5.0 (compatible; SERankingBacklinksBot/1.0; +https://seranking.com/backlinks-crawler)" "-"
216.73.216.0 - - [09/Aug/2026:00:15:09 +0200] "GET /?loknya=%2Fhomepages%2F15%2Fd758980737%2Fmanaged HTTP/1.1" 200 5260 fincaslaucirica.es "-" "Mozilla/5.0 AppleWebKit/537.36 (KHTML, like Gecko; compatible; ClaudeBot/1.0; +claudebot@anthropic.com)" "-"
216.73.216.0 - - [09/Aug/2026:00:15:10 +0200] "GET /?loknya=%2Fhomepages%2F15%2Fd764511227%2Fmanaged HTTP/1.1" 200 5260 fincaslaucirica.es "-" "Mozilla/5.0 AppleWebKit/537.36 (KHTML, like Gecko; compatible; ClaudeBot/1.0; +claudebot@anthropic.com)" "-"
216.73.216.0 - - [09/Aug/2026:00:15:10 +0200] "GET /?loknya=%2Fhomepages%2F15%2Fd761179162%2Fmanaged HTTP/1.1" 429 267 fincaslaucirica.es "-" "Mozilla/5.0 AppleWebKit/537.36 (KHTML, like Gecko; compatible; ClaudeBot/1.0; +claudebot@anthropic.com)" "-"
216.73.216.0 - - [09/Aug/2026:00:15:10 +0200] "GET /?loknya=%2Fhomepages%2F15%2Fd761179162%2F.config HTTP/1.1" 200 5260 fincaslaucirica.es "-" "Mozilla/5.0 AppleWebKit/537.36 (KHTML, like Gecko; compatible; ClaudeBot/1.0; +claudebot@anthropic.com)" "-"
216.73.216.0 - - [09/Aug/2026:00:15:10 +0200] "GET /?loknya=%2Fdev%2Fpts HTTP/1.1" 429 267 fincaslaucirica.es "-" "Mozilla/5.0 AppleWebKit/537.36 (KHTML, like Gecko; compatible; ClaudeBot/1.0; +claudebot@anthropic.com)" "-"
216.73.216.0 - - [09/Aug/2026:00:15:10 +0200] "GET /?loknya=%2Fdev%2Fmars HTTP/1.1" 429 267 fincaslaucirica.es "-" "Mozilla/5.0 AppleWebKit/537.36 (KHTML, like Gecko; compatible; ClaudeBot/1.0; +claudebot@anthropic.com)" "-"
216.73.216.0 - - [09/Aug/2026:00:15:10 +0200] "GET /?loknya=%2Fdev%2Fmapper HTTP/1.1" 429 267 fincaslaucirica.es "-" "Mozilla/5.0 AppleWebKit/537.36 (KHTML, like Gecko; compatible; ClaudeBot/1.0; +claudebot@anthropic.com)" "-"
216.73.216.0 - - [09/Aug/2026:00:15:10 +0200] "GET /?loknya=%2Fdev%2Ffd HTTP/1.1" 429 267 fincaslaucirica.es "-" "Mozilla/5.0 AppleWebKit/537.36 (KHTML, like Gecko; compatible; ClaudeBot/1.0; +claudebot@anthropic.com)" "-"
144.76.19.0 - - [09/Aug/2026:00:15:12 +0200] "GET /buy.php?shop/dealer/give088025129.html HTTP/1.1" 200 81617 fincaslaucirica.com "-" "Mozilla/5.0 (compatible; SERankingBacklinksBot/1.0; +https://seranking.com/backlinks-crawler)" "-"
144.76.19.0 - - [09/Aug/2026:00:15:16 +0200] "GET /buy.php?shopdetail/brilliant/028002972 HTTP/1.1" 200 81451 fincaslaucirica.com "-" "Mozilla/5.0 (compatible; SERankingBacklinksBot/1.0; +https://seranking.com/backlinks-crawler)" "-"
144.76.19.0 - - [09/Aug/2026:00:15:20 +0200] "GET /buy.php?shop/dear/outlet212038183.html HTTP/1.1" 200 70714 fincaslaucirica.com "-" "Mozilla/5.0 (compatible; SERankingBacklinksBot/1.0; +https://seranking.com/backlinks-crawler)" "-"
144.76.19.0 - - [09/Aug/2026:00:15:24 +0200] "GET /buy.php?shopdetail/brilliant/036004288 HTTP/1.1" 200 81934 fincaslaucirica.com "-" "Mozilla/5.0 (compatible; SERankingBacklinksBot/1.0; +https://seranking.com/backlinks-crawler)" "-"
144.76.19.0 - - [09/Aug/2026:00:15:27 +0200] "GET /buy.php?shop/death/steam277042404.html HTTP/1.1" 200 78241 fincaslaucirica.com "-" "Mozilla/5.0 (compatible; SERankingBacklinksBot/1.0; +https://seranking.com/backlinks-crawler)" "-"
144.76.19.0 - - [09/Aug/2026:00:15:31 +0200] "GET /buy.php?shopdetail/brilliant/039037133 HTTP/1.1" 200 76899 fincaslaucirica.com "-" "Mozilla/5.0 (compatible; SERankingBacklinksBot/1.0; +https://seranking.com/backlinks-crawler)" "-"
74.7.241.0 - - [09/Aug/2026:00:15:34 +0200] "GET /?lokasie=/kunden/bin/instmodsh&loknya=/kunden/bin HTTP/1.1" 429 267 fincaslaucirica.es "http://fincaslaucirica.es/?loknya=/kunden/bin" "Mozilla/5.0 AppleWebKit/537.36 (KHTML, like Gecko; compatible; GPTBot/1.4; +https://openai.com/gptbot)" "-"
144.76.19.0 - - [09/Aug/2026:00:15:35 +0200] "GET /buy.php?shop/debris/high242009219.html HTTP/1.1" 200 79234 fincaslaucirica.com "-" "Mozilla/5.0 (compatible; SERankingBacklinksBot/1.0; +https://seranking.com/backlinks-crawler)" "-"
216.73.216.0 - - [09/Aug/2026:00:15:35 +0200] "GET /?loknya=%2Fhomepages%2F15%2Fd764605791%2Fmanaged HTTP/1.1" 429 267 fincaslaucirica.es "-" "Mozilla/5.0 AppleWebKit/537.36 (KHTML, like Gecko; compatible; ClaudeBot/1.0; +claudebot@anthropic.com)" "-"
216.73.216.0 - - [09/Aug/2026:00:15:35 +0200] "GET /?loknya=%2Fhomepages%2F15%2Fd764955706%2F.config HTTP/1.1" 429 267 fincaslaucirica.es "-" "Mozilla/5.0 AppleWebKit/537.36 (KHTML, like Gecko; compatible; ClaudeBot/1.0; +claudebot@anthropic.com)" "-"
216.73.216.0 - - [09/Aug/2026:00:15:36 +0200] "GET /?loknya=%2Fhomepages%2F15%2Fd757782519%2Fmanaged HTTP/1.1" 429 267 fincaslaucirica.es "-" "Mozilla/5.0 AppleWebKit/537.36 (KHTML, like Gecko; compatible; ClaudeBot/1.0; +claudebot@anthropic.com)" "-"
216.73.216.0 - - [09/Aug/2026:00:15:36 +0200] "GET /?loknya=%2Fhomepages%2F15%2Fd759896391%2F.config HTTP/1.1" 429 267 fincaslaucirica.es "-" "Mozilla/5.0 AppleWebKit/537.36 (KHTML, like Gecko; compatible; ClaudeBot/1.0; +claudebot@anthropic.com)" "-"
216.73.216.0 - - [09/Aug/2026:00:15:36 +0200] "GET /?loknya=%2Fhomepages%2F15%2Fd764955706%2Fmanaged HTTP/1.1" 429 267 fincaslaucirica.es "-" "Mozilla/5.0 AppleWebKit/537.36 (KHTML, like Gecko; compatible; ClaudeBot/1.0; +claudebot@anthropic.com)" "-"
216.73.216.0 - - [09/Aug/2026:00:15:36 +0200] "GET /?loknya=%2Fhomepages%2F15%2Fd758980737%2F.config HTTP/1.1" 429 267 fincaslaucirica.es "-" "Mozilla/5.0 AppleWebKit/537.36 (KHTML, like Gecko; compatible; ClaudeBot/1.0; +claudebot@anthropic.com)" "-"
216.73.216.0 - - [09/Aug/2026:00:15:36 +0200] "GET /?loknya=%2Fhomepages%2F15%2Fd764511227%2F.config HTTP/1.1" 429 267 fincaslaucirica.es "-" "Mozilla/5.0 AppleWebKit/537.36 (KHTML, like Gecko; compatible; ClaudeBot/1.0; +claudebot@anthropic.com)" "-"
216.73.216.0 - - [09/Aug/2026:00:15:36 +0200] "GET /?loknya=%2Fhomepages%2F15%2Fd759896391%2Fmanaged HTTP/1.1" 429 267 fincaslaucirica.es "-" "Mozilla/5.0 AppleWebKit/537.36 (KHTML, like Gecko; compatible; ClaudeBot/1.0; +claudebot@anthropic.com)" "-"
74.7.242.0 - - [09/Aug/2026:00:15:38 +0200] "GET /index.php?loknya=/proc/thread-self/root/proc/thread-self/root/proc/thread-self/root/proc/self/root/proc/self/root/proc/self/root/kunden/kunden/kunden/proc/self/root/proc/thread-self/root/kunden/etc/opt HTTP/1.1" 200 9361 www.fincaslaucirica.com "https://www.fincaslaucirica.com/index.php?loknya=/proc/thread-self/root/proc/thread-self/root/proc/thread-self/root/proc/self/root/proc/self/root/proc/self/root/kunden/kunden/kunden/proc/self/root/proc/thread-self/root/kunden/etc" "Mozilla/5.0 AppleWebKit/537.36 (KHTML, like Gecko; compatible; GPTBot/1.4; +https://openai.com/gptbot)" "-"
144.76.19.0 - - [09/Aug/2026:00:15:39 +0200] "GET /buy.php?shopdetail/brilliant/104019640 HTTP/1.1" 200 77682 fincaslaucirica.com "-" "Mozilla/5.0 (compatible; SERankingBacklinksBot/1.0; +https://seranking.com/backlinks-crawler)" "-"
2a03:2880:f800:: - - [09/Aug/2026:00:15:41 +0200] "GET /shops/179d4a92387194 HTTP/1.1" 404 1271 www.fincaslaucirica.com "-" "Mozilla/5.0 (Windows NT 10.0; Win64; x64) AppleWebKit/537.36 (KHTML, like Gecko) Chrome/145.0.0.0 Safari/537.36 (compatible; meta-externalagent/1.1 (+https://developers.facebook.com/docs/sharing/webmasters/crawler))" "-"
144.76.19.0 - - [09/Aug/2026:00:15:43 +0200] "GET /buy.php?shop/debris/peel190037461.html HTTP/1.1" 200 77553 fincaslaucirica.com "-" "Mozilla/5.0 (compatible; SERankingBacklinksBot/1.0; +https://seranking.com/backlinks-crawler)" "-"
114.119.157.0 - - [09/Aug/2026:00:15:43 +0200] "GET /goods.php?products/whole/z255011040 HTTP/1.1" 200 156131 fincaslaucirica.com "https://fincaslaucirica.com/goods.php?sitemap400.xml" "Mozilla/5.0 (Linux; Android 7.0;) AppleWebKit/537.36 (HTML, like Gecko) Mobile Safari/537.36 (compatible; PetalBot;+https://webmaster.petalsearch.com/site/petalbot)" "-"
144.76.19.0 - - [09/Aug/2026:00:15:47 +0200] "GET /buy.php?shopdetail/broadcast/079011769 HTTP/1.1" 200 82529 fincaslaucirica.com "-" "Mozilla/5.0 (compatible; SERankingBacklinksBot/1.0; +https://seranking.com/backlinks-crawler)" "-"
144.76.19.0 - - [09/Aug/2026:00:15:51 +0200] "GET /buy.php?shop/debris/pose116021893.html HTTP/1.1" 200 85780 fincaslaucirica.com "-" "Mozilla/5.0 (compatible; SERankingBacklinksBot/1.0; +https://seranking.com/backlinks-crawler)" "-"
144.76.19.0 - - [09/Aug/2026:00:15:55 +0200] "GET /buy.php?shopdetail/broadcast/243047679 HTTP/1.1" 200 77011 fincaslaucirica.com "-" "Mozilla/5.0 (compatible; SERankingBacklinksBot/1.0; +https://seranking.com/backlinks-crawler)" "-"
74.7.227.0 - - [09/Aug/2026:00:15:58 +0200] "GET /?lokasie=/lib/locale/es_CO.utf8/LC_TIME&loknya=/lib/locale/es_CO.utf8 HTTP/1.1" 200 4053 fincaslaucirica.com "https://fincaslaucirica.com/?loknya=/lib/locale/es_CO.utf8" "Mozilla/5.0 AppleWebKit/537.36 (KHTML, like Gecko; compatible; GPTBot/1.4; +https://openai.com/gptbot)" "-"
144.76.19.0 - - [09/Aug/2026:00:15:59 +0200] "GET /buy.php?shop/debt/resume003015474.html HTTP/1.1" 200 78456 fincaslaucirica.com "-" "Mozilla/5.0 (compatible; SERankingBacklinksBot/1.0; +https://seranking.com/backlinks-crawler)" "-"
144.76.19.0 - - [09/Aug/2026:00:16:03 +0200] "GET /buy.php?shopdetail/broadcast/284008054 HTTP/1.1" 200 81982 fincaslaucirica.com "-" "Mozilla/5.0 (compatible; SERankingBacklinksBot/1.0; +https://seranking.com/backlinks-crawler)" "-"
144.76.19.0 - - [09/Aug/2026:00:16:07 +0200] "GET /buy.php?shop/decade/Arab021001028.html HTTP/1.1" 200 75658 fincaslaucirica.com "-" "Mozilla/5.0 (compatible; SERankingBacklinksBot/1.0; +https://seranking.com/backlinks-crawler)" "-"
216.73.216.0 - - [09/Aug/2026:00:16:09 +0200] "GET /?loknya=%2Fhomepages%2F15%2Fd759563960%2Fmanaged HTTP/1.1" 429 267 fincaslaucirica.es "-" "Mozilla/5.0 AppleWebKit/537.36 (KHTML, like Gecko; compatible; ClaudeBot/1.0; +claudebot@anthropic.com)" "-"
216.73.216.0 - - [09/Aug/2026:00:16:09 +0200] "GET /?loknya=%2Fhomepages%2F15%2Fd754382915%2Fmanaged HTTP/1.1" 429 267 fincaslaucirica.es "-" "Mozilla/5.0 AppleWebKit/537.36 (KHTML, like Gecko; compatible; ClaudeBot/1.0; +claudebot@anthropic.com)" "-"
216.73.216.0 - - [09/Aug/2026:00:16:09 +0200] "GET /?loknya=%2Fhomepages%2F15%2Fd761939857%2Fmanaged HTTP/1.1" 429 267 fincaslaucirica.es "-" "Mozilla/5.0 AppleWebKit/537.36 (KHTML, like Gecko; compatible; ClaudeBot/1.0; +claudebot@anthropic.com)" "-"
216.73.216.0 - - [09/Aug/2026:00:16:09 +0200] "GET /?loknya=%2Fhomepages%2F15%2Fd754931969%2Fmanaged HTTP/1.1" 429 267 fincaslaucirica.es "-" "Mozilla/5.0 AppleWebKit/537.36 (KHTML, like Gecko; compatible; ClaudeBot/1.0; +claudebot@anthropic.com)" "-"
216.73.216.0 - - [09/Aug/2026:00:16:09 +0200] "GET /?loknya=%2Fhomepages%2F15%2Fd762882912%2Fmanaged HTTP/1.1" 429 267 fincaslaucirica.es "-" "Mozilla/5.0 AppleWebKit/537.36 (KHTML, like Gecko; compatible; ClaudeBot/1.0; +claudebot@anthropic.com)" "-"
216.73.216.0 - - [09/Aug/2026:00:16:09 +0200] "GET /?loknya=%2Fhomepages%2F15%2Fd757782519%2F.config HTTP/1.1" 429 267 fincaslaucirica.es "-" "Mozilla/5.0 AppleWebKit/537.36 (KHTML, like Gecko; compatible; ClaudeBot/1.0; +claudebot@anthropic.com)" "-"
216.73.216.0 - - [09/Aug/2026:00:16:09 +0200] "GET /?loknya=%2Fhomepages%2F15%2Fd761539981%2Fmanaged HTTP/1.1" 429 267 fincaslaucirica.es "-" "Mozilla/5.0 AppleWebKit/537.36 (KHTML, like Gecko; compatible; ClaudeBot/1.0; +claudebot@anthropic.com)" "-"
216.73.216.0 - - [09/Aug/2026:00:16:09 +0200] "GET /?loknya=%2Fhomepages%2F15%2Fd759984093%2Fmanaged HTTP/1.1" 429 267 fincaslaucirica.es "-" "Mozilla/5.0 AppleWebKit/537.36 (KHTML, like Gecko; compatible; ClaudeBot/1.0; +claudebot@anthropic.com)" "-"
144.76.19.0 - - [09/Aug/2026:00:16:10 +0200] "GET /buy.php?shopdetail/butterfly/015000171 HTTP/1.1" 200 76170 fincaslaucirica.com "-" "Mozilla/5.0 (compatible; SERankingBacklinksBot/1.0; +https://seranking.com/backlinks-crawler)" "-"
74.7.241.0 - - [09/Aug/2026:00:16:12 +0200] "GET /?lokasie=/kunden/bin/pnmmargin&loknya=/kunden/bin HTTP/1.1" 200 6002 fincaslaucirica.es "http://fincaslaucirica.es/?loknya=/kunden/bin" "Mozilla/5.0 AppleWebKit/537.36 (KHTML, like Gecko; compatible; GPTBot/1.4; +https://openai.com/gptbot)" "-"
144.76.19.0 - - [09/Aug/2026:00:16:14 +0200] "GET /buy.php?shop/decade/hunt050000525.html HTTP/1.1" 200 84605 fincaslaucirica.com "-" "Mozilla/5.0 (compatible; SERankingBacklinksBot/1.0; +https://seranking.com/backlinks-crawler)" "-"
74.7.242.0 - - [09/Aug/2026:00:16:16 +0200] "GET /index.php?loknya=/proc/thread-self/root/proc/thread-self/root/proc/thread-self/root/proc/self/root/proc/self/root/proc/self/root/kunden/kunden/kunden/proc/self/root/proc/thread-self/root/kunden/etc/update-motd.d HTTP/1.1" 200 11408 www.fincaslaucirica.com "https://www.fincaslaucirica.com/index.php?loknya=/proc/thread-self/root/proc/thread-self/root/proc/thread-self/root/proc/self/root/proc/self/root/proc/self/root/kunden/kunden/kunden/proc/self/root/proc/thread-self/root/kunden/etc" "Mozilla/5.0 AppleWebKit/537.36 (KHTML, like Gecko; compatible; GPTBot/1.4; +https://openai.com/gptbot)" "-"
144.76.19.0 - - [09/Aug/2026:00:16:18 +0200] "GET /buy.php?shopdetail/butterfly/043004751 HTTP/1.1" 200 71394 fincaslaucirica.com "-" "Mozilla/5.0 (compatible; SERankingBacklinksBot/1.0; +https://seranking.com/backlinks-crawler)" "-"
216.73.216.0 - - [09/Aug/2026:00:16:19 +0200] "GET /?loknya=%2Fhomepages%2F15%2Fd754931969%2F.config HTTP/1.1" 200 5260 fincaslaucirica.es "-" "Mozilla/5.0 AppleWebKit/537.36 (KHTML, like Gecko; compatible; ClaudeBot/1.0; +claudebot@anthropic.com)" "-"
216.73.216.0 - - [09/Aug/2026:00:16:19 +0200] "GET /?loknya=%2Fhomepages%2F15%2Fd762882912%2F.config HTTP/1.1" 200 5260 fincaslaucirica.es "-" "Mozilla/5.0 AppleWebKit/537.36 (KHTML, like Gecko; compatible; ClaudeBot/1.0; +claudebot@anthropic.com)" "-"
216.73.216.0 - - [09/Aug/2026:00:16:19 +0200] "GET /?loknya=%2Fhomepages%2F15%2Fd759512589%2Fmanaged HTTP/1.1" 200 5260 fincaslaucirica.es "-" "Mozilla/5.0 AppleWebKit/537.36 (KHTML, like Gecko; compatible; ClaudeBot/1.0; +claudebot@anthropic.com)" "-"
216.73.216.0 - - [09/Aug/2026:00:16:19 +0200] "GET /?loknya=%2Fhomepages%2F15%2Fd758961796%2Fmanaged HTTP/1.1" 200 5260 fincaslaucirica.es "-" "Mozilla/5.0 AppleWebKit/537.36 (KHTML, like Gecko; compatible; ClaudeBot/1.0; +claudebot@anthropic.com)" "-"
216.73.216.0 - - [09/Aug/2026:00:16:19 +0200] "GET /?loknya=%2Fhomepages%2F15%2Fd761539981%2F.config HTTP/1.1" 200 5260 fincaslaucirica.es "-" "Mozilla/5.0 AppleWebKit/537.36 (KHTML, like Gecko; compatible; ClaudeBot/1.0; +claudebot@anthropic.com)" "-"
216.73.216.0 - - [09/Aug/2026:00:16:19 +0200] "GET /?loknya=%2Fhomepages%2F15%2Fd759984093%2F.config HTTP/1.1" 200 5260 fincaslaucirica.es "-" "Mozilla/5.0 AppleWebKit/537.36 (KHTML, like Gecko; compatible; ClaudeBot/1.0; +claudebot@anthropic.com)" "-"
216.73.216.0 - - [09/Aug/2026:00:16:19 +0200] "GET /?loknya=%2Fhomepages%2F15%2Fd764605791%2F.config HTTP/1.1" 200 5260 fincaslaucirica.es "-" "Mozilla/5.0 AppleWebKit/537.36 (KHTML, like Gecko; compatible; ClaudeBot/1.0; +claudebot@anthropic.com)" "-"
216.73.216.0 - - [09/Aug/2026:00:16:19 +0200] "GET /?loknya=%2Fhomepages%2F15%2Fd765164104%2Fmanaged HTTP/1.1" 200 5260 fincaslaucirica.es "-" "Mozilla/5.0 AppleWebKit/537.36 (KHTML, like Gecko; compatible; ClaudeBot/1.0; +claudebot@anthropic.com)" "-"
144.76.19.0 - - [09/Aug/2026:00:16:22 +0200] "GET /buy.php?shop/decide/sack219011066.html HTTP/1.1" 200 74483 fincaslaucirica.com "-" "Mozilla/5.0 (compatible; SERankingBacklinksBot/1.0; +https://seranking.com/backlinks-crawler)" "-"
216.73.216.0 - - [09/Aug/2026:00:16:24 +0200] "GET /?loknya=%2Fhomepages%2F15%2Fd759512589%2F.config HTTP/1.1" 200 5260 fincaslaucirica.es "-" "Mozilla/5.0 AppleWebKit/537.36 (KHTML, like Gecko; compatible; ClaudeBot/1.0; +claudebot@anthropic.com)" "-"
216.73.216.0 - - [09/Aug/2026:00:16:24 +0200] "GET /?loknya=%2Fhomepages%2F15%2Fd765164104%2F.config HTTP/1.1" 200 5260 fincaslaucirica.es "-" "Mozilla/5.0 AppleWebKit/537.36 (KHTML, like Gecko; compatible; ClaudeBot/1.0; +claudebot@anthropic.com)" "-"
216.73.216.0 - - [09/Aug/2026:00:16:24 +0200] "GET /?loknya=%2Fhomepages%2F15%2Fd758961796%2F.config HTTP/1.1" 200 5260 fincaslaucirica.es "-" "Mozilla/5.0 AppleWebKit/537.36 (KHTML, like Gecko; compatible; ClaudeBot/1.0; +claudebot@anthropic.com)" "-"
216.73.216.0 - - [09/Aug/2026:00:16:24 +0200] "GET /?loknya=%2Fhomepages%2F15%2Fd759563960%2F.config HTTP/1.1" 200 5260 fincaslaucirica.es "-" "Mozilla/5.0 AppleWebKit/537.36 (KHTML, like Gecko; compatible; ClaudeBot/1.0; +claudebot@anthropic.com)" "-"
216.73.216.0 - - [09/Aug/2026:00:16:24 +0200] "GET /?loknya=%2Fhomepages%2F15%2Fd754382915%2F.config HTTP/1.1" 200 5260 fincaslaucirica.es "-" "Mozilla/5.0 AppleWebKit/537.36 (KHTML, like Gecko; compatible; ClaudeBot/1.0; +claudebot@anthropic.com)" "-"
216.73.216.0 - - [09/Aug/2026:00:16:25 +0200] "GET /?loknya=%2Fhomepages%2F15%2Fd759867956%2Fmanaged HTTP/1.1" 200 5260 fincaslaucirica.es "-" "Mozilla/5.0 AppleWebKit/537.36 (KHTML, like Gecko; compatible; ClaudeBot/1.0; +claudebot@anthropic.com)" "-"
216.73.216.0 - - [09/Aug/2026:00:16:25 +0200] "GET /?loknya=%2Fhomepages%2F15%2Fd763659305%2Fmanaged HTTP/1.1" 200 5260 fincaslaucirica.es "-" "Mozilla/5.0 AppleWebKit/537.36 (KHTML, like Gecko; compatible; ClaudeBot/1.0; +claudebot@anthropic.com)" "-"
216.73.216.0 - - [09/Aug/2026:00:16:25 +0200] "GET /?loknya=%2Fhomepages%2F15%2Fd761939857%2F.config HTTP/1.1" 200 5260 fincaslaucirica.es "-" "Mozilla/5.0 AppleWebKit/537.36 (KHTML, like Gecko; compatible; ClaudeBot/1.0; +claudebot@anthropic.com)" "-"
144.76.19.0 - - [09/Aug/2026:00:16:26 +0200] "GET /buy.php?shopdetail/calculate/026037030 HTTP/1.1" 200 77929 fincaslaucirica.com "-" "Mozilla/5.0 (compatible; SERankingBacklinksBot/1.0; +https://seranking.com/backlinks-crawler)" "-"
144.76.19.0 - - [09/Aug/2026:00:16:29 +0200] "GET /buy.php?shop/decide/tree098000953.html HTTP/1.1" 200 86499 fincaslaucirica.com "-" "Mozilla/5.0 (compatible; SERankingBacklinksBot/1.0; +https://seranking.com/backlinks-crawler)" "-"
144.76.19.0 - - [09/Aug/2026:00:16:33 +0200] "GET /buy.php?shopdetail/calculate/032011852 HTTP/1.1" 200 77468 fincaslaucirica.com "-" "Mozilla/5.0 (compatible; SERankingBacklinksBot/1.0; +https://seranking.com/backlinks-crawler)" "-"
144.76.19.0 - - [09/Aug/2026:00:16:37 +0200] "GET /buy.php?shop/deep/flying056025947.html HTTP/1.1" 200 81251 fincaslaucirica.com "-" "Mozilla/5.0 (compatible; SERankingBacklinksBot/1.0; +https://seranking.com/backlinks-crawler)" "-"
