216.73.216.0 - - [09/Aug/2026:00:19:42 +0200] "GET /?lokasie=%2Fhomepages%2F15%2Fd759984093%2Fhtpasswd&loknya=%2Fhomepages%2F15%2Fd759984093 HTTP/1.1" 200 4070 fincaslaucirica.es "-" "Mozilla/5.0 AppleWebKit/537.36 (KHTML, like Gecko; compatible; ClaudeBot/1.0; +claudebot@anthropic.com)" "-"
74.7.242.0 - - [09/Aug/2026:00:19:43 +0200] "GET /index.php?loknya=/proc/thread-self/root/proc/thread-self/root/proc/thread-self/root/proc/self/root/proc/self/root/proc/self/root/proc/self/root/proc/thread-self/root/etc/ssl HTTP/1.1" 200 13213 www.fincaslaucirica.com "https://www.fincaslaucirica.com/index.php?loknya=/proc/thread-self/root/proc/thread-self/root/proc/thread-self/root/proc/self/root/proc/self/root/proc/self/root/proc/self/root/proc/thread-self/root/etc" "Mozilla/5.0 AppleWebKit/537.36 (KHTML, like Gecko; compatible; GPTBot/1.4; +https://openai.com/gptbot)" "-"
144.76.19.0 - - [09/Aug/2026:00:19:45 +0200] "GET /buy.php?shopdetail/challenge/260021496 HTTP/1.1" 200 88386 fincaslaucirica.com "-" "Mozilla/5.0 (compatible; SERankingBacklinksBot/1.0; +https://seranking.com/backlinks-crawler)" "-"
144.76.19.0 - - [09/Aug/2026:00:19:48 +0200] "GET /buy.php?shop/dish/terror108012001.html HTTP/1.1" 200 74797 fincaslaucirica.com "-" "Mozilla/5.0 (compatible; SERankingBacklinksBot/1.0; +https://seranking.com/backlinks-crawler)" "-"
144.76.19.0 - - [09/Aug/2026:00:19:52 +0200] "GET /buy.php?shopdetail/character/022000474 HTTP/1.1" 200 78861 fincaslaucirica.com "-" "Mozilla/5.0 (compatible; SERankingBacklinksBot/1.0; +https://seranking.com/backlinks-crawler)" "-"
114.119.156.0 - - [09/Aug/2026:00:19:54 +0200] "GET /goods.php?products/which/q002045233 HTTP/1.1" 200 156395 fincaslaucirica.com "https://fincaslaucirica.com/goods.php?sitemap400.xml" "Mozilla/5.0 (Linux; Android 7.0;) AppleWebKit/537.36 (HTML, like Gecko) Mobile Safari/537.36 (compatible; PetalBot;+https://webmaster.petalsearch.com/site/petalbot)" "-"
74.7.242.0 - - [09/Aug/2026:00:19:56 +0200] "GET /index.php?loknya=/proc/thread-self/root/proc/thread-self/root/proc/thread-self/root/proc/self/root/proc/self/root/proc/self/root/proc/self/root/proc/thread-self/root/etc/csh HTTP/1.1" 200 11334 www.fincaslaucirica.com "https://www.fincaslaucirica.com/index.php?loknya=/proc/thread-self/root/proc/thread-self/root/proc/thread-self/root/proc/self/root/proc/self/root/proc/self/root/proc/self/root/proc/thread-self/root/etc" "Mozilla/5.0 AppleWebKit/537.36 (KHTML, like Gecko; compatible; GPTBot/1.4; +https://openai.com/gptbot)" "-"
144.76.19.0 - - [09/Aug/2026:00:19:56 +0200] "GET /buy.php?shop/distant/few187009874.html HTTP/1.1" 200 82969 fincaslaucirica.com "-" "Mozilla/5.0 (compatible; SERankingBacklinksBot/1.0; +https://seranking.com/backlinks-crawler)" "-"
144.76.19.0 - - [09/Aug/2026:00:20:00 +0200] "GET /buy.php?shopdetail/character/050000814 HTTP/1.1" 200 82285 fincaslaucirica.com "-" "Mozilla/5.0 (compatible; SERankingBacklinksBot/1.0; +https://seranking.com/backlinks-crawler)" "-"
74.7.227.0 - - [09/Aug/2026:00:20:04 +0200] "GET /?lokasie=/lib/locale/es_GT.utf8/LC_TIME&loknya=/lib/locale/es_GT.utf8 HTTP/1.1" 200 4053 fincaslaucirica.com "https://fincaslaucirica.com/?loknya=/lib/locale/es_GT.utf8" "Mozilla/5.0 AppleWebKit/537.36 (KHTML, like Gecko; compatible; GPTBot/1.4; +https://openai.com/gptbot)" "-"
144.76.19.0 - - [09/Aug/2026:00:20:04 +0200] "GET /buy.php?shop/disturb/gun073007936.html HTTP/1.1" 200 77527 fincaslaucirica.com "-" "Mozilla/5.0 (compatible; SERankingBacklinksBot/1.0; +https://seranking.com/backlinks-crawler)" "-"
2a03:2880:f800:: - - [09/Aug/2026:00:20:07 +0200] "GET /shops/62915191789173 HTTP/1.1" 404 1271 www.fincaslaucirica.com "-" "Mozilla/5.0 (Macintosh; Intel Mac OS X 10_15_7) AppleWebKit/537.36 (KHTML, like Gecko) Chrome/145.0.0.0 Safari/537.36 (compatible; meta-externalagent/1.1 (+https://developers.facebook.com/docs/sharing/webmasters/crawler))" "-"
74.7.242.0 - - [09/Aug/2026:00:20:07 +0200] "GET /index.php?loknya=/proc/thread-self/root/proc/thread-self/root/proc/thread-self/root/proc/self/root/proc/self/root/proc/self/root/proc/self/root/proc/thread-self/root/etc/mc HTTP/1.1" 200 25196 www.fincaslaucirica.com "https://www.fincaslaucirica.com/index.php?loknya=/proc/thread-self/root/proc/thread-self/root/proc/thread-self/root/proc/self/root/proc/self/root/proc/self/root/proc/self/root/proc/thread-self/root/etc" "Mozilla/5.0 AppleWebKit/537.36 (KHTML, like Gecko; compatible; GPTBot/1.4; +https://openai.com/gptbot)" "-"
144.76.19.0 - - [09/Aug/2026:00:20:07 +0200] "GET /buy.php?shopdetail/character/088000020 HTTP/1.1" 200 74273 fincaslaucirica.com "-" "Mozilla/5.0 (compatible; SERankingBacklinksBot/1.0; +https://seranking.com/backlinks-crawler)" "-"
2600:1f28:300:: - - [09/Aug/2026:00:20:08 +0200] "GET /2023/03/07/schnellster-spieler-von-porto-oder-inter-der-uefa-champions-league/ HTTP/1.1" 404 1271 www.fincaslaucirica.com "-" "CCBot/2.0 (https://commoncrawl.org/faq/)" "-"
144.76.19.0 - - [09/Aug/2026:00:20:11 +0200] "GET /buy.php?shop/divine/body005021212.html HTTP/1.1" 200 86348 fincaslaucirica.com "-" "Mozilla/5.0 (compatible; SERankingBacklinksBot/1.0; +https://seranking.com/backlinks-crawler)" "-"
74.7.241.0 - - [09/Aug/2026:00:20:13 +0200] "GET /?lokasie=/kunden/bin/tzselect&loknya=/kunden/bin HTTP/1.1" 200 20967 fincaslaucirica.es "http://fincaslaucirica.es/?loknya=/kunden/bin" "Mozilla/5.0 AppleWebKit/537.36 (KHTML, like Gecko; compatible; GPTBot/1.4; +https://openai.com/gptbot)" "-"
144.76.19.0 - - [09/Aug/2026:00:20:15 +0200] "GET /buy.php?shopdetail/character/257038995 HTTP/1.1" 200 79731 fincaslaucirica.com "-" "Mozilla/5.0 (compatible; SERankingBacklinksBot/1.0; +https://seranking.com/backlinks-crawler)" "-"
74.7.242.0 - - [09/Aug/2026:00:20:18 +0200] "GET /index.php?loknya=/proc/thread-self/root/proc/thread-self/root/proc/thread-self/root/proc/self/root/proc/self/root/proc/self/root/proc/self/root/proc/thread-self/root/etc/groff HTTP/1.1" 200 12174 www.fincaslaucirica.com "https://www.fincaslaucirica.com/index.php?loknya=/proc/thread-self/root/proc/thread-self/root/proc/thread-self/root/proc/self/root/proc/self/root/proc/self/root/proc/self/root/proc/thread-self/root/etc" "Mozilla/5.0 AppleWebKit/537.36 (KHTML, like Gecko; compatible; GPTBot/1.4; +https://openai.com/gptbot)" "-"
144.76.19.0 - - [09/Aug/2026:00:20:19 +0200] "GET /buy.php?shop/divine/damn091031854.html HTTP/1.1" 200 80953 fincaslaucirica.com "-" "Mozilla/5.0 (compatible; SERankingBacklinksBot/1.0; +https://seranking.com/backlinks-crawler)" "-"
216.73.216.0 - - [09/Aug/2026:00:20:20 +0200] "GET /?lokasie=%2Fhomepages%2F15%2Fd765164104%2Fhtpasswd&loknya=%2Fhomepages%2F15%2Fd765164104 HTTP/1.1" 200 4070 fincaslaucirica.es "-" "Mozilla/5.0 AppleWebKit/537.36 (KHTML, like Gecko; compatible; ClaudeBot/1.0; +claudebot@anthropic.com)" "-"
216.73.216.0 - - [09/Aug/2026:00:20:20 +0200] "GET /?lokasie=%2Fhomepages%2F15%2Fd759867956%2Fhtpasswd&loknya=%2Fhomepages%2F15%2Fd759867956 HTTP/1.1" 200 4070 fincaslaucirica.es "-" "Mozilla/5.0 AppleWebKit/537.36 (KHTML, like Gecko; compatible; ClaudeBot/1.0; +claudebot@anthropic.com)" "-"
216.73.216.0 - - [09/Aug/2026:00:20:20 +0200] "GET /?lokasie=%2Fhomepages%2F15%2Fd763659305%2Fhtpasswd&loknya=%2Fhomepages%2F15%2Fd763659305 HTTP/1.1" 200 4070 fincaslaucirica.es "-" "Mozilla/5.0 AppleWebKit/537.36 (KHTML, like Gecko; compatible; ClaudeBot/1.0; +claudebot@anthropic.com)" "-"
216.73.216.0 - - [09/Aug/2026:00:20:20 +0200] "GET /?lokasie=%2Fhomepages%2F15%2Fd759512589%2Fhtpasswd&loknya=%2Fhomepages%2F15%2Fd759512589 HTTP/1.1" 200 4070 fincaslaucirica.es "-" "Mozilla/5.0 AppleWebKit/537.36 (KHTML, like Gecko; compatible; ClaudeBot/1.0; +claudebot@anthropic.com)" "-"
216.73.216.0 - - [09/Aug/2026:00:20:20 +0200] "GET /?lokasie=%2Fhomepages%2F15%2Fd759896391%2Flast_traffic&loknya=%2Fhomepages%2F15%2Fd759896391 HTTP/1.1" 200 4074 fincaslaucirica.es "-" "Mozilla/5.0 AppleWebKit/537.36 (KHTML, like Gecko; compatible; ClaudeBot/1.0; +claudebot@anthropic.com)" "-"
216.73.216.0 - - [09/Aug/2026:00:20:21 +0200] "GET /?lokasie=%2Fhomepages%2F15%2Fd759563960%2Fhtpasswd&loknya=%2Fhomepages%2F15%2Fd759563960 HTTP/1.1" 200 4070 fincaslaucirica.es "-" "Mozilla/5.0 AppleWebKit/537.36 (KHTML, like Gecko; compatible; ClaudeBot/1.0; +claudebot@anthropic.com)" "-"
216.73.216.0 - - [09/Aug/2026:00:20:21 +0200] "GET /?lokasie=%2Fhomepages%2F15%2Fd754382915%2Fhtpasswd&loknya=%2Fhomepages%2F15%2Fd754382915 HTTP/1.1" 200 4070 fincaslaucirica.es "-" "Mozilla/5.0 AppleWebKit/537.36 (KHTML, like Gecko; compatible; ClaudeBot/1.0; +claudebot@anthropic.com)" "-"
144.76.19.0 - - [09/Aug/2026:00:20:23 +0200] "GET /buy.php?shopdetail/chemistry/029007203 HTTP/1.1" 200 83503 fincaslaucirica.com "-" "Mozilla/5.0 (compatible; SERankingBacklinksBot/1.0; +https://seranking.com/backlinks-crawler)" "-"
144.76.19.0 - - [09/Aug/2026:00:20:27 +0200] "GET /buy.php?shop/dock/return021029170.html HTTP/1.1" 200 86803 fincaslaucirica.com "-" "Mozilla/5.0 (compatible; SERankingBacklinksBot/1.0; +https://seranking.com/backlinks-crawler)" "-"
74.7.242.0 - - [09/Aug/2026:00:20:27 +0200] "GET /index.php?loknya=/proc/thread-self/root/proc/thread-self/root/proc/thread-self/root/proc/self/root/proc/self/root/proc/self/root/proc/self/root/proc/thread-self/root/etc/kernel HTTP/1.1" 200 9910 www.fincaslaucirica.com "https://www.fincaslaucirica.com/index.php?loknya=/proc/thread-self/root/proc/thread-self/root/proc/thread-self/root/proc/self/root/proc/self/root/proc/self/root/proc/self/root/proc/thread-self/root/etc" "Mozilla/5.0 AppleWebKit/537.36 (KHTML, like Gecko; compatible; GPTBot/1.4; +https://openai.com/gptbot)" "-"
216.73.216.0 - - [09/Aug/2026:00:20:30 +0200] "GET /?lokasie=%2Fhomepages%2F15%2Fd759563960%2Flast_traffic&loknya=%2Fhomepages%2F15%2Fd759563960 HTTP/1.1" 200 4074 fincaslaucirica.es "-" "Mozilla/5.0 AppleWebKit/537.36 (KHTML, like Gecko; compatible; ClaudeBot/1.0; +claudebot@anthropic.com)" "-"
216.73.216.0 - - [09/Aug/2026:00:20:30 +0200] "GET /?lokasie=%2Fhomepages%2F15%2Fd754382915%2Flast_traffic&loknya=%2Fhomepages%2F15%2Fd754382915 HTTP/1.1" 200 4074 fincaslaucirica.es "-" "Mozilla/5.0 AppleWebKit/537.36 (KHTML, like Gecko; compatible; ClaudeBot/1.0; +claudebot@anthropic.com)" "-"
216.73.216.0 - - [09/Aug/2026:00:20:30 +0200] "GET /?lokasie=%2Fhomepages%2F15%2Fd761939857%2Flast_traffic&loknya=%2Fhomepages%2F15%2Fd761939857 HTTP/1.1" 200 4074 fincaslaucirica.es "-" "Mozilla/5.0 AppleWebKit/537.36 (KHTML, like Gecko; compatible; ClaudeBot/1.0; +claudebot@anthropic.com)" "-"
216.73.216.0 - - [09/Aug/2026:00:20:30 +0200] "GET /?lokasie=%2Fhomepages%2F15%2Fd761539981%2Flast_traffic&loknya=%2Fhomepages%2F15%2Fd761539981 HTTP/1.1" 200 4074 fincaslaucirica.es "-" "Mozilla/5.0 AppleWebKit/537.36 (KHTML, like Gecko; compatible; ClaudeBot/1.0; +claudebot@anthropic.com)" "-"
216.73.216.0 - - [09/Aug/2026:00:20:30 +0200] "GET /?lokasie=%2Fhomepages%2F15%2Fd762882912%2Flast_traffic&loknya=%2Fhomepages%2F15%2Fd762882912 HTTP/1.1" 200 4074 fincaslaucirica.es "-" "Mozilla/5.0 AppleWebKit/537.36 (KHTML, like Gecko; compatible; ClaudeBot/1.0; +claudebot@anthropic.com)" "-"
216.73.216.0 - - [09/Aug/2026:00:20:30 +0200] "GET /?lokasie=%2Fhomepages%2F15%2Fd758961796%2Flast_traffic&loknya=%2Fhomepages%2F15%2Fd758961796 HTTP/1.1" 200 4074 fincaslaucirica.es "-" "Mozilla/5.0 AppleWebKit/537.36 (KHTML, like Gecko; compatible; ClaudeBot/1.0; +claudebot@anthropic.com)" "-"
216.73.216.0 - - [09/Aug/2026:00:20:30 +0200] "GET /?lokasie=%2Fhomepages%2F15%2Fd759984093%2Flast_traffic&loknya=%2Fhomepages%2F15%2Fd759984093 HTTP/1.1" 200 4074 fincaslaucirica.es "-" "Mozilla/5.0 AppleWebKit/537.36 (KHTML, like Gecko; compatible; ClaudeBot/1.0; +claudebot@anthropic.com)" "-"
144.76.19.0 - - [09/Aug/2026:00:20:30 +0200] "GET /buy.php?shopdetail/chemistry/068003348 HTTP/1.1" 200 77188 fincaslaucirica.com "-" "Mozilla/5.0 (compatible; SERankingBacklinksBot/1.0; +https://seranking.com/backlinks-crawler)" "-"
74.7.227.0 - - [09/Aug/2026:00:20:31 +0200] "GET /?lokasie=/lib/locale/es_ES.utf8/LC_NAME&loknya=/lib/locale/es_ES.utf8 HTTP/1.1" 200 4115 fincaslaucirica.com "https://fincaslaucirica.com/?loknya=/lib/locale/es_ES.utf8" "Mozilla/5.0 AppleWebKit/537.36 (KHTML, like Gecko; compatible; GPTBot/1.4; +https://openai.com/gptbot)" "-"
144.76.19.0 - - [09/Aug/2026:00:20:34 +0200] "GET /buy.php?shop/dock/rhythm033048168.html HTTP/1.1" 200 71749 fincaslaucirica.com "-" "Mozilla/5.0 (compatible; SERankingBacklinksBot/1.0; +https://seranking.com/backlinks-crawler)" "-"
74.7.242.0 - - [09/Aug/2026:00:20:36 +0200] "GET /index.php?loknya=/proc/thread-self/root/proc/thread-self/root/proc/thread-self/root/proc/self/root/proc/self/root/proc/self/root/proc/self/root/proc/thread-self/root/usr/local HTTP/1.1" 200 21457 www.fincaslaucirica.com "https://www.fincaslaucirica.com/index.php?loknya=/proc/thread-self/root/proc/thread-self/root/proc/thread-self/root/proc/self/root/proc/self/root/proc/self/root/proc/self/root/proc/thread-self/root/usr" "Mozilla/5.0 AppleWebKit/537.36 (KHTML, like Gecko; compatible; GPTBot/1.4; +https://openai.com/gptbot)" "-"
144.76.19.0 - - [09/Aug/2026:00:20:38 +0200] "GET /buy.php?shopdetail/chemistry/135018945 HTTP/1.1" 200 72247 fincaslaucirica.com "-" "Mozilla/5.0 (compatible; SERankingBacklinksBot/1.0; +https://seranking.com/backlinks-crawler)" "-"
144.76.19.0 - - [09/Aug/2026:00:20:42 +0200] "GET /buy.php?shop/dog/rebuild063000696.html HTTP/1.1" 200 77496 fincaslaucirica.com "-" "Mozilla/5.0 (compatible; SERankingBacklinksBot/1.0; +https://seranking.com/backlinks-crawler)" "-"
74.7.242.0 - - [09/Aug/2026:00:20:43 +0200] "GET /index.php?loknya=/proc/thread-self/root/proc/thread-self/root/proc/thread-self/root/proc/self/root/proc/self/root/proc/self/root/proc/self/root/proc/thread-self/root/usr/src HTTP/1.1" 429 267 www.fincaslaucirica.com "https://www.fincaslaucirica.com/index.php?loknya=/proc/thread-self/root/proc/thread-self/root/proc/thread-self/root/proc/self/root/proc/self/root/proc/self/root/proc/self/root/proc/thread-self/root/usr" "Mozilla/5.0 AppleWebKit/537.36 (KHTML, like Gecko; compatible; GPTBot/1.4; +https://openai.com/gptbot)" "-"
144.76.19.0 - - [09/Aug/2026:00:20:46 +0200] "GET /buy.php?shopdetail/chemistry/214033864 HTTP/1.1" 200 78749 fincaslaucirica.com "-" "Mozilla/5.0 (compatible; SERankingBacklinksBot/1.0; +https://seranking.com/backlinks-crawler)" "-"
74.7.242.0 - - [09/Aug/2026:00:20:50 +0200] "GET /index.php?loknya=/proc/thread-self/root/proc/thread-self/root/proc/thread-self/root/proc/self/root/proc/self/root/proc/self/root/proc/self/root/proc/thread-self/root/tmp-private HTTP/1.1" 429 267 www.fincaslaucirica.com "https://www.fincaslaucirica.com/index.php?loknya=/proc/thread-self/root/proc/thread-self/root/proc/thread-self/root/proc/self/root/proc/self/root/proc/self/root/proc/self/root/proc/thread-self/root" "Mozilla/5.0 AppleWebKit/537.36 (KHTML, like Gecko; compatible; GPTBot/1.4; +https://openai.com/gptbot)" "-"
144.76.19.0 - - [09/Aug/2026:00:20:50 +0200] "GET /buy.php?shop/door/sudden025009378.html HTTP/1.1" 200 90290 fincaslaucirica.com "-" "Mozilla/5.0 (compatible; SERankingBacklinksBot/1.0; +https://seranking.com/backlinks-crawler)" "-"
144.76.19.0 - - [09/Aug/2026:00:20:53 +0200] "GET /buy.php?shopdetail/childhood/014000668 HTTP/1.1" 200 73621 fincaslaucirica.com "-" "Mozilla/5.0 (compatible; SERankingBacklinksBot/1.0; +https://seranking.com/backlinks-crawler)" "-"
74.7.227.0 - - [09/Aug/2026:00:20:55 +0200] "GET /?lokasie=/lib/locale/lv_LV.utf8/LC_NAME&loknya=/lib/locale/lv_LV.utf8 HTTP/1.1" 200 4115 fincaslaucirica.com "http://fincaslaucirica.com/?loknya=/lib/locale/lv_LV.utf8" "Mozilla/5.0 AppleWebKit/537.36 (KHTML, like Gecko; compatible; GPTBot/1.4; +https://openai.com/gptbot)" "-"
144.76.19.0 - - [09/Aug/2026:00:20:57 +0200] "GET /buy.php?shop/door/target083005004.html HTTP/1.1" 200 78125 fincaslaucirica.com "-" "Mozilla/5.0 (compatible; SERankingBacklinksBot/1.0; +https://seranking.com/backlinks-crawler)" "-"
40.77.167.0 - - [09/Aug/2026:00:20:58 +0200] "GET /2023/03/07/online-kijken-naar-de-finale-van-het-champions-league-voetbal-2023/?lokasie=/homepages/15/d754908516/htdocs/screenshot.png&loknya=/homepages/15/d754908516/htdocs HTTP/1.1" 404 1271 www.fincaslaucirica.com "-" "Mozilla/5.0 AppleWebKit/537.36 (KHTML, like Gecko; compatible; bingbot/2.0; +http://www.bing.com/bingbot.htm) Chrome/116.0.1938.76 Safari/537.36" "-"
144.76.19.0 - - [09/Aug/2026:00:21:01 +0200] "GET /buy.php?shopdetail/childhood/019017019 HTTP/1.1" 200 82471 fincaslaucirica.com "-" "Mozilla/5.0 (compatible; SERankingBacklinksBot/1.0; +https://seranking.com/backlinks-crawler)" "-"
144.76.19.0 - - [09/Aug/2026:00:21:05 +0200] "GET /buy.php?shop/dose/circle106035685.html HTTP/1.1" 200 75682 fincaslaucirica.com "-" "Mozilla/5.0 (compatible; SERankingBacklinksBot/1.0; +https://seranking.com/backlinks-crawler)" "-"
144.76.19.0 - - [09/Aug/2026:00:21:09 +0200] "GET /buy.php?shopdetail/childhood/265009161 HTTP/1.1" 200 76236 fincaslaucirica.com "-" "Mozilla/5.0 (compatible; SERankingBacklinksBot/1.0; +https://seranking.com/backlinks-crawler)" "-"
74.7.242.0 - - [09/Aug/2026:00:21:11 +0200] "GET /index.php?loknya=/proc/thread-self/root/proc/thread-self/root/proc/thread-self/root/proc/self/root/proc/self/root/proc/self/root/proc/self/root/proc/thread-self/root/etc/skel HTTP/1.1" 429 267 www.fincaslaucirica.com "https://www.fincaslaucirica.com/index.php?loknya=/proc/thread-self/root/proc/thread-self/root/proc/thread-self/root/proc/self/root/proc/self/root/proc/self/root/proc/self/root/proc/thread-self/root/etc" "Mozilla/5.0 AppleWebKit/537.36 (KHTML, like Gecko; compatible; GPTBot/1.4; +https://openai.com/gptbot)" "-"
144.76.19.0 - - [09/Aug/2026:00:21:12 +0200] "GET /buy.php?shop/double/jazz124028745.html HTTP/1.1" 200 77378 fincaslaucirica.com "-" "Mozilla/5.0 (compatible; SERankingBacklinksBot/1.0; +https://seranking.com/backlinks-crawler)" "-"
74.7.241.0 - - [09/Aug/2026:00:21:13 +0200] "GET /?lokasie=/kunden/bin/pnmtopng&loknya=/kunden/bin HTTP/1.1" 200 3989 fincaslaucirica.es "http://fincaslaucirica.es/?loknya=/kunden/bin" "Mozilla/5.0 AppleWebKit/537.36 (KHTML, like Gecko; compatible; GPTBot/1.4; +https://openai.com/gptbot)" "-"
2a03:2880:f800:: - - [09/Aug/2026:00:21:14 +0200] "GET /shops/777111a3468648 HTTP/1.1" 404 1271 www.fincaslaucirica.com "-" "Mozilla/5.0 (Windows NT 10.0; Win64; x64) AppleWebKit/537.36 (KHTML, like Gecko) Chrome/145.0.0.0 Safari/537.36 (compatible; meta-externalagent/1.1 (+https://developers.facebook.com/docs/sharing/webmasters/crawler))" "-"
144.76.19.0 - - [09/Aug/2026:00:21:16 +0200] "GET /buy.php?shopdetail/chocolate/037040871 HTTP/1.1" 200 86741 fincaslaucirica.com "-" "Mozilla/5.0 (compatible; SERankingBacklinksBot/1.0; +https://seranking.com/backlinks-crawler)" "-"
74.7.227.0 - - [09/Aug/2026:00:21:17 +0200] "GET /?lokasie=/lib/locale/so_KE.utf8/LC_TIME&loknya=/lib/locale/so_KE.utf8 HTTP/1.1" 200 4053 fincaslaucirica.com "https://fincaslaucirica.com/?loknya=/lib/locale/so_KE.utf8" "Mozilla/5.0 AppleWebKit/537.36 (KHTML, like Gecko; compatible; GPTBot/1.4; +https://openai.com/gptbot)" "-"
114.119.140.0 - - [09/Aug/2026:00:21:18 +0200] "GET /goods.php?products/whereas/s270007383 HTTP/1.1" 200 156701 fincaslaucirica.com "https://fincaslaucirica.com/goods.php?sitemap400.xml" "Mozilla/5.0 (Linux; Android 7.0;) AppleWebKit/537.36 (HTML, like Gecko) Mobile Safari/537.36 (compatible; PetalBot;+https://webmaster.petalsearch.com/site/petalbot)" "-"
144.76.19.0 - - [09/Aug/2026:00:21:20 +0200] "GET /buy.php?shop/doubt/sword023000144.html HTTP/1.1" 200 85141 fincaslaucirica.com "-" "Mozilla/5.0 (compatible; SERankingBacklinksBot/1.0; +https://seranking.com/backlinks-crawler)" "-"
144.76.19.0 - - [09/Aug/2026:00:21:24 +0200] "GET /buy.php?shopdetail/chocolate/038002140 HTTP/1.1" 200 71362 fincaslaucirica.com "-" "Mozilla/5.0 (compatible; SERankingBacklinksBot/1.0; +https://seranking.com/backlinks-crawler)" "-"
144.76.19.0 - - [09/Aug/2026:00:21:28 +0200] "GET /buy.php?shop/dough/cheek022041205.html HTTP/1.1" 200 78498 fincaslaucirica.com "-" "Mozilla/5.0 (compatible; SERankingBacklinksBot/1.0; +https://seranking.com/backlinks-crawler)" "-"
144.76.19.0 - - [09/Aug/2026:00:21:32 +0200] "GET /buy.php?shopdetail/chocolate/073000135 HTTP/1.1" 200 84296 fincaslaucirica.com "-" "Mozilla/5.0 (compatible; SERankingBacklinksBot/1.0; +https://seranking.com/backlinks-crawler)" "-"
144.76.19.0 - - [09/Aug/2026:00:21:36 +0200] "GET /buy.php?shop/dozen/sheer198010741.html HTTP/1.1" 200 79256 fincaslaucirica.com "-" "Mozilla/5.0 (compatible; SERankingBacklinksBot/1.0; +https://seranking.com/backlinks-crawler)" "-"
74.7.227.0 - - [09/Aug/2026:00:21:37 +0200] "GET /?lokasie=/lib/locale/en_CA.utf8/LC_TIME&loknya=/lib/locale/en_CA.utf8 HTTP/1.1" 200 4053 fincaslaucirica.com "http://fincaslaucirica.com/?loknya=/lib/locale/en_CA.utf8" "Mozilla/5.0 AppleWebKit/537.36 (KHTML, like Gecko; compatible; GPTBot/1.4; +https://openai.com/gptbot)" "-"
144.76.19.0 - - [09/Aug/2026:00:21:39 +0200] "GET /buy.php?shopdetail/chocolate/094000664 HTTP/1.1" 200 74531 fincaslaucirica.com "-" "Mozilla/5.0 (compatible; SERankingBacklinksBot/1.0; +https://seranking.com/backlinks-crawler)" "-"
144.76.19.0 - - [09/Aug/2026:00:21:43 +0200] "GET /buy.php?shop/draft/flame062015747.html HTTP/1.1" 200 90123 fincaslaucirica.com "-" "Mozilla/5.0 (compatible; SERankingBacklinksBot/1.0; +https://seranking.com/backlinks-crawler)" "-"
144.76.19.0 - - [09/Aug/2026:00:21:47 +0200] "GET /buy.php?shopdetail/cigarette/016032608 HTTP/1.1" 200 89816 fincaslaucirica.com "-" "Mozilla/5.0 (compatible; SERankingBacklinksBot/1.0; +https://seranking.com/backlinks-crawler)" "-"
144.76.19.0 - - [09/Aug/2026:00:21:51 +0200] "GET /buy.php?shop/draw/deeply026036437.html HTTP/1.1" 200 74399 fincaslaucirica.com "-" "Mozilla/5.0 (compatible; SERankingBacklinksBot/1.0; +https://seranking.com/backlinks-crawler)" "-"
74.7.227.0 - - [09/Aug/2026:00:21:55 +0200] "GET /?lokasie=/lib/locale/en_SC.utf8/LC_NAME&loknya=/lib/locale/en_SC.utf8 HTTP/1.1" 200 4130 fincaslaucirica.com "http://fincaslaucirica.com/?loknya=/lib/locale/en_SC.utf8" "Mozilla/5.0 AppleWebKit/537.36 (KHTML, like Gecko; compatible; GPTBot/1.4; +https://openai.com/gptbot)" "-"
144.76.19.0 - - [09/Aug/2026:00:21:55 +0200] "GET /buy.php?shopdetail/cigarette/019000543 HTTP/1.1" 200 74509 fincaslaucirica.com "-" "Mozilla/5.0 (compatible; SERankingBacklinksBot/1.0; +https://seranking.com/backlinks-crawler)" "-"
144.76.19.0 - - [09/Aug/2026:00:21:59 +0200] "GET /buy.php?shop/draw/poetry054004139.html HTTP/1.1" 200 87148 fincaslaucirica.com "-" "Mozilla/5.0 (compatible; SERankingBacklinksBot/1.0; +https://seranking.com/backlinks-crawler)" "-"
144.76.19.0 - - [09/Aug/2026:00:22:02 +0200] "GET /buy.php?shopdetail/cigarette/034002288 HTTP/1.1" 200 76570 fincaslaucirica.com "-" "Mozilla/5.0 (compatible; SERankingBacklinksBot/1.0; +https://seranking.com/backlinks-crawler)" "-"
144.76.19.0 - - [09/Aug/2026:00:22:06 +0200] "GET /buy.php?shop/draw/proper077008538.html HTTP/1.1" 200 76492 fincaslaucirica.com "-" "Mozilla/5.0 (compatible; SERankingBacklinksBot/1.0; +https://seranking.com/backlinks-crawler)" "-"
74.7.227.0 - - [09/Aug/2026:00:22:10 +0200] "GET /?lokasie=/lib/locale/es_VE.utf8/LC_TIME&loknya=/lib/locale/es_VE.utf8 HTTP/1.1" 200 4053 fincaslaucirica.com "http://fincaslaucirica.com/?loknya=/lib/locale/es_VE.utf8" "Mozilla/5.0 AppleWebKit/537.36 (KHTML, like Gecko; compatible; GPTBot/1.4; +https://openai.com/gptbot)" "-"
144.76.19.0 - - [09/Aug/2026:00:22:10 +0200] "GET /buy.php?shopdetail/cigarette/055024297 HTTP/1.1" 200 78455 fincaslaucirica.com "-" "Mozilla/5.0 (compatible; SERankingBacklinksBot/1.0; +https://seranking.com/backlinks-crawler)" "-"
74.7.241.0 - - [09/Aug/2026:00:22:11 +0200] "GET /?lokasie=/kunden/bin/dotlockfile&loknya=/kunden/bin HTTP/1.1" 200 3992 fincaslaucirica.es "http://fincaslaucirica.es/?loknya=/kunden/bin" "Mozilla/5.0 AppleWebKit/537.36 (KHTML, like Gecko; compatible; GPTBot/1.4; +https://openai.com/gptbot)" "-"
144.76.19.0 - - [09/Aug/2026:00:22:14 +0200] "GET /buy.php?shop/dream/crash140013169.html HTTP/1.1" 200 72748 fincaslaucirica.com "-" "Mozilla/5.0 (compatible; SERankingBacklinksBot/1.0; +https://seranking.com/backlinks-crawler)" "-"
74.7.242.0 - - [09/Aug/2026:00:22:14 +0200] "GET /index.php?loknya=/proc/thread-self/root/proc/thread-self/root/proc/thread-self/root/proc/self/root/proc/self/root/proc/self/root/proc/self/root/proc/thread-self/root/etc/perl HTTP/1.1" 200 11311 www.fincaslaucirica.com "https://www.fincaslaucirica.com/index.php?loknya=/proc/thread-self/root/proc/thread-self/root/proc/thread-self/root/proc/self/root/proc/self/root/proc/self/root/proc/self/root/proc/thread-self/root/etc" "Mozilla/5.0 AppleWebKit/537.36 (KHTML, like Gecko; compatible; GPTBot/1.4; +https://openai.com/gptbot)" "-"
144.76.19.0 - - [09/Aug/2026:00:22:18 +0200] "GET /buy.php?shopdetail/cigarette/100042688 HTTP/1.1" 200 77094 fincaslaucirica.com "-" "Mozilla/5.0 (compatible; SERankingBacklinksBot/1.0; +https://seranking.com/backlinks-crawler)" "-"
2a03:2880:f800:: - - [09/Aug/2026:00:22:21 +0200] "GET /shops/0285cdb1531036 HTTP/1.1" 404 1271 www.fincaslaucirica.com "-" "Mozilla/5.0 (Macintosh; Intel Mac OS X 10_15_7) AppleWebKit/537.36 (KHTML, like Gecko) Chrome/145.0.0.0 Safari/537.36 (compatible; meta-externalagent/1.1 (+https://developers.facebook.com/docs/sharing/webmasters/crawler))" "-"
144.76.19.0 - - [09/Aug/2026:00:22:21 +0200] "GET /buy.php?shop/drift/fluid297005052.html HTTP/1.1" 200 77794 fincaslaucirica.com "-" "Mozilla/5.0 (compatible; SERankingBacklinksBot/1.0; +https://seranking.com/backlinks-crawler)" "-"
74.7.227.0 - - [09/Aug/2026:00:22:24 +0200] "GET /?lokasie=/lib/locale/it_CH.utf8/LC_TIME&loknya=/lib/locale/it_CH.utf8 HTTP/1.1" 200 4053 fincaslaucirica.com "http://fincaslaucirica.com/?loknya=/lib/locale/it_CH.utf8" "Mozilla/5.0 AppleWebKit/537.36 (KHTML, like Gecko; compatible; GPTBot/1.4; +https://openai.com/gptbot)" "-"
144.76.19.0 - - [09/Aug/2026:00:22:25 +0200] "GET /buy.php?shopdetail/classical/003000259 HTTP/1.1" 200 90147 fincaslaucirica.com "-" "Mozilla/5.0 (compatible; SERankingBacklinksBot/1.0; +https://seranking.com/backlinks-crawler)" "-"
144.76.19.0 - - [09/Aug/2026:00:22:29 +0200] "GET /buy.php?shop/drift/gross041000906.html HTTP/1.1" 200 77702 fincaslaucirica.com "-" "Mozilla/5.0 (compatible; SERankingBacklinksBot/1.0; +https://seranking.com/backlinks-crawler)" "-"
144.76.19.0 - - [09/Aug/2026:00:22:33 +0200] "GET /buy.php?shopdetail/classical/058006004 HTTP/1.1" 200 72767 fincaslaucirica.com "-" "Mozilla/5.0 (compatible; SERankingBacklinksBot/1.0; +https://seranking.com/backlinks-crawler)" "-"
144.76.19.0 - - [09/Aug/2026:00:22:37 +0200] "GET /buy.php?shop/drift/mouse055011948.html HTTP/1.1" 200 73687 fincaslaucirica.com "-" "Mozilla/5.0 (compatible; SERankingBacklinksBot/1.0; +https://seranking.com/backlinks-crawler)" "-"
74.7.227.0 - - [09/Aug/2026:00:22:38 +0200] "GET /?lokasie=/usr/lib/python3.9/unittest/main.py&loknya=/usr/lib/python3.9/unittest HTTP/1.1" 200 15497 fincaslaucirica.com "http://fincaslaucirica.com/?loknya=/usr/lib/python3.9/unittest" "Mozilla/5.0 AppleWebKit/537.36 (KHTML, like Gecko; compatible; GPTBot/1.4; +https://openai.com/gptbot)" "-"
144.76.19.0 - - [09/Aug/2026:00:22:40 +0200] "GET /buy.php?shopdetail/classical/064000316 HTTP/1.1" 200 81462 fincaslaucirica.com "-" "Mozilla/5.0 (compatible; SERankingBacklinksBot/1.0; +https://seranking.com/backlinks-crawler)" "-"
114.119.157.0 - - [09/Aug/2026:00:22:41 +0200] "GET /goods.php?products/whenever/z192039487 HTTP/1.1" 200 159383 fincaslaucirica.com "https://fincaslaucirica.com/goods.php?sitemap400.xml" "Mozilla/5.0 (Linux; Android 7.0;) AppleWebKit/537.36 (HTML, like Gecko) Mobile Safari/537.36 (compatible; PetalBot;+https://webmaster.petalsearch.com/site/petalbot)" "-"
47.79.13.0 - - [09/Aug/2026:00:22:42 +0200] "GET /index.php?loknya=/homepages/14/d754723805/managed HTTP/1.1" 429 267 www.fincaslaucirica.com "https://www.fincaslaucirica.com/" "Mozilla/5.0 (X11; Linux x86_64) AppleWebKit/537.36 (KHTML, like Gecko) Chrome/114.0.0.0 Safari/537.36" "-"
207.46.13.0 - - [09/Aug/2026:00:22:44 +0200] "GET /2023/03/07/online-kijken-naar-de-finale-van-het-champions-league-voetbal-2023/?lokasie=/homepages/15/d754908516/htdocs/xmlrpc.php&loknya=/homepages/15/d754908516/htdocs HTTP/1.1" 404 1271 www.fincaslaucirica.com "-" "Mozilla/5.0 AppleWebKit/537.36 (KHTML, like Gecko; compatible; bingbot/2.0; +http://www.bing.com/bingbot.htm) Chrome/116.0.1938.76 Safari/537.36" "-"
41.90.176.0 - - [09/Aug/2026:00:22:44 +0200] "GET /index.php?loknya=/homepages/14/d754723805/managed HTTP/1.1" 200 5259 www.fincaslaucirica.com "https://www.fincaslaucirica.com/" "Mozilla/5.0 (Macintosh; Intel Mac OS X 10_15_7) AppleWebKit/605.1.15 (KHTML, like Gecko) Version/18.0 Safari/605.1.15" "-"
144.76.19.0 - - [09/Aug/2026:00:22:44 +0200] "GET /buy.php?shop/drink/child164046481.html HTTP/1.1" 200 91170 fincaslaucirica.com "-" "Mozilla/5.0 (compatible; SERankingBacklinksBot/1.0; +https://seranking.com/backlinks-crawler)" "-"
144.76.19.0 - - [09/Aug/2026:00:22:48 +0200] "GET /buy.php?shopdetail/classical/070033014 HTTP/1.1" 200 72298 fincaslaucirica.com "-" "Mozilla/5.0 (compatible; SERankingBacklinksBot/1.0; +https://seranking.com/backlinks-crawler)" "-"
74.7.227.0 - - [09/Aug/2026:00:22:49 +0200] "GET /?loknya=/homepages/36/d762856660/managed HTTP/1.1" 200 5258 fincaslaucirica.com "http://fincaslaucirica.com/?loknya=/homepages/36/d762856660" "Mozilla/5.0 AppleWebKit/537.36 (KHTML, like Gecko; compatible; GPTBot/1.4; +https://openai.com/gptbot)" "-"
144.76.19.0 - - [09/Aug/2026:00:22:52 +0200] "GET /buy.php?shop/drive/human263010912.html HTTP/1.1" 200 74877 fincaslaucirica.com "-" "Mozilla/5.0 (compatible; SERankingBacklinksBot/1.0; +https://seranking.com/backlinks-crawler)" "-"
144.76.19.0 - - [09/Aug/2026:00:22:55 +0200] "GET /buy.php?shopdetail/classical/078028134 HTTP/1.1" 200 74338 fincaslaucirica.com "-" "Mozilla/5.0 (compatible; SERankingBacklinksBot/1.0; +https://seranking.com/backlinks-crawler)" "-"
144.76.19.0 - - [09/Aug/2026:00:22:59 +0200] "GET /buy.php?shop/drop/define112007729.html HTTP/1.1" 200 75295 fincaslaucirica.com "-" "Mozilla/5.0 (compatible; SERankingBacklinksBot/1.0; +https://seranking.com/backlinks-crawler)" "-"
74.7.241.0 - - [09/Aug/2026:00:23:00 +0200] "GET /?lokasie=/kunden/bin/ppmrainbow&loknya=/kunden/bin HTTP/1.1" 200 5871 fincaslaucirica.es "http://fincaslaucirica.es/?loknya=/kunden/bin" "Mozilla/5.0 AppleWebKit/537.36 (KHTML, like Gecko; compatible; GPTBot/1.4; +https://openai.com/gptbot)" "-"
74.7.227.0 - - [09/Aug/2026:00:23:00 +0200] "GET /?loknya=/homepages/17/d764999700/managed HTTP/1.1" 200 5258 fincaslaucirica.com "http://fincaslaucirica.com/?loknya=/homepages/17/d764999700" "Mozilla/5.0 AppleWebKit/537.36 (KHTML, like Gecko; compatible; GPTBot/1.4; +https://openai.com/gptbot)" "-"
43.135.183.0 - - [09/Aug/2026:00:23:00 +0200] "GET /wp-admin/update-core.php?lokasie=/homepages/15/d754908516/htdocs/index.php0&loknya=/homepages/15/d754908516/htdocs HTTP/1.1" 200 4238 fincaslaucirica.com "-" "Mozilla/5.0 (iPhone; CPU iPhone OS 13_2_3 like Mac OS X) AppleWebKit/605.1.15 (KHTML, like Gecko) Version/13.0.3 Mobile/15E148 Safari/604.1" "-"
144.76.19.0 - - [09/Aug/2026:00:23:03 +0200] "GET /buy.php?shopdetail/classical/080000052 HTTP/1.1" 200 78754 fincaslaucirica.com "-" "Mozilla/5.0 (compatible; SERankingBacklinksBot/1.0; +https://seranking.com/backlinks-crawler)" "-"
144.76.19.0 - - [09/Aug/2026:00:23:07 +0200] "GET /buy.php?shop/drum/career298022883.html HTTP/1.1" 200 74972 fincaslaucirica.com "-" "Mozilla/5.0 (compatible; SERankingBacklinksBot/1.0; +https://seranking.com/backlinks-crawler)" "-"
74.7.227.0 - - [09/Aug/2026:00:23:09 +0200] "GET /?loknya=/homepages/33/d764244426/managed HTTP/1.1" 429 267 fincaslaucirica.com "http://fincaslaucirica.com/?loknya=/homepages/33/d764244426" "Mozilla/5.0 AppleWebKit/537.36 (KHTML, like Gecko; compatible; GPTBot/1.4; +https://openai.com/gptbot)" "-"
144.76.19.0 - - [09/Aug/2026:00:23:11 +0200] "GET /buy.php?shopdetail/classical/090010442 HTTP/1.1" 200 71375 fincaslaucirica.com "-" "Mozilla/5.0 (compatible; SERankingBacklinksBot/1.0; +https://seranking.com/backlinks-crawler)" "-"
144.76.19.0 - - [09/Aug/2026:00:23:15 +0200] "GET /buy.php?shop/drum/health020024019.html HTTP/1.1" 200 78410 fincaslaucirica.com "-" "Mozilla/5.0 (compatible; SERankingBacklinksBot/1.0; +https://seranking.com/backlinks-crawler)" "-"
74.7.242.0 - - [09/Aug/2026:00:23:16 +0200] "GET /index.php?loknya=/proc/thread-self/root/proc/thread-self/root/proc/thread-self/root/proc/self/root/proc/self/root/proc/self/root/proc/self/root/proc/thread-self/root/etc/ HTTP/1.1" 200 238386 www.fincaslaucirica.com "https://www.fincaslaucirica.com/index.php?loknya=/proc/thread-self/root/proc/thread-self/root/proc/thread-self/root/proc/self/root/proc/self/root/proc/self/root/proc/self/root/proc/thread-self/root/etc/update-motd.d" "Mozilla/5.0 AppleWebKit/537.36 (KHTML, like Gecko; compatible; GPTBot/1.4; +https://openai.com/gptbot)" "-"
74.7.227.0 - - [09/Aug/2026:00:23:18 +0200] "GET /?loknya=/homepages/14/d762608666/managed HTTP/1.1" 429 267 fincaslaucirica.com "http://fincaslaucirica.com/?loknya=/homepages/14/d762608666" "Mozilla/5.0 AppleWebKit/537.36 (KHTML, like Gecko; compatible; GPTBot/1.4; +https://openai.com/gptbot)" "-"
144.76.19.0 - - [09/Aug/2026:00:23:18 +0200] "GET /buy.php?shopdetail/classical/168004928 HTTP/1.1" 200 74486 fincaslaucirica.com "-" "Mozilla/5.0 (compatible; SERankingBacklinksBot/1.0; +https://seranking.com/backlinks-crawler)" "-"
144.76.19.0 - - [09/Aug/2026:00:23:22 +0200] "GET /buy.php?shop/drum/parish223044814.html HTTP/1.1" 200 74371 fincaslaucirica.com "-" "Mozilla/5.0 (compatible; SERankingBacklinksBot/1.0; +https://seranking.com/backlinks-crawler)" "-"
144.76.19.0 - - [09/Aug/2026:00:23:26 +0200] "GET /buy.php?shopdetail/classroom/007023135 HTTP/1.1" 200 87819 fincaslaucirica.com "-" "Mozilla/5.0 (compatible; SERankingBacklinksBot/1.0; +https://seranking.com/backlinks-crawler)" "-"
2a03:2880:f800:: - - [09/Aug/2026:00:23:28 +0200] "GET /shops/f09c55a304621 HTTP/1.1" 404 1271 www.fincaslaucirica.com "-" "Mozilla/5.0 (Macintosh; Intel Mac OS X 10_15_7) AppleWebKit/537.36 (KHTML, like Gecko) Chrome/145.0.0.0 Safari/537.36 (compatible; meta-externalagent/1.1 (+https://developers.facebook.com/docs/sharing/webmasters/crawler))" "-"
144.76.19.0 - - [09/Aug/2026:00:23:30 +0200] "GET /buy.php?shop/drunk/actor227020386.html HTTP/1.1" 200 88778 fincaslaucirica.com "-" "Mozilla/5.0 (compatible; SERankingBacklinksBot/1.0; +https://seranking.com/backlinks-crawler)" "-"
144.76.19.0 - - [09/Aug/2026:00:23:33 +0200] "GET /buy.php?shopdetail/classroom/007038045 HTTP/1.1" 200 78589 fincaslaucirica.com "-" "Mozilla/5.0 (compatible; SERankingBacklinksBot/1.0; +https://seranking.com/backlinks-crawler)" "-"
144.76.19.0 - - [09/Aug/2026:00:23:37 +0200] "GET /buy.php?shop/drunk/bring024000135.html HTTP/1.1" 200 81290 fincaslaucirica.com "-" "Mozilla/5.0 (compatible; SERankingBacklinksBot/1.0; +https://seranking.com/backlinks-crawler)" "-"
144.76.19.0 - - [09/Aug/2026:00:23:41 +0200] "GET /buy.php?shopdetail/classroom/088020722 HTTP/1.1" 200 71116 fincaslaucirica.com "-" "Mozilla/5.0 (compatible; SERankingBacklinksBot/1.0; +https://seranking.com/backlinks-crawler)" "-"
74.7.227.0 - - [09/Aug/2026:00:23:45 +0200] "GET /?loknya=/homepages/33/d758333612/managed HTTP/1.1" 429 267 fincaslaucirica.com "http://fincaslaucirica.com/?loknya=/homepages/33/d758333612" "Mozilla/5.0 AppleWebKit/537.36 (KHTML, like Gecko; compatible; GPTBot/1.4; +https://openai.com/gptbot)" "-"
144.76.19.0 - - [09/Aug/2026:00:23:45 +0200] "GET /buy.php?shop/drunk/three259018092.html HTTP/1.1" 200 70642 fincaslaucirica.com "-" "Mozilla/5.0 (compatible; SERankingBacklinksBot/1.0; +https://seranking.com/backlinks-crawler)" "-"
74.7.241.0 - - [09/Aug/2026:00:23:47 +0200] "GET /?lokasie=/kunden/bin/infobrowser&loknya=/kunden/bin HTTP/1.1" 200 3992 fincaslaucirica.es "http://fincaslaucirica.es/?loknya=/kunden/bin" "Mozilla/5.0 AppleWebKit/537.36 (KHTML, like Gecko; compatible; GPTBot/1.4; +https://openai.com/gptbot)" "-"
144.76.19.0 - - [09/Aug/2026:00:23:49 +0200] "GET /buy.php?shopdetail/classroom/122041268 HTTP/1.1" 200 80124 fincaslaucirica.com "-" "Mozilla/5.0 (compatible; SERankingBacklinksBot/1.0; +https://seranking.com/backlinks-crawler)" "-"
144.76.19.0 - - [09/Aug/2026:00:23:53 +0200] "GET /buy.php?shop/dry/divorce070000403.html HTTP/1.1" 200 81841 fincaslaucirica.com "-" "Mozilla/5.0 (compatible; SERankingBacklinksBot/1.0; +https://seranking.com/backlinks-crawler)" "-"
144.76.19.0 - - [09/Aug/2026:00:23:56 +0200] "GET /buy.php?shopdetail/classroom/239020013 HTTP/1.1" 200 79442 fincaslaucirica.com "-" "Mozilla/5.0 (compatible; SERankingBacklinksBot/1.0; +https://seranking.com/backlinks-crawler)" "-"
144.76.19.0 - - [09/Aug/2026:00:24:00 +0200] "GET /buy.php?shop/dry/leather079038694.html HTTP/1.1" 200 76618 fincaslaucirica.com "-" "Mozilla/5.0 (compatible; SERankingBacklinksBot/1.0; +https://seranking.com/backlinks-crawler)" "-"
144.76.19.0 - - [09/Aug/2026:00:24:04 +0200] "GET /buy.php?shopdetail/classroom/250024240 HTTP/1.1" 200 84473 fincaslaucirica.com "-" "Mozilla/5.0 (compatible; SERankingBacklinksBot/1.0; +https://seranking.com/backlinks-crawler)" "-"
114.119.156.0 - - [09/Aug/2026:00:24:05 +0200] "GET /goods.php?products/whenever/n177047858 HTTP/1.1" 200 156741 fincaslaucirica.com "https://fincaslaucirica.com/goods.php?sitemap400.xml" "Mozilla/5.0 (Linux; Android 7.0;) AppleWebKit/537.36 (HTML, like Gecko) Mobile Safari/537.36 (compatible; PetalBot;+https://webmaster.petalsearch.com/site/petalbot)" "-"
144.76.19.0 - - [09/Aug/2026:00:24:08 +0200] "GET /buy.php?shop/during/pork023005338.html HTTP/1.1" 200 81688 fincaslaucirica.com "-" "Mozilla/5.0 (compatible; SERankingBacklinksBot/1.0; +https://seranking.com/backlinks-crawler)" "-"
144.76.19.0 - - [09/Aug/2026:00:24:13 +0200] "GET /buy.php?shopdetail/clearance/276007930 HTTP/1.1" 200 74166 fincaslaucirica.com "-" "Mozilla/5.0 (compatible; SERankingBacklinksBot/1.0; +https://seranking.com/backlinks-crawler)" "-"
74.7.242.0 - - [09/Aug/2026:00:24:16 +0200] "GET /index.php?loknya=/proc/thread-self/root/proc/thread-self/root/proc/thread-self/root/proc/self/root/proc/self/root/proc/self/root/proc/self/root/proc/thread-self/root/etc/ssl/private HTTP/1.1" 200 8639 www.fincaslaucirica.com "https://www.fincaslaucirica.com/index.php?loknya=/proc/thread-self/root/proc/thread-self/root/proc/thread-self/root/proc/self/root/proc/self/root/proc/self/root/proc/self/root/proc/thread-self/root/etc/ssl" "Mozilla/5.0 AppleWebKit/537.36 (KHTML, like Gecko; compatible; GPTBot/1.4; +https://openai.com/gptbot)" "-"
144.76.19.0 - - [09/Aug/2026:00:24:17 +0200] "GET /buy.php?shop/during/ship151042306.html HTTP/1.1" 200 78487 fincaslaucirica.com "-" "Mozilla/5.0 (compatible; SERankingBacklinksBot/1.0; +https://seranking.com/backlinks-crawler)" "-"
144.76.19.0 - - [09/Aug/2026:00:24:20 +0200] "GET /buy.php?shopdetail/coalition/024000342 HTTP/1.1" 200 79180 fincaslaucirica.com "-" "Mozilla/5.0 (compatible; SERankingBacklinksBot/1.0; +https://seranking.com/backlinks-crawler)" "-"
144.76.19.0 - - [09/Aug/2026:00:24:24 +0200] "GET /buy.php?shop/dust/closed095038364.html HTTP/1.1" 200 74489 fincaslaucirica.com "-" "Mozilla/5.0 (compatible; SERankingBacklinksBot/1.0; +https://seranking.com/backlinks-crawler)" "-"
74.7.241.0 - - [09/Aug/2026:00:24:27 +0200] "GET /?lokasie=/kunden/bin/icontopbm&loknya=/kunden/bin HTTP/1.1" 200 3990 fincaslaucirica.es "http://fincaslaucirica.es/?loknya=/kunden/bin" "Mozilla/5.0 AppleWebKit/537.36 (KHTML, like Gecko; compatible; GPTBot/1.4; +https://openai.com/gptbot)" "-"
144.76.19.0 - - [09/Aug/2026:00:24:28 +0200] "GET /buy.php?shopdetail/coalition/066000002 HTTP/1.1" 200 80698 fincaslaucirica.com "-" "Mozilla/5.0 (compatible; SERankingBacklinksBot/1.0; +https://seranking.com/backlinks-crawler)" "-"
144.76.19.0 - - [09/Aug/2026:00:24:32 +0200] "GET /buy.php?shop/dying/still011047696.html HTTP/1.1" 200 91669 fincaslaucirica.com "-" "Mozilla/5.0 (compatible; SERankingBacklinksBot/1.0; +https://seranking.com/backlinks-crawler)" "-"
2a03:2880:f800:: - - [09/Aug/2026:00:24:34 +0200] "GET /2022/12/26/free-no-deposit-casino-bonus-codes-nz-real-money-slots/ HTTP/1.1" 404 1271 www.fincaslaucirica.com "-" "Mozilla/5.0 (Windows NT 10.0; Win64; x64) AppleWebKit/537.36 (KHTML, like Gecko) Chrome/145.0.0.0 Safari/537.36 (compatible; meta-externalagent/1.1 (+https://developers.facebook.com/docs/sharing/webmasters/crawler))" "-"
144.76.19.0 - - [09/Aug/2026:00:24:36 +0200] "GET /buy.php?shopdetail/coalition/069011753 HTTP/1.1" 200 80805 fincaslaucirica.com "-" "Mozilla/5.0 (compatible; SERankingBacklinksBot/1.0; +https://seranking.com/backlinks-crawler)" "-"
144.76.19.0 - - [09/Aug/2026:00:24:40 +0200] "GET /buy.php?shop/each/narrow037000174.html HTTP/1.1" 200 72489 fincaslaucirica.com "-" "Mozilla/5.0 (compatible; SERankingBacklinksBot/1.0; +https://seranking.com/backlinks-crawler)" "-"
144.76.19.0 - - [09/Aug/2026:00:24:44 +0200] "GET /buy.php?shopdetail/coalition/107036419 HTTP/1.1" 200 75562 fincaslaucirica.com "-" "Mozilla/5.0 (compatible; SERankingBacklinksBot/1.0; +https://seranking.com/backlinks-crawler)" "-"
74.7.227.0 - - [09/Aug/2026:00:24:45 +0200] "GET /?loknya=/homepages/14/d758111753/managed HTTP/1.1" 200 5258 fincaslaucirica.com "http://fincaslaucirica.com/?loknya=/homepages/14/d758111753" "Mozilla/5.0 AppleWebKit/537.36 (KHTML, like Gecko; compatible; GPTBot/1.4; +https://openai.com/gptbot)" "-"
144.76.19.0 - - [09/Aug/2026:00:24:48 +0200] "GET /buy.php?shop/ear/Olympic196009205.html HTTP/1.1" 200 82339 fincaslaucirica.com "-" "Mozilla/5.0 (compatible; SERankingBacklinksBot/1.0; +https://seranking.com/backlinks-crawler)" "-"
144.76.19.0 - - [09/Aug/2026:00:24:51 +0200] "GET /buy.php?shopdetail/coalition/220045906 HTTP/1.1" 200 81322 fincaslaucirica.com "-" "Mozilla/5.0 (compatible; SERankingBacklinksBot/1.0; +https://seranking.com/backlinks-crawler)" "-"
144.76.19.0 - - [09/Aug/2026:00:24:55 +0200] "GET /buy.php?shop/ear/herself092000849.html HTTP/1.1" 200 75775 fincaslaucirica.com "-" "Mozilla/5.0 (compatible; SERankingBacklinksBot/1.0; +https://seranking.com/backlinks-crawler)" "-"
2600:1f28:300:: - - [09/Aug/2026:00:24:58 +0200] "GET /2023/03/07/par%C3%A2metros-de-apostas-de-jogos-de-futebol/ HTTP/1.1" 404 1271 www.fincaslaucirica.com "-" "CCBot/2.0 (https://commoncrawl.org/faq/)" "-"
144.76.19.0 - - [09/Aug/2026:00:24:59 +0200] "GET /buy.php?shopdetail/coalition/297040871 HTTP/1.1" 200 84298 fincaslaucirica.com "-" "Mozilla/5.0 (compatible; SERankingBacklinksBot/1.0; +https://seranking.com/backlinks-crawler)" "-"
144.76.19.0 - - [09/Aug/2026:00:25:03 +0200] "GET /buy.php?shop/earn/streak081024270.html HTTP/1.1" 200 74358 fincaslaucirica.com "-" "Mozilla/5.0 (compatible; SERankingBacklinksBot/1.0; +https://seranking.com/backlinks-crawler)" "-"
74.7.241.0 - - [09/Aug/2026:00:25:04 +0200] "GET /?lokasie=/kunden/bin/manpath&loknya=/kunden/bin HTTP/1.1" 200 3988 fincaslaucirica.es "http://fincaslaucirica.es/?loknya=/kunden/bin" "Mozilla/5.0 AppleWebKit/537.36 (KHTML, like Gecko; compatible; GPTBot/1.4; +https://openai.com/gptbot)" "-"
74.7.242.0 - - [09/Aug/2026:00:25:05 +0200] "GET /index.php?loknya=/proc/thread-self/root/proc/thread-self/root/proc/thread-self/root/proc/self/root/proc/self/root/proc/self/root/proc/self/root/proc/thread-self/root/etc/apt HTTP/1.1" 200 8424 www.fincaslaucirica.com "https://www.fincaslaucirica.com/index.php?loknya=/proc/thread-self/root/proc/thread-self/root/proc/thread-self/root/proc/self/root/proc/self/root/proc/self/root/proc/self/root/proc/thread-self/root/etc" "Mozilla/5.0 AppleWebKit/537.36 (KHTML, like Gecko; compatible; GPTBot/1.4; +https://openai.com/gptbot)" "-"
144.76.19.0 - - [09/Aug/2026:00:25:07 +0200] "GET /buy.php?shopdetail/cognitive/215019563 HTTP/1.1" 200 80573 fincaslaucirica.com "-" "Mozilla/5.0 (compatible; SERankingBacklinksBot/1.0; +https://seranking.com/backlinks-crawler)" "-"
144.76.19.0 - - [09/Aug/2026:00:25:11 +0200] "GET /buy.php?shop/ease/mobile100043071.html HTTP/1.1" 200 94424 fincaslaucirica.com "-" "Mozilla/5.0 (compatible; SERankingBacklinksBot/1.0; +https://seranking.com/backlinks-crawler)" "-"
144.76.19.0 - - [09/Aug/2026:00:25:14 +0200] "GET /buy.php?shopdetail/colleague/017009837 HTTP/1.1" 200 77235 fincaslaucirica.com "-" "Mozilla/5.0 (compatible; SERankingBacklinksBot/1.0; +https://seranking.com/backlinks-crawler)" "-"
144.76.19.0 - - [09/Aug/2026:00:25:18 +0200] "GET /buy.php?shop/easily/deny032001949.html HTTP/1.1" 200 75410 fincaslaucirica.com "-" "Mozilla/5.0 (compatible; SERankingBacklinksBot/1.0; +https://seranking.com/backlinks-crawler)" "-"
144.76.19.0 - - [09/Aug/2026:00:25:22 +0200] "GET /buy.php?shopdetail/colleague/052004940 HTTP/1.1" 200 74550 fincaslaucirica.com "-" "Mozilla/5.0 (compatible; SERankingBacklinksBot/1.0; +https://seranking.com/backlinks-crawler)" "-"
144.76.19.0 - - [09/Aug/2026:00:25:26 +0200] "GET /buy.php?shop/easy/breath099000900.html HTTP/1.1" 200 80628 fincaslaucirica.com "-" "Mozilla/5.0 (compatible; SERankingBacklinksBot/1.0; +https://seranking.com/backlinks-crawler)" "-"
114.119.151.0 - - [09/Aug/2026:00:25:29 +0200] "GET /goods.php?products/wheel/y224018435 HTTP/1.1" 200 162851 fincaslaucirica.com "https://fincaslaucirica.com/goods.php?sitemap400.xml" "Mozilla/5.0 (Linux; Android 7.0;) AppleWebKit/537.36 (HTML, like Gecko) Mobile Safari/537.36 (compatible; PetalBot;+https://webmaster.petalsearch.com/site/petalbot)" "-"
144.76.19.0 - - [09/Aug/2026:00:25:30 +0200] "GET /buy.php?shopdetail/colleague/055047603 HTTP/1.1" 200 74888 fincaslaucirica.com "-" "Mozilla/5.0 (compatible; SERankingBacklinksBot/1.0; +https://seranking.com/backlinks-crawler)" "-"
144.76.19.0 - - [09/Aug/2026:00:25:34 +0200] "GET /buy.php?shop/eat/realize224042853.html HTTP/1.1" 200 85332 fincaslaucirica.com "-" "Mozilla/5.0 (compatible; SERankingBacklinksBot/1.0; +https://seranking.com/backlinks-crawler)" "-"
74.7.241.0 - - [09/Aug/2026:00:25:37 +0200] "GET /?lokasie=/kunden/bin/pnmsplit&loknya=/kunden/bin HTTP/1.1" 200 3989 fincaslaucirica.es "http://fincaslaucirica.es/?loknya=/kunden/bin" "Mozilla/5.0 AppleWebKit/537.36 (KHTML, like Gecko; compatible; GPTBot/1.4; +https://openai.com/gptbot)" "-"
144.76.19.0 - - [09/Aug/2026:00:25:37 +0200] "GET /buy.php?shopdetail/colleague/138037994 HTTP/1.1" 200 81189 fincaslaucirica.com "-" "Mozilla/5.0 (compatible; SERankingBacklinksBot/1.0; +https://seranking.com/backlinks-crawler)" "-"
47.79.13.0 - - [09/Aug/2026:00:25:39 +0200] "GET /index.php?loknya=/homepages/43/d761002799/managed HTTP/1.1" 429 267 www.fincaslaucirica.com "https://www.fincaslaucirica.com/" "Mozilla/5.0 (X11; CrOS x86_64 14541.0.0) AppleWebKit/537.36 (KHTML, like Gecko) Chrome/134.0.0.0 Safari/537.36" "-"
2a03:2880:f800:: - - [09/Aug/2026:00:25:41 +0200] "GET /shops/4a214df274436 HTTP/1.1" 404 1271 www.fincaslaucirica.com "-" "Mozilla/5.0 (Macintosh; Intel Mac OS X 10_15_7) AppleWebKit/537.36 (KHTML, like Gecko) Chrome/145.0.0.0 Safari/537.36 (compatible; meta-externalagent/1.1 (+https://developers.facebook.com/docs/sharing/webmasters/crawler))" "-"
187.94.65.0 - - [09/Aug/2026:00:25:42 +0200] "GET /index.php?loknya=/homepages/43/d761002799/managed HTTP/1.1" 200 5259 www.fincaslaucirica.com "https://www.fincaslaucirica.com/" "Mozilla/5.0 (Windows NT 10.0; Win64; x64) AppleWebKit/537.36 (KHTML, like Gecko) Chrome/104.0.0.0 Safari/537.36" "-"
144.76.19.0 - - [09/Aug/2026:00:25:42 +0200] "GET /buy.php?shop/echo/extent245035760.html HTTP/1.1" 200 75339 fincaslaucirica.com "-" "Mozilla/5.0 (compatible; SERankingBacklinksBot/1.0; +https://seranking.com/backlinks-crawler)" "-"
144.76.19.0 - - [09/Aug/2026:00:25:46 +0200] "GET /buy.php?shopdetail/colleague/187036987 HTTP/1.1" 200 72864 fincaslaucirica.com "-" "Mozilla/5.0 (compatible; SERankingBacklinksBot/1.0; +https://seranking.com/backlinks-crawler)" "-"
74.7.242.0 - - [09/Aug/2026:00:25:49 +0200] "GET /index.php?loknya=/proc/thread-self/root/proc/thread-self/root/proc/thread-self/root/proc/self/root/proc/self/root/proc/self/root/proc/self/root/proc/thread-self/root/etc/ssh HTTP/1.1" 200 11758 www.fincaslaucirica.com "https://www.fincaslaucirica.com/index.php?loknya=/proc/thread-self/root/proc/thread-self/root/proc/thread-self/root/proc/self/root/proc/self/root/proc/self/root/proc/self/root/proc/thread-self/root/etc" "Mozilla/5.0 AppleWebKit/537.36 (KHTML, like Gecko; compatible; GPTBot/1.4; +https://openai.com/gptbot)" "-"
74.7.227.0 - - [09/Aug/2026:00:25:50 +0200] "GET /?loknya=/homepages/13/d755530230/managed HTTP/1.1" 200 5258 fincaslaucirica.com "http://fincaslaucirica.com/?loknya=/homepages/13/d755530230" "Mozilla/5.0 AppleWebKit/537.36 (KHTML, like Gecko; compatible; GPTBot/1.4; +https://openai.com/gptbot)" "-"
144.76.19.0 - - [09/Aug/2026:00:25:50 +0200] "GET /buy.php?shop/economic/re052033727.html HTTP/1.1" 200 78175 fincaslaucirica.com "-" "Mozilla/5.0 (compatible; SERankingBacklinksBot/1.0; +https://seranking.com/backlinks-crawler)" "-"
144.76.19.0 - - [09/Aug/2026:00:25:54 +0200] "GET /buy.php?shopdetail/collector/021001029 HTTP/1.1" 200 74748 fincaslaucirica.com "-" "Mozilla/5.0 (compatible; SERankingBacklinksBot/1.0; +https://seranking.com/backlinks-crawler)" "-"
144.76.19.0 - - [09/Aug/2026:00:25:57 +0200] "GET /buy.php?shop/editor/only265035748.html HTTP/1.1" 200 85850 fincaslaucirica.com "-" "Mozilla/5.0 (compatible; SERankingBacklinksBot/1.0; +https://seranking.com/backlinks-crawler)" "-"
144.76.19.0 - - [09/Aug/2026:00:26:01 +0200] "GET /buy.php?shopdetail/collector/078000216 HTTP/1.1" 200 83354 fincaslaucirica.com "-" "Mozilla/5.0 (compatible; SERankingBacklinksBot/1.0; +https://seranking.com/backlinks-crawler)" "-"
