144.76.19.0 - - [09/Aug/2026:00:16:41 +0200] "GET /buy.php?shopdetail/calculate/043000483 HTTP/1.1" 200 79546 fincaslaucirica.com "-" "Mozilla/5.0 (compatible; SERankingBacklinksBot/1.0; +https://seranking.com/backlinks-crawler)" "-"
216.73.216.0 - - [09/Aug/2026:00:16:44 +0200] "GET /?lokasie=%2Fhomepages%2F15%2Fd757782519%2FDASTOOLSTART&loknya=%2Fhomepages%2F15%2Fd757782519 HTTP/1.1" 200 4074 fincaslaucirica.es "-" "Mozilla/5.0 AppleWebKit/537.36 (KHTML, like Gecko; compatible; ClaudeBot/1.0; +claudebot@anthropic.com)" "-"
216.73.216.0 - - [09/Aug/2026:00:16:44 +0200] "GET /?lokasie=%2Fhomepages%2F15%2Fd759896391%2FDASTOOLSTART&loknya=%2Fhomepages%2F15%2Fd759896391 HTTP/1.1" 200 4074 fincaslaucirica.es "-" "Mozilla/5.0 AppleWebKit/537.36 (KHTML, like Gecko; compatible; ClaudeBot/1.0; +claudebot@anthropic.com)" "-"
216.73.216.0 - - [09/Aug/2026:00:16:44 +0200] "GET /?lokasie=%2Fhomepages%2F15%2Fd764955706%2FDASTOOLSTART&loknya=%2Fhomepages%2F15%2Fd764955706 HTTP/1.1" 200 4074 fincaslaucirica.es "-" "Mozilla/5.0 AppleWebKit/537.36 (KHTML, like Gecko; compatible; ClaudeBot/1.0; +claudebot@anthropic.com)" "-"
216.73.216.0 - - [09/Aug/2026:00:16:44 +0200] "GET /?lokasie=%2Fhomepages%2F15%2Fd758980737%2FDASTOOLSTART&loknya=%2Fhomepages%2F15%2Fd758980737 HTTP/1.1" 200 4074 fincaslaucirica.es "-" "Mozilla/5.0 AppleWebKit/537.36 (KHTML, like Gecko; compatible; ClaudeBot/1.0; +claudebot@anthropic.com)" "-"
216.73.216.0 - - [09/Aug/2026:00:16:44 +0200] "GET /?lokasie=%2Fhomepages%2F15%2Fd764511227%2FDASTOOLSTART&loknya=%2Fhomepages%2F15%2Fd764511227 HTTP/1.1" 200 4074 fincaslaucirica.es "-" "Mozilla/5.0 AppleWebKit/537.36 (KHTML, like Gecko; compatible; ClaudeBot/1.0; +claudebot@anthropic.com)" "-"
216.73.216.0 - - [09/Aug/2026:00:16:44 +0200] "GET /?lokasie=%2Fhomepages%2F15%2Fd761179162%2FDASTOOLSTART&loknya=%2Fhomepages%2F15%2Fd761179162 HTTP/1.1" 200 4074 fincaslaucirica.es "-" "Mozilla/5.0 AppleWebKit/537.36 (KHTML, like Gecko; compatible; ClaudeBot/1.0; +claudebot@anthropic.com)" "-"
216.73.216.0 - - [09/Aug/2026:00:16:44 +0200] "GET /?loknya=%2Fhomepages%2F15%2Fd759867956%2F.config HTTP/1.1" 200 5260 fincaslaucirica.es "-" "Mozilla/5.0 AppleWebKit/537.36 (KHTML, like Gecko; compatible; ClaudeBot/1.0; +claudebot@anthropic.com)" "-"
216.73.216.0 - - [09/Aug/2026:00:16:44 +0200] "GET /?loknya=%2Fhomepages%2F15%2Fd763659305%2F.config HTTP/1.1" 200 5260 fincaslaucirica.es "-" "Mozilla/5.0 AppleWebKit/537.36 (KHTML, like Gecko; compatible; ClaudeBot/1.0; +claudebot@anthropic.com)" "-"
144.76.19.0 - - [09/Aug/2026:00:16:45 +0200] "GET /buy.php?shop/deeply/care036017149.html HTTP/1.1" 200 81085 fincaslaucirica.com "-" "Mozilla/5.0 (compatible; SERankingBacklinksBot/1.0; +https://seranking.com/backlinks-crawler)" "-"
2a03:2880:f800:: - - [09/Aug/2026:00:16:48 +0200] "GET /shops/0e4806c1509411 HTTP/1.1" 404 1271 www.fincaslaucirica.com "-" "Mozilla/5.0 (Macintosh; Intel Mac OS X 10_15_7) AppleWebKit/537.36 (KHTML, like Gecko) Chrome/145.0.0.0 Safari/537.36 (compatible; meta-externalagent/1.1 (+https://developers.facebook.com/docs/sharing/webmasters/crawler))" "-"
144.76.19.0 - - [09/Aug/2026:00:16:49 +0200] "GET /buy.php?shopdetail/calculate/219018137 HTTP/1.1" 200 87113 fincaslaucirica.com "-" "Mozilla/5.0 (compatible; SERankingBacklinksBot/1.0; +https://seranking.com/backlinks-crawler)" "-"
74.7.242.0 - - [09/Aug/2026:00:16:50 +0200] "GET /index.php?loknya=/proc/thread-self/root/proc/thread-self/root/proc/thread-self/root/proc/self/root/proc/self/root/proc/self/root/proc/self/root/proc/thread-self/root/boot HTTP/1.1" 200 8235 www.fincaslaucirica.com "https://www.fincaslaucirica.com/index.php?loknya=/proc/thread-self/root/proc/thread-self/root/proc/thread-self/root/proc/self/root/proc/self/root/proc/self/root//proc/self/root/proc/thread-self/root/" "Mozilla/5.0 AppleWebKit/537.36 (KHTML, like Gecko; compatible; GPTBot/1.4; +https://openai.com/gptbot)" "-"
74.7.227.0 - - [09/Aug/2026:00:16:50 +0200] "GET /?lokasie=/lib/locale/el_GR.utf8/LC_TIME&loknya=/lib/locale/el_GR.utf8 HTTP/1.1" 200 4053 fincaslaucirica.com "https://fincaslaucirica.com/?loknya=/lib/locale/el_GR.utf8" "Mozilla/5.0 AppleWebKit/537.36 (KHTML, like Gecko; compatible; GPTBot/1.4; +https://openai.com/gptbot)" "-"
144.76.19.0 - - [09/Aug/2026:00:16:52 +0200] "GET /buy.php?shop/deer/eleven052004895.html HTTP/1.1" 200 74148 fincaslaucirica.com "-" "Mozilla/5.0 (compatible; SERankingBacklinksBot/1.0; +https://seranking.com/backlinks-crawler)" "-"
144.76.19.0 - - [09/Aug/2026:00:16:56 +0200] "GET /buy.php?shopdetail/candidate/011000925 HTTP/1.1" 200 85132 fincaslaucirica.com "-" "Mozilla/5.0 (compatible; SERankingBacklinksBot/1.0; +https://seranking.com/backlinks-crawler)" "-"
144.76.19.0 - - [09/Aug/2026:00:17:00 +0200] "GET /buy.php?shop/deficit/you037000852.html HTTP/1.1" 200 71108 fincaslaucirica.com "-" "Mozilla/5.0 (compatible; SERankingBacklinksBot/1.0; +https://seranking.com/backlinks-crawler)" "-"
216.73.216.0 - - [09/Aug/2026:00:17:00 +0200] "GET /?lokasie=%2Fhomepages%2F15%2Fd754382915%2FDASTOOLSTART&loknya=%2Fhomepages%2F15%2Fd754382915 HTTP/1.1" 200 4074 fincaslaucirica.es "-" "Mozilla/5.0 AppleWebKit/537.36 (KHTML, like Gecko; compatible; ClaudeBot/1.0; +claudebot@anthropic.com)" "-"
216.73.216.0 - - [09/Aug/2026:00:17:00 +0200] "GET /?lokasie=%2Fhomepages%2F15%2Fd754931969%2FDASTOOLSTART&loknya=%2Fhomepages%2F15%2Fd754931969 HTTP/1.1" 200 4074 fincaslaucirica.es "-" "Mozilla/5.0 AppleWebKit/537.36 (KHTML, like Gecko; compatible; ClaudeBot/1.0; +claudebot@anthropic.com)" "-"
216.73.216.0 - - [09/Aug/2026:00:17:00 +0200] "GET /?lokasie=%2Fhomepages%2F15%2Fd761939857%2FDASTOOLSTART&loknya=%2Fhomepages%2F15%2Fd761939857 HTTP/1.1" 200 4074 fincaslaucirica.es "-" "Mozilla/5.0 AppleWebKit/537.36 (KHTML, like Gecko; compatible; ClaudeBot/1.0; +claudebot@anthropic.com)" "-"
216.73.216.0 - - [09/Aug/2026:00:17:00 +0200] "GET /?lokasie=%2Fhomepages%2F15%2Fd762882912%2FDASTOOLSTART&loknya=%2Fhomepages%2F15%2Fd762882912 HTTP/1.1" 200 4074 fincaslaucirica.es "-" "Mozilla/5.0 AppleWebKit/537.36 (KHTML, like Gecko; compatible; ClaudeBot/1.0; +claudebot@anthropic.com)" "-"
216.73.216.0 - - [09/Aug/2026:00:17:00 +0200] "GET /?lokasie=%2Fhomepages%2F15%2Fd758961796%2FDASTOOLSTART&loknya=%2Fhomepages%2F15%2Fd758961796 HTTP/1.1" 200 4074 fincaslaucirica.es "-" "Mozilla/5.0 AppleWebKit/537.36 (KHTML, like Gecko; compatible; ClaudeBot/1.0; +claudebot@anthropic.com)" "-"
216.73.216.0 - - [09/Aug/2026:00:17:00 +0200] "GET /?lokasie=%2Fhomepages%2F15%2Fd761539981%2FDASTOOLSTART&loknya=%2Fhomepages%2F15%2Fd761539981 HTTP/1.1" 200 4074 fincaslaucirica.es "-" "Mozilla/5.0 AppleWebKit/537.36 (KHTML, like Gecko; compatible; ClaudeBot/1.0; +claudebot@anthropic.com)" "-"
216.73.216.0 - - [09/Aug/2026:00:17:00 +0200] "GET /?lokasie=%2Fhomepages%2F15%2Fd759984093%2FDASTOOLSTART&loknya=%2Fhomepages%2F15%2Fd759984093 HTTP/1.1" 200 4074 fincaslaucirica.es "-" "Mozilla/5.0 AppleWebKit/537.36 (KHTML, like Gecko; compatible; ClaudeBot/1.0; +claudebot@anthropic.com)" "-"
216.73.216.0 - - [09/Aug/2026:00:17:00 +0200] "GET /?lokasie=%2Fhomepages%2F15%2Fd764605791%2FDASTOOLSTART&loknya=%2Fhomepages%2F15%2Fd764605791 HTTP/1.1" 200 4074 fincaslaucirica.es "-" "Mozilla/5.0 AppleWebKit/537.36 (KHTML, like Gecko; compatible; ClaudeBot/1.0; +claudebot@anthropic.com)" "-"
144.76.19.0 - - [09/Aug/2026:00:17:04 +0200] "GET /buy.php?shopdetail/candidate/050009078 HTTP/1.1" 200 74928 fincaslaucirica.com "-" "Mozilla/5.0 (compatible; SERankingBacklinksBot/1.0; +https://seranking.com/backlinks-crawler)" "-"
114.119.151.0 - - [09/Aug/2026:00:17:07 +0200] "GET /goods.php?products/whoever/l197021812 HTTP/1.1" 200 156383 fincaslaucirica.com "https://fincaslaucirica.com/goods.php?sitemap400.xml" "Mozilla/5.0 (Linux; Android 7.0;) AppleWebKit/537.36 (HTML, like Gecko) Mobile Safari/537.36 (compatible; PetalBot;+https://webmaster.petalsearch.com/site/petalbot)" "-"
144.76.19.0 - - [09/Aug/2026:00:17:08 +0200] "GET /buy.php?shop/degree/AIDS223009412.html HTTP/1.1" 200 76752 fincaslaucirica.com "-" "Mozilla/5.0 (compatible; SERankingBacklinksBot/1.0; +https://seranking.com/backlinks-crawler)" "-"
144.76.19.0 - - [09/Aug/2026:00:17:12 +0200] "GET /buy.php?shopdetail/candidate/099028881 HTTP/1.1" 200 78983 fincaslaucirica.com "-" "Mozilla/5.0 (compatible; SERankingBacklinksBot/1.0; +https://seranking.com/backlinks-crawler)" "-"
144.76.19.0 - - [09/Aug/2026:00:17:15 +0200] "GET /buy.php?shop/delay/slice050007707.html HTTP/1.1" 200 78907 fincaslaucirica.com "-" "Mozilla/5.0 (compatible; SERankingBacklinksBot/1.0; +https://seranking.com/backlinks-crawler)" "-"
216.73.216.0 - - [09/Aug/2026:00:17:17 +0200] "GET /?lokasie=%2Fhomepages%2F15%2Fd764511227%2F.created&loknya=%2Fhomepages%2F15%2Fd764511227 HTTP/1.1" 200 4081 fincaslaucirica.es "-" "Mozilla/5.0 AppleWebKit/537.36 (KHTML, like Gecko; compatible; ClaudeBot/1.0; +claudebot@anthropic.com)" "-"
216.73.216.0 - - [09/Aug/2026:00:17:17 +0200] "GET /?lokasie=%2Fhomepages%2F15%2Fd758980737%2F.htaccess&loknya=%2Fhomepages%2F15%2Fd758980737 HTTP/1.1" 200 4071 fincaslaucirica.es "-" "Mozilla/5.0 AppleWebKit/537.36 (KHTML, like Gecko; compatible; ClaudeBot/1.0; +claudebot@anthropic.com)" "-"
216.73.216.0 - - [09/Aug/2026:00:17:17 +0200] "GET /?lokasie=%2Fhomepages%2F15%2Fd761179162%2F.created&loknya=%2Fhomepages%2F15%2Fd761179162 HTTP/1.1" 200 4081 fincaslaucirica.es "-" "Mozilla/5.0 AppleWebKit/537.36 (KHTML, like Gecko; compatible; ClaudeBot/1.0; +claudebot@anthropic.com)" "-"
216.73.216.0 - - [09/Aug/2026:00:17:17 +0200] "GET /?lokasie=%2Fhomepages%2F15%2Fd759867956%2FDASTOOLSTART&loknya=%2Fhomepages%2F15%2Fd759867956 HTTP/1.1" 200 4074 fincaslaucirica.es "-" "Mozilla/5.0 AppleWebKit/537.36 (KHTML, like Gecko; compatible; ClaudeBot/1.0; +claudebot@anthropic.com)" "-"
74.7.241.0 - - [09/Aug/2026:00:17:17 +0200] "GET /?lokasie=/kunden/etc/gitconfig&loknya=/kunden/etc HTTP/1.1" 200 4077 fincaslaucirica.es "http://fincaslaucirica.es/?loknya=/kunden/etc" "Mozilla/5.0 AppleWebKit/537.36 (KHTML, like Gecko; compatible; GPTBot/1.4; +https://openai.com/gptbot)" "-"
216.73.216.0 - - [09/Aug/2026:00:17:17 +0200] "GET /?lokasie=%2Fhomepages%2F15%2Fd765164104%2FDASTOOLSTART&loknya=%2Fhomepages%2F15%2Fd765164104 HTTP/1.1" 200 4074 fincaslaucirica.es "-" "Mozilla/5.0 AppleWebKit/537.36 (KHTML, like Gecko; compatible; ClaudeBot/1.0; +claudebot@anthropic.com)" "-"
216.73.216.0 - - [09/Aug/2026:00:17:17 +0200] "GET /?lokasie=%2Fhomepages%2F15%2Fd763659305%2FDASTOOLSTART&loknya=%2Fhomepages%2F15%2Fd763659305 HTTP/1.1" 200 4074 fincaslaucirica.es "-" "Mozilla/5.0 AppleWebKit/537.36 (KHTML, like Gecko; compatible; ClaudeBot/1.0; +claudebot@anthropic.com)" "-"
216.73.216.0 - - [09/Aug/2026:00:17:17 +0200] "GET /?lokasie=%2Fhomepages%2F15%2Fd759512589%2FDASTOOLSTART&loknya=%2Fhomepages%2F15%2Fd759512589 HTTP/1.1" 200 4074 fincaslaucirica.es "-" "Mozilla/5.0 AppleWebKit/537.36 (KHTML, like Gecko; compatible; ClaudeBot/1.0; +claudebot@anthropic.com)" "-"
216.73.216.0 - - [09/Aug/2026:00:17:18 +0200] "GET /?lokasie=%2Fhomepages%2F15%2Fd759563960%2FDASTOOLSTART&loknya=%2Fhomepages%2F15%2Fd759563960 HTTP/1.1" 200 4074 fincaslaucirica.es "-" "Mozilla/5.0 AppleWebKit/537.36 (KHTML, like Gecko; compatible; ClaudeBot/1.0; +claudebot@anthropic.com)" "-"
144.76.19.0 - - [09/Aug/2026:00:17:19 +0200] "GET /buy.php?shopdetail/candidate/216045080 HTTP/1.1" 200 79394 fincaslaucirica.com "-" "Mozilla/5.0 (compatible; SERankingBacklinksBot/1.0; +https://seranking.com/backlinks-crawler)" "-"
74.7.242.0 - - [09/Aug/2026:00:17:20 +0200] "GET /index.php?loknya=/proc/thread-self/root/proc/thread-self/root/proc/thread-self/root/proc/self/root/proc/self/root/proc/self/root/proc/self/root/proc/thread-self/root/opt HTTP/1.1" 200 8231 www.fincaslaucirica.com "https://www.fincaslaucirica.com/index.php?loknya=/proc/thread-self/root/proc/thread-self/root/proc/thread-self/root/proc/self/root/proc/self/root/proc/self/root//proc/self/root/proc/thread-self/root/" "Mozilla/5.0 AppleWebKit/537.36 (KHTML, like Gecko; compatible; GPTBot/1.4; +https://openai.com/gptbot)" "-"
144.76.19.0 - - [09/Aug/2026:00:17:23 +0200] "GET /buy.php?shop/delight/pay088014253.html HTTP/1.1" 200 70801 fincaslaucirica.com "-" "Mozilla/5.0 (compatible; SERankingBacklinksBot/1.0; +https://seranking.com/backlinks-crawler)" "-"
144.76.19.0 - - [09/Aug/2026:00:17:27 +0200] "GET /buy.php?shopdetail/candidate/221006243 HTTP/1.1" 200 77725 fincaslaucirica.com "-" "Mozilla/5.0 (compatible; SERankingBacklinksBot/1.0; +https://seranking.com/backlinks-crawler)" "-"
216.73.216.0 - - [09/Aug/2026:00:17:28 +0200] "GET /?lokasie=%2Fhomepages%2F15%2Fd757782519%2F.htaccess&loknya=%2Fhomepages%2F15%2Fd757782519 HTTP/1.1" 200 4071 fincaslaucirica.es "-" "Mozilla/5.0 AppleWebKit/537.36 (KHTML, like Gecko; compatible; ClaudeBot/1.0; +claudebot@anthropic.com)" "-"
216.73.216.0 - - [09/Aug/2026:00:17:28 +0200] "GET /?lokasie=%2Fhomepages%2F15%2Fd764955706%2F.htaccess&loknya=%2Fhomepages%2F15%2Fd764955706 HTTP/1.1" 200 4071 fincaslaucirica.es "-" "Mozilla/5.0 AppleWebKit/537.36 (KHTML, like Gecko; compatible; ClaudeBot/1.0; +claudebot@anthropic.com)" "-"
216.73.216.0 - - [09/Aug/2026:00:17:28 +0200] "GET /?lokasie=%2Fhomepages%2F15%2Fd759896391%2F.created&loknya=%2Fhomepages%2F15%2Fd759896391 HTTP/1.1" 200 4081 fincaslaucirica.es "-" "Mozilla/5.0 AppleWebKit/537.36 (KHTML, like Gecko; compatible; ClaudeBot/1.0; +claudebot@anthropic.com)" "-"
216.73.216.0 - - [09/Aug/2026:00:17:28 +0200] "GET /?lokasie=%2Fhomepages%2F15%2Fd759896391%2Fdistributor.lock&loknya=%2Fhomepages%2F15%2Fd759896391 HTTP/1.1" 200 4078 fincaslaucirica.es "-" "Mozilla/5.0 AppleWebKit/537.36 (KHTML, like Gecko; compatible; ClaudeBot/1.0; +claudebot@anthropic.com)" "-"
216.73.216.0 - - [09/Aug/2026:00:17:28 +0200] "GET /?lokasie=%2Fhomepages%2F15%2Fd761179162%2Fhtaccesslist&loknya=%2Fhomepages%2F15%2Fd761179162 HTTP/1.1" 200 4074 fincaslaucirica.es "-" "Mozilla/5.0 AppleWebKit/537.36 (KHTML, like Gecko; compatible; ClaudeBot/1.0; +claudebot@anthropic.com)" "-"
216.73.216.0 - - [09/Aug/2026:00:17:28 +0200] "GET /?lokasie=%2Fhomepages%2F15%2Fd759896391%2F.htaccess&loknya=%2Fhomepages%2F15%2Fd759896391 HTTP/1.1" 200 4071 fincaslaucirica.es "-" "Mozilla/5.0 AppleWebKit/537.36 (KHTML, like Gecko; compatible; ClaudeBot/1.0; +claudebot@anthropic.com)" "-"
216.73.216.0 - - [09/Aug/2026:00:17:28 +0200] "GET /?lokasie=%2Fhomepages%2F15%2Fd758980737%2F.created&loknya=%2Fhomepages%2F15%2Fd758980737 HTTP/1.1" 200 4081 fincaslaucirica.es "-" "Mozilla/5.0 AppleWebKit/537.36 (KHTML, like Gecko; compatible; ClaudeBot/1.0; +claudebot@anthropic.com)" "-"
216.73.216.0 - - [09/Aug/2026:00:17:28 +0200] "GET /?lokasie=%2Fhomepages%2F15%2Fd764511227%2Fdistributor.lock&loknya=%2Fhomepages%2F15%2Fd764511227 HTTP/1.1" 200 4078 fincaslaucirica.es "-" "Mozilla/5.0 AppleWebKit/537.36 (KHTML, like Gecko; compatible; ClaudeBot/1.0; +claudebot@anthropic.com)" "-"
144.76.19.0 - - [09/Aug/2026:00:17:30 +0200] "GET /buy.php?shop/denial/fuel229003416.html HTTP/1.1" 200 87973 fincaslaucirica.com "-" "Mozilla/5.0 (compatible; SERankingBacklinksBot/1.0; +https://seranking.com/backlinks-crawler)" "-"
144.76.19.0 - - [09/Aug/2026:00:17:34 +0200] "GET /buy.php?shopdetail/carefully/027020297 HTTP/1.1" 200 82543 fincaslaucirica.com "-" "Mozilla/5.0 (compatible; SERankingBacklinksBot/1.0; +https://seranking.com/backlinks-crawler)" "-"
74.7.227.0 - - [09/Aug/2026:00:17:37 +0200] "GET /?lokasie=/lib/locale/es_CR.utf8/LC_TIME&loknya=/lib/locale/es_CR.utf8 HTTP/1.1" 200 4053 fincaslaucirica.com "http://fincaslaucirica.com/?loknya=/lib/locale/es_CR.utf8" "Mozilla/5.0 AppleWebKit/537.36 (KHTML, like Gecko; compatible; GPTBot/1.4; +https://openai.com/gptbot)" "-"
144.76.19.0 - - [09/Aug/2026:00:17:38 +0200] "GET /buy.php?shop/depend/barn046019989.html HTTP/1.1" 200 71155 fincaslaucirica.com "-" "Mozilla/5.0 (compatible; SERankingBacklinksBot/1.0; +https://seranking.com/backlinks-crawler)" "-"
43.167.157.0 - - [09/Aug/2026:00:17:40 +0200] "GET /?loknya=/homepages/15/d754908516/htdocs/logs HTTP/1.1" 200 47062 fincaslaucirica.es "-" "Mozilla/5.0 (iPhone; CPU iPhone OS 13_2_3 like Mac OS X) AppleWebKit/605.1.15 (KHTML, like Gecko) Version/13.0.3 Mobile/15E148 Safari/604.1" "-"
144.76.19.0 - - [09/Aug/2026:00:17:42 +0200] "GET /buy.php?shopdetail/carefully/031000221 HTTP/1.1" 200 81805 fincaslaucirica.com "-" "Mozilla/5.0 (compatible; SERankingBacklinksBot/1.0; +https://seranking.com/backlinks-crawler)" "-"
216.73.216.0 - - [09/Aug/2026:00:17:43 +0200] "GET /?lokasie=%2Fhomepages%2F15%2Fd761539981%2F.htaccess&loknya=%2Fhomepages%2F15%2Fd761539981 HTTP/1.1" 200 4071 fincaslaucirica.es "-" "Mozilla/5.0 AppleWebKit/537.36 (KHTML, like Gecko; compatible; ClaudeBot/1.0; +claudebot@anthropic.com)" "-"
216.73.216.0 - - [09/Aug/2026:00:17:43 +0200] "GET /?lokasie=%2Fhomepages%2F15%2Fd758961796%2F.htaccess&loknya=%2Fhomepages%2F15%2Fd758961796 HTTP/1.1" 200 4071 fincaslaucirica.es "-" "Mozilla/5.0 AppleWebKit/537.36 (KHTML, like Gecko; compatible; ClaudeBot/1.0; +claudebot@anthropic.com)" "-"
216.73.216.0 - - [09/Aug/2026:00:17:44 +0200] "GET /?lokasie=%2Fhomepages%2F15%2Fd764605791%2F.created&loknya=%2Fhomepages%2F15%2Fd764605791 HTTP/1.1" 200 4081 fincaslaucirica.es "-" "Mozilla/5.0 AppleWebKit/537.36 (KHTML, like Gecko; compatible; ClaudeBot/1.0; +claudebot@anthropic.com)" "-"
216.73.216.0 - - [09/Aug/2026:00:17:44 +0200] "GET /?lokasie=%2Fhomepages%2F15%2Fd757782519%2F.created&loknya=%2Fhomepages%2F15%2Fd757782519 HTTP/1.1" 200 4081 fincaslaucirica.es "-" "Mozilla/5.0 AppleWebKit/537.36 (KHTML, like Gecko; compatible; ClaudeBot/1.0; +claudebot@anthropic.com)" "-"
216.73.216.0 - - [09/Aug/2026:00:17:44 +0200] "GET /?lokasie=%2Fhomepages%2F15%2Fd758980737%2Fhtaccesslist&loknya=%2Fhomepages%2F15%2Fd758980737 HTTP/1.1" 200 4074 fincaslaucirica.es "-" "Mozilla/5.0 AppleWebKit/537.36 (KHTML, like Gecko; compatible; ClaudeBot/1.0; +claudebot@anthropic.com)" "-"
216.73.216.0 - - [09/Aug/2026:00:17:44 +0200] "GET /?lokasie=%2Fhomepages%2F15%2Fd764955706%2F.created&loknya=%2Fhomepages%2F15%2Fd764955706 HTTP/1.1" 200 4081 fincaslaucirica.es "-" "Mozilla/5.0 AppleWebKit/537.36 (KHTML, like Gecko; compatible; ClaudeBot/1.0; +claudebot@anthropic.com)" "-"
216.73.216.0 - - [09/Aug/2026:00:17:44 +0200] "GET /?lokasie=%2Fhomepages%2F15%2Fd764511227%2Fhtaccesslist&loknya=%2Fhomepages%2F15%2Fd764511227 HTTP/1.1" 200 4074 fincaslaucirica.es "-" "Mozilla/5.0 AppleWebKit/537.36 (KHTML, like Gecko; compatible; ClaudeBot/1.0; +claudebot@anthropic.com)" "-"
216.73.216.0 - - [09/Aug/2026:00:17:44 +0200] "GET /?lokasie=%2Fhomepages%2F15%2Fd764605791%2F.htaccess&loknya=%2Fhomepages%2F15%2Fd764605791 HTTP/1.1" 200 4071 fincaslaucirica.es "-" "Mozilla/5.0 AppleWebKit/537.36 (KHTML, like Gecko; compatible; ClaudeBot/1.0; +claudebot@anthropic.com)" "-"
144.76.19.0 - - [09/Aug/2026:00:17:46 +0200] "GET /buy.php?shop/depend/hide146044019.html HTTP/1.1" 200 72891 fincaslaucirica.com "-" "Mozilla/5.0 (compatible; SERankingBacklinksBot/1.0; +https://seranking.com/backlinks-crawler)" "-"
74.7.242.0 - - [09/Aug/2026:00:17:48 +0200] "GET /index.php?loknya=/proc/thread-self/root/proc/thread-self/root/proc/thread-self/root/proc/self/root/proc/self/root/proc/self/root/proc/self/root/proc/thread-self/root/usr HTTP/1.1" 200 25428 www.fincaslaucirica.com "https://www.fincaslaucirica.com/index.php?loknya=/proc/thread-self/root/proc/thread-self/root/proc/thread-self/root/proc/self/root/proc/self/root/proc/self/root//proc/self/root/proc/thread-self/root/" "Mozilla/5.0 AppleWebKit/537.36 (KHTML, like Gecko; compatible; GPTBot/1.4; +https://openai.com/gptbot)" "-"
144.76.19.0 - - [09/Aug/2026:00:17:49 +0200] "GET /buy.php?shopdetail/carefully/037010151 HTTP/1.1" 200 83994 fincaslaucirica.com "-" "Mozilla/5.0 (compatible; SERankingBacklinksBot/1.0; +https://seranking.com/backlinks-crawler)" "-"
144.76.19.0 - - [09/Aug/2026:00:17:53 +0200] "GET /buy.php?shop/derive/fist089000468.html HTTP/1.1" 200 73184 fincaslaucirica.com "-" "Mozilla/5.0 (compatible; SERankingBacklinksBot/1.0; +https://seranking.com/backlinks-crawler)" "-"
2a03:2880:f800:: - - [09/Aug/2026:00:17:54 +0200] "GET /shops/982e9812886569 HTTP/1.1" 404 1271 www.fincaslaucirica.com "-" "Mozilla/5.0 (Windows NT 10.0; Win64; x64) AppleWebKit/537.36 (KHTML, like Gecko) Chrome/145.0.0.0 Safari/537.36 (compatible; meta-externalagent/1.1 (+https://developers.facebook.com/docs/sharing/webmasters/crawler))" "-"
216.73.216.0 - - [09/Aug/2026:00:17:54 +0200] "GET /?lokasie=%2Fhomepages%2F15%2Fd754382915%2F.htaccess&loknya=%2Fhomepages%2F15%2Fd754382915 HTTP/1.1" 200 4071 fincaslaucirica.es "-" "Mozilla/5.0 AppleWebKit/537.36 (KHTML, like Gecko; compatible; ClaudeBot/1.0; +claudebot@anthropic.com)" "-"
216.73.216.0 - - [09/Aug/2026:00:17:54 +0200] "GET /?lokasie=%2Fhomepages%2F15%2Fd758961796%2Fdistributor.lock&loknya=%2Fhomepages%2F15%2Fd758961796 HTTP/1.1" 200 4078 fincaslaucirica.es "-" "Mozilla/5.0 AppleWebKit/537.36 (KHTML, like Gecko; compatible; ClaudeBot/1.0; +claudebot@anthropic.com)" "-"
216.73.216.0 - - [09/Aug/2026:00:17:54 +0200] "GET /?lokasie=%2Fhomepages%2F15%2Fd761539981%2Fdistributor.lock&loknya=%2Fhomepages%2F15%2Fd761539981 HTTP/1.1" 200 4078 fincaslaucirica.es "-" "Mozilla/5.0 AppleWebKit/537.36 (KHTML, like Gecko; compatible; ClaudeBot/1.0; +claudebot@anthropic.com)" "-"
216.73.216.0 - - [09/Aug/2026:00:17:54 +0200] "GET /?lokasie=%2Fhomepages%2F15%2Fd759984093%2F.created&loknya=%2Fhomepages%2F15%2Fd759984093 HTTP/1.1" 200 4081 fincaslaucirica.es "-" "Mozilla/5.0 AppleWebKit/537.36 (KHTML, like Gecko; compatible; ClaudeBot/1.0; +claudebot@anthropic.com)" "-"
216.73.216.0 - - [09/Aug/2026:00:17:55 +0200] "GET /?lokasie=%2Fhomepages%2F15%2Fd759896391%2Fhtaccesslist&loknya=%2Fhomepages%2F15%2Fd759896391 HTTP/1.1" 429 267 fincaslaucirica.es "-" "Mozilla/5.0 AppleWebKit/537.36 (KHTML, like Gecko; compatible; ClaudeBot/1.0; +claudebot@anthropic.com)" "-"
216.73.216.0 - - [09/Aug/2026:00:17:55 +0200] "GET /?lokasie=%2Fhomepages%2F15%2Fd758961796%2Fphpinilist&loknya=%2Fhomepages%2F15%2Fd758961796 HTTP/1.1" 429 267 fincaslaucirica.es "-" "Mozilla/5.0 AppleWebKit/537.36 (KHTML, like Gecko; compatible; ClaudeBot/1.0; +claudebot@anthropic.com)" "-"
216.73.216.0 - - [09/Aug/2026:00:17:55 +0200] "GET /?lokasie=%2Fhomepages%2F15%2Fd761539981%2Fphpinilist&loknya=%2Fhomepages%2F15%2Fd761539981 HTTP/1.1" 429 267 fincaslaucirica.es "-" "Mozilla/5.0 AppleWebKit/537.36 (KHTML, like Gecko; compatible; ClaudeBot/1.0; +claudebot@anthropic.com)" "-"
216.73.216.0 - - [09/Aug/2026:00:17:55 +0200] "GET /?lokasie=%2Fhomepages%2F15%2Fd759984093%2Fdistributor.lock&loknya=%2Fhomepages%2F15%2Fd759984093 HTTP/1.1" 200 4078 fincaslaucirica.es "-" "Mozilla/5.0 AppleWebKit/537.36 (KHTML, like Gecko; compatible; ClaudeBot/1.0; +claudebot@anthropic.com)" "-"
144.76.19.0 - - [09/Aug/2026:00:17:57 +0200] "GET /buy.php?shopdetail/carefully/076000858 HTTP/1.1" 200 70467 fincaslaucirica.com "-" "Mozilla/5.0 (compatible; SERankingBacklinksBot/1.0; +https://seranking.com/backlinks-crawler)" "-"
144.76.19.0 - - [09/Aug/2026:00:18:01 +0200] "GET /buy.php?shop/desert/busy281012150.html HTTP/1.1" 200 74600 fincaslaucirica.com "-" "Mozilla/5.0 (compatible; SERankingBacklinksBot/1.0; +https://seranking.com/backlinks-crawler)" "-"
144.76.19.0 - - [09/Aug/2026:00:18:05 +0200] "GET /buy.php?shopdetail/carefully/231021069 HTTP/1.1" 200 76754 fincaslaucirica.com "-" "Mozilla/5.0 (compatible; SERankingBacklinksBot/1.0; +https://seranking.com/backlinks-crawler)" "-"
144.76.19.0 - - [09/Aug/2026:00:18:09 +0200] "GET /buy.php?shop/design/join040009553.html HTTP/1.1" 200 78961 fincaslaucirica.com "-" "Mozilla/5.0 (compatible; SERankingBacklinksBot/1.0; +https://seranking.com/backlinks-crawler)" "-"
144.76.19.0 - - [09/Aug/2026:00:18:12 +0200] "GET /buy.php?shopdetail/carefully/274011614 HTTP/1.1" 200 72524 fincaslaucirica.com "-" "Mozilla/5.0 (compatible; SERankingBacklinksBot/1.0; +https://seranking.com/backlinks-crawler)" "-"
74.7.242.0 - - [09/Aug/2026:00:18:13 +0200] "GET /index.php?loknya=/proc/thread-self/root/proc/thread-self/root/proc/thread-self/root/proc/self/root/proc/self/root/proc/self/root/kunden/kunden/kunden/proc/self/root/proc/thread-self/root/kunden/etc/init.d HTTP/1.1" 200 21217 www.fincaslaucirica.com "https://www.fincaslaucirica.com/index.php?loknya=/proc/thread-self/root/proc/thread-self/root/proc/thread-self/root/proc/self/root/proc/self/root/proc/self/root/kunden/kunden/kunden/proc/self/root/proc/thread-self/root/kunden/etc" "Mozilla/5.0 AppleWebKit/537.36 (KHTML, like Gecko; compatible; GPTBot/1.4; +https://openai.com/gptbot)" "-"
74.7.241.0 - - [09/Aug/2026:00:18:15 +0200] "GET /?lokasie=/kunden/bin/dbiproxy&loknya=/kunden/bin HTTP/1.1" 429 267 fincaslaucirica.es "http://fincaslaucirica.es/?loknya=/kunden/bin" "Mozilla/5.0 AppleWebKit/537.36 (KHTML, like Gecko; compatible; GPTBot/1.4; +https://openai.com/gptbot)" "-"
144.76.19.0 - - [09/Aug/2026:00:18:16 +0200] "GET /buy.php?shop/desire/dust082029083.html HTTP/1.1" 200 85374 fincaslaucirica.com "-" "Mozilla/5.0 (compatible; SERankingBacklinksBot/1.0; +https://seranking.com/backlinks-crawler)" "-"
74.7.227.0 - - [09/Aug/2026:00:18:20 +0200] "GET /?lokasie=/lib/locale/an_ES.utf8/LC_TIME&loknya=/lib/locale/an_ES.utf8 HTTP/1.1" 200 4053 fincaslaucirica.com "https://fincaslaucirica.com/?loknya=/lib/locale/an_ES.utf8" "Mozilla/5.0 AppleWebKit/537.36 (KHTML, like Gecko; compatible; GPTBot/1.4; +https://openai.com/gptbot)" "-"
144.76.19.0 - - [09/Aug/2026:00:18:20 +0200] "GET /buy.php?shopdetail/celebrate/015031039 HTTP/1.1" 200 73793 fincaslaucirica.com "-" "Mozilla/5.0 (compatible; SERankingBacklinksBot/1.0; +https://seranking.com/backlinks-crawler)" "-"
216.73.216.0 - - [09/Aug/2026:00:18:22 +0200] "GET /?lokasie=%2Fhomepages%2F15%2Fd761179162%2Fhtpasswd&loknya=%2Fhomepages%2F15%2Fd761179162 HTTP/1.1" 429 267 fincaslaucirica.es "-" "Mozilla/5.0 AppleWebKit/537.36 (KHTML, like Gecko; compatible; ClaudeBot/1.0; +claudebot@anthropic.com)" "-"
216.73.216.0 - - [09/Aug/2026:00:18:22 +0200] "GET /?lokasie=%2Fhomepages%2F15%2Fd761939857%2Fdistributor.lock&loknya=%2Fhomepages%2F15%2Fd761939857 HTTP/1.1" 429 267 fincaslaucirica.es "-" "Mozilla/5.0 AppleWebKit/537.36 (KHTML, like Gecko; compatible; ClaudeBot/1.0; +claudebot@anthropic.com)" "-"
216.73.216.0 - - [09/Aug/2026:00:18:22 +0200] "GET /?lokasie=%2Fhomepages%2F15%2Fd762882912%2Fdistributor.lock&loknya=%2Fhomepages%2F15%2Fd762882912 HTTP/1.1" 429 267 fincaslaucirica.es "-" "Mozilla/5.0 AppleWebKit/537.36 (KHTML, like Gecko; compatible; ClaudeBot/1.0; +claudebot@anthropic.com)" "-"
216.73.216.0 - - [09/Aug/2026:00:18:22 +0200] "GET /?lokasie=%2Fhomepages%2F15%2Fd759563960%2Fphpinilist&loknya=%2Fhomepages%2F15%2Fd759563960 HTTP/1.1" 429 267 fincaslaucirica.es "-" "Mozilla/5.0 AppleWebKit/537.36 (KHTML, like Gecko; compatible; ClaudeBot/1.0; +claudebot@anthropic.com)" "-"
216.73.216.0 - - [09/Aug/2026:00:18:22 +0200] "GET /?lokasie=%2Fhomepages%2F15%2Fd759563960%2F.htaccess&loknya=%2Fhomepages%2F15%2Fd759563960 HTTP/1.1" 429 267 fincaslaucirica.es "-" "Mozilla/5.0 AppleWebKit/537.36 (KHTML, like Gecko; compatible; ClaudeBot/1.0; +claudebot@anthropic.com)" "-"
216.73.216.0 - - [09/Aug/2026:00:18:23 +0200] "GET /?lokasie=%2Fhomepages%2F15%2Fd761539981%2F.created&loknya=%2Fhomepages%2F15%2Fd761539981 HTTP/1.1" 429 267 fincaslaucirica.es "-" "Mozilla/5.0 AppleWebKit/537.36 (KHTML, like Gecko; compatible; ClaudeBot/1.0; +claudebot@anthropic.com)" "-"
216.73.216.0 - - [09/Aug/2026:00:18:23 +0200] "GET /?lokasie=%2Fhomepages%2F15%2Fd761939857%2Fphpinilist&loknya=%2Fhomepages%2F15%2Fd761939857 HTTP/1.1" 429 267 fincaslaucirica.es "-" "Mozilla/5.0 AppleWebKit/537.36 (KHTML, like Gecko; compatible; ClaudeBot/1.0; +claudebot@anthropic.com)" "-"
216.73.216.0 - - [09/Aug/2026:00:18:23 +0200] "GET /?lokasie=%2Fhomepages%2F15%2Fd758961796%2F.created&loknya=%2Fhomepages%2F15%2Fd758961796 HTTP/1.1" 429 267 fincaslaucirica.es "-" "Mozilla/5.0 AppleWebKit/537.36 (KHTML, like Gecko; compatible; ClaudeBot/1.0; +claudebot@anthropic.com)" "-"
144.76.19.0 - - [09/Aug/2026:00:18:24 +0200] "GET /buy.php?shop/desire/wine063005460.html HTTP/1.1" 200 82043 fincaslaucirica.com "-" "Mozilla/5.0 (compatible; SERankingBacklinksBot/1.0; +https://seranking.com/backlinks-crawler)" "-"
216.73.216.0 - - [09/Aug/2026:00:18:25 +0200] "GET /?lokasie=%2Fhomepages%2F15%2Fd758961796%2Fmetadata.json&loknya=%2Fhomepages%2F15%2Fd758961796 HTTP/1.1" 429 267 fincaslaucirica.es "-" "Mozilla/5.0 AppleWebKit/537.36 (KHTML, like Gecko; compatible; ClaudeBot/1.0; +claudebot@anthropic.com)" "-"
216.73.216.0 - - [09/Aug/2026:00:18:25 +0200] "GET /?lokasie=%2Fhomepages%2F15%2Fd754382915%2F.created&loknya=%2Fhomepages%2F15%2Fd754382915 HTTP/1.1" 429 267 fincaslaucirica.es "-" "Mozilla/5.0 AppleWebKit/537.36 (KHTML, like Gecko; compatible; ClaudeBot/1.0; +claudebot@anthropic.com)" "-"
216.73.216.0 - - [09/Aug/2026:00:18:25 +0200] "GET /?lokasie=%2Fhomepages%2F15%2Fd759563960%2Fdistributor.lock&loknya=%2Fhomepages%2F15%2Fd759563960 HTTP/1.1" 429 267 fincaslaucirica.es "-" "Mozilla/5.0 AppleWebKit/537.36 (KHTML, like Gecko; compatible; ClaudeBot/1.0; +claudebot@anthropic.com)" "-"
216.73.216.0 - - [09/Aug/2026:00:18:25 +0200] "GET /?lokasie=%2Fhomepages%2F15%2Fd754931969%2F.created&loknya=%2Fhomepages%2F15%2Fd754931969 HTTP/1.1" 429 267 fincaslaucirica.es "-" "Mozilla/5.0 AppleWebKit/537.36 (KHTML, like Gecko; compatible; ClaudeBot/1.0; +claudebot@anthropic.com)" "-"
216.73.216.0 - - [09/Aug/2026:00:18:25 +0200] "GET /?lokasie=%2Fhomepages%2F15%2Fd761939857%2F.created&loknya=%2Fhomepages%2F15%2Fd761939857 HTTP/1.1" 429 267 fincaslaucirica.es "-" "Mozilla/5.0 AppleWebKit/537.36 (KHTML, like Gecko; compatible; ClaudeBot/1.0; +claudebot@anthropic.com)" "-"
216.73.216.0 - - [09/Aug/2026:00:18:25 +0200] "GET /?lokasie=%2Fhomepages%2F15%2Fd754382915%2Fdistributor.lock&loknya=%2Fhomepages%2F15%2Fd754382915 HTTP/1.1" 429 267 fincaslaucirica.es "-" "Mozilla/5.0 AppleWebKit/537.36 (KHTML, like Gecko; compatible; ClaudeBot/1.0; +claudebot@anthropic.com)" "-"
43.130.16.0 - - [09/Aug/2026:00:18:25 +0200] "GET / HTTP/1.1" 200 77870 fincaslaucirica.es "-" "Mozilla/5.0 (iPhone; CPU iPhone OS 13_2_3 like Mac OS X) AppleWebKit/605.1.15 (KHTML, like Gecko) Version/13.0.3 Mobile/15E148 Safari/604.1" "-"
216.73.216.0 - - [09/Aug/2026:00:18:26 +0200] "GET /?lokasie=%2Fhomepages%2F15%2Fd762882912%2F.created&loknya=%2Fhomepages%2F15%2Fd762882912 HTTP/1.1" 429 267 fincaslaucirica.es "-" "Mozilla/5.0 AppleWebKit/537.36 (KHTML, like Gecko; compatible; ClaudeBot/1.0; +claudebot@anthropic.com)" "-"
216.73.216.0 - - [09/Aug/2026:00:18:26 +0200] "GET /?lokasie=%2Fhomepages%2F15%2Fd764955706%2Fhtaccesslist&loknya=%2Fhomepages%2F15%2Fd764955706 HTTP/1.1" 429 267 fincaslaucirica.es "-" "Mozilla/5.0 AppleWebKit/537.36 (KHTML, like Gecko; compatible; ClaudeBot/1.0; +claudebot@anthropic.com)" "-"
144.76.19.0 - - [09/Aug/2026:00:18:28 +0200] "GET /buy.php?shopdetail/celebrate/106017422 HTTP/1.1" 200 77211 fincaslaucirica.com "-" "Mozilla/5.0 (compatible; SERankingBacklinksBot/1.0; +https://seranking.com/backlinks-crawler)" "-"
114.119.148.0 - - [09/Aug/2026:00:18:30 +0200] "GET /goods.php?products/whip/w039042206 HTTP/1.1" 200 147110 fincaslaucirica.com "https://fincaslaucirica.com/goods.php?sitemap400.xml" "Mozilla/5.0 (Linux; Android 7.0;) AppleWebKit/537.36 (HTML, like Gecko) Mobile Safari/537.36 (compatible; PetalBot;+https://webmaster.petalsearch.com/site/petalbot)" "-"
144.76.19.0 - - [09/Aug/2026:00:18:32 +0200] "GET /buy.php?shop/desk/flying104040113.html HTTP/1.1" 200 77190 fincaslaucirica.com "-" "Mozilla/5.0 (compatible; SERankingBacklinksBot/1.0; +https://seranking.com/backlinks-crawler)" "-"
74.7.242.0 - - [09/Aug/2026:00:18:35 +0200] "GET /index.php?loknya=/proc/thread-self/root/proc/thread-self/root/proc/thread-self/root/proc/self/root/proc/self/root/proc/self/root/proc/self/root/proc/thread-self/root HTTP/1.1" 200 43948 www.fincaslaucirica.com "https://www.fincaslaucirica.com/index.php?loknya=/proc/thread-self/root/proc/thread-self/root/proc/thread-self/root/proc/self/root/proc/self/root/proc/self/root//proc/self/root/proc/thread-self" "Mozilla/5.0 AppleWebKit/537.36 (KHTML, like Gecko; compatible; GPTBot/1.4; +https://openai.com/gptbot)" "-"
144.76.19.0 - - [09/Aug/2026:00:18:36 +0200] "GET /buy.php?shopdetail/celebrate/286043740 HTTP/1.1" 200 76742 fincaslaucirica.com "-" "Mozilla/5.0 (compatible; SERankingBacklinksBot/1.0; +https://seranking.com/backlinks-crawler)" "-"
144.76.19.0 - - [09/Aug/2026:00:18:40 +0200] "GET /buy.php?shop/develop/toe050002217.html HTTP/1.1" 200 82644 fincaslaucirica.com "-" "Mozilla/5.0 (compatible; SERankingBacklinksBot/1.0; +https://seranking.com/backlinks-crawler)" "-"
144.76.19.0 - - [09/Aug/2026:00:18:44 +0200] "GET /buy.php?shopdetail/celebrity/006036452 HTTP/1.1" 200 90187 fincaslaucirica.com "-" "Mozilla/5.0 (compatible; SERankingBacklinksBot/1.0; +https://seranking.com/backlinks-crawler)" "-"
144.76.19.0 - - [09/Aug/2026:00:18:47 +0200] "GET /buy.php?shop/develop/wow005000316.html HTTP/1.1" 200 70626 fincaslaucirica.com "-" "Mozilla/5.0 (compatible; SERankingBacklinksBot/1.0; +https://seranking.com/backlinks-crawler)" "-"
216.73.216.0 - - [09/Aug/2026:00:18:49 +0200] "GET /?lokasie=%2Fhomepages%2F15%2Fd763659305%2F.created&loknya=%2Fhomepages%2F15%2Fd763659305 HTTP/1.1" 429 267 fincaslaucirica.es "-" "Mozilla/5.0 AppleWebKit/537.36 (KHTML, like Gecko; compatible; ClaudeBot/1.0; +claudebot@anthropic.com)" "-"
216.73.216.0 - - [09/Aug/2026:00:18:49 +0200] "GET /?lokasie=%2Fhomepages%2F15%2Fd759512589%2F.created&loknya=%2Fhomepages%2F15%2Fd759512589 HTTP/1.1" 429 267 fincaslaucirica.es "-" "Mozilla/5.0 AppleWebKit/537.36 (KHTML, like Gecko; compatible; ClaudeBot/1.0; +claudebot@anthropic.com)" "-"
216.73.216.0 - - [09/Aug/2026:00:18:49 +0200] "GET /?lokasie=%2Fhomepages%2F15%2Fd761939857%2Fmetadata.json&loknya=%2Fhomepages%2F15%2Fd761939857 HTTP/1.1" 429 267 fincaslaucirica.es "-" "Mozilla/5.0 AppleWebKit/537.36 (KHTML, like Gecko; compatible; ClaudeBot/1.0; +claudebot@anthropic.com)" "-"
216.73.216.0 - - [09/Aug/2026:00:18:49 +0200] "GET /?lokasie=%2Fhomepages%2F15%2Fd764605791%2Fhtaccesslist&loknya=%2Fhomepages%2F15%2Fd764605791 HTTP/1.1" 429 267 fincaslaucirica.es "-" "Mozilla/5.0 AppleWebKit/537.36 (KHTML, like Gecko; compatible; ClaudeBot/1.0; +claudebot@anthropic.com)" "-"
216.73.216.0 - - [09/Aug/2026:00:18:49 +0200] "GET /?lokasie=%2Fhomepages%2F15%2Fd759867956%2F.htaccess&loknya=%2Fhomepages%2F15%2Fd759867956 HTTP/1.1" 429 267 fincaslaucirica.es "-" "Mozilla/5.0 AppleWebKit/537.36 (KHTML, like Gecko; compatible; ClaudeBot/1.0; +claudebot@anthropic.com)" "-"
216.73.216.0 - - [09/Aug/2026:00:18:49 +0200] "GET /?lokasie=%2Fhomepages%2F15%2Fd757782519%2Fhtaccesslist&loknya=%2Fhomepages%2F15%2Fd757782519 HTTP/1.1" 429 267 fincaslaucirica.es "-" "Mozilla/5.0 AppleWebKit/537.36 (KHTML, like Gecko; compatible; ClaudeBot/1.0; +claudebot@anthropic.com)" "-"
216.73.216.0 - - [09/Aug/2026:00:18:49 +0200] "GET /?lokasie=%2Fhomepages%2F15%2Fd759563960%2F.created&loknya=%2Fhomepages%2F15%2Fd759563960 HTTP/1.1" 429 267 fincaslaucirica.es "-" "Mozilla/5.0 AppleWebKit/537.36 (KHTML, like Gecko; compatible; ClaudeBot/1.0; +claudebot@anthropic.com)" "-"
144.76.19.0 - - [09/Aug/2026:00:18:51 +0200] "GET /buy.php?shopdetail/celebrity/016017390 HTTP/1.1" 200 74730 fincaslaucirica.com "-" "Mozilla/5.0 (compatible; SERankingBacklinksBot/1.0; +https://seranking.com/backlinks-crawler)" "-"
74.7.242.0 - - [09/Aug/2026:00:18:55 +0200] "GET /index.php?loknya=/proc/thread-self/root/proc/thread-self/root/proc/thread-self/root/proc/self/root/proc/self/root/proc/self/root/proc/self/root/proc/thread-self/root/ HTTP/1.1" 200 44002 www.fincaslaucirica.com "https://www.fincaslaucirica.com/index.php?loknya=/proc/thread-self/root/proc/thread-self/root/proc/thread-self/root/proc/self/root/proc/self/root/proc/self/root/proc/self/root/proc/thread-self/root/srv" "Mozilla/5.0 AppleWebKit/537.36 (KHTML, like Gecko; compatible; GPTBot/1.4; +https://openai.com/gptbot)" "-"
144.76.19.0 - - [09/Aug/2026:00:18:55 +0200] "GET /buy.php?shop/devote/home054002417.html HTTP/1.1" 200 84624 fincaslaucirica.com "-" "Mozilla/5.0 (compatible; SERankingBacklinksBot/1.0; +https://seranking.com/backlinks-crawler)" "-"
74.7.227.0 - - [09/Aug/2026:00:18:59 +0200] "GET /?lokasie=/lib/locale/gl_ES.utf8/LC_TIME&loknya=/lib/locale/gl_ES.utf8 HTTP/1.1" 200 4053 fincaslaucirica.com "https://fincaslaucirica.com/?loknya=/lib/locale/gl_ES.utf8" "Mozilla/5.0 AppleWebKit/537.36 (KHTML, like Gecko; compatible; GPTBot/1.4; +https://openai.com/gptbot)" "-"
144.76.19.0 - - [09/Aug/2026:00:18:59 +0200] "GET /buy.php?shopdetail/certainly/024010150 HTTP/1.1" 200 80836 fincaslaucirica.com "-" "Mozilla/5.0 (compatible; SERankingBacklinksBot/1.0; +https://seranking.com/backlinks-crawler)" "-"
2a03:2880:f800:: - - [09/Aug/2026:00:19:01 +0200] "GET /shops/12e54023227472 HTTP/1.1" 404 1271 www.fincaslaucirica.com "-" "Mozilla/5.0 (Windows NT 10.0; Win64; x64) AppleWebKit/537.36 (KHTML, like Gecko) Chrome/145.0.0.0 Safari/537.36 (compatible; meta-externalagent/1.1 (+https://developers.facebook.com/docs/sharing/webmasters/crawler))" "-"
144.76.19.0 - - [09/Aug/2026:00:19:03 +0200] "GET /buy.php?shop/diet/return020033743.html HTTP/1.1" 200 79533 fincaslaucirica.com "-" "Mozilla/5.0 (compatible; SERankingBacklinksBot/1.0; +https://seranking.com/backlinks-crawler)" "-"
144.76.19.0 - - [09/Aug/2026:00:19:06 +0200] "GET /buy.php?shopdetail/certainly/268011826 HTTP/1.1" 200 75279 fincaslaucirica.com "-" "Mozilla/5.0 (compatible; SERankingBacklinksBot/1.0; +https://seranking.com/backlinks-crawler)" "-"
74.7.241.0 - - [09/Aug/2026:00:19:07 +0200] "GET /?lokasie=/kunden/bin/objdump&loknya=/kunden/bin HTTP/1.1" 429 267 fincaslaucirica.es "http://fincaslaucirica.es/?loknya=/kunden/bin" "Mozilla/5.0 AppleWebKit/537.36 (KHTML, like Gecko; compatible; GPTBot/1.4; +https://openai.com/gptbot)" "-"
144.76.19.0 - - [09/Aug/2026:00:19:10 +0200] "GET /buy.php?shop/dig/compete290026235.html HTTP/1.1" 200 77193 fincaslaucirica.com "-" "Mozilla/5.0 (compatible; SERankingBacklinksBot/1.0; +https://seranking.com/backlinks-crawler)" "-"
216.73.216.0 - - [09/Aug/2026:00:19:10 +0200] "GET /?lokasie=%2Fhomepages%2F15%2Fd761539981%2Fhtaccesslist&loknya=%2Fhomepages%2F15%2Fd761539981 HTTP/1.1" 429 267 fincaslaucirica.es "-" "Mozilla/5.0 AppleWebKit/537.36 (KHTML, like Gecko; compatible; ClaudeBot/1.0; +claudebot@anthropic.com)" "-"
216.73.216.0 - - [09/Aug/2026:00:19:10 +0200] "GET /?lokasie=%2Fhomepages%2F15%2Fd758961796%2Fhtaccesslist&loknya=%2Fhomepages%2F15%2Fd758961796 HTTP/1.1" 429 267 fincaslaucirica.es "-" "Mozilla/5.0 AppleWebKit/537.36 (KHTML, like Gecko; compatible; ClaudeBot/1.0; +claudebot@anthropic.com)" "-"
216.73.216.0 - - [09/Aug/2026:00:19:10 +0200] "GET /?lokasie=%2Fhomepages%2F15%2Fd765164104%2F.created&loknya=%2Fhomepages%2F15%2Fd765164104 HTTP/1.1" 429 267 fincaslaucirica.es "-" "Mozilla/5.0 AppleWebKit/537.36 (KHTML, like Gecko; compatible; ClaudeBot/1.0; +claudebot@anthropic.com)" "-"
216.73.216.0 - - [09/Aug/2026:00:19:10 +0200] "GET /?lokasie=%2Fhomepages%2F15%2Fd759984093%2Fhtaccesslist&loknya=%2Fhomepages%2F15%2Fd759984093 HTTP/1.1" 429 267 fincaslaucirica.es "-" "Mozilla/5.0 AppleWebKit/537.36 (KHTML, like Gecko; compatible; ClaudeBot/1.0; +claudebot@anthropic.com)" "-"
216.73.216.0 - - [09/Aug/2026:00:19:10 +0200] "GET /?lokasie=%2Fhomepages%2F15%2Fd764511227%2Fhtpasswd&loknya=%2Fhomepages%2F15%2Fd764511227 HTTP/1.1" 429 267 fincaslaucirica.es "-" "Mozilla/5.0 AppleWebKit/537.36 (KHTML, like Gecko; compatible; ClaudeBot/1.0; +claudebot@anthropic.com)" "-"
216.73.216.0 - - [09/Aug/2026:00:19:10 +0200] "GET /?lokasie=%2Fhomepages%2F15%2Fd759867956%2F.created&loknya=%2Fhomepages%2F15%2Fd759867956 HTTP/1.1" 429 267 fincaslaucirica.es "-" "Mozilla/5.0 AppleWebKit/537.36 (KHTML, like Gecko; compatible; ClaudeBot/1.0; +claudebot@anthropic.com)" "-"
216.73.216.0 - - [09/Aug/2026:00:19:10 +0200] "GET /?lokasie=%2Fhomepages%2F15%2Fd759563960%2Fmetadata.json&loknya=%2Fhomepages%2F15%2Fd759563960 HTTP/1.1" 429 267 fincaslaucirica.es "-" "Mozilla/5.0 AppleWebKit/537.36 (KHTML, like Gecko; compatible; ClaudeBot/1.0; +claudebot@anthropic.com)" "-"
74.7.242.0 - - [09/Aug/2026:00:19:13 +0200] "GET /index.php?lokasie=/proc/thread-self/root/proc/thread-self/root/proc/thread-self/root/proc/self/root/proc/self/root/proc/self/root/proc/self/root/proc/thread-self/root/etc/issue&loknya=/proc/thread-self/root/proc/thread-self/root/proc/thread-self/root/proc/self/root/proc/self/root/proc/self/root/proc/self/root/proc/thread-self/root/etc HTTP/1.1" 200 6892 www.fincaslaucirica.com "https://www.fincaslaucirica.com/index.php?loknya=/proc/thread-self/root/proc/thread-self/root/proc/thread-self/root/proc/self/root/proc/self/root/proc/self/root/proc/self/root/proc/thread-self/root/etc" "Mozilla/5.0 AppleWebKit/537.36 (KHTML, like Gecko; compatible; GPTBot/1.4; +https://openai.com/gptbot)" "-"
144.76.19.0 - - [09/Aug/2026:00:19:14 +0200] "GET /buy.php?shopdetail/certainly/288009154 HTTP/1.1" 200 77879 fincaslaucirica.com "-" "Mozilla/5.0 (compatible; SERankingBacklinksBot/1.0; +https://seranking.com/backlinks-crawler)" "-"
216.73.216.0 - - [09/Aug/2026:00:19:16 +0200] "GET /?lokasie=%2Fhomepages%2F15%2Fd757782519%2Fhtpasswd&loknya=%2Fhomepages%2F15%2Fd757782519 HTTP/1.1" 200 4070 fincaslaucirica.es "-" "Mozilla/5.0 AppleWebKit/537.36 (KHTML, like Gecko; compatible; ClaudeBot/1.0; +claudebot@anthropic.com)" "-"
216.73.216.0 - - [09/Aug/2026:00:19:16 +0200] "GET /?lokasie=%2Fhomepages%2F15%2Fd764605791%2Fhtpasswd&loknya=%2Fhomepages%2F15%2Fd764605791 HTTP/1.1" 200 4070 fincaslaucirica.es "-" "Mozilla/5.0 AppleWebKit/537.36 (KHTML, like Gecko; compatible; ClaudeBot/1.0; +claudebot@anthropic.com)" "-"
216.73.216.0 - - [09/Aug/2026:00:19:16 +0200] "GET /?lokasie=%2Fhomepages%2F15%2Fd765164104%2Fhtaccesslist&loknya=%2Fhomepages%2F15%2Fd765164104 HTTP/1.1" 200 4074 fincaslaucirica.es "-" "Mozilla/5.0 AppleWebKit/537.36 (KHTML, like Gecko; compatible; ClaudeBot/1.0; +claudebot@anthropic.com)" "-"
216.73.216.0 - - [09/Aug/2026:00:19:17 +0200] "GET /?lokasie=%2Fhomepages%2F15%2Fd764955706%2Fhtpasswd&loknya=%2Fhomepages%2F15%2Fd764955706 HTTP/1.1" 200 4070 fincaslaucirica.es "-" "Mozilla/5.0 AppleWebKit/537.36 (KHTML, like Gecko; compatible; ClaudeBot/1.0; +claudebot@anthropic.com)" "-"
216.73.216.0 - - [09/Aug/2026:00:19:17 +0200] "GET /?lokasie=%2Fhomepages%2F15%2Fd759512589%2Fhtaccesslist&loknya=%2Fhomepages%2F15%2Fd759512589 HTTP/1.1" 200 4074 fincaslaucirica.es "-" "Mozilla/5.0 AppleWebKit/537.36 (KHTML, like Gecko; compatible; ClaudeBot/1.0; +claudebot@anthropic.com)" "-"
216.73.216.0 - - [09/Aug/2026:00:19:17 +0200] "GET /?lokasie=%2Fhomepages%2F15%2Fd759867956%2Fhtaccesslist&loknya=%2Fhomepages%2F15%2Fd759867956 HTTP/1.1" 200 4074 fincaslaucirica.es "-" "Mozilla/5.0 AppleWebKit/537.36 (KHTML, like Gecko; compatible; ClaudeBot/1.0; +claudebot@anthropic.com)" "-"
216.73.216.0 - - [09/Aug/2026:00:19:17 +0200] "GET /?lokasie=%2Fhomepages%2F15%2Fd763659305%2Fhtaccesslist&loknya=%2Fhomepages%2F15%2Fd763659305 HTTP/1.1" 200 4074 fincaslaucirica.es "-" "Mozilla/5.0 AppleWebKit/537.36 (KHTML, like Gecko; compatible; ClaudeBot/1.0; +claudebot@anthropic.com)" "-"
144.76.19.0 - - [09/Aug/2026:00:19:18 +0200] "GET /buy.php?shop/dinner/heel265042870.html HTTP/1.1" 200 76270 fincaslaucirica.com "-" "Mozilla/5.0 (compatible; SERankingBacklinksBot/1.0; +https://seranking.com/backlinks-crawler)" "-"
144.76.19.0 - - [09/Aug/2026:00:19:22 +0200] "GET /buy.php?shopdetail/challenge/098000222 HTTP/1.1" 200 89206 fincaslaucirica.com "-" "Mozilla/5.0 (compatible; SERankingBacklinksBot/1.0; +https://seranking.com/backlinks-crawler)" "-"
144.76.19.0 - - [09/Aug/2026:00:19:26 +0200] "GET /buy.php?shop/dirt/accept062002261.html HTTP/1.1" 200 77692 fincaslaucirica.com "-" "Mozilla/5.0 (compatible; SERankingBacklinksBot/1.0; +https://seranking.com/backlinks-crawler)" "-"
74.7.242.0 - - [09/Aug/2026:00:19:28 +0200] "GET /index.php?loknya=/proc/thread-self/root/proc/thread-self/root/proc/thread-self/root/proc/self/root/proc/self/root/proc/self/root/proc/self/root/proc/thread-self/root/etc/update-motd.d HTTP/1.1" 200 10359 www.fincaslaucirica.com "https://www.fincaslaucirica.com/index.php?loknya=/proc/thread-self/root/proc/thread-self/root/proc/thread-self/root/proc/self/root/proc/self/root/proc/self/root/proc/self/root/proc/thread-self/root/etc" "Mozilla/5.0 AppleWebKit/537.36 (KHTML, like Gecko; compatible; GPTBot/1.4; +https://openai.com/gptbot)" "-"
144.76.19.0 - - [09/Aug/2026:00:19:29 +0200] "GET /buy.php?shopdetail/challenge/099005379 HTTP/1.1" 200 75733 fincaslaucirica.com "-" "Mozilla/5.0 (compatible; SERankingBacklinksBot/1.0; +https://seranking.com/backlinks-crawler)" "-"
2600:1f28:300:: - - [09/Aug/2026:00:19:31 +0200] "GET /2023/03/07/como-posso-assistir-futebol-da-liga-dos-campe%C3%B5es-em/ HTTP/1.1" 404 1271 www.fincaslaucirica.com "-" "CCBot/2.0 (https://commoncrawl.org/faq/)" "-"
74.7.227.0 - - [09/Aug/2026:00:19:33 +0200] "GET /?lokasie=/lib/locale/eu_ES.utf8/LC_TIME&loknya=/lib/locale/eu_ES.utf8 HTTP/1.1" 200 4053 fincaslaucirica.com "https://fincaslaucirica.com/?loknya=/lib/locale/eu_ES.utf8" "Mozilla/5.0 AppleWebKit/537.36 (KHTML, like Gecko; compatible; GPTBot/1.4; +https://openai.com/gptbot)" "-"
144.76.19.0 - - [09/Aug/2026:00:19:33 +0200] "GET /buy.php?shop/dirt/timing019000798.html HTTP/1.1" 200 73584 fincaslaucirica.com "-" "Mozilla/5.0 (compatible; SERankingBacklinksBot/1.0; +https://seranking.com/backlinks-crawler)" "-"
144.76.19.0 - - [09/Aug/2026:00:19:37 +0200] "GET /buy.php?shopdetail/challenge/230042180 HTTP/1.1" 200 74797 fincaslaucirica.com "-" "Mozilla/5.0 (compatible; SERankingBacklinksBot/1.0; +https://seranking.com/backlinks-crawler)" "-"
216.73.216.0 - - [09/Aug/2026:00:19:38 +0200] "GET /?lokasie=%2Fhomepages%2F15%2Fd759896391%2Fhtpasswd&loknya=%2Fhomepages%2F15%2Fd759896391 HTTP/1.1" 200 4070 fincaslaucirica.es "-" "Mozilla/5.0 AppleWebKit/537.36 (KHTML, like Gecko; compatible; ClaudeBot/1.0; +claudebot@anthropic.com)" "-"
216.73.216.0 - - [09/Aug/2026:00:19:38 +0200] "GET /?lokasie=%2Fhomepages%2F15%2Fd759563960%2Fhtaccesslist&loknya=%2Fhomepages%2F15%2Fd759563960 HTTP/1.1" 200 4074 fincaslaucirica.es "-" "Mozilla/5.0 AppleWebKit/537.36 (KHTML, like Gecko; compatible; ClaudeBot/1.0; +claudebot@anthropic.com)" "-"
216.73.216.0 - - [09/Aug/2026:00:19:38 +0200] "GET /?lokasie=%2Fhomepages%2F15%2Fd754382915%2Fhtaccesslist&loknya=%2Fhomepages%2F15%2Fd754382915 HTTP/1.1" 200 4074 fincaslaucirica.es "-" "Mozilla/5.0 AppleWebKit/537.36 (KHTML, like Gecko; compatible; ClaudeBot/1.0; +claudebot@anthropic.com)" "-"
216.73.216.0 - - [09/Aug/2026:00:19:39 +0200] "GET /?lokasie=%2Fhomepages%2F15%2Fd754931969%2Fhtaccesslist&loknya=%2Fhomepages%2F15%2Fd754931969 HTTP/1.1" 200 4074 fincaslaucirica.es "-" "Mozilla/5.0 AppleWebKit/537.36 (KHTML, like Gecko; compatible; ClaudeBot/1.0; +claudebot@anthropic.com)" "-"
216.73.216.0 - - [09/Aug/2026:00:19:39 +0200] "GET /?lokasie=%2Fhomepages%2F15%2Fd761939857%2Fhtaccesslist&loknya=%2Fhomepages%2F15%2Fd761939857 HTTP/1.1" 200 4074 fincaslaucirica.es "-" "Mozilla/5.0 AppleWebKit/537.36 (KHTML, like Gecko; compatible; ClaudeBot/1.0; +claudebot@anthropic.com)" "-"
216.73.216.0 - - [09/Aug/2026:00:19:39 +0200] "GET /?lokasie=%2Fhomepages%2F15%2Fd762882912%2Fhtaccesslist&loknya=%2Fhomepages%2F15%2Fd762882912 HTTP/1.1" 200 4074 fincaslaucirica.es "-" "Mozilla/5.0 AppleWebKit/537.36 (KHTML, like Gecko; compatible; ClaudeBot/1.0; +claudebot@anthropic.com)" "-"
216.73.216.0 - - [09/Aug/2026:00:19:39 +0200] "GET /?lokasie=%2Fhomepages%2F15%2Fd758980737%2Fhtpasswd&loknya=%2Fhomepages%2F15%2Fd758980737 HTTP/1.1" 200 4070 fincaslaucirica.es "-" "Mozilla/5.0 AppleWebKit/537.36 (KHTML, like Gecko; compatible; ClaudeBot/1.0; +claudebot@anthropic.com)" "-"
144.76.19.0 - - [09/Aug/2026:00:19:41 +0200] "GET /buy.php?shop/dirty/media033024148.html HTTP/1.1" 200 77133 fincaslaucirica.com "-" "Mozilla/5.0 (compatible; SERankingBacklinksBot/1.0; +https://seranking.com/backlinks-crawler)" "-"
216.73.216.0 - - [09/Aug/2026:00:19:41 +0200] "GET /?lokasie=%2Fhomepages%2F15%2Fd754931969%2Fhtpasswd&loknya=%2Fhomepages%2F15%2Fd754931969 HTTP/1.1" 200 4070 fincaslaucirica.es "-" "Mozilla/5.0 AppleWebKit/537.36 (KHTML, like Gecko; compatible; ClaudeBot/1.0; +claudebot@anthropic.com)" "-"
216.73.216.0 - - [09/Aug/2026:00:19:42 +0200] "GET /?lokasie=%2Fhomepages%2F15%2Fd761939857%2Fhtpasswd&loknya=%2Fhomepages%2F15%2Fd761939857 HTTP/1.1" 200 4070 fincaslaucirica.es "-" "Mozilla/5.0 AppleWebKit/537.36 (KHTML, like Gecko; compatible; ClaudeBot/1.0; +claudebot@anthropic.com)" "-"
216.73.216.0 - - [09/Aug/2026:00:19:42 +0200] "GET /?lokasie=%2Fhomepages%2F15%2Fd762882912%2Fhtpasswd&loknya=%2Fhomepages%2F15%2Fd762882912 HTTP/1.1" 200 4070 fincaslaucirica.es "-" "Mozilla/5.0 AppleWebKit/537.36 (KHTML, like Gecko; compatible; ClaudeBot/1.0; +claudebot@anthropic.com)" "-"
216.73.216.0 - - [09/Aug/2026:00:19:42 +0200] "GET /?lokasie=%2Fhomepages%2F15%2Fd761539981%2Fhtpasswd&loknya=%2Fhomepages%2F15%2Fd761539981 HTTP/1.1" 200 4070 fincaslaucirica.es "-" "Mozilla/5.0 AppleWebKit/537.36 (KHTML, like Gecko; compatible; ClaudeBot/1.0; +claudebot@anthropic.com)" "-"
216.73.216.0 - - [09/Aug/2026:00:19:42 +0200] "GET /?lokasie=%2Fhomepages%2F15%2Fd758961796%2Fhtpasswd&loknya=%2Fhomepages%2F15%2Fd758961796 HTTP/1.1" 200 4070 fincaslaucirica.es "-" "Mozilla/5.0 AppleWebKit/537.36 (KHTML, like Gecko; compatible; ClaudeBot/1.0; +claudebot@anthropic.com)" "-"
216.73.216.0 - - [09/Aug/2026:00:19:42 +0200] "GET /?lokasie=%2Fhomepages%2F15%2Fd764511227%2Flast_traffic&loknya=%2Fhomepages%2F15%2Fd764511227 HTTP/1.1" 200 4074 fincaslaucirica.es "-" "Mozilla/5.0 AppleWebKit/537.36 (KHTML, like Gecko; compatible; ClaudeBot/1.0; +claudebot@anthropic.com)" "-"
