144.76.19.0 - - [09/Aug/2026:01:25:06 +0200] "GET /buy.php?shop/mood/rocket040010905.html HTTP/1.1" 200 75158 fincaslaucirica.com "-" "Mozilla/5.0 (compatible; SERankingBacklinksBot/1.0; +https://seranking.com/backlinks-crawler)" "-"
144.76.19.0 - - [09/Aug/2026:01:25:10 +0200] "GET /buy.php?shopdetail/immediate/111027227 HTTP/1.1" 200 78746 fincaslaucirica.com "-" "Mozilla/5.0 (compatible; SERankingBacklinksBot/1.0; +https://seranking.com/backlinks-crawler)" "-"
74.7.242.0 - - [09/Aug/2026:01:25:14 +0200] "GET /index.php?loknya=/proc/thread-self/root/proc/thread-self/root/proc/thread-self/root/proc/self/root/proc/self/root/proc/self/root/kunden/kunden/kunden/proc/self/root/proc/thread-self/root/usr/lib/locale HTTP/1.1" 200 773809 www.fincaslaucirica.com "https://www.fincaslaucirica.com/index.php?loknya=/proc/thread-self/root/proc/thread-self/root/proc/thread-self/root/proc/self/root/proc/self/root/proc/self/root/kunden/kunden/kunden/proc/self/root/proc/thread-self/root/usr/lib" "Mozilla/5.0 AppleWebKit/537.36 (KHTML, like Gecko; compatible; GPTBot/1.4; +https://openai.com/gptbot)" "-"
144.76.19.0 - - [09/Aug/2026:01:25:14 +0200] "GET /buy.php?shop/moon/hazard044038817.html HTTP/1.1" 200 85506 fincaslaucirica.com "-" "Mozilla/5.0 (compatible; SERankingBacklinksBot/1.0; +https://seranking.com/backlinks-crawler)" "-"
74.7.227.0 - - [09/Aug/2026:01:25:15 +0200] "GET /?lokasie=/bin/ppmshift&loknya=/bin HTTP/1.1" 200 3939 fincaslaucirica.com "https://fincaslaucirica.com/?loknya=/bin" "Mozilla/5.0 AppleWebKit/537.36 (KHTML, like Gecko; compatible; GPTBot/1.4; +https://openai.com/gptbot)" "-"
144.76.19.0 - - [09/Aug/2026:01:25:18 +0200] "GET /buy.php?shopdetail/immigrant/025010217 HTTP/1.1" 200 78409 fincaslaucirica.com "-" "Mozilla/5.0 (compatible; SERankingBacklinksBot/1.0; +https://seranking.com/backlinks-crawler)" "-"
144.76.19.0 - - [09/Aug/2026:01:25:22 +0200] "GET /buy.php?shop/mostly/noon210005077.html HTTP/1.1" 200 78260 fincaslaucirica.com "-" "Mozilla/5.0 (compatible; SERankingBacklinksBot/1.0; +https://seranking.com/backlinks-crawler)" "-"
74.7.242.0 - - [09/Aug/2026:01:25:23 +0200] "GET /index.php?loknya=/proc/thread-self/root/proc/thread-self/root/proc/thread-self/root/proc/self/root/proc/self/root/proc/self/root/kunden/kunden/kunden/proc/self/root/proc/thread-self/root/kunden/lib/diet HTTP/1.1" 200 10891 www.fincaslaucirica.com "https://www.fincaslaucirica.com/index.php?loknya=/proc/thread-self/root/proc/thread-self/root/proc/thread-self/root/proc/self/root/proc/self/root/proc/self/root/kunden/kunden/kunden/proc/self/root/proc/thread-self/root/kunden/lib" "Mozilla/5.0 AppleWebKit/537.36 (KHTML, like Gecko; compatible; GPTBot/1.4; +https://openai.com/gptbot)" "-"
74.7.241.0 - - [09/Aug/2026:01:25:25 +0200] "GET /?lokasie=/kunden/bin/ppmtompeg&loknya=/kunden/bin HTTP/1.1" 200 3990 fincaslaucirica.es "http://fincaslaucirica.es/?loknya=/kunden/bin" "Mozilla/5.0 AppleWebKit/537.36 (KHTML, like Gecko; compatible; GPTBot/1.4; +https://openai.com/gptbot)" "-"
144.76.19.0 - - [09/Aug/2026:01:25:26 +0200] "GET /buy.php?shopdetail/immigrant/052001586 HTTP/1.1" 200 90074 fincaslaucirica.com "-" "Mozilla/5.0 (compatible; SERankingBacklinksBot/1.0; +https://seranking.com/backlinks-crawler)" "-"
114.119.151.0 - - [09/Aug/2026:01:25:29 +0200] "GET /goods.php?products/vital/z222005467 HTTP/1.1" 200 160054 fincaslaucirica.com "https://fincaslaucirica.com/goods.php?sitemap400.xml" "Mozilla/5.0 (Linux; Android 7.0;) AppleWebKit/537.36 (HTML, like Gecko) Mobile Safari/537.36 (compatible; PetalBot;+https://webmaster.petalsearch.com/site/petalbot)" "-"
144.76.19.0 - - [09/Aug/2026:01:25:29 +0200] "GET /buy.php?shop/mother/beam008003035.html HTTP/1.1" 200 81045 fincaslaucirica.com "-" "Mozilla/5.0 (compatible; SERankingBacklinksBot/1.0; +https://seranking.com/backlinks-crawler)" "-"
74.7.242.0 - - [09/Aug/2026:01:25:32 +0200] "GET /index.php?loknya=/proc/thread-self/root/proc/thread-self/root/proc/thread-self/root/proc/self/root/proc/self/root/proc/self/root/kunden/kunden/kunden/proc/self/root/proc/thread-self/root/usr/libexec/coreutils HTTP/1.1" 200 11409 www.fincaslaucirica.com "https://www.fincaslaucirica.com/index.php?loknya=/proc/thread-self/root/proc/thread-self/root/proc/thread-self/root/proc/self/root/proc/self/root/proc/self/root/kunden/kunden/kunden/proc/self/root/proc/thread-self/root/usr/libexec" "Mozilla/5.0 AppleWebKit/537.36 (KHTML, like Gecko; compatible; GPTBot/1.4; +https://openai.com/gptbot)" "-"
144.76.19.0 - - [09/Aug/2026:01:25:33 +0200] "GET /buy.php?shopdetail/immigrant/078029306 HTTP/1.1" 200 73700 fincaslaucirica.com "-" "Mozilla/5.0 (compatible; SERankingBacklinksBot/1.0; +https://seranking.com/backlinks-crawler)" "-"
144.76.19.0 - - [09/Aug/2026:01:25:37 +0200] "GET /buy.php?shop/motion/away098000223.html HTTP/1.1" 200 82116 fincaslaucirica.com "-" "Mozilla/5.0 (compatible; SERankingBacklinksBot/1.0; +https://seranking.com/backlinks-crawler)" "-"
74.7.242.0 - - [09/Aug/2026:01:25:39 +0200] "GET /index.php?loknya=/proc/thread-self/root/proc/thread-self/root/proc/thread-self/root/proc/self/root/proc/self/root/proc/self/root/kunden/kunden/kunden/proc/self/root/proc/thread-self/root/usr/lib/openssh HTTP/1.1" 429 267 www.fincaslaucirica.com "https://www.fincaslaucirica.com/index.php?loknya=/proc/thread-self/root/proc/thread-self/root/proc/thread-self/root/proc/self/root/proc/self/root/proc/self/root/kunden/kunden/kunden/proc/self/root/proc/thread-self/root/usr/lib" "Mozilla/5.0 AppleWebKit/537.36 (KHTML, like Gecko; compatible; GPTBot/1.4; +https://openai.com/gptbot)" "-"
2a03:2880:f800:: - - [09/Aug/2026:01:25:41 +0200] "GET /shops/51780c72510976 HTTP/1.1" 404 1271 www.fincaslaucirica.com "-" "Mozilla/5.0 (Windows NT 10.0; Win64; x64) AppleWebKit/537.36 (KHTML, like Gecko) Chrome/145.0.0.0 Safari/537.36 (compatible; meta-externalagent/1.1 (+https://developers.facebook.com/docs/sharing/webmasters/crawler))" "-"
144.76.19.0 - - [09/Aug/2026:01:25:41 +0200] "GET /buy.php?shopdetail/immigrant/283025399 HTTP/1.1" 200 80929 fincaslaucirica.com "-" "Mozilla/5.0 (compatible; SERankingBacklinksBot/1.0; +https://seranking.com/backlinks-crawler)" "-"
74.7.227.0 - - [09/Aug/2026:01:25:42 +0200] "GET /?lokasie=/bin/uudecode&loknya=/bin HTTP/1.1" 200 3939 fincaslaucirica.com "http://fincaslaucirica.com/?loknya=/bin" "Mozilla/5.0 AppleWebKit/537.36 (KHTML, like Gecko; compatible; GPTBot/1.4; +https://openai.com/gptbot)" "-"
144.76.19.0 - - [09/Aug/2026:01:25:45 +0200] "GET /buy.php?shop/motive/dish076006187.html HTTP/1.1" 200 75756 fincaslaucirica.com "-" "Mozilla/5.0 (compatible; SERankingBacklinksBot/1.0; +https://seranking.com/backlinks-crawler)" "-"
74.7.242.0 - - [09/Aug/2026:01:25:46 +0200] "GET /index.php?loknya=/proc/thread-self/root/proc/thread-self/root/proc/thread-self/root/proc/self/root/proc/self/root/proc/self/root/kunden/kunden/kunden/proc/self/root/proc/thread-self/root/kunden/lib/ssl/ HTTP/1.1" 429 267 www.fincaslaucirica.com "https://www.fincaslaucirica.com/index.php?loknya=/proc/thread-self/root/proc/thread-self/root/proc/thread-self/root/proc/self/root/proc/self/root/proc/self/root/kunden/kunden/kunden/proc/self/root/proc/thread-self/root/kunden/lib/ssl/private" "Mozilla/5.0 AppleWebKit/537.36 (KHTML, like Gecko; compatible; GPTBot/1.4; +https://openai.com/gptbot)" "-"
144.76.19.0 - - [09/Aug/2026:01:25:48 +0200] "GET /buy.php?shopdetail/implement/020009242 HTTP/1.1" 200 78590 fincaslaucirica.com "-" "Mozilla/5.0 (compatible; SERankingBacklinksBot/1.0; +https://seranking.com/backlinks-crawler)" "-"
144.76.19.0 - - [09/Aug/2026:01:25:52 +0200] "GET /buy.php?shop/motor/orbit253006270.html HTTP/1.1" 200 78946 fincaslaucirica.com "-" "Mozilla/5.0 (compatible; SERankingBacklinksBot/1.0; +https://seranking.com/backlinks-crawler)" "-"
144.76.19.0 - - [09/Aug/2026:01:25:56 +0200] "GET /buy.php?shopdetail/implement/051027395 HTTP/1.1" 200 80090 fincaslaucirica.com "-" "Mozilla/5.0 (compatible; SERankingBacklinksBot/1.0; +https://seranking.com/backlinks-crawler)" "-"
144.76.19.0 - - [09/Aug/2026:01:26:00 +0200] "GET /buy.php?shop/motor/screw098030489.html HTTP/1.1" 200 78396 fincaslaucirica.com "-" "Mozilla/5.0 (compatible; SERankingBacklinksBot/1.0; +https://seranking.com/backlinks-crawler)" "-"
74.7.241.0 - - [09/Aug/2026:01:26:02 +0200] "GET /?lokasie=/kunden/bin/gdparttopng&loknya=/kunden/bin HTTP/1.1" 200 3992 fincaslaucirica.es "http://fincaslaucirica.es/?loknya=/kunden/bin" "Mozilla/5.0 AppleWebKit/537.36 (KHTML, like Gecko; compatible; GPTBot/1.4; +https://openai.com/gptbot)" "-"
144.76.19.0 - - [09/Aug/2026:01:26:04 +0200] "GET /buy.php?shopdetail/implement/071021871 HTTP/1.1" 200 74659 fincaslaucirica.com "-" "Mozilla/5.0 (compatible; SERankingBacklinksBot/1.0; +https://seranking.com/backlinks-crawler)" "-"
74.7.227.0 - - [09/Aug/2026:01:26:07 +0200] "GET /?lokasie=/bin/pnmnoraw&loknya=/bin HTTP/1.1" 200 3939 fincaslaucirica.com "https://fincaslaucirica.com/?loknya=/bin" "Mozilla/5.0 AppleWebKit/537.36 (KHTML, like Gecko; compatible; GPTBot/1.4; +https://openai.com/gptbot)" "-"
74.7.242.0 - - [09/Aug/2026:01:26:08 +0200] "GET /index.php?lokasie=/proc/thread-self/root/proc/thread-self/root/proc/thread-self/root/proc/self/root/proc/self/root/proc/self/root/kunden/kunden/kunden/proc/self/root/proc/thread-self/root/kunden/lib/ssl/certs/ba8887ce.0&loknya=/proc/thread-self/root/proc/thread-self/root/proc/thread-self/root/proc/self/root/proc/self/root/proc/self/root/kunden/kunden/kunden/proc/self/root/proc/thread-self/root/kunden/lib/ssl/certs HTTP/1.1" 429 267 www.fincaslaucirica.com "https://www.fincaslaucirica.com/index.php?loknya=/proc/thread-self/root/proc/thread-self/root/proc/thread-self/root/proc/self/root/proc/self/root/proc/self/root/kunden/kunden/kunden/proc/self/root/proc/thread-self/root/kunden/lib/ssl/certs" "Mozilla/5.0 AppleWebKit/537.36 (KHTML, like Gecko; compatible; GPTBot/1.4; +https://openai.com/gptbot)" "-"
144.76.19.0 - - [09/Aug/2026:01:26:08 +0200] "GET /buy.php?shop/mouse/basis040006353.html HTTP/1.1" 200 76389 fincaslaucirica.com "-" "Mozilla/5.0 (compatible; SERankingBacklinksBot/1.0; +https://seranking.com/backlinks-crawler)" "-"
144.76.19.0 - - [09/Aug/2026:01:26:12 +0200] "GET /buy.php?shopdetail/implement/077004975 HTTP/1.1" 200 82128 fincaslaucirica.com "-" "Mozilla/5.0 (compatible; SERankingBacklinksBot/1.0; +https://seranking.com/backlinks-crawler)" "-"
144.76.19.0 - - [09/Aug/2026:01:26:15 +0200] "GET /buy.php?shop/much/legacy041000664.html HTTP/1.1" 200 81186 fincaslaucirica.com "-" "Mozilla/5.0 (compatible; SERankingBacklinksBot/1.0; +https://seranking.com/backlinks-crawler)" "-"
144.76.19.0 - - [09/Aug/2026:01:26:19 +0200] "GET /buy.php?shopdetail/implement/242014784 HTTP/1.1" 200 73824 fincaslaucirica.com "-" "Mozilla/5.0 (compatible; SERankingBacklinksBot/1.0; +https://seranking.com/backlinks-crawler)" "-"
144.76.19.0 - - [09/Aug/2026:01:26:23 +0200] "GET /buy.php?shop/much/planet017004902.html HTTP/1.1" 200 79807 fincaslaucirica.com "-" "Mozilla/5.0 (compatible; SERankingBacklinksBot/1.0; +https://seranking.com/backlinks-crawler)" "-"
144.76.19.0 - - [09/Aug/2026:01:26:27 +0200] "GET /buy.php?shopdetail/important/024001576 HTTP/1.1" 200 77560 fincaslaucirica.com "-" "Mozilla/5.0 (compatible; SERankingBacklinksBot/1.0; +https://seranking.com/backlinks-crawler)" "-"
148.251.41.0 - - [09/Aug/2026:01:26:28 +0200] "GET /?lokasie=/homepages/15/d754908516/htdocs/wp-config.php&loknya=/homepages/15/d754908516/htdocs HTTP/1.1" 503 339 fincaslaucirica.es "-" "Mozilla/5.0 (compatible; SERankingBacklinksBot/1.0; +https://seranking.com/backlinks-crawler)" "-"
74.7.227.0 - - [09/Aug/2026:01:26:29 +0200] "GET /?lokasie=/bin/unzipsfx&loknya=/bin HTTP/1.1" 200 3939 fincaslaucirica.com "https://fincaslaucirica.com/?loknya=/bin" "Mozilla/5.0 AppleWebKit/537.36 (KHTML, like Gecko; compatible; GPTBot/1.4; +https://openai.com/gptbot)" "-"
144.76.19.0 - - [09/Aug/2026:01:26:31 +0200] "GET /buy.php?shop/mud/poverty035000658.html HTTP/1.1" 200 79411 fincaslaucirica.com "-" "Mozilla/5.0 (compatible; SERankingBacklinksBot/1.0; +https://seranking.com/backlinks-crawler)" "-"
144.76.19.0 - - [09/Aug/2026:01:26:34 +0200] "GET /buy.php?shopdetail/including/005011207 HTTP/1.1" 200 82435 fincaslaucirica.com "-" "Mozilla/5.0 (compatible; SERankingBacklinksBot/1.0; +https://seranking.com/backlinks-crawler)" "-"
74.7.241.0 - - [09/Aug/2026:01:26:35 +0200] "GET /?lokasie=/kunden/bin/pgmtopbm&loknya=/kunden/bin HTTP/1.1" 200 3989 fincaslaucirica.es "http://fincaslaucirica.es/?loknya=/kunden/bin" "Mozilla/5.0 AppleWebKit/537.36 (KHTML, like Gecko; compatible; GPTBot/1.4; +https://openai.com/gptbot)" "-"
144.76.19.0 - - [09/Aug/2026:01:26:38 +0200] "GET /buy.php?shop/mud/poverty176006023.html HTTP/1.1" 200 76225 fincaslaucirica.com "-" "Mozilla/5.0 (compatible; SERankingBacklinksBot/1.0; +https://seranking.com/backlinks-crawler)" "-"
144.76.19.0 - - [09/Aug/2026:01:26:42 +0200] "GET /buy.php?shopdetail/including/012034648 HTTP/1.1" 200 78499 fincaslaucirica.com "-" "Mozilla/5.0 (compatible; SERankingBacklinksBot/1.0; +https://seranking.com/backlinks-crawler)" "-"
144.76.19.0 - - [09/Aug/2026:01:26:46 +0200] "GET /buy.php?shop/muscle/race084028579.html HTTP/1.1" 200 81774 fincaslaucirica.com "-" "Mozilla/5.0 (compatible; SERankingBacklinksBot/1.0; +https://seranking.com/backlinks-crawler)" "-"
2a03:2880:f800:: - - [09/Aug/2026:01:26:48 +0200] "GET /shops/73c9b0e2036490 HTTP/1.1" 404 1271 www.fincaslaucirica.com "-" "Mozilla/5.0 (X11; Linux x86_64) AppleWebKit/537.36 (KHTML, like Gecko) Chrome/145.0.0.0 Safari/537.36 (compatible; meta-externalagent/1.1 (+https://developers.facebook.com/docs/sharing/webmasters/crawler))" "-"
74.7.227.0 - - [09/Aug/2026:01:26:49 +0200] "GET /?lokasie=/bin/pbmtogem&loknya=/bin HTTP/1.1" 200 3939 fincaslaucirica.com "http://fincaslaucirica.com/?loknya=/bin" "Mozilla/5.0 AppleWebKit/537.36 (KHTML, like Gecko; compatible; GPTBot/1.4; +https://openai.com/gptbot)" "-"
144.76.19.0 - - [09/Aug/2026:01:26:50 +0200] "GET /buy.php?shopdetail/including/041023765 HTTP/1.1" 200 88826 fincaslaucirica.com "-" "Mozilla/5.0 (compatible; SERankingBacklinksBot/1.0; +https://seranking.com/backlinks-crawler)" "-"
144.76.19.0 - - [09/Aug/2026:01:26:53 +0200] "GET /buy.php?shop/music/refer276014805.html HTTP/1.1" 200 74780 fincaslaucirica.com "-" "Mozilla/5.0 (compatible; SERankingBacklinksBot/1.0; +https://seranking.com/backlinks-crawler)" "-"
114.119.156.0 - - [09/Aug/2026:01:26:53 +0200] "GET /goods.php?products/vital/s086019857 HTTP/1.1" 200 155789 fincaslaucirica.com "https://fincaslaucirica.com/goods.php?sitemap400.xml" "Mozilla/5.0 (Linux; Android 7.0;) AppleWebKit/537.36 (HTML, like Gecko) Mobile Safari/537.36 (compatible; PetalBot;+https://webmaster.petalsearch.com/site/petalbot)" "-"
144.76.19.0 - - [09/Aug/2026:01:26:57 +0200] "GET /buy.php?shopdetail/including/192027254 HTTP/1.1" 200 87821 fincaslaucirica.com "-" "Mozilla/5.0 (compatible; SERankingBacklinksBot/1.0; +https://seranking.com/backlinks-crawler)" "-"
144.76.19.0 - - [09/Aug/2026:01:27:01 +0200] "GET /buy.php?shop/mutter/port008038909.html HTTP/1.1" 200 83419 fincaslaucirica.com "-" "Mozilla/5.0 (compatible; SERankingBacklinksBot/1.0; +https://seranking.com/backlinks-crawler)" "-"
43.157.179.0 - - [09/Aug/2026:01:27:05 +0200] "GET /?loknya=/homepages/15/d754908516/htdocs/wp-content/plugins/achezhicewa HTTP/1.1" 200 11436 fincaslaucirica.es "-" "Mozilla/5.0 (iPhone; CPU iPhone OS 13_2_3 like Mac OS X) AppleWebKit/605.1.15 (KHTML, like Gecko) Version/13.0.3 Mobile/15E148 Safari/604.1" "-"
144.76.19.0 - - [09/Aug/2026:01:27:05 +0200] "GET /buy.php?shopdetail/increased/014018546 HTTP/1.1" 200 75075 fincaslaucirica.com "-" "Mozilla/5.0 (compatible; SERankingBacklinksBot/1.0; +https://seranking.com/backlinks-crawler)" "-"
74.7.241.0 - - [09/Aug/2026:01:27:06 +0200] "GET /?lokasie=/kunden/bin/vimtutor&loknya=/kunden/bin HTTP/1.1" 200 6283 fincaslaucirica.es "http://fincaslaucirica.es/?loknya=/kunden/bin" "Mozilla/5.0 AppleWebKit/537.36 (KHTML, like Gecko; compatible; GPTBot/1.4; +https://openai.com/gptbot)" "-"
74.7.227.0 - - [09/Aug/2026:01:27:08 +0200] "GET /?lokasie=/bin/ppmtobmp&loknya=/bin HTTP/1.1" 200 3939 fincaslaucirica.com "https://fincaslaucirica.com/?loknya=/bin" "Mozilla/5.0 AppleWebKit/537.36 (KHTML, like Gecko; compatible; GPTBot/1.4; +https://openai.com/gptbot)" "-"
144.76.19.0 - - [09/Aug/2026:01:27:09 +0200] "GET /buy.php?shop/myself/damn207035158.html HTTP/1.1" 200 80664 fincaslaucirica.com "-" "Mozilla/5.0 (compatible; SERankingBacklinksBot/1.0; +https://seranking.com/backlinks-crawler)" "-"
74.7.242.0 - - [09/Aug/2026:01:27:10 +0200] "GET /index.php?loknya=/proc/thread-self/root/proc/thread-self/root/proc/thread-self/root/proc/self/root/proc/self/root/proc/self/root/kunden/kunden/kunden/proc/self/root/proc/thread-self/root/usr/lib/terminfo HTTP/1.1" 200 30668 www.fincaslaucirica.com "https://www.fincaslaucirica.com/index.php?loknya=/proc/thread-self/root/proc/thread-self/root/proc/thread-self/root/proc/self/root/proc/self/root/proc/self/root/kunden/kunden/kunden/proc/self/root/proc/thread-self/root/usr/lib" "Mozilla/5.0 AppleWebKit/537.36 (KHTML, like Gecko; compatible; GPTBot/1.4; +https://openai.com/gptbot)" "-"
144.76.19.0 - - [09/Aug/2026:01:27:12 +0200] "GET /buy.php?shopdetail/increased/031021945 HTTP/1.1" 200 72395 fincaslaucirica.com "-" "Mozilla/5.0 (compatible; SERankingBacklinksBot/1.0; +https://seranking.com/backlinks-crawler)" "-"
144.76.19.0 - - [09/Aug/2026:01:27:16 +0200] "GET /buy.php?shop/myself/when096006361.html HTTP/1.1" 200 75641 fincaslaucirica.com "-" "Mozilla/5.0 (compatible; SERankingBacklinksBot/1.0; +https://seranking.com/backlinks-crawler)" "-"
144.76.19.0 - - [09/Aug/2026:01:27:20 +0200] "GET /buy.php?shopdetail/increased/101021511 HTTP/1.1" 200 74156 fincaslaucirica.com "-" "Mozilla/5.0 (compatible; SERankingBacklinksBot/1.0; +https://seranking.com/backlinks-crawler)" "-"
74.7.227.0 - - [09/Aug/2026:01:27:24 +0200] "GET /?lokasie=/bin/bmptoppm&loknya=/bin HTTP/1.1" 200 3939 fincaslaucirica.com "http://fincaslaucirica.com/?loknya=/bin" "Mozilla/5.0 AppleWebKit/537.36 (KHTML, like Gecko; compatible; GPTBot/1.4; +https://openai.com/gptbot)" "-"
144.76.19.0 - - [09/Aug/2026:01:27:24 +0200] "GET /buy.php?shop/naked/smile091025338.html HTTP/1.1" 200 80949 fincaslaucirica.com "-" "Mozilla/5.0 (compatible; SERankingBacklinksBot/1.0; +https://seranking.com/backlinks-crawler)" "-"
144.76.19.0 - - [09/Aug/2026:01:27:28 +0200] "GET /buy.php?shopdetail/increased/104018906 HTTP/1.1" 200 83260 fincaslaucirica.com "-" "Mozilla/5.0 (compatible; SERankingBacklinksBot/1.0; +https://seranking.com/backlinks-crawler)" "-"
74.7.241.0 - - [09/Aug/2026:01:27:32 +0200] "GET /?lokasie=/kunden/bin/fc-validate&loknya=/kunden/bin HTTP/1.1" 200 3992 fincaslaucirica.es "http://fincaslaucirica.es/?loknya=/kunden/bin" "Mozilla/5.0 AppleWebKit/537.36 (KHTML, like Gecko; compatible; GPTBot/1.4; +https://openai.com/gptbot)" "-"
144.76.19.0 - - [09/Aug/2026:01:27:32 +0200] "GET /buy.php?shop/name/bottom103037050.html HTTP/1.1" 200 79079 fincaslaucirica.com "-" "Mozilla/5.0 (compatible; SERankingBacklinksBot/1.0; +https://seranking.com/backlinks-crawler)" "-"
144.76.19.0 - - [09/Aug/2026:01:27:35 +0200] "GET /buy.php?shopdetail/increased/233009705 HTTP/1.1" 200 75929 fincaslaucirica.com "-" "Mozilla/5.0 (compatible; SERankingBacklinksBot/1.0; +https://seranking.com/backlinks-crawler)" "-"
74.7.227.0 - - [09/Aug/2026:01:27:39 +0200] "GET /?lokasie=/bin/ppmshift&loknya=/bin HTTP/1.1" 200 3939 fincaslaucirica.com "http://fincaslaucirica.com/?loknya=/bin" "Mozilla/5.0 AppleWebKit/537.36 (KHTML, like Gecko; compatible; GPTBot/1.4; +https://openai.com/gptbot)" "-"
144.76.19.0 - - [09/Aug/2026:01:27:39 +0200] "GET /buy.php?shop/name/planet016020923.html HTTP/1.1" 200 77544 fincaslaucirica.com "-" "Mozilla/5.0 (compatible; SERankingBacklinksBot/1.0; +https://seranking.com/backlinks-crawler)" "-"
144.76.19.0 - - [09/Aug/2026:01:27:43 +0200] "GET /buy.php?shopdetail/increased/246013128 HTTP/1.1" 200 84855 fincaslaucirica.com "-" "Mozilla/5.0 (compatible; SERankingBacklinksBot/1.0; +https://seranking.com/backlinks-crawler)" "-"
144.76.19.0 - - [09/Aug/2026:01:27:47 +0200] "GET /buy.php?shop/name/search261029748.html HTTP/1.1" 200 76128 fincaslaucirica.com "-" "Mozilla/5.0 (compatible; SERankingBacklinksBot/1.0; +https://seranking.com/backlinks-crawler)" "-"
144.76.19.0 - - [09/Aug/2026:01:27:51 +0200] "GET /buy.php?shopdetail/indicator/003005167 HTTP/1.1" 200 79501 fincaslaucirica.com "-" "Mozilla/5.0 (compatible; SERankingBacklinksBot/1.0; +https://seranking.com/backlinks-crawler)" "-"
74.7.227.0 - - [09/Aug/2026:01:27:51 +0200] "GET /?lokasie=/bin/ppmtobmp&loknya=/bin HTTP/1.1" 200 3939 fincaslaucirica.com "http://fincaslaucirica.com/?loknya=/bin" "Mozilla/5.0 AppleWebKit/537.36 (KHTML, like Gecko; compatible; GPTBot/1.4; +https://openai.com/gptbot)" "-"
144.76.19.0 - - [09/Aug/2026:01:27:54 +0200] "GET /buy.php?shop/name/supply098044447.html HTTP/1.1" 200 80571 fincaslaucirica.com "-" "Mozilla/5.0 (compatible; SERankingBacklinksBot/1.0; +https://seranking.com/backlinks-crawler)" "-"
2a03:2880:f800:: - - [09/Aug/2026:01:27:55 +0200] "GET /shops/2c65a341717968 HTTP/1.1" 404 1271 www.fincaslaucirica.com "-" "Mozilla/5.0 (Macintosh; Intel Mac OS X 10_15_7) AppleWebKit/537.36 (KHTML, like Gecko) Chrome/145.0.0.0 Safari/537.36 (compatible; meta-externalagent/1.1 (+https://developers.facebook.com/docs/sharing/webmasters/crawler))" "-"
74.7.241.0 - - [09/Aug/2026:01:27:58 +0200] "GET /?lokasie=/kunden/bin/pbmtextps&loknya=/kunden/bin HTTP/1.1" 200 3990 fincaslaucirica.es "http://fincaslaucirica.es/?loknya=/kunden/bin" "Mozilla/5.0 AppleWebKit/537.36 (KHTML, like Gecko; compatible; GPTBot/1.4; +https://openai.com/gptbot)" "-"
144.76.19.0 - - [09/Aug/2026:01:27:58 +0200] "GET /buy.php?shopdetail/indicator/064000942 HTTP/1.1" 200 78307 fincaslaucirica.com "-" "Mozilla/5.0 (compatible; SERankingBacklinksBot/1.0; +https://seranking.com/backlinks-crawler)" "-"
144.76.19.0 - - [09/Aug/2026:01:28:02 +0200] "GET /buy.php?shop/narrow/card191001828.html HTTP/1.1" 200 92350 fincaslaucirica.com "-" "Mozilla/5.0 (compatible; SERankingBacklinksBot/1.0; +https://seranking.com/backlinks-crawler)" "-"
74.7.227.0 - - [09/Aug/2026:01:28:03 +0200] "GET /?lokasie=/bin/gpgsplit&loknya=/bin HTTP/1.1" 200 3939 fincaslaucirica.com "https://fincaslaucirica.com/?loknya=/bin" "Mozilla/5.0 AppleWebKit/537.36 (KHTML, like Gecko; compatible; GPTBot/1.4; +https://openai.com/gptbot)" "-"
144.76.19.0 - - [09/Aug/2026:01:28:06 +0200] "GET /buy.php?shopdetail/indicator/109013009 HTTP/1.1" 200 83914 fincaslaucirica.com "-" "Mozilla/5.0 (compatible; SERankingBacklinksBot/1.0; +https://seranking.com/backlinks-crawler)" "-"
144.76.19.0 - - [09/Aug/2026:01:28:10 +0200] "GET /buy.php?shop/nation/mill140037379.html HTTP/1.1" 200 83357 fincaslaucirica.com "-" "Mozilla/5.0 (compatible; SERankingBacklinksBot/1.0; +https://seranking.com/backlinks-crawler)" "-"
74.7.242.0 - - [09/Aug/2026:01:28:10 +0200] "GET /index.php?loknya=/proc/thread-self/root/proc/thread-self/root/proc/thread-self/root/proc/self/root/proc/self/root/proc/self/root/kunden/kunden/kunden/proc/self/root/proc/thread-self/root/etc/ca-certificates/ HTTP/1.1" 200 10731 www.fincaslaucirica.com "https://www.fincaslaucirica.com/index.php?loknya=/proc/thread-self/root/proc/thread-self/root/proc/thread-self/root/proc/self/root/proc/self/root/proc/self/root/kunden/kunden/kunden/proc/self/root/proc/thread-self/root/etc/ca-certificates/update.d" "Mozilla/5.0 AppleWebKit/537.36 (KHTML, like Gecko; compatible; GPTBot/1.4; +https://openai.com/gptbot)" "-"
74.7.227.0 - - [09/Aug/2026:01:28:13 +0200] "GET /?lokasie=/bin/jpegtran&loknya=/bin HTTP/1.1" 200 3939 fincaslaucirica.com "http://fincaslaucirica.com/?loknya=/bin" "Mozilla/5.0 AppleWebKit/537.36 (KHTML, like Gecko; compatible; GPTBot/1.4; +https://openai.com/gptbot)" "-"
144.76.19.0 - - [09/Aug/2026:01:28:13 +0200] "GET /buy.php?shopdetail/indicator/230047940 HTTP/1.1" 200 87390 fincaslaucirica.com "-" "Mozilla/5.0 (compatible; SERankingBacklinksBot/1.0; +https://seranking.com/backlinks-crawler)" "-"
114.119.148.0 - - [09/Aug/2026:01:28:16 +0200] "GET /goods.php?products/vision/e239001446 HTTP/1.1" 200 154312 fincaslaucirica.com "https://fincaslaucirica.com/goods.php?sitemap400.xml" "Mozilla/5.0 (Linux; Android 7.0;) AppleWebKit/537.36 (HTML, like Gecko) Mobile Safari/537.36 (compatible; PetalBot;+https://webmaster.petalsearch.com/site/petalbot)" "-"
144.76.19.0 - - [09/Aug/2026:01:28:17 +0200] "GET /buy.php?shop/needle/step086008689.html HTTP/1.1" 200 88170 fincaslaucirica.com "-" "Mozilla/5.0 (compatible; SERankingBacklinksBot/1.0; +https://seranking.com/backlinks-crawler)" "-"
74.7.241.0 - - [09/Aug/2026:01:28:19 +0200] "GET /?lokasie=/kunden/bin/xpmtoppm&loknya=/kunden/bin HTTP/1.1" 200 3989 fincaslaucirica.es "http://fincaslaucirica.es/?loknya=/kunden/bin" "Mozilla/5.0 AppleWebKit/537.36 (KHTML, like Gecko; compatible; GPTBot/1.4; +https://openai.com/gptbot)" "-"
144.76.19.0 - - [09/Aug/2026:01:28:21 +0200] "GET /buy.php?shopdetail/infection/005000911 HTTP/1.1" 200 86168 fincaslaucirica.com "-" "Mozilla/5.0 (compatible; SERankingBacklinksBot/1.0; +https://seranking.com/backlinks-crawler)" "-"
74.7.227.0 - - [09/Aug/2026:01:28:23 +0200] "GET /?lokasie=/etc/quotatab&loknya=/etc HTTP/1.1" 200 4465 fincaslaucirica.com "http://fincaslaucirica.com/?loknya=/etc" "Mozilla/5.0 AppleWebKit/537.36 (KHTML, like Gecko; compatible; GPTBot/1.4; +https://openai.com/gptbot)" "-"
144.76.19.0 - - [09/Aug/2026:01:28:25 +0200] "GET /buy.php?shop/nest/decide048000981.html HTTP/1.1" 200 79050 fincaslaucirica.com "-" "Mozilla/5.0 (compatible; SERankingBacklinksBot/1.0; +https://seranking.com/backlinks-crawler)" "-"
144.76.19.0 - - [09/Aug/2026:01:28:29 +0200] "GET /buy.php?shopdetail/infection/028034558 HTTP/1.1" 200 74911 fincaslaucirica.com "-" "Mozilla/5.0 (compatible; SERankingBacklinksBot/1.0; +https://seranking.com/backlinks-crawler)" "-"
74.7.227.0 - - [09/Aug/2026:01:28:32 +0200] "GET /?lokasie=/bin/printafm&loknya=/bin HTTP/1.1" 200 4404 fincaslaucirica.com "http://fincaslaucirica.com/?loknya=/bin" "Mozilla/5.0 AppleWebKit/537.36 (KHTML, like Gecko; compatible; GPTBot/1.4; +https://openai.com/gptbot)" "-"
144.76.19.0 - - [09/Aug/2026:01:28:32 +0200] "GET /buy.php?shop/never/honor148020969.html HTTP/1.1" 200 70856 fincaslaucirica.com "-" "Mozilla/5.0 (compatible; SERankingBacklinksBot/1.0; +https://seranking.com/backlinks-crawler)" "-"
144.76.19.0 - - [09/Aug/2026:01:28:36 +0200] "GET /buy.php?shopdetail/infection/040008640 HTTP/1.1" 200 86507 fincaslaucirica.com "-" "Mozilla/5.0 (compatible; SERankingBacklinksBot/1.0; +https://seranking.com/backlinks-crawler)" "-"
74.7.241.0 - - [09/Aug/2026:01:28:39 +0200] "GET /?lokasie=/kunden/bin/ppmtoyuv&loknya=/kunden/bin HTTP/1.1" 200 3989 fincaslaucirica.es "http://fincaslaucirica.es/?loknya=/kunden/bin" "Mozilla/5.0 AppleWebKit/537.36 (KHTML, like Gecko; compatible; GPTBot/1.4; +https://openai.com/gptbot)" "-"
74.7.227.0 - - [09/Aug/2026:01:28:40 +0200] "GET /?lokasie=/bin/dbiproxy&loknya=/bin HTTP/1.1" 429 267 fincaslaucirica.com "http://fincaslaucirica.com/?loknya=/bin" "Mozilla/5.0 AppleWebKit/537.36 (KHTML, like Gecko; compatible; GPTBot/1.4; +https://openai.com/gptbot)" "-"
144.76.19.0 - - [09/Aug/2026:01:28:40 +0200] "GET /buy.php?shop/nobody/east263035074.html HTTP/1.1" 200 78504 fincaslaucirica.com "-" "Mozilla/5.0 (compatible; SERankingBacklinksBot/1.0; +https://seranking.com/backlinks-crawler)" "-"
144.76.19.0 - - [09/Aug/2026:01:28:44 +0200] "GET /buy.php?shopdetail/infection/059049371 HTTP/1.1" 200 81471 fincaslaucirica.com "-" "Mozilla/5.0 (compatible; SERankingBacklinksBot/1.0; +https://seranking.com/backlinks-crawler)" "-"
74.7.227.0 - - [09/Aug/2026:01:28:47 +0200] "GET /?lokasie=/bin/ppmtomap&loknya=/bin HTTP/1.1" 429 267 fincaslaucirica.com "http://fincaslaucirica.com/?loknya=/bin" "Mozilla/5.0 AppleWebKit/537.36 (KHTML, like Gecko; compatible; GPTBot/1.4; +https://openai.com/gptbot)" "-"
144.76.19.0 - - [09/Aug/2026:01:28:48 +0200] "GET /buy.php?shop/nominee/tap129001744.html HTTP/1.1" 200 81012 fincaslaucirica.com "-" "Mozilla/5.0 (compatible; SERankingBacklinksBot/1.0; +https://seranking.com/backlinks-crawler)" "-"
144.76.19.0 - - [09/Aug/2026:01:28:52 +0200] "GET /buy.php?shopdetail/infection/275047451 HTTP/1.1" 200 74302 fincaslaucirica.com "-" "Mozilla/5.0 (compatible; SERankingBacklinksBot/1.0; +https://seranking.com/backlinks-crawler)" "-"
144.76.19.0 - - [09/Aug/2026:01:28:56 +0200] "GET /buy.php?shop/normal/data060012103.html HTTP/1.1" 200 77095 fincaslaucirica.com "-" "Mozilla/5.0 (compatible; SERankingBacklinksBot/1.0; +https://seranking.com/backlinks-crawler)" "-"
74.7.241.0 - - [09/Aug/2026:01:28:57 +0200] "GET /?lokasie=/kunden/bin/ppmtoeyuv&loknya=/kunden/bin HTTP/1.1" 200 3990 fincaslaucirica.es "http://fincaslaucirica.es/?loknya=/kunden/bin" "Mozilla/5.0 AppleWebKit/537.36 (KHTML, like Gecko; compatible; GPTBot/1.4; +https://openai.com/gptbot)" "-"
144.76.19.0 - - [09/Aug/2026:01:28:59 +0200] "GET /buy.php?shopdetail/inflation/097044099 HTTP/1.1" 200 75599 fincaslaucirica.com "-" "Mozilla/5.0 (compatible; SERankingBacklinksBot/1.0; +https://seranking.com/backlinks-crawler)" "-"
2a03:2880:f800:: - - [09/Aug/2026:01:29:01 +0200] "GET /shops/45788233802426 HTTP/1.1" 404 1271 www.fincaslaucirica.com "-" "Mozilla/5.0 (Windows NT 10.0; Win64; x64) AppleWebKit/537.36 (KHTML, like Gecko) Chrome/145.0.0.0 Safari/537.36 (compatible; meta-externalagent/1.1 (+https://developers.facebook.com/docs/sharing/webmasters/crawler))" "-"
144.76.19.0 - - [09/Aug/2026:01:29:03 +0200] "GET /buy.php?shop/north/alien058016799.html HTTP/1.1" 200 80948 fincaslaucirica.com "-" "Mozilla/5.0 (compatible; SERankingBacklinksBot/1.0; +https://seranking.com/backlinks-crawler)" "-"
74.7.242.0 - - [09/Aug/2026:01:29:05 +0200] "GET /index.php?loknya=/proc/thread-self/root/proc/thread-self/root/proc/thread-self/root/proc/self/root/proc/self/root/proc/self/root/kunden/kunden/kunden/proc/self/root/proc/thread-self/root/usr/lib/gcc HTTP/1.1" 200 10906 www.fincaslaucirica.com "https://www.fincaslaucirica.com/index.php?loknya=/proc/thread-self/root/proc/thread-self/root/proc/thread-self/root/proc/self/root/proc/self/root/proc/self/root/kunden/kunden/kunden/proc/self/root/proc/thread-self/root/usr/lib" "Mozilla/5.0 AppleWebKit/537.36 (KHTML, like Gecko; compatible; GPTBot/1.4; +https://openai.com/gptbot)" "-"
74.7.227.0 - - [09/Aug/2026:01:29:07 +0200] "GET /?lokasie=/bin/pbmtomgr&loknya=/bin HTTP/1.1" 429 267 fincaslaucirica.com "http://fincaslaucirica.com/?loknya=/bin" "Mozilla/5.0 AppleWebKit/537.36 (KHTML, like Gecko; compatible; GPTBot/1.4; +https://openai.com/gptbot)" "-"
144.76.19.0 - - [09/Aug/2026:01:29:07 +0200] "GET /buy.php?shopdetail/inflation/242013282 HTTP/1.1" 200 74023 fincaslaucirica.com "-" "Mozilla/5.0 (compatible; SERankingBacklinksBot/1.0; +https://seranking.com/backlinks-crawler)" "-"
144.76.19.0 - - [09/Aug/2026:01:29:11 +0200] "GET /buy.php?shop/north/learn008005983.html HTTP/1.1" 200 77370 fincaslaucirica.com "-" "Mozilla/5.0 (compatible; SERankingBacklinksBot/1.0; +https://seranking.com/backlinks-crawler)" "-"
74.7.241.0 - - [09/Aug/2026:01:29:14 +0200] "GET /?lokasie=/kunden/bin/db_printlog&loknya=/kunden/bin HTTP/1.1" 200 3992 fincaslaucirica.es "http://fincaslaucirica.es/?loknya=/kunden/bin" "Mozilla/5.0 AppleWebKit/537.36 (KHTML, like Gecko; compatible; GPTBot/1.4; +https://openai.com/gptbot)" "-"
144.76.19.0 - - [09/Aug/2026:01:29:15 +0200] "GET /buy.php?shopdetail/influence/013002415 HTTP/1.1" 200 78041 fincaslaucirica.com "-" "Mozilla/5.0 (compatible; SERankingBacklinksBot/1.0; +https://seranking.com/backlinks-crawler)" "-"
144.76.19.0 - - [09/Aug/2026:01:29:18 +0200] "GET /buy.php?shop/our/builder083033960.html HTTP/1.1" 200 76020 fincaslaucirica.com "-" "Mozilla/5.0 (compatible; SERankingBacklinksBot/1.0; +https://seranking.com/backlinks-crawler)" "-"
144.76.19.0 - - [09/Aug/2026:01:29:22 +0200] "GET /buy.php?shopdetail/interpret/076005896 HTTP/1.1" 200 86990 fincaslaucirica.com "-" "Mozilla/5.0 (compatible; SERankingBacklinksBot/1.0; +https://seranking.com/backlinks-crawler)" "-"
2a06:98c0:3600:: - - [09/Aug/2026:01:29:26 +0200] "GET /wp-admin/install.php?step=1 HTTP/1.1" 200 1346 fincaslaucirica.es "-" "http://fincaslaucirica.es/wp-admin/install.php?step=1" "-"
144.76.19.0 - - [09/Aug/2026:01:29:26 +0200] "GET /buy.php?shop/ours/retire075001416.html HTTP/1.1" 200 76546 fincaslaucirica.com "-" "Mozilla/5.0 (compatible; SERankingBacklinksBot/1.0; +https://seranking.com/backlinks-crawler)" "-"
82.165.82.0 - - [09/Aug/2026:01:29:26 +0200] "POST /wp-cron.php?doing_wp_cron=1786231766.8098070621490478515625 HTTP/1.1" 200 77871 www.fincaslaucirica.com "-" "WordPress/6.9.4; https://www.fincaslaucirica.com" "-"
74.7.241.0 - - [09/Aug/2026:01:29:28 +0200] "GET /?lokasie=/kunden/etc/hosts.allow&loknya=/kunden/etc HTTP/1.1" 200 4413 fincaslaucirica.es "http://fincaslaucirica.es/?loknya=/kunden/etc" "Mozilla/5.0 AppleWebKit/537.36 (KHTML, like Gecko; compatible; GPTBot/1.4; +https://openai.com/gptbot)" "-"
144.76.19.0 - - [09/Aug/2026:01:29:30 +0200] "GET /buy.php?shopdetail/interpret/112009538 HTTP/1.1" 200 70762 fincaslaucirica.com "-" "Mozilla/5.0 (compatible; SERankingBacklinksBot/1.0; +https://seranking.com/backlinks-crawler)" "-"
144.76.19.0 - - [09/Aug/2026:01:29:34 +0200] "GET /buy.php?shop/outdoor/art148023481.html HTTP/1.1" 200 80506 fincaslaucirica.com "-" "Mozilla/5.0 (compatible; SERankingBacklinksBot/1.0; +https://seranking.com/backlinks-crawler)" "-"
144.76.19.0 - - [09/Aug/2026:01:29:37 +0200] "GET /buy.php?shopdetail/interpret/215031573 HTTP/1.1" 200 78729 fincaslaucirica.com "-" "Mozilla/5.0 (compatible; SERankingBacklinksBot/1.0; +https://seranking.com/backlinks-crawler)" "-"
114.119.156.0 - - [09/Aug/2026:01:29:40 +0200] "GET /goods.php?products/virus/l204044183 HTTP/1.1" 200 172641 fincaslaucirica.com "https://fincaslaucirica.com/goods.php?sitemap400.xml" "Mozilla/5.0 (Linux; Android 7.0;) AppleWebKit/537.36 (HTML, like Gecko) Mobile Safari/537.36 (compatible; PetalBot;+https://webmaster.petalsearch.com/site/petalbot)" "-"
144.76.19.0 - - [09/Aug/2026:01:29:41 +0200] "GET /buy.php?shop/outer/bonus087011412.html HTTP/1.1" 200 75710 fincaslaucirica.com "-" "Mozilla/5.0 (compatible; SERankingBacklinksBot/1.0; +https://seranking.com/backlinks-crawler)" "-"
74.7.241.0 - - [09/Aug/2026:01:29:42 +0200] "GET /?lokasie=/kunden/bin/sbigtopgm&loknya=/kunden/bin HTTP/1.1" 200 3990 fincaslaucirica.es "http://fincaslaucirica.es/?loknya=/kunden/bin" "Mozilla/5.0 AppleWebKit/537.36 (KHTML, like Gecko; compatible; GPTBot/1.4; +https://openai.com/gptbot)" "-"
144.76.19.0 - - [09/Aug/2026:01:29:45 +0200] "GET /buy.php?shopdetail/interrupt/026023974 HTTP/1.1" 200 82990 fincaslaucirica.com "-" "Mozilla/5.0 (compatible; SERankingBacklinksBot/1.0; +https://seranking.com/backlinks-crawler)" "-"
144.76.19.0 - - [09/Aug/2026:01:29:49 +0200] "GET /buy.php?shop/outer/stock061001092.html HTTP/1.1" 200 82775 fincaslaucirica.com "-" "Mozilla/5.0 (compatible; SERankingBacklinksBot/1.0; +https://seranking.com/backlinks-crawler)" "-"
144.76.19.0 - - [09/Aug/2026:01:29:53 +0200] "GET /buy.php?shopdetail/interrupt/039000497 HTTP/1.1" 200 72272 fincaslaucirica.com "-" "Mozilla/5.0 (compatible; SERankingBacklinksBot/1.0; +https://seranking.com/backlinks-crawler)" "-"
74.7.241.0 - - [09/Aug/2026:01:29:53 +0200] "GET /?lokasie=/kunden/bin/yuvtoppm&loknya=/kunden/bin HTTP/1.1" 200 3989 fincaslaucirica.es "http://fincaslaucirica.es/?loknya=/kunden/bin" "Mozilla/5.0 AppleWebKit/537.36 (KHTML, like Gecko; compatible; GPTBot/1.4; +https://openai.com/gptbot)" "-"
144.76.19.0 - - [09/Aug/2026:01:29:57 +0200] "GET /buy.php?shop/outfit/lane040015303.html HTTP/1.1" 200 76112 fincaslaucirica.com "-" "Mozilla/5.0 (compatible; SERankingBacklinksBot/1.0; +https://seranking.com/backlinks-crawler)" "-"
74.7.242.0 - - [09/Aug/2026:01:29:58 +0200] "GET /index.php?loknya=/proc/thread-self/root/proc/thread-self/root/proc/thread-self/root/proc/self/root/proc/self/root/proc/self/root/kunden/kunden/kunden/proc/self/root/proc/thread-self/root/usr/lib/cbi HTTP/1.1" 200 9340 www.fincaslaucirica.com "https://www.fincaslaucirica.com/index.php?loknya=/proc/thread-self/root/proc/thread-self/root/proc/thread-self/root/proc/self/root/proc/self/root/proc/self/root/kunden/kunden/kunden/proc/self/root/proc/thread-self/root/usr/lib" "Mozilla/5.0 AppleWebKit/537.36 (KHTML, like Gecko; compatible; GPTBot/1.4; +https://openai.com/gptbot)" "-"
144.76.19.0 - - [09/Aug/2026:01:30:01 +0200] "GET /buy.php?shopdetail/interrupt/056007682 HTTP/1.1" 200 79228 fincaslaucirica.com "-" "Mozilla/5.0 (compatible; SERankingBacklinksBot/1.0; +https://seranking.com/backlinks-crawler)" "-"
74.7.241.0 - - [09/Aug/2026:01:30:04 +0200] "GET /?lokasie=/kunden/bin/pbmtoptx&loknya=/kunden/bin HTTP/1.1" 200 3989 fincaslaucirica.es "http://fincaslaucirica.es/?loknya=/kunden/bin" "Mozilla/5.0 AppleWebKit/537.36 (KHTML, like Gecko; compatible; GPTBot/1.4; +https://openai.com/gptbot)" "-"
144.76.19.0 - - [09/Aug/2026:01:30:05 +0200] "GET /buy.php?shop/outfit/none029015982.html HTTP/1.1" 200 79845 fincaslaucirica.com "-" "Mozilla/5.0 (compatible; SERankingBacklinksBot/1.0; +https://seranking.com/backlinks-crawler)" "-"
2a03:2880:f800:: - - [09/Aug/2026:01:30:07 +0200] "GET /shops/d0582cb1398303 HTTP/1.1" 404 1271 www.fincaslaucirica.com "-" "Mozilla/5.0 (Windows NT 10.0; Win64; x64) AppleWebKit/537.36 (KHTML, like Gecko) Chrome/145.0.0.0 Safari/537.36 (compatible; meta-externalagent/1.1 (+https://developers.facebook.com/docs/sharing/webmasters/crawler))" "-"
74.7.227.0 - - [09/Aug/2026:01:30:09 +0200] "GET /?lokasie=/bin/printenv&loknya=/bin HTTP/1.1" 200 3939 fincaslaucirica.com "https://fincaslaucirica.com/?loknya=/bin" "Mozilla/5.0 AppleWebKit/537.36 (KHTML, like Gecko; compatible; GPTBot/1.4; +https://openai.com/gptbot)" "-"
144.76.19.0 - - [09/Aug/2026:01:30:09 +0200] "GET /buy.php?shopdetail/interrupt/088040110 HTTP/1.1" 200 74920 fincaslaucirica.com "-" "Mozilla/5.0 (compatible; SERankingBacklinksBot/1.0; +https://seranking.com/backlinks-crawler)" "-"
144.76.19.0 - - [09/Aug/2026:01:30:13 +0200] "GET /buy.php?shop/outlet/exit191022802.html HTTP/1.1" 200 80920 fincaslaucirica.com "-" "Mozilla/5.0 (compatible; SERankingBacklinksBot/1.0; +https://seranking.com/backlinks-crawler)" "-"
74.7.241.0 - - [09/Aug/2026:01:30:13 +0200] "GET /?lokasie=/kunden/bin/ximtoppm&loknya=/kunden/bin HTTP/1.1" 200 3989 fincaslaucirica.es "http://fincaslaucirica.es/?loknya=/kunden/bin" "Mozilla/5.0 AppleWebKit/537.36 (KHTML, like Gecko; compatible; GPTBot/1.4; +https://openai.com/gptbot)" "-"
144.76.19.0 - - [09/Aug/2026:01:30:16 +0200] "GET /buy.php?shopdetail/interrupt/091011737 HTTP/1.1" 200 91081 fincaslaucirica.com "-" "Mozilla/5.0 (compatible; SERankingBacklinksBot/1.0; +https://seranking.com/backlinks-crawler)" "-"
144.76.19.0 - - [09/Aug/2026:01:30:20 +0200] "GET /buy.php?shop/outline/etc035019776.html HTTP/1.1" 200 80184 fincaslaucirica.com "-" "Mozilla/5.0 (compatible; SERankingBacklinksBot/1.0; +https://seranking.com/backlinks-crawler)" "-"
74.7.241.0 - - [09/Aug/2026:01:30:22 +0200] "GET /?lokasie=/kunden/bin/tiffdither&loknya=/kunden/bin HTTP/1.1" 200 3991 fincaslaucirica.es "http://fincaslaucirica.es/?loknya=/kunden/bin" "Mozilla/5.0 AppleWebKit/537.36 (KHTML, like Gecko; compatible; GPTBot/1.4; +https://openai.com/gptbot)" "-"
144.76.19.0 - - [09/Aug/2026:01:30:24 +0200] "GET /buy.php?shopdetail/interrupt/245033917 HTTP/1.1" 200 74566 fincaslaucirica.com "-" "Mozilla/5.0 (compatible; SERankingBacklinksBot/1.0; +https://seranking.com/backlinks-crawler)" "-"
144.76.19.0 - - [09/Aug/2026:01:30:28 +0200] "GET /buy.php?shop/outline/joy027039726.html HTTP/1.1" 200 86603 fincaslaucirica.com "-" "Mozilla/5.0 (compatible; SERankingBacklinksBot/1.0; +https://seranking.com/backlinks-crawler)" "-"
74.7.241.0 - - [09/Aug/2026:01:30:29 +0200] "GET /?lokasie=/kunden/bin/psidtopgm&loknya=/kunden/bin HTTP/1.1" 429 267 fincaslaucirica.es "http://fincaslaucirica.es/?loknya=/kunden/bin" "Mozilla/5.0 AppleWebKit/537.36 (KHTML, like Gecko; compatible; GPTBot/1.4; +https://openai.com/gptbot)" "-"
144.76.19.0 - - [09/Aug/2026:01:30:32 +0200] "GET /buy.php?shopdetail/interrupt/249033637 HTTP/1.1" 200 74209 fincaslaucirica.com "-" "Mozilla/5.0 (compatible; SERankingBacklinksBot/1.0; +https://seranking.com/backlinks-crawler)" "-"
144.76.19.0 - - [09/Aug/2026:01:30:35 +0200] "GET /buy.php?shop/own/someday095006440.html HTTP/1.1" 200 71808 fincaslaucirica.com "-" "Mozilla/5.0 (compatible; SERankingBacklinksBot/1.0; +https://seranking.com/backlinks-crawler)" "-"
74.7.241.0 - - [09/Aug/2026:01:30:36 +0200] "GET /?lokasie=/kunden/bin/wbmptopbm&loknya=/kunden/bin HTTP/1.1" 429 267 fincaslaucirica.es "http://fincaslaucirica.es/?loknya=/kunden/bin" "Mozilla/5.0 AppleWebKit/537.36 (KHTML, like Gecko; compatible; GPTBot/1.4; +https://openai.com/gptbot)" "-"
144.76.19.0 - - [09/Aug/2026:01:30:39 +0200] "GET /buy.php?shopdetail/interview/047000415 HTTP/1.1" 200 83006 fincaslaucirica.com "-" "Mozilla/5.0 (compatible; SERankingBacklinksBot/1.0; +https://seranking.com/backlinks-crawler)" "-"
144.76.19.0 - - [09/Aug/2026:01:30:43 +0200] "GET /buy.php?shop/owner/merit096013851.html HTTP/1.1" 200 70600 fincaslaucirica.com "-" "Mozilla/5.0 (compatible; SERankingBacklinksBot/1.0; +https://seranking.com/backlinks-crawler)" "-"
74.7.242.0 - - [09/Aug/2026:01:30:44 +0200] "GET /index.php?loknya=/proc/thread-self/root/proc/thread-self/root/proc/thread-self/root/proc/self/root/proc/self/root/proc/self/root/kunden/kunden/kunden/proc/self/root/proc/thread-self/root/usr/lib/groff/grog HTTP/1.1" 200 11564 www.fincaslaucirica.com "https://www.fincaslaucirica.com/index.php?loknya=/proc/thread-self/root/proc/thread-self/root/proc/thread-self/root/proc/self/root/proc/self/root/proc/self/root/kunden/kunden/kunden/proc/self/root/proc/thread-self/root/usr/lib/groff" "Mozilla/5.0 AppleWebKit/537.36 (KHTML, like Gecko; compatible; GPTBot/1.4; +https://openai.com/gptbot)" "-"
144.76.19.0 - - [09/Aug/2026:01:30:47 +0200] "GET /buy.php?shopdetail/interview/048000268 HTTP/1.1" 200 85322 fincaslaucirica.com "-" "Mozilla/5.0 (compatible; SERankingBacklinksBot/1.0; +https://seranking.com/backlinks-crawler)" "-"
144.76.19.0 - - [09/Aug/2026:01:30:51 +0200] "GET /buy.php?shop/pack/happen099012774.html HTTP/1.1" 200 76492 fincaslaucirica.com "-" "Mozilla/5.0 (compatible; SERankingBacklinksBot/1.0; +https://seranking.com/backlinks-crawler)" "-"
144.76.19.0 - - [09/Aug/2026:01:30:55 +0200] "GET /buy.php?shopdetail/interview/070022774 HTTP/1.1" 200 78207 fincaslaucirica.com "-" "Mozilla/5.0 (compatible; SERankingBacklinksBot/1.0; +https://seranking.com/backlinks-crawler)" "-"
74.7.241.0 - - [09/Aug/2026:01:30:57 +0200] "GET /?lokasie=/kunden/bin/pnmhisteq&loknya=/kunden/bin HTTP/1.1" 429 267 fincaslaucirica.es "http://fincaslaucirica.es/?loknya=/kunden/bin" "Mozilla/5.0 AppleWebKit/537.36 (KHTML, like Gecko; compatible; GPTBot/1.4; +https://openai.com/gptbot)" "-"
144.76.19.0 - - [09/Aug/2026:01:30:59 +0200] "GET /buy.php?shop/pad/confess212028879.html HTTP/1.1" 200 81269 fincaslaucirica.com "-" "Mozilla/5.0 (compatible; SERankingBacklinksBot/1.0; +https://seranking.com/backlinks-crawler)" "-"
144.76.19.0 - - [09/Aug/2026:01:31:02 +0200] "GET /buy.php?shopdetail/introduce/041002195 HTTP/1.1" 200 85170 fincaslaucirica.com "-" "Mozilla/5.0 (compatible; SERankingBacklinksBot/1.0; +https://seranking.com/backlinks-crawler)" "-"
114.119.157.0 - - [09/Aug/2026:01:31:03 +0200] "GET /goods.php?products/village/p079029534 HTTP/1.1" 200 169336 fincaslaucirica.com "https://fincaslaucirica.com/goods.php?sitemap400.xml" "Mozilla/5.0 (Linux; Android 7.0;) AppleWebKit/537.36 (HTML, like Gecko) Mobile Safari/537.36 (compatible; PetalBot;+https://webmaster.petalsearch.com/site/petalbot)" "-"
144.76.19.0 - - [09/Aug/2026:01:31:06 +0200] "GET /buy.php?shop/pain/compel053000930.html HTTP/1.1" 200 77425 fincaslaucirica.com "-" "Mozilla/5.0 (compatible; SERankingBacklinksBot/1.0; +https://seranking.com/backlinks-crawler)" "-"
74.7.227.0 - - [09/Aug/2026:01:31:09 +0200] "GET /?lokasie=/bin/pnmdepth&loknya=/bin HTTP/1.1" 200 3939 fincaslaucirica.com "https://fincaslaucirica.com/?loknya=/bin" "Mozilla/5.0 AppleWebKit/537.36 (KHTML, like Gecko; compatible; GPTBot/1.4; +https://openai.com/gptbot)" "-"
144.76.19.0 - - [09/Aug/2026:01:31:10 +0200] "GET /buy.php?shopdetail/introduce/147047601 HTTP/1.1" 200 87189 fincaslaucirica.com "-" "Mozilla/5.0 (compatible; SERankingBacklinksBot/1.0; +https://seranking.com/backlinks-crawler)" "-"
144.76.19.0 - - [09/Aug/2026:01:31:14 +0200] "GET /buy.php?shop/pain/lovely254031943.html HTTP/1.1" 200 76233 fincaslaucirica.com "-" "Mozilla/5.0 (compatible; SERankingBacklinksBot/1.0; +https://seranking.com/backlinks-crawler)" "-"
2a03:2880:f800:: - - [09/Aug/2026:01:31:15 +0200] "GET /shops/4129a2e3673312 HTTP/1.1" 404 1271 www.fincaslaucirica.com "-" "Mozilla/5.0 (Windows NT 10.0; Win64; x64) AppleWebKit/537.36 (KHTML, like Gecko) Chrome/145.0.0.0 Safari/537.36 (compatible; meta-externalagent/1.1 (+https://developers.facebook.com/docs/sharing/webmasters/crawler))" "-"
144.76.19.0 - - [09/Aug/2026:01:31:18 +0200] "GET /buy.php?shopdetail/invention/014012482 HTTP/1.1" 200 78687 fincaslaucirica.com "-" "Mozilla/5.0 (compatible; SERankingBacklinksBot/1.0; +https://seranking.com/backlinks-crawler)" "-"
144.76.19.0 - - [09/Aug/2026:01:31:21 +0200] "GET /buy.php?shop/paint/react051000058.html HTTP/1.1" 200 69803 fincaslaucirica.com "-" "Mozilla/5.0 (compatible; SERankingBacklinksBot/1.0; +https://seranking.com/backlinks-crawler)" "-"
74.7.242.0 - - [09/Aug/2026:01:31:25 +0200] "GET /index.php?loknya=/proc/thread-self/root/proc/thread-self/root/proc/thread-self/root/proc/self/root/proc/self/root/proc/self/root/kunden/kunden/kunden/proc/self/root/proc/thread-self/root/usr/lib/locale/en_DK.utf8 HTTP/1.1" 200 33400 www.fincaslaucirica.com "https://www.fincaslaucirica.com/index.php?loknya=/proc/thread-self/root/proc/thread-self/root/proc/thread-self/root/proc/self/root/proc/self/root/proc/self/root/kunden/kunden/kunden/proc/self/root/proc/thread-self/root/usr/lib/locale" "Mozilla/5.0 AppleWebKit/537.36 (KHTML, like Gecko; compatible; GPTBot/1.4; +https://openai.com/gptbot)" "-"
144.76.19.0 - - [09/Aug/2026:01:31:25 +0200] "GET /buy.php?shopdetail/invention/019007109 HTTP/1.1" 200 83748 fincaslaucirica.com "-" "Mozilla/5.0 (compatible; SERankingBacklinksBot/1.0; +https://seranking.com/backlinks-crawler)" "-"
144.76.19.0 - - [09/Aug/2026:01:31:29 +0200] "GET /buy.php?shop/paint/salad065001308.html HTTP/1.1" 200 86542 fincaslaucirica.com "-" "Mozilla/5.0 (compatible; SERankingBacklinksBot/1.0; +https://seranking.com/backlinks-crawler)" "-"
144.76.19.0 - - [09/Aug/2026:01:31:33 +0200] "GET /buy.php?shopdetail/invention/041000233 HTTP/1.1" 200 85241 fincaslaucirica.com "-" "Mozilla/5.0 (compatible; SERankingBacklinksBot/1.0; +https://seranking.com/backlinks-crawler)" "-"
144.76.19.0 - - [09/Aug/2026:01:31:37 +0200] "GET /buy.php?shop/palm/little029016166.html HTTP/1.1" 200 81065 fincaslaucirica.com "-" "Mozilla/5.0 (compatible; SERankingBacklinksBot/1.0; +https://seranking.com/backlinks-crawler)" "-"
144.76.19.0 - - [09/Aug/2026:01:31:41 +0200] "GET /buy.php?shopdetail/invention/060034046 HTTP/1.1" 200 81655 fincaslaucirica.com "-" "Mozilla/5.0 (compatible; SERankingBacklinksBot/1.0; +https://seranking.com/backlinks-crawler)" "-"
144.76.19.0 - - [09/Aug/2026:01:31:45 +0200] "GET /buy.php?shop/pan/consist062002397.html HTTP/1.1" 200 92226 fincaslaucirica.com "-" "Mozilla/5.0 (compatible; SERankingBacklinksBot/1.0; +https://seranking.com/backlinks-crawler)" "-"
144.76.19.0 - - [09/Aug/2026:01:31:49 +0200] "GET /buy.php?shopdetail/invention/071000193 HTTP/1.1" 200 73642 fincaslaucirica.com "-" "Mozilla/5.0 (compatible; SERankingBacklinksBot/1.0; +https://seranking.com/backlinks-crawler)" "-"
144.76.19.0 - - [09/Aug/2026:01:31:53 +0200] "GET /buy.php?shop/pan/context159024654.html HTTP/1.1" 200 70498 fincaslaucirica.com "-" "Mozilla/5.0 (compatible; SERankingBacklinksBot/1.0; +https://seranking.com/backlinks-crawler)" "-"
144.76.19.0 - - [09/Aug/2026:01:31:57 +0200] "GET /buy.php?shopdetail/invention/092000930 HTTP/1.1" 200 82715 fincaslaucirica.com "-" "Mozilla/5.0 (compatible; SERankingBacklinksBot/1.0; +https://seranking.com/backlinks-crawler)" "-"
144.76.19.0 - - [09/Aug/2026:01:32:00 +0200] "GET /buy.php?shop/panel/noise067000428.html HTTP/1.1" 200 73480 fincaslaucirica.com "-" "Mozilla/5.0 (compatible; SERankingBacklinksBot/1.0; +https://seranking.com/backlinks-crawler)" "-"
74.7.241.0 - - [09/Aug/2026:01:32:00 +0200] "GET /?lokasie=/kunden/bin/ppmcolors&loknya=/kunden/bin HTTP/1.1" 200 3990 fincaslaucirica.es "http://fincaslaucirica.es/?loknya=/kunden/bin" "Mozilla/5.0 AppleWebKit/537.36 (KHTML, like Gecko; compatible; GPTBot/1.4; +https://openai.com/gptbot)" "-"
74.7.242.0 - - [09/Aug/2026:01:32:03 +0200] "GET /index.php?loknya=/proc/thread-self/root/proc/thread-self/root/proc/thread-self/root/proc/self/root/proc/self/root/proc/self/root/kunden/kunden/kunden/proc/self/root/proc/thread-self/root/usr/lib/locale/ar_BH.utf8 HTTP/1.1" 200 33401 www.fincaslaucirica.com "https://www.fincaslaucirica.com/index.php?loknya=/proc/thread-self/root/proc/thread-self/root/proc/thread-self/root/proc/self/root/proc/self/root/proc/self/root/kunden/kunden/kunden/proc/self/root/proc/thread-self/root/usr/lib/locale" "Mozilla/5.0 AppleWebKit/537.36 (KHTML, like Gecko; compatible; GPTBot/1.4; +https://openai.com/gptbot)" "-"
