74.7.227.0 - - [09/Aug/2026:01:04:40 +0200] "GET /?lokasie=/bin/ppmflash&loknya=/bin HTTP/1.1" 200 3939 fincaslaucirica.com "https://fincaslaucirica.com/?loknya=/bin" "Mozilla/5.0 AppleWebKit/537.36 (KHTML, like Gecko; compatible; GPTBot/1.4; +https://openai.com/gptbot)" "-"
144.76.19.0 - - [09/Aug/2026:01:04:42 +0200] "GET /buy.php?shopdetail/exception/282019558 HTTP/1.1" 200 72255 fincaslaucirica.com "-" "Mozilla/5.0 (compatible; SERankingBacklinksBot/1.0; +https://seranking.com/backlinks-crawler)" "-"
144.76.19.0 - - [09/Aug/2026:01:04:45 +0200] "GET /buy.php?shop/irony/loose093008094.html HTTP/1.1" 200 77506 fincaslaucirica.com "-" "Mozilla/5.0 (compatible; SERankingBacklinksBot/1.0; +https://seranking.com/backlinks-crawler)" "-"
144.76.19.0 - - [09/Aug/2026:01:04:49 +0200] "GET /buy.php?shopdetail/excessive/036028342 HTTP/1.1" 200 74609 fincaslaucirica.com "-" "Mozilla/5.0 (compatible; SERankingBacklinksBot/1.0; +https://seranking.com/backlinks-crawler)" "-"
144.76.19.0 - - [09/Aug/2026:01:04:53 +0200] "GET /buy.php?shop/issue/boost125049812.html HTTP/1.1" 200 79659 fincaslaucirica.com "-" "Mozilla/5.0 (compatible; SERankingBacklinksBot/1.0; +https://seranking.com/backlinks-crawler)" "-"
144.76.19.0 - - [09/Aug/2026:01:04:57 +0200] "GET /buy.php?shopdetail/excessive/069009393 HTTP/1.1" 200 81952 fincaslaucirica.com "-" "Mozilla/5.0 (compatible; SERankingBacklinksBot/1.0; +https://seranking.com/backlinks-crawler)" "-"
74.7.227.0 - - [09/Aug/2026:01:05:00 +0200] "GET /?lokasie=/bin/pbmtomgr&loknya=/bin HTTP/1.1" 200 3939 fincaslaucirica.com "https://fincaslaucirica.com/?loknya=/bin" "Mozilla/5.0 AppleWebKit/537.36 (KHTML, like Gecko; compatible; GPTBot/1.4; +https://openai.com/gptbot)" "-"
144.76.19.0 - - [09/Aug/2026:01:05:01 +0200] "GET /buy.php?shop/item/settle083005008.html HTTP/1.1" 200 79876 fincaslaucirica.com "-" "Mozilla/5.0 (compatible; SERankingBacklinksBot/1.0; +https://seranking.com/backlinks-crawler)" "-"
144.76.19.0 - - [09/Aug/2026:01:05:04 +0200] "GET /buy.php?shopdetail/excessive/106013250 HTTP/1.1" 200 73285 fincaslaucirica.com "-" "Mozilla/5.0 (compatible; SERankingBacklinksBot/1.0; +https://seranking.com/backlinks-crawler)" "-"
74.7.241.0 - - [09/Aug/2026:01:05:08 +0200] "GET /?lokasie=/kunden/bin/corelist&loknya=/kunden/bin HTTP/1.1" 200 20283 fincaslaucirica.es "http://fincaslaucirica.es/?loknya=/kunden/bin" "Mozilla/5.0 AppleWebKit/537.36 (KHTML, like Gecko; compatible; GPTBot/1.4; +https://openai.com/gptbot)" "-"
144.76.19.0 - - [09/Aug/2026:01:05:08 +0200] "GET /buy.php?shop/itself/aide001000312.html HTTP/1.1" 200 71030 fincaslaucirica.com "-" "Mozilla/5.0 (compatible; SERankingBacklinksBot/1.0; +https://seranking.com/backlinks-crawler)" "-"
144.76.19.0 - - [09/Aug/2026:01:05:12 +0200] "GET /buy.php?shopdetail/excessive/170001286 HTTP/1.1" 200 75989 fincaslaucirica.com "-" "Mozilla/5.0 (compatible; SERankingBacklinksBot/1.0; +https://seranking.com/backlinks-crawler)" "-"
144.76.19.0 - - [09/Aug/2026:01:05:16 +0200] "GET /buy.php?shop/jar/traffic001011198.html HTTP/1.1" 200 79994 fincaslaucirica.com "-" "Mozilla/5.0 (compatible; SERankingBacklinksBot/1.0; +https://seranking.com/backlinks-crawler)" "-"
74.7.227.0 - - [09/Aug/2026:01:05:18 +0200] "GET /?lokasie=/bin/ppmflash&loknya=/bin HTTP/1.1" 200 3939 fincaslaucirica.com "http://fincaslaucirica.com/?loknya=/bin" "Mozilla/5.0 AppleWebKit/537.36 (KHTML, like Gecko; compatible; GPTBot/1.4; +https://openai.com/gptbot)" "-"
144.76.19.0 - - [09/Aug/2026:01:05:20 +0200] "GET /buy.php?shopdetail/excessive/184028762 HTTP/1.1" 200 79738 fincaslaucirica.com "-" "Mozilla/5.0 (compatible; SERankingBacklinksBot/1.0; +https://seranking.com/backlinks-crawler)" "-"
144.76.19.0 - - [09/Aug/2026:01:05:23 +0200] "GET /buy.php?shop/jar/written088036295.html HTTP/1.1" 200 74247 fincaslaucirica.com "-" "Mozilla/5.0 (compatible; SERankingBacklinksBot/1.0; +https://seranking.com/backlinks-crawler)" "-"
74.7.242.0 - - [09/Aug/2026:01:05:26 +0200] "GET /index.php?loknya=/proc/thread-self/root/proc/thread-self/root/proc/thread-self/root/proc/self/root/proc/self/root/proc/self/root/kunden/kunden/kunden/proc/self/root/proc/thread-self/root/kunden/etc/security HTTP/1.1" 200 32540 www.fincaslaucirica.com "https://www.fincaslaucirica.com/index.php?loknya=/proc/thread-self/root/proc/thread-self/root/proc/thread-self/root/proc/self/root/proc/self/root/proc/self/root/kunden/kunden/kunden/proc/self/root/proc/thread-self/root/kunden/etc" "Mozilla/5.0 AppleWebKit/537.36 (KHTML, like Gecko; compatible; GPTBot/1.4; +https://openai.com/gptbot)" "-"
144.76.19.0 - - [09/Aug/2026:01:05:27 +0200] "GET /buy.php?shopdetail/exclusive/038003236 HTTP/1.1" 200 88782 fincaslaucirica.com "-" "Mozilla/5.0 (compatible; SERankingBacklinksBot/1.0; +https://seranking.com/backlinks-crawler)" "-"
144.76.19.0 - - [09/Aug/2026:01:05:31 +0200] "GET /buy.php?shop/jaw/express189025096.html HTTP/1.1" 200 84569 fincaslaucirica.com "-" "Mozilla/5.0 (compatible; SERankingBacklinksBot/1.0; +https://seranking.com/backlinks-crawler)" "-"
74.7.227.0 - - [09/Aug/2026:01:05:35 +0200] "GET /?lokasie=/bin/gemtopbm&loknya=/bin HTTP/1.1" 200 3939 fincaslaucirica.com "http://fincaslaucirica.com/?loknya=/bin" "Mozilla/5.0 AppleWebKit/537.36 (KHTML, like Gecko; compatible; GPTBot/1.4; +https://openai.com/gptbot)" "-"
144.76.19.0 - - [09/Aug/2026:01:05:35 +0200] "GET /buy.php?shopdetail/exclusive/038043174 HTTP/1.1" 200 75128 fincaslaucirica.com "-" "Mozilla/5.0 (compatible; SERankingBacklinksBot/1.0; +https://seranking.com/backlinks-crawler)" "-"
144.76.19.0 - - [09/Aug/2026:01:05:39 +0200] "GET /buy.php?shop/jaw/willing021034590.html HTTP/1.1" 200 79186 fincaslaucirica.com "-" "Mozilla/5.0 (compatible; SERankingBacklinksBot/1.0; +https://seranking.com/backlinks-crawler)" "-"
2a03:2880:f800:: - - [09/Aug/2026:01:05:40 +0200] "GET /shops/3e2ee841977752 HTTP/1.1" 404 1271 www.fincaslaucirica.com "-" "Mozilla/5.0 (X11; Linux x86_64) AppleWebKit/537.36 (KHTML, like Gecko) Chrome/145.0.0.0 Safari/537.36 (compatible; meta-externalagent/1.1 (+https://developers.facebook.com/docs/sharing/webmasters/crawler))" "-"
144.76.19.0 - - [09/Aug/2026:01:05:43 +0200] "GET /buy.php?shopdetail/exclusive/058010462 HTTP/1.1" 200 76845 fincaslaucirica.com "-" "Mozilla/5.0 (compatible; SERankingBacklinksBot/1.0; +https://seranking.com/backlinks-crawler)" "-"
144.76.19.0 - - [09/Aug/2026:01:05:46 +0200] "GET /buy.php?shop/jazz/better022026647.html HTTP/1.1" 200 81921 fincaslaucirica.com "-" "Mozilla/5.0 (compatible; SERankingBacklinksBot/1.0; +https://seranking.com/backlinks-crawler)" "-"
74.7.241.0 - - [09/Aug/2026:01:05:48 +0200] "GET /?lokasie=/kunden/bin/httping&loknya=/kunden/bin HTTP/1.1" 200 3988 fincaslaucirica.es "http://fincaslaucirica.es/?loknya=/kunden/bin" "Mozilla/5.0 AppleWebKit/537.36 (KHTML, like Gecko; compatible; GPTBot/1.4; +https://openai.com/gptbot)" "-"
74.7.227.0 - - [09/Aug/2026:01:05:49 +0200] "GET /?lokasie=/bin/pbmtoptx&loknya=/bin HTTP/1.1" 200 3939 fincaslaucirica.com "http://fincaslaucirica.com/?loknya=/bin" "Mozilla/5.0 AppleWebKit/537.36 (KHTML, like Gecko; compatible; GPTBot/1.4; +https://openai.com/gptbot)" "-"
47.79.13.0 - - [09/Aug/2026:01:05:50 +0200] "GET /index.php?loknya=/homepages/22/d757818857/managed HTTP/1.1" 429 267 www.fincaslaucirica.com "https://www.fincaslaucirica.com/" "Mozilla/5.0 (Windows NT 10.0; Win64; x64) AppleWebKit/537.36 (KHTML, like Gecko) Chrome/135.0.0.0 Safari/537.36" "-"
144.76.19.0 - - [09/Aug/2026:01:05:50 +0200] "GET /buy.php?shopdetail/exclusive/095042879 HTTP/1.1" 200 85912 fincaslaucirica.com "-" "Mozilla/5.0 (compatible; SERankingBacklinksBot/1.0; +https://seranking.com/backlinks-crawler)" "-"
77.246.71.0 - - [09/Aug/2026:01:05:53 +0200] "GET /index.php?loknya=/homepages/22/d757818857/managed HTTP/1.1" 200 5259 www.fincaslaucirica.com "https://www.fincaslaucirica.com/" "Mozilla/5.0 (Windows NT 10.0; Win64; x64) AppleWebKit/537.36 (KHTML, like Gecko) Chrome/100.0.4896.75 Safari/537.36" "-"
144.76.19.0 - - [09/Aug/2026:01:05:54 +0200] "GET /buy.php?shop/join/matter023020676.html HTTP/1.1" 200 82761 fincaslaucirica.com "-" "Mozilla/5.0 (compatible; SERankingBacklinksBot/1.0; +https://seranking.com/backlinks-crawler)" "-"
114.119.151.0 - - [09/Aug/2026:01:05:55 +0200] "GET /goods.php?products/warehouse/o131031042 HTTP/1.1" 200 162375 fincaslaucirica.com "https://fincaslaucirica.com/goods.php?sitemap400.xml" "Mozilla/5.0 (Linux; Android 7.0;) AppleWebKit/537.36 (HTML, like Gecko) Mobile Safari/537.36 (compatible; PetalBot;+https://webmaster.petalsearch.com/site/petalbot)" "-"
144.76.19.0 - - [09/Aug/2026:01:05:58 +0200] "GET /buy.php?shopdetail/execution/037039303 HTTP/1.1" 200 85542 fincaslaucirica.com "-" "Mozilla/5.0 (compatible; SERankingBacklinksBot/1.0; +https://seranking.com/backlinks-crawler)" "-"
74.7.227.0 - - [09/Aug/2026:01:06:02 +0200] "GET /?lokasie=/bin/quotaget&loknya=/bin HTTP/1.1" 200 10444 fincaslaucirica.com "http://fincaslaucirica.com/?loknya=/bin" "Mozilla/5.0 AppleWebKit/537.36 (KHTML, like Gecko; compatible; GPTBot/1.4; +https://openai.com/gptbot)" "-"
144.76.19.0 - - [09/Aug/2026:01:06:02 +0200] "GET /buy.php?shop/joint/wagon097000902.html HTTP/1.1" 200 71737 fincaslaucirica.com "-" "Mozilla/5.0 (compatible; SERankingBacklinksBot/1.0; +https://seranking.com/backlinks-crawler)" "-"
144.76.19.0 - - [09/Aug/2026:01:06:06 +0200] "GET /buy.php?shopdetail/execution/075000725 HTTP/1.1" 200 78558 fincaslaucirica.com "-" "Mozilla/5.0 (compatible; SERankingBacklinksBot/1.0; +https://seranking.com/backlinks-crawler)" "-"
144.76.19.0 - - [09/Aug/2026:01:06:09 +0200] "GET /buy.php?shop/joke/charge084029723.html HTTP/1.1" 200 75100 fincaslaucirica.com "-" "Mozilla/5.0 (compatible; SERankingBacklinksBot/1.0; +https://seranking.com/backlinks-crawler)" "-"
74.7.227.0 - - [09/Aug/2026:01:06:13 +0200] "GET /?lokasie=/bin/pnmtorle&loknya=/bin HTTP/1.1" 200 3939 fincaslaucirica.com "http://fincaslaucirica.com/?loknya=/bin" "Mozilla/5.0 AppleWebKit/537.36 (KHTML, like Gecko; compatible; GPTBot/1.4; +https://openai.com/gptbot)" "-"
144.76.19.0 - - [09/Aug/2026:01:06:13 +0200] "GET /buy.php?shopdetail/execution/090003496 HTTP/1.1" 200 84061 fincaslaucirica.com "-" "Mozilla/5.0 (compatible; SERankingBacklinksBot/1.0; +https://seranking.com/backlinks-crawler)" "-"
144.76.19.0 - - [09/Aug/2026:01:06:17 +0200] "GET /buy.php?shop/joke/county096000851.html HTTP/1.1" 200 85831 fincaslaucirica.com "-" "Mozilla/5.0 (compatible; SERankingBacklinksBot/1.0; +https://seranking.com/backlinks-crawler)" "-"
144.76.19.0 - - [09/Aug/2026:01:06:21 +0200] "GET /buy.php?shopdetail/execution/198035246 HTTP/1.1" 200 84792 fincaslaucirica.com "-" "Mozilla/5.0 (compatible; SERankingBacklinksBot/1.0; +https://seranking.com/backlinks-crawler)" "-"
74.7.227.0 - - [09/Aug/2026:01:06:24 +0200] "GET /?lokasie=/bin/pnmtopng&loknya=/bin HTTP/1.1" 200 3939 fincaslaucirica.com "https://fincaslaucirica.com/?loknya=/bin" "Mozilla/5.0 AppleWebKit/537.36 (KHTML, like Gecko; compatible; GPTBot/1.4; +https://openai.com/gptbot)" "-"
144.76.19.0 - - [09/Aug/2026:01:06:25 +0200] "GET /buy.php?shop/juice/brain124041227.html HTTP/1.1" 200 77188 fincaslaucirica.com "-" "Mozilla/5.0 (compatible; SERankingBacklinksBot/1.0; +https://seranking.com/backlinks-crawler)" "-"
74.7.241.0 - - [09/Aug/2026:01:06:27 +0200] "GET /?lokasie=/kunden/etc/protocols&loknya=/kunden/etc HTTP/1.1" 200 6932 fincaslaucirica.es "http://fincaslaucirica.es/?loknya=/kunden/etc" "Mozilla/5.0 AppleWebKit/537.36 (KHTML, like Gecko; compatible; GPTBot/1.4; +https://openai.com/gptbot)" "-"
144.76.19.0 - - [09/Aug/2026:01:06:29 +0200] "GET /buy.php?shopdetail/executive/071045261 HTTP/1.1" 200 76466 fincaslaucirica.com "-" "Mozilla/5.0 (compatible; SERankingBacklinksBot/1.0; +https://seranking.com/backlinks-crawler)" "-"
74.7.242.0 - - [09/Aug/2026:01:06:30 +0200] "GET /index.php?loknya=/proc/thread-self/root/proc/thread-self/root/proc/thread-self/root/proc/self/root/proc/self/root/proc/self/root/kunden/kunden/kunden/proc/self/root/proc/thread-self/root/kunden/lib HTTP/1.1" 200 105406 www.fincaslaucirica.com "https://www.fincaslaucirica.com/index.php?loknya=/proc/thread-self/root/proc/thread-self/root/proc/thread-self/root/proc/self/root/proc/self/root/proc/self/root/kunden/kunden/kunden/proc/self/root/proc/thread-self/root/kunden" "Mozilla/5.0 AppleWebKit/537.36 (KHTML, like Gecko; compatible; GPTBot/1.4; +https://openai.com/gptbot)" "-"
47.79.13.0 - - [09/Aug/2026:01:06:31 +0200] "GET /index.php?loknya=/homepages/46/d764663961/managed HTTP/1.1" 429 267 www.fincaslaucirica.com "https://www.fincaslaucirica.com/" "Mozilla/5.0 (Windows NT 10.0; Win64; x64) AppleWebKit/537.36 (KHTML, like Gecko) Chrome/134.0.0.0 Safari/537.36 Edg/134.0.0.0" "-"
154.218.217.0 - - [09/Aug/2026:01:06:33 +0200] "GET /index.php?loknya=/homepages/46/d764663961/managed HTTP/1.1" 200 5260 www.fincaslaucirica.com "https://www.fincaslaucirica.com/" "Mozilla/5.0 (Macintosh; Intel Mac OS X 10_15_7) AppleWebKit/605.1.15 (KHTML, like Gecko) Version/26.0 Safari/605.1.15" "-"
144.76.19.0 - - [09/Aug/2026:01:06:33 +0200] "GET /buy.php?shop/juice/drama250019477.html HTTP/1.1" 200 73264 fincaslaucirica.com "-" "Mozilla/5.0 (compatible; SERankingBacklinksBot/1.0; +https://seranking.com/backlinks-crawler)" "-"
74.7.227.0 - - [09/Aug/2026:01:06:34 +0200] "GET /?lokasie=/bin/autoconf&loknya=/bin HTTP/1.1" 200 20343 fincaslaucirica.com "https://fincaslaucirica.com/?loknya=/bin" "Mozilla/5.0 AppleWebKit/537.36 (KHTML, like Gecko; compatible; GPTBot/1.4; +https://openai.com/gptbot)" "-"
144.76.19.0 - - [09/Aug/2026:01:06:37 +0200] "GET /buy.php?shopdetail/executive/096003428 HTTP/1.1" 200 74683 fincaslaucirica.com "-" "Mozilla/5.0 (compatible; SERankingBacklinksBot/1.0; +https://seranking.com/backlinks-crawler)" "-"
144.76.19.0 - - [09/Aug/2026:01:06:41 +0200] "GET /buy.php?shop/jungle/sick185006832.html HTTP/1.1" 200 74872 fincaslaucirica.com "-" "Mozilla/5.0 (compatible; SERankingBacklinksBot/1.0; +https://seranking.com/backlinks-crawler)" "-"
74.7.227.0 - - [09/Aug/2026:01:06:42 +0200] "GET /?lokasie=/bin/pbmtopgm&loknya=/bin HTTP/1.1" 200 3939 fincaslaucirica.com "https://fincaslaucirica.com/?loknya=/bin" "Mozilla/5.0 AppleWebKit/537.36 (KHTML, like Gecko; compatible; GPTBot/1.4; +https://openai.com/gptbot)" "-"
144.76.19.0 - - [09/Aug/2026:01:06:45 +0200] "GET /buy.php?shopdetail/existence/026015228 HTTP/1.1" 200 74250 fincaslaucirica.com "-" "Mozilla/5.0 (compatible; SERankingBacklinksBot/1.0; +https://seranking.com/backlinks-crawler)" "-"
2a03:2880:f800:: - - [09/Aug/2026:01:06:47 +0200] "GET /shops/5fcc55a1488358 HTTP/1.1" 404 1271 www.fincaslaucirica.com "-" "Mozilla/5.0 (Windows NT 10.0; Win64; x64) AppleWebKit/537.36 (KHTML, like Gecko) Chrome/145.0.0.0 Safari/537.36 (compatible; meta-externalagent/1.1 (+https://developers.facebook.com/docs/sharing/webmasters/crawler))" "-"
144.76.19.0 - - [09/Aug/2026:01:06:48 +0200] "GET /buy.php?shop/juror/blood050004133.html HTTP/1.1" 200 74362 fincaslaucirica.com "-" "Mozilla/5.0 (compatible; SERankingBacklinksBot/1.0; +https://seranking.com/backlinks-crawler)" "-"
74.7.227.0 - - [09/Aug/2026:01:06:50 +0200] "GET /?lokasie=/bin/uudecode&loknya=/bin HTTP/1.1" 429 267 fincaslaucirica.com "https://fincaslaucirica.com/?loknya=/bin" "Mozilla/5.0 AppleWebKit/537.36 (KHTML, like Gecko; compatible; GPTBot/1.4; +https://openai.com/gptbot)" "-"
144.76.19.0 - - [09/Aug/2026:01:06:52 +0200] "GET /buy.php?shopdetail/existence/077037239 HTTP/1.1" 200 78215 fincaslaucirica.com "-" "Mozilla/5.0 (compatible; SERankingBacklinksBot/1.0; +https://seranking.com/backlinks-crawler)" "-"
144.76.19.0 - - [09/Aug/2026:01:06:56 +0200] "GET /buy.php?shop/juror/blood250007005.html HTTP/1.1" 200 81403 fincaslaucirica.com "-" "Mozilla/5.0 (compatible; SERankingBacklinksBot/1.0; +https://seranking.com/backlinks-crawler)" "-"
74.7.227.0 - - [09/Aug/2026:01:06:57 +0200] "GET /?lokasie=/bin/sirtopnm&loknya=/bin HTTP/1.1" 429 267 fincaslaucirica.com "http://fincaslaucirica.com/?loknya=/bin" "Mozilla/5.0 AppleWebKit/537.36 (KHTML, like Gecko; compatible; GPTBot/1.4; +https://openai.com/gptbot)" "-"
74.7.241.0 - - [09/Aug/2026:01:07:00 +0200] "GET /?lokasie=/kunden/bin/pnmnlfilt&loknya=/kunden/bin HTTP/1.1" 200 3990 fincaslaucirica.es "http://fincaslaucirica.es/?loknya=/kunden/bin" "Mozilla/5.0 AppleWebKit/537.36 (KHTML, like Gecko; compatible; GPTBot/1.4; +https://openai.com/gptbot)" "-"
144.76.19.0 - - [09/Aug/2026:01:07:00 +0200] "GET /buy.php?shopdetail/expansion/018021138 HTTP/1.1" 200 75495 fincaslaucirica.com "-" "Mozilla/5.0 (compatible; SERankingBacklinksBot/1.0; +https://seranking.com/backlinks-crawler)" "-"
144.76.19.0 - - [09/Aug/2026:01:07:03 +0200] "GET /buy.php?shop/juror/climb085019552.html HTTP/1.1" 200 72346 fincaslaucirica.com "-" "Mozilla/5.0 (compatible; SERankingBacklinksBot/1.0; +https://seranking.com/backlinks-crawler)" "-"
144.76.19.0 - - [09/Aug/2026:01:07:07 +0200] "GET /buy.php?shopdetail/expansion/070003828 HTTP/1.1" 200 82874 fincaslaucirica.com "-" "Mozilla/5.0 (compatible; SERankingBacklinksBot/1.0; +https://seranking.com/backlinks-crawler)" "-"
144.76.19.0 - - [09/Aug/2026:01:07:11 +0200] "GET /buy.php?shop/juror/newly283030660.html HTTP/1.1" 200 76201 fincaslaucirica.com "-" "Mozilla/5.0 (compatible; SERankingBacklinksBot/1.0; +https://seranking.com/backlinks-crawler)" "-"
144.76.19.0 - - [09/Aug/2026:01:07:15 +0200] "GET /buy.php?shopdetail/expansion/070010464 HTTP/1.1" 200 82436 fincaslaucirica.com "-" "Mozilla/5.0 (compatible; SERankingBacklinksBot/1.0; +https://seranking.com/backlinks-crawler)" "-"
74.7.227.0 - - [09/Aug/2026:01:07:18 +0200] "GET /?lokasie=/bin/pnmpaste&loknya=/bin HTTP/1.1" 429 267 fincaslaucirica.com "https://fincaslaucirica.com/?loknya=/bin" "Mozilla/5.0 AppleWebKit/537.36 (KHTML, like Gecko; compatible; GPTBot/1.4; +https://openai.com/gptbot)" "-"
144.76.19.0 - - [09/Aug/2026:01:07:19 +0200] "GET /buy.php?shop/keep/fiscal003004092.html HTTP/1.1" 200 82541 fincaslaucirica.com "-" "Mozilla/5.0 (compatible; SERankingBacklinksBot/1.0; +https://seranking.com/backlinks-crawler)" "-"
144.76.19.0 - - [09/Aug/2026:01:07:22 +0200] "GET /buy.php?shopdetail/expansion/217049373 HTTP/1.1" 200 74334 fincaslaucirica.com "-" "Mozilla/5.0 (compatible; SERankingBacklinksBot/1.0; +https://seranking.com/backlinks-crawler)" "-"
74.7.242.0 - - [09/Aug/2026:01:07:26 +0200] "GET /index.php?loknya=/proc/thread-self/root/proc/thread-self/root/proc/thread-self/root/proc/self/root/proc/self/root/proc/self/root/kunden/kunden/kunden/proc/self/root/proc/thread-self/root/etc/dpkg/ HTTP/1.1" 200 18089 www.fincaslaucirica.com "https://www.fincaslaucirica.com/index.php?loknya=/proc/thread-self/root/proc/thread-self/root/proc/thread-self/root/proc/self/root/proc/self/root/proc/self/root/kunden/kunden/kunden/proc/self/root/proc/thread-self/root/etc/dpkg/origins" "Mozilla/5.0 AppleWebKit/537.36 (KHTML, like Gecko; compatible; GPTBot/1.4; +https://openai.com/gptbot)" "-"
144.76.19.0 - - [09/Aug/2026:01:07:26 +0200] "GET /buy.php?shop/key/symptom006000479.html HTTP/1.1" 200 82759 fincaslaucirica.com "-" "Mozilla/5.0 (compatible; SERankingBacklinksBot/1.0; +https://seranking.com/backlinks-crawler)" "-"
74.7.241.0 - - [09/Aug/2026:01:07:30 +0200] "GET /?lokasie=/kunden/bin/pidwait&loknya=/kunden/bin HTTP/1.1" 200 3988 fincaslaucirica.es "http://fincaslaucirica.es/?loknya=/kunden/bin" "Mozilla/5.0 AppleWebKit/537.36 (KHTML, like Gecko; compatible; GPTBot/1.4; +https://openai.com/gptbot)" "-"
144.76.19.0 - - [09/Aug/2026:01:07:30 +0200] "GET /buy.php?shopdetail/expensive/008026092 HTTP/1.1" 200 82030 fincaslaucirica.com "-" "Mozilla/5.0 (compatible; SERankingBacklinksBot/1.0; +https://seranking.com/backlinks-crawler)" "-"
114.119.148.0 - - [09/Aug/2026:01:07:32 +0200] "GET /goods.php?products/war/z284002337 HTTP/1.1" 200 157296 fincaslaucirica.com "https://fincaslaucirica.com/goods.php?sitemap400.xml" "Mozilla/5.0 (Linux; Android 7.0;) AppleWebKit/537.36 (HTML, like Gecko) Mobile Safari/537.36 (compatible; PetalBot;+https://webmaster.petalsearch.com/site/petalbot)" "-"
144.76.19.0 - - [09/Aug/2026:01:07:34 +0200] "GET /buy.php?shop/kill/divine003000838.html HTTP/1.1" 200 92563 fincaslaucirica.com "-" "Mozilla/5.0 (compatible; SERankingBacklinksBot/1.0; +https://seranking.com/backlinks-crawler)" "-"
144.76.19.0 - - [09/Aug/2026:01:07:38 +0200] "GET /buy.php?shopdetail/expensive/014026706 HTTP/1.1" 200 72719 fincaslaucirica.com "-" "Mozilla/5.0 (compatible; SERankingBacklinksBot/1.0; +https://seranking.com/backlinks-crawler)" "-"
144.76.19.0 - - [09/Aug/2026:01:07:42 +0200] "GET /buy.php?shop/kill/double179042482.html HTTP/1.1" 200 82040 fincaslaucirica.com "-" "Mozilla/5.0 (compatible; SERankingBacklinksBot/1.0; +https://seranking.com/backlinks-crawler)" "-"
2600:1f28:300:: - - [09/Aug/2026:01:07:44 +0200] "GET /2023/03/07/letzten-5-champions-leaguefinale/ HTTP/1.1" 404 1271 www.fincaslaucirica.com "-" "CCBot/2.0 (https://commoncrawl.org/faq/)" "-"
144.76.19.0 - - [09/Aug/2026:01:07:45 +0200] "GET /buy.php?shopdetail/expensive/052046622 HTTP/1.1" 200 73204 fincaslaucirica.com "-" "Mozilla/5.0 (compatible; SERankingBacklinksBot/1.0; +https://seranking.com/backlinks-crawler)" "-"
144.76.19.0 - - [09/Aug/2026:01:07:49 +0200] "GET /buy.php?shop/killer/yard300010907.html HTTP/1.1" 200 74758 fincaslaucirica.com "-" "Mozilla/5.0 (compatible; SERankingBacklinksBot/1.0; +https://seranking.com/backlinks-crawler)" "-"
144.76.19.0 - - [09/Aug/2026:01:07:53 +0200] "GET /buy.php?shopdetail/expensive/289026595 HTTP/1.1" 200 75596 fincaslaucirica.com "-" "Mozilla/5.0 (compatible; SERankingBacklinksBot/1.0; +https://seranking.com/backlinks-crawler)" "-"
2a03:2880:f800:: - - [09/Aug/2026:01:07:54 +0200] "GET /shops/626a540621639 HTTP/1.1" 404 1271 www.fincaslaucirica.com "-" "Mozilla/5.0 (Macintosh; Intel Mac OS X 10_15_7) AppleWebKit/537.36 (KHTML, like Gecko) Chrome/145.0.0.0 Safari/537.36 (compatible; meta-externalagent/1.1 (+https://developers.facebook.com/docs/sharing/webmasters/crawler))" "-"
74.7.241.0 - - [09/Aug/2026:01:07:57 +0200] "GET /?lokasie=/kunden/bin/pbmtoatk&loknya=/kunden/bin HTTP/1.1" 200 3989 fincaslaucirica.es "http://fincaslaucirica.es/?loknya=/kunden/bin" "Mozilla/5.0 AppleWebKit/537.36 (KHTML, like Gecko; compatible; GPTBot/1.4; +https://openai.com/gptbot)" "-"
144.76.19.0 - - [09/Aug/2026:01:07:57 +0200] "GET /buy.php?shop/king/ballot097000906.html HTTP/1.1" 200 74293 fincaslaucirica.com "-" "Mozilla/5.0 (compatible; SERankingBacklinksBot/1.0; +https://seranking.com/backlinks-crawler)" "-"
144.76.19.0 - - [09/Aug/2026:01:08:01 +0200] "GET /buy.php?shopdetail/expertise/100001484 HTTP/1.1" 200 75923 fincaslaucirica.com "-" "Mozilla/5.0 (compatible; SERankingBacklinksBot/1.0; +https://seranking.com/backlinks-crawler)" "-"
144.76.19.0 - - [09/Aug/2026:01:08:05 +0200] "GET /buy.php?shop/kneel/brain133049214.html HTTP/1.1" 200 72342 fincaslaucirica.com "-" "Mozilla/5.0 (compatible; SERankingBacklinksBot/1.0; +https://seranking.com/backlinks-crawler)" "-"
144.76.19.0 - - [09/Aug/2026:01:08:09 +0200] "GET /buy.php?shopdetail/expertise/103045925 HTTP/1.1" 200 76474 fincaslaucirica.com "-" "Mozilla/5.0 (compatible; SERankingBacklinksBot/1.0; +https://seranking.com/backlinks-crawler)" "-"
144.76.19.0 - - [09/Aug/2026:01:08:12 +0200] "GET /buy.php?shop/knife/would039020454.html HTTP/1.1" 200 78456 fincaslaucirica.com "-" "Mozilla/5.0 (compatible; SERankingBacklinksBot/1.0; +https://seranking.com/backlinks-crawler)" "-"
144.76.19.0 - - [09/Aug/2026:01:08:16 +0200] "GET /buy.php?shopdetail/expertise/130017620 HTTP/1.1" 200 81222 fincaslaucirica.com "-" "Mozilla/5.0 (compatible; SERankingBacklinksBot/1.0; +https://seranking.com/backlinks-crawler)" "-"
74.7.242.0 - - [09/Aug/2026:01:08:17 +0200] "GET /index.php?loknya=/proc/thread-self/root/proc/thread-self/root/proc/thread-self/root/proc/self/root/proc/self/root/proc/self/root/kunden/kunden/kunden/proc/self/root/proc/thread-self/root/kunden/etc/ca-certificates/ HTTP/1.1" 200 10993 www.fincaslaucirica.com "https://www.fincaslaucirica.com/index.php?loknya=/proc/thread-self/root/proc/thread-self/root/proc/thread-self/root/proc/self/root/proc/self/root/proc/self/root/kunden/kunden/kunden/proc/self/root/proc/thread-self/root/kunden/etc/ca-certificates/update.d" "Mozilla/5.0 AppleWebKit/537.36 (KHTML, like Gecko; compatible; GPTBot/1.4; +https://openai.com/gptbot)" "-"
144.76.19.0 - - [09/Aug/2026:01:08:20 +0200] "GET /buy.php?shop/knock/boost084008383.html HTTP/1.1" 200 87322 fincaslaucirica.com "-" "Mozilla/5.0 (compatible; SERankingBacklinksBot/1.0; +https://seranking.com/backlinks-crawler)" "-"
43.166.242.0 - - [09/Aug/2026:01:08:21 +0200] "GET /?lokasie=/homepages/15/d754908516/htdocs/logs/access.log.32.1.gz&loknya=/homepages/15/d754908516/htdocs/logs HTTP/1.1" 200 4217 fincaslaucirica.es "-" "Mozilla/5.0 (iPhone; CPU iPhone OS 13_2_3 like Mac OS X) AppleWebKit/605.1.15 (KHTML, like Gecko) Version/13.0.3 Mobile/15E148 Safari/604.1" "-"
74.7.241.0 - - [09/Aug/2026:01:08:22 +0200] "GET /?lokasie=/kunden/bin/pgmkernel&loknya=/kunden/bin HTTP/1.1" 200 3990 fincaslaucirica.es "http://fincaslaucirica.es/?loknya=/kunden/bin" "Mozilla/5.0 AppleWebKit/537.36 (KHTML, like Gecko; compatible; GPTBot/1.4; +https://openai.com/gptbot)" "-"
74.7.227.0 - - [09/Aug/2026:01:08:22 +0200] "GET /?lokasie=/bin/pngtopnm&loknya=/bin HTTP/1.1" 200 3939 fincaslaucirica.com "https://fincaslaucirica.com/?loknya=/bin" "Mozilla/5.0 AppleWebKit/537.36 (KHTML, like Gecko; compatible; GPTBot/1.4; +https://openai.com/gptbot)" "-"
144.76.19.0 - - [09/Aug/2026:01:08:24 +0200] "GET /buy.php?shopdetail/expertise/194011946 HTTP/1.1" 200 76877 fincaslaucirica.com "-" "Mozilla/5.0 (compatible; SERankingBacklinksBot/1.0; +https://seranking.com/backlinks-crawler)" "-"
144.76.19.0 - - [09/Aug/2026:01:08:28 +0200] "GET /buy.php?shop/known/stiff146036901.html HTTP/1.1" 200 78109 fincaslaucirica.com "-" "Mozilla/5.0 (compatible; SERankingBacklinksBot/1.0; +https://seranking.com/backlinks-crawler)" "-"
144.76.19.0 - - [09/Aug/2026:01:08:31 +0200] "GET /buy.php?shopdetail/explosion/002004102 HTTP/1.1" 200 77086 fincaslaucirica.com "-" "Mozilla/5.0 (compatible; SERankingBacklinksBot/1.0; +https://seranking.com/backlinks-crawler)" "-"
144.76.19.0 - - [09/Aug/2026:01:08:35 +0200] "GET /buy.php?shop/lab/command050009321.html HTTP/1.1" 200 89817 fincaslaucirica.com "-" "Mozilla/5.0 (compatible; SERankingBacklinksBot/1.0; +https://seranking.com/backlinks-crawler)" "-"
144.76.19.0 - - [09/Aug/2026:01:08:39 +0200] "GET /buy.php?shopdetail/explosion/262012442 HTTP/1.1" 200 78457 fincaslaucirica.com "-" "Mozilla/5.0 (compatible; SERankingBacklinksBot/1.0; +https://seranking.com/backlinks-crawler)" "-"
144.76.19.0 - - [09/Aug/2026:01:08:43 +0200] "GET /buy.php?shop/lab/uniform088006307.html HTTP/1.1" 200 76915 fincaslaucirica.com "-" "Mozilla/5.0 (compatible; SERankingBacklinksBot/1.0; +https://seranking.com/backlinks-crawler)" "-"
114.119.157.0 - - [09/Aug/2026:01:08:44 +0200] "GET /goods.php?products/war/w296023615 HTTP/1.1" 200 155536 fincaslaucirica.com "https://fincaslaucirica.com/goods.php?sitemap400.xml" "Mozilla/5.0 (Linux; Android 7.0;) AppleWebKit/537.36 (HTML, like Gecko) Mobile Safari/537.36 (compatible; PetalBot;+https://webmaster.petalsearch.com/site/petalbot)" "-"
74.7.241.0 - - [09/Aug/2026:01:08:44 +0200] "GET /?lokasie=/kunden/bin/realpath&loknya=/kunden/bin HTTP/1.1" 200 3989 fincaslaucirica.es "http://fincaslaucirica.es/?loknya=/kunden/bin" "Mozilla/5.0 AppleWebKit/537.36 (KHTML, like Gecko; compatible; GPTBot/1.4; +https://openai.com/gptbot)" "-"
144.76.19.0 - - [09/Aug/2026:01:08:47 +0200] "GET /buy.php?shopdetail/extension/007026649 HTTP/1.1" 200 91342 fincaslaucirica.com "-" "Mozilla/5.0 (compatible; SERankingBacklinksBot/1.0; +https://seranking.com/backlinks-crawler)" "-"
144.76.19.0 - - [09/Aug/2026:01:08:50 +0200] "GET /buy.php?shop/labor/local168035419.html HTTP/1.1" 200 71966 fincaslaucirica.com "-" "Mozilla/5.0 (compatible; SERankingBacklinksBot/1.0; +https://seranking.com/backlinks-crawler)" "-"
144.76.19.0 - - [09/Aug/2026:01:08:54 +0200] "GET /buy.php?shopdetail/extension/022013268 HTTP/1.1" 200 75003 fincaslaucirica.com "-" "Mozilla/5.0 (compatible; SERankingBacklinksBot/1.0; +https://seranking.com/backlinks-crawler)" "-"
144.76.19.0 - - [09/Aug/2026:01:08:58 +0200] "GET /buy.php?shop/labor/stove117030744.html HTTP/1.1" 200 77055 fincaslaucirica.com "-" "Mozilla/5.0 (compatible; SERankingBacklinksBot/1.0; +https://seranking.com/backlinks-crawler)" "-"
2a03:2880:f800:: - - [09/Aug/2026:01:09:01 +0200] "GET /shops/0c0720b3359818 HTTP/1.1" 404 1271 www.fincaslaucirica.com "-" "Mozilla/5.0 (Macintosh; Intel Mac OS X 10_15_7) AppleWebKit/537.36 (KHTML, like Gecko) Chrome/145.0.0.0 Safari/537.36 (compatible; meta-externalagent/1.1 (+https://developers.facebook.com/docs/sharing/webmasters/crawler))" "-"
144.76.19.0 - - [09/Aug/2026:01:09:02 +0200] "GET /buy.php?shopdetail/extension/025000477 HTTP/1.1" 200 80974 fincaslaucirica.com "-" "Mozilla/5.0 (compatible; SERankingBacklinksBot/1.0; +https://seranking.com/backlinks-crawler)" "-"
74.7.241.0 - - [09/Aug/2026:01:09:03 +0200] "GET /?lokasie=/kunden/bin/autoheader&loknya=/kunden/bin HTTP/1.1" 200 13092 fincaslaucirica.es "http://fincaslaucirica.es/?loknya=/kunden/bin" "Mozilla/5.0 AppleWebKit/537.36 (KHTML, like Gecko; compatible; GPTBot/1.4; +https://openai.com/gptbot)" "-"
74.7.242.0 - - [09/Aug/2026:01:09:06 +0200] "GET /index.php?loknya=/proc/thread-self/root/proc/thread-self/root/proc/thread-self/root/proc/self/root/proc/self/root/proc/self/root/kunden/kunden/kunden/proc/self/root/proc/thread-self/root/lib/init HTTP/1.1" 200 13032 www.fincaslaucirica.com "https://www.fincaslaucirica.com/index.php?loknya=/proc/thread-self/root/proc/thread-self/root/proc/thread-self/root/proc/self/root/proc/self/root/proc/self/root/kunden/kunden/kunden/proc/self/root/proc/thread-self/root/lib" "Mozilla/5.0 AppleWebKit/537.36 (KHTML, like Gecko; compatible; GPTBot/1.4; +https://openai.com/gptbot)" "-"
144.76.19.0 - - [09/Aug/2026:01:09:06 +0200] "GET /buy.php?shop/lady/comply111005380.html HTTP/1.1" 200 82597 fincaslaucirica.com "-" "Mozilla/5.0 (compatible; SERankingBacklinksBot/1.0; +https://seranking.com/backlinks-crawler)" "-"
144.76.19.0 - - [09/Aug/2026:01:09:09 +0200] "GET /buy.php?shopdetail/extension/048001186 HTTP/1.1" 200 72919 fincaslaucirica.com "-" "Mozilla/5.0 (compatible; SERankingBacklinksBot/1.0; +https://seranking.com/backlinks-crawler)" "-"
144.76.19.0 - - [09/Aug/2026:01:09:13 +0200] "GET /buy.php?shop/lady/invest217049830.html HTTP/1.1" 200 91671 fincaslaucirica.com "-" "Mozilla/5.0 (compatible; SERankingBacklinksBot/1.0; +https://seranking.com/backlinks-crawler)" "-"
144.76.19.0 - - [09/Aug/2026:01:09:17 +0200] "GET /buy.php?shopdetail/extension/051020457 HTTP/1.1" 200 77341 fincaslaucirica.com "-" "Mozilla/5.0 (compatible; SERankingBacklinksBot/1.0; +https://seranking.com/backlinks-crawler)" "-"
74.7.241.0 - - [09/Aug/2026:01:09:20 +0200] "GET /?lokasie=/kunden/bin/quotaget&loknya=/kunden/bin HTTP/1.1" 200 10494 fincaslaucirica.es "http://fincaslaucirica.es/?loknya=/kunden/bin" "Mozilla/5.0 AppleWebKit/537.36 (KHTML, like Gecko; compatible; GPTBot/1.4; +https://openai.com/gptbot)" "-"
144.76.19.0 - - [09/Aug/2026:01:09:21 +0200] "GET /buy.php?shop/lamp/anyone224024897.html HTTP/1.1" 200 84775 fincaslaucirica.com "-" "Mozilla/5.0 (compatible; SERankingBacklinksBot/1.0; +https://seranking.com/backlinks-crawler)" "-"
74.7.227.0 - - [09/Aug/2026:01:09:23 +0200] "GET /?lokasie=/bin/sgitopnm&loknya=/bin HTTP/1.1" 200 3939 fincaslaucirica.com "https://fincaslaucirica.com/?loknya=/bin" "Mozilla/5.0 AppleWebKit/537.36 (KHTML, like Gecko; compatible; GPTBot/1.4; +https://openai.com/gptbot)" "-"
144.76.19.0 - - [09/Aug/2026:01:09:25 +0200] "GET /buy.php?shopdetail/extension/091038389 HTTP/1.1" 200 78587 fincaslaucirica.com "-" "Mozilla/5.0 (compatible; SERankingBacklinksBot/1.0; +https://seranking.com/backlinks-crawler)" "-"
144.76.19.0 - - [09/Aug/2026:01:09:28 +0200] "GET /buy.php?shop/lamp/assist240000399.html HTTP/1.1" 200 74298 fincaslaucirica.com "-" "Mozilla/5.0 (compatible; SERankingBacklinksBot/1.0; +https://seranking.com/backlinks-crawler)" "-"
144.76.19.0 - - [09/Aug/2026:01:09:32 +0200] "GET /buy.php?shopdetail/extension/240015388 HTTP/1.1" 200 88803 fincaslaucirica.com "-" "Mozilla/5.0 (compatible; SERankingBacklinksBot/1.0; +https://seranking.com/backlinks-crawler)" "-"
144.76.19.0 - - [09/Aug/2026:01:09:36 +0200] "GET /buy.php?shop/lamp/mobile214017287.html HTTP/1.1" 200 86351 fincaslaucirica.com "-" "Mozilla/5.0 (compatible; SERankingBacklinksBot/1.0; +https://seranking.com/backlinks-crawler)" "-"
74.7.241.0 - - [09/Aug/2026:01:09:37 +0200] "GET /?lokasie=/kunden/etc/services&loknya=/kunden/etc HTTP/1.1" 200 16840 fincaslaucirica.es "http://fincaslaucirica.es/?loknya=/kunden/etc" "Mozilla/5.0 AppleWebKit/537.36 (KHTML, like Gecko; compatible; GPTBot/1.4; +https://openai.com/gptbot)" "-"
144.76.19.0 - - [09/Aug/2026:01:09:40 +0200] "GET /buy.php?shopdetail/extension/286044424 HTTP/1.1" 200 76054 fincaslaucirica.com "-" "Mozilla/5.0 (compatible; SERankingBacklinksBot/1.0; +https://seranking.com/backlinks-crawler)" "-"
144.76.19.0 - - [09/Aug/2026:01:09:44 +0200] "GET /buy.php?shop/lane/circle133009092.html HTTP/1.1" 200 74377 fincaslaucirica.com "-" "Mozilla/5.0 (compatible; SERankingBacklinksBot/1.0; +https://seranking.com/backlinks-crawler)" "-"
144.76.19.0 - - [09/Aug/2026:01:09:47 +0200] "GET /buy.php?shopdetail/extensive/006000570 HTTP/1.1" 200 75272 fincaslaucirica.com "-" "Mozilla/5.0 (compatible; SERankingBacklinksBot/1.0; +https://seranking.com/backlinks-crawler)" "-"
74.7.242.0 - - [09/Aug/2026:01:09:48 +0200] "GET /index.php?loknya=/proc/thread-self/root/proc/thread-self/root/proc/thread-self/root/proc/self/root/proc/self/root/proc/self/root/kunden/kunden/kunden/proc/self/root/proc/thread-self/root/etc/ca-certificates HTTP/1.1" 200 10727 www.fincaslaucirica.com "https://www.fincaslaucirica.com/index.php?loknya=/proc/thread-self/root/proc/thread-self/root/proc/thread-self/root/proc/self/root/proc/self/root/proc/self/root/kunden/kunden/kunden/proc/self/root/proc/thread-self/root/etc" "Mozilla/5.0 AppleWebKit/537.36 (KHTML, like Gecko; compatible; GPTBot/1.4; +https://openai.com/gptbot)" "-"
144.76.19.0 - - [09/Aug/2026:01:09:51 +0200] "GET /buy.php?shop/lap/excited021037170.html HTTP/1.1" 200 77720 fincaslaucirica.com "-" "Mozilla/5.0 (compatible; SERankingBacklinksBot/1.0; +https://seranking.com/backlinks-crawler)" "-"
74.7.241.0 - - [09/Aug/2026:01:09:51 +0200] "GET /?lokasie=/kunden/bin/quotasync&loknya=/kunden/bin HTTP/1.1" 200 3990 fincaslaucirica.es "http://fincaslaucirica.es/?loknya=/kunden/bin" "Mozilla/5.0 AppleWebKit/537.36 (KHTML, like Gecko; compatible; GPTBot/1.4; +https://openai.com/gptbot)" "-"
144.76.19.0 - - [09/Aug/2026:01:09:55 +0200] "GET /buy.php?shopdetail/extensive/032046434 HTTP/1.1" 200 74106 fincaslaucirica.com "-" "Mozilla/5.0 (compatible; SERankingBacklinksBot/1.0; +https://seranking.com/backlinks-crawler)" "-"
144.76.19.0 - - [09/Aug/2026:01:09:59 +0200] "GET /buy.php?shop/lap/library084018107.html HTTP/1.1" 200 83564 fincaslaucirica.com "-" "Mozilla/5.0 (compatible; SERankingBacklinksBot/1.0; +https://seranking.com/backlinks-crawler)" "-"
144.76.19.0 - - [09/Aug/2026:01:10:03 +0200] "GET /buy.php?shopdetail/extensive/134013562 HTTP/1.1" 200 82898 fincaslaucirica.com "-" "Mozilla/5.0 (compatible; SERankingBacklinksBot/1.0; +https://seranking.com/backlinks-crawler)" "-"
74.7.241.0 - - [09/Aug/2026:01:10:05 +0200] "GET /?lokasie=/kunden/bin/tiffsplit&loknya=/kunden/bin HTTP/1.1" 200 3990 fincaslaucirica.es "http://fincaslaucirica.es/?loknya=/kunden/bin" "Mozilla/5.0 AppleWebKit/537.36 (KHTML, like Gecko; compatible; GPTBot/1.4; +https://openai.com/gptbot)" "-"
144.76.19.0 - - [09/Aug/2026:01:10:06 +0200] "GET /buy.php?shop/large/loyal081003220.html HTTP/1.1" 200 93653 fincaslaucirica.com "-" "Mozilla/5.0 (compatible; SERankingBacklinksBot/1.0; +https://seranking.com/backlinks-crawler)" "-"
114.119.148.0 - - [09/Aug/2026:01:10:07 +0200] "GET /goods.php?products/want/z073012262 HTTP/1.1" 200 155078 fincaslaucirica.com "https://fincaslaucirica.com/goods.php?sitemap400.xml" "Mozilla/5.0 (Linux; Android 7.0;) AppleWebKit/537.36 (HTML, like Gecko) Mobile Safari/537.36 (compatible; PetalBot;+https://webmaster.petalsearch.com/site/petalbot)" "-"
2a03:2880:f800:: - - [09/Aug/2026:01:10:08 +0200] "GET /shops/a632524338174 HTTP/1.1" 404 1271 www.fincaslaucirica.com "-" "Mozilla/5.0 (Windows NT 10.0; Win64; x64) AppleWebKit/537.36 (KHTML, like Gecko) Chrome/145.0.0.0 Safari/537.36 (compatible; meta-externalagent/1.1 (+https://developers.facebook.com/docs/sharing/webmasters/crawler))" "-"
2a03:2880:2400:: - - [09/Aug/2026:01:10:09 +0200] "GET /robots.txt HTTP/1.1" 206 388 www.fincaslaucirica.com "-" "facebookexternalhit/1.1 (+http://www.facebook.com/externalhit_uatext.php)" "-"
144.76.19.0 - - [09/Aug/2026:01:10:10 +0200] "GET /buy.php?shopdetail/extremely/002021256 HTTP/1.1" 200 84252 fincaslaucirica.com "-" "Mozilla/5.0 (compatible; SERankingBacklinksBot/1.0; +https://seranking.com/backlinks-crawler)" "-"
144.76.19.0 - - [09/Aug/2026:01:10:14 +0200] "GET /buy.php?shop/large/risky014045089.html HTTP/1.1" 200 76325 fincaslaucirica.com "-" "Mozilla/5.0 (compatible; SERankingBacklinksBot/1.0; +https://seranking.com/backlinks-crawler)" "-"
74.7.241.0 - - [09/Aug/2026:01:10:16 +0200] "GET /?lokasie=/kunden/bin/pnmsmooth&loknya=/kunden/bin HTTP/1.1" 200 3990 fincaslaucirica.es "http://fincaslaucirica.es/?loknya=/kunden/bin" "Mozilla/5.0 AppleWebKit/537.36 (KHTML, like Gecko; compatible; GPTBot/1.4; +https://openai.com/gptbot)" "-"
144.76.19.0 - - [09/Aug/2026:01:10:18 +0200] "GET /buy.php?shopdetail/extremely/108012800 HTTP/1.1" 200 82901 fincaslaucirica.com "-" "Mozilla/5.0 (compatible; SERankingBacklinksBot/1.0; +https://seranking.com/backlinks-crawler)" "-"
74.7.227.0 - - [09/Aug/2026:01:10:21 +0200] "GET /?lokasie=/bin/htdigest&loknya=/bin HTTP/1.1" 200 3939 fincaslaucirica.com "https://fincaslaucirica.com/?loknya=/bin" "Mozilla/5.0 AppleWebKit/537.36 (KHTML, like Gecko; compatible; GPTBot/1.4; +https://openai.com/gptbot)" "-"
144.76.19.0 - - [09/Aug/2026:01:10:22 +0200] "GET /buy.php?shop/laser/board017022952.html HTTP/1.1" 200 77692 fincaslaucirica.com "-" "Mozilla/5.0 (compatible; SERankingBacklinksBot/1.0; +https://seranking.com/backlinks-crawler)" "-"
144.76.19.0 - - [09/Aug/2026:01:10:26 +0200] "GET /buy.php?shopdetail/fantastic/008001162 HTTP/1.1" 200 90275 fincaslaucirica.com "-" "Mozilla/5.0 (compatible; SERankingBacklinksBot/1.0; +https://seranking.com/backlinks-crawler)" "-"
74.7.242.0 - - [09/Aug/2026:01:10:26 +0200] "GET /index.php?loknya=/proc/thread-self/root/proc/thread-self/root/proc/thread-self/root/proc/self/root/proc/self/root/proc/self/root/kunden/kunden/kunden/proc/self/root/proc/thread-self/root/kunden/etc/logcheck HTTP/1.1" 200 10968 www.fincaslaucirica.com "https://www.fincaslaucirica.com/index.php?loknya=/proc/thread-self/root/proc/thread-self/root/proc/thread-self/root/proc/self/root/proc/self/root/proc/self/root/kunden/kunden/kunden/proc/self/root/proc/thread-self/root/kunden/etc" "Mozilla/5.0 AppleWebKit/537.36 (KHTML, like Gecko; compatible; GPTBot/1.4; +https://openai.com/gptbot)" "-"
74.7.241.0 - - [09/Aug/2026:01:10:26 +0200] "GET /?lokasie=/kunden/bin/podchecker&loknya=/kunden/bin HTTP/1.1" 200 7934 fincaslaucirica.es "http://fincaslaucirica.es/?loknya=/kunden/bin" "Mozilla/5.0 AppleWebKit/537.36 (KHTML, like Gecko; compatible; GPTBot/1.4; +https://openai.com/gptbot)" "-"
144.76.19.0 - - [09/Aug/2026:01:10:29 +0200] "GET /buy.php?shop/laser/elite039000504.html HTTP/1.1" 200 91370 fincaslaucirica.com "-" "Mozilla/5.0 (compatible; SERankingBacklinksBot/1.0; +https://seranking.com/backlinks-crawler)" "-"
144.76.19.0 - - [09/Aug/2026:01:10:33 +0200] "GET /buy.php?shopdetail/fantastic/066047924 HTTP/1.1" 200 83362 fincaslaucirica.com "-" "Mozilla/5.0 (compatible; SERankingBacklinksBot/1.0; +https://seranking.com/backlinks-crawler)" "-"
74.7.241.0 - - [09/Aug/2026:01:10:36 +0200] "GET /?lokasie=/kunden/bin/mysqlslap&loknya=/kunden/bin HTTP/1.1" 200 3990 fincaslaucirica.es "http://fincaslaucirica.es/?loknya=/kunden/bin" "Mozilla/5.0 AppleWebKit/537.36 (KHTML, like Gecko; compatible; GPTBot/1.4; +https://openai.com/gptbot)" "-"
144.76.19.0 - - [09/Aug/2026:01:10:37 +0200] "GET /buy.php?shop/lately/bowl241002132.html HTTP/1.1" 200 81619 fincaslaucirica.com "-" "Mozilla/5.0 (compatible; SERankingBacklinksBot/1.0; +https://seranking.com/backlinks-crawler)" "-"
144.76.19.0 - - [09/Aug/2026:01:10:41 +0200] "GET /buy.php?shopdetail/fantastic/069035499 HTTP/1.1" 200 81297 fincaslaucirica.com "-" "Mozilla/5.0 (compatible; SERankingBacklinksBot/1.0; +https://seranking.com/backlinks-crawler)" "-"
144.76.19.0 - - [09/Aug/2026:01:10:45 +0200] "GET /buy.php?shop/later/elder271035642.html HTTP/1.1" 200 74788 fincaslaucirica.com "-" "Mozilla/5.0 (compatible; SERankingBacklinksBot/1.0; +https://seranking.com/backlinks-crawler)" "-"
74.7.241.0 - - [09/Aug/2026:01:10:45 +0200] "GET /?lokasie=/kunden/etc/netconfig&loknya=/kunden/etc HTTP/1.1" 200 4811 fincaslaucirica.es "http://fincaslaucirica.es/?loknya=/kunden/etc" "Mozilla/5.0 AppleWebKit/537.36 (KHTML, like Gecko; compatible; GPTBot/1.4; +https://openai.com/gptbot)" "-"
144.76.19.0 - - [09/Aug/2026:01:10:48 +0200] "GET /buy.php?shopdetail/fantastic/152034822 HTTP/1.1" 200 76362 fincaslaucirica.com "-" "Mozilla/5.0 (compatible; SERankingBacklinksBot/1.0; +https://seranking.com/backlinks-crawler)" "-"
144.76.19.0 - - [09/Aug/2026:01:10:52 +0200] "GET /buy.php?shop/latter/neat016005091.html HTTP/1.1" 200 74905 fincaslaucirica.com "-" "Mozilla/5.0 (compatible; SERankingBacklinksBot/1.0; +https://seranking.com/backlinks-crawler)" "-"
74.7.241.0 - - [09/Aug/2026:01:10:52 +0200] "GET /?lokasie=/kunden/bin/ppmtomap&loknya=/kunden/bin HTTP/1.1" 429 267 fincaslaucirica.es "http://fincaslaucirica.es/?loknya=/kunden/bin" "Mozilla/5.0 AppleWebKit/537.36 (KHTML, like Gecko; compatible; GPTBot/1.4; +https://openai.com/gptbot)" "-"
144.76.19.0 - - [09/Aug/2026:01:10:56 +0200] "GET /buy.php?shopdetail/favorable/001001113 HTTP/1.1" 200 74506 fincaslaucirica.com "-" "Mozilla/5.0 (compatible; SERankingBacklinksBot/1.0; +https://seranking.com/backlinks-crawler)" "-"
74.7.241.0 - - [09/Aug/2026:01:10:59 +0200] "GET /?lokasie=/kunden/bin/compare&loknya=/kunden/bin HTTP/1.1" 429 267 fincaslaucirica.es "http://fincaslaucirica.es/?loknya=/kunden/bin" "Mozilla/5.0 AppleWebKit/537.36 (KHTML, like Gecko; compatible; GPTBot/1.4; +https://openai.com/gptbot)" "-"
74.7.242.0 - - [09/Aug/2026:01:11:00 +0200] "GET /index.php?loknya=/proc/thread-self/root/proc/thread-self/root/proc/thread-self/root/proc/self/root/proc/self/root/proc/self/root/kunden/kunden/kunden/proc/self/root/proc/thread-self/root/usr/libexec HTTP/1.1" 200 10672 www.fincaslaucirica.com "https://www.fincaslaucirica.com/index.php?loknya=/proc/thread-self/root/proc/thread-self/root/proc/thread-self/root/proc/self/root/proc/self/root/proc/self/root/kunden/kunden/kunden/proc/self/root/proc/thread-self/root/usr" "Mozilla/5.0 AppleWebKit/537.36 (KHTML, like Gecko; compatible; GPTBot/1.4; +https://openai.com/gptbot)" "-"
144.76.19.0 - - [09/Aug/2026:01:11:00 +0200] "GET /buy.php?shop/launch/your029014202.html HTTP/1.1" 200 82088 fincaslaucirica.com "-" "Mozilla/5.0 (compatible; SERankingBacklinksBot/1.0; +https://seranking.com/backlinks-crawler)" "-"
144.76.19.0 - - [09/Aug/2026:01:11:04 +0200] "GET /buy.php?shopdetail/favorable/014016226 HTTP/1.1" 200 85764 fincaslaucirica.com "-" "Mozilla/5.0 (compatible; SERankingBacklinksBot/1.0; +https://seranking.com/backlinks-crawler)" "-"
144.76.19.0 - - [09/Aug/2026:01:11:07 +0200] "GET /buy.php?shop/lawn/sample267026320.html HTTP/1.1" 200 86656 fincaslaucirica.com "-" "Mozilla/5.0 (compatible; SERankingBacklinksBot/1.0; +https://seranking.com/backlinks-crawler)" "-"
144.76.19.0 - - [09/Aug/2026:01:11:11 +0200] "GET /buy.php?shopdetail/favorable/058000606 HTTP/1.1" 200 76539 fincaslaucirica.com "-" "Mozilla/5.0 (compatible; SERankingBacklinksBot/1.0; +https://seranking.com/backlinks-crawler)" "-"
74.7.227.0 - - [09/Aug/2026:01:11:13 +0200] "GET /?lokasie=/bin/tzselect&loknya=/bin HTTP/1.1" 200 20917 fincaslaucirica.com "https://fincaslaucirica.com/?loknya=/bin" "Mozilla/5.0 AppleWebKit/537.36 (KHTML, like Gecko; compatible; GPTBot/1.4; +https://openai.com/gptbot)" "-"
2a03:2880:f800:: - - [09/Aug/2026:01:11:14 +0200] "GET /shops/c2a0726240182 HTTP/1.1" 404 1271 www.fincaslaucirica.com "-" "Mozilla/5.0 (Windows NT 10.0; Win64; x64) AppleWebKit/537.36 (KHTML, like Gecko) Chrome/145.0.0.0 Safari/537.36 (compatible; meta-externalagent/1.1 (+https://developers.facebook.com/docs/sharing/webmasters/crawler))" "-"
144.76.19.0 - - [09/Aug/2026:01:11:15 +0200] "GET /buy.php?shop/lay/arrival265048474.html HTTP/1.1" 200 76996 fincaslaucirica.com "-" "Mozilla/5.0 (compatible; SERankingBacklinksBot/1.0; +https://seranking.com/backlinks-crawler)" "-"
144.76.19.0 - - [09/Aug/2026:01:11:19 +0200] "GET /buy.php?shopdetail/favorable/075001681 HTTP/1.1" 200 81581 fincaslaucirica.com "-" "Mozilla/5.0 (compatible; SERankingBacklinksBot/1.0; +https://seranking.com/backlinks-crawler)" "-"
74.7.241.0 - - [09/Aug/2026:01:11:19 +0200] "GET /?lokasie=/kunden/bin/infotocap&loknya=/kunden/bin HTTP/1.1" 429 267 fincaslaucirica.es "http://fincaslaucirica.es/?loknya=/kunden/bin" "Mozilla/5.0 AppleWebKit/537.36 (KHTML, like Gecko; compatible; GPTBot/1.4; +https://openai.com/gptbot)" "-"
144.76.19.0 - - [09/Aug/2026:01:11:23 +0200] "GET /buy.php?shop/league/loan028000693.html HTTP/1.1" 200 71049 fincaslaucirica.com "-" "Mozilla/5.0 (compatible; SERankingBacklinksBot/1.0; +https://seranking.com/backlinks-crawler)" "-"
144.76.19.0 - - [09/Aug/2026:01:11:26 +0200] "GET /buy.php?shopdetail/favorable/091033443 HTTP/1.1" 200 75449 fincaslaucirica.com "-" "Mozilla/5.0 (compatible; SERankingBacklinksBot/1.0; +https://seranking.com/backlinks-crawler)" "-"
74.7.242.0 - - [09/Aug/2026:01:11:29 +0200] "GET /index.php?loknya=/proc/thread-self/root/proc/thread-self/root/proc/thread-self/root/proc/self/root/proc/self/root/proc/self/root/kunden/kunden/kunden/proc/self/root/proc/thread-self/root/usr/sbin HTTP/1.1" 200 375813 www.fincaslaucirica.com "https://www.fincaslaucirica.com/index.php?loknya=/proc/thread-self/root/proc/thread-self/root/proc/thread-self/root/proc/self/root/proc/self/root/proc/self/root/kunden/kunden/kunden/proc/self/root/proc/thread-self/root/usr" "Mozilla/5.0 AppleWebKit/537.36 (KHTML, like Gecko; compatible; GPTBot/1.4; +https://openai.com/gptbot)" "-"
144.76.19.0 - - [09/Aug/2026:01:11:30 +0200] "GET /buy.php?shop/learn/mixed067005384.html HTTP/1.1" 200 76559 fincaslaucirica.com "-" "Mozilla/5.0 (compatible; SERankingBacklinksBot/1.0; +https://seranking.com/backlinks-crawler)" "-"
114.119.156.0 - - [09/Aug/2026:01:11:31 +0200] "GET /goods.php?products/want/o219032952 HTTP/1.1" 200 159034 fincaslaucirica.com "https://fincaslaucirica.com/goods.php?sitemap400.xml" "Mozilla/5.0 (Linux; Android 7.0;) AppleWebKit/537.36 (HTML, like Gecko) Mobile Safari/537.36 (compatible; PetalBot;+https://webmaster.petalsearch.com/site/petalbot)" "-"
144.76.19.0 - - [09/Aug/2026:01:11:34 +0200] "GET /buy.php?shopdetail/favorable/151015645 HTTP/1.1" 200 71317 fincaslaucirica.com "-" "Mozilla/5.0 (compatible; SERankingBacklinksBot/1.0; +https://seranking.com/backlinks-crawler)" "-"
144.76.19.0 - - [09/Aug/2026:01:11:38 +0200] "GET /buy.php?shop/left/coming025000178.html HTTP/1.1" 200 77854 fincaslaucirica.com "-" "Mozilla/5.0 (compatible; SERankingBacklinksBot/1.0; +https://seranking.com/backlinks-crawler)" "-"
144.76.19.0 - - [09/Aug/2026:01:11:42 +0200] "GET /buy.php?shopdetail/financial/091035591 HTTP/1.1" 200 77077 fincaslaucirica.com "-" "Mozilla/5.0 (compatible; SERankingBacklinksBot/1.0; +https://seranking.com/backlinks-crawler)" "-"
144.76.19.0 - - [09/Aug/2026:01:11:45 +0200] "GET /buy.php?shop/lemon/grant088000081.html HTTP/1.1" 200 75997 fincaslaucirica.com "-" "Mozilla/5.0 (compatible; SERankingBacklinksBot/1.0; +https://seranking.com/backlinks-crawler)" "-"
144.76.19.0 - - [09/Aug/2026:01:11:49 +0200] "GET /buy.php?shopdetail/financial/144022288 HTTP/1.1" 200 75232 fincaslaucirica.com "-" "Mozilla/5.0 (compatible; SERankingBacklinksBot/1.0; +https://seranking.com/backlinks-crawler)" "-"
144.76.19.0 - - [09/Aug/2026:01:11:53 +0200] "GET /buy.php?shop/length/date048000913.html HTTP/1.1" 200 80934 fincaslaucirica.com "-" "Mozilla/5.0 (compatible; SERankingBacklinksBot/1.0; +https://seranking.com/backlinks-crawler)" "-"
74.7.242.0 - - [09/Aug/2026:01:11:55 +0200] "GET /index.php?loknya=/proc/thread-self/root/proc/thread-self/root/proc/thread-self/root/proc/self/root/proc/self/root/proc/self/root/kunden/kunden/kunden/proc/self/root/proc/thread-self/root/usr/lib HTTP/1.1" 200 104816 www.fincaslaucirica.com "https://www.fincaslaucirica.com/index.php?loknya=/proc/thread-self/root/proc/thread-self/root/proc/thread-self/root/proc/self/root/proc/self/root/proc/self/root/kunden/kunden/kunden/proc/self/root/proc/thread-self/root/usr" "Mozilla/5.0 AppleWebKit/537.36 (KHTML, like Gecko; compatible; GPTBot/1.4; +https://openai.com/gptbot)" "-"
144.76.19.0 - - [09/Aug/2026:01:11:57 +0200] "GET /buy.php?shopdetail/financial/193040403 HTTP/1.1" 200 72994 fincaslaucirica.com "-" "Mozilla/5.0 (compatible; SERankingBacklinksBot/1.0; +https://seranking.com/backlinks-crawler)" "-"
74.7.227.0 - - [09/Aug/2026:01:11:59 +0200] "GET /?lokasie=/bin/realpath&loknya=/bin HTTP/1.1" 200 3939 fincaslaucirica.com "https://fincaslaucirica.com/?loknya=/bin" "Mozilla/5.0 AppleWebKit/537.36 (KHTML, like Gecko; compatible; GPTBot/1.4; +https://openai.com/gptbot)" "-"
