144.76.19.0 - - [09/Aug/2026:01:12:01 +0200] "GET /buy.php?shop/length/deem146038529.html HTTP/1.1" 200 70010 fincaslaucirica.com "-" "Mozilla/5.0 (compatible; SERankingBacklinksBot/1.0; +https://seranking.com/backlinks-crawler)" "-"
144.76.19.0 - - [09/Aug/2026:01:12:05 +0200] "GET /buy.php?shopdetail/fisherman/067007787 HTTP/1.1" 200 86827 fincaslaucirica.com "-" "Mozilla/5.0 (compatible; SERankingBacklinksBot/1.0; +https://seranking.com/backlinks-crawler)" "-"
144.76.19.0 - - [09/Aug/2026:01:12:08 +0200] "GET /buy.php?shop/length/star073018062.html HTTP/1.1" 200 80350 fincaslaucirica.com "-" "Mozilla/5.0 (compatible; SERankingBacklinksBot/1.0; +https://seranking.com/backlinks-crawler)" "-"
144.76.19.0 - - [09/Aug/2026:01:12:12 +0200] "GET /buy.php?shopdetail/fisherman/081003453 HTTP/1.1" 200 79838 fincaslaucirica.com "-" "Mozilla/5.0 (compatible; SERankingBacklinksBot/1.0; +https://seranking.com/backlinks-crawler)" "-"
144.76.19.0 - - [09/Aug/2026:01:12:16 +0200] "GET /buy.php?shop/let/worried260048371.html HTTP/1.1" 200 83753 fincaslaucirica.com "-" "Mozilla/5.0 (compatible; SERankingBacklinksBot/1.0; +https://seranking.com/backlinks-crawler)" "-"
74.7.242.0 - - [09/Aug/2026:01:12:20 +0200] "GET /index.php?loknya=/proc/thread-self/root/proc/thread-self/root/proc/thread-self/root/proc/self/root/proc/self/root/proc/self/root/kunden/kunden/kunden/proc/self/root/proc/thread-self/root/usr/src HTTP/1.1" 200 9120 www.fincaslaucirica.com "https://www.fincaslaucirica.com/index.php?loknya=/proc/thread-self/root/proc/thread-self/root/proc/thread-self/root/proc/self/root/proc/self/root/proc/self/root/kunden/kunden/kunden/proc/self/root/proc/thread-self/root/usr" "Mozilla/5.0 AppleWebKit/537.36 (KHTML, like Gecko; compatible; GPTBot/1.4; +https://openai.com/gptbot)" "-"
144.76.19.0 - - [09/Aug/2026:01:12:20 +0200] "GET /buy.php?shopdetail/fisherman/097042547 HTTP/1.1" 200 89335 fincaslaucirica.com "-" "Mozilla/5.0 (compatible; SERankingBacklinksBot/1.0; +https://seranking.com/backlinks-crawler)" "-"
2a03:2880:f800:: - - [09/Aug/2026:01:12:21 +0200] "GET /shops/54dcb4d519151 HTTP/1.1" 404 1271 www.fincaslaucirica.com "-" "Mozilla/5.0 (Windows NT 10.0; Win64; x64) AppleWebKit/537.36 (KHTML, like Gecko) Chrome/145.0.0.0 Safari/537.36 (compatible; meta-externalagent/1.1 (+https://developers.facebook.com/docs/sharing/webmasters/crawler))" "-"
74.7.241.0 - - [09/Aug/2026:01:12:22 +0200] "GET /?lokasie=/kunden/bin/zipdetails&loknya=/kunden/bin HTTP/1.1" 200 61537 fincaslaucirica.es "http://fincaslaucirica.es/?loknya=/kunden/bin" "Mozilla/5.0 AppleWebKit/537.36 (KHTML, like Gecko; compatible; GPTBot/1.4; +https://openai.com/gptbot)" "-"
144.76.19.0 - - [09/Aug/2026:01:12:24 +0200] "GET /buy.php?shop/letter/mind101000302.html HTTP/1.1" 200 80042 fincaslaucirica.com "-" "Mozilla/5.0 (compatible; SERankingBacklinksBot/1.0; +https://seranking.com/backlinks-crawler)" "-"
144.76.19.0 - - [09/Aug/2026:01:12:27 +0200] "GET /buy.php?shopdetail/fisherman/106025284 HTTP/1.1" 200 72261 fincaslaucirica.com "-" "Mozilla/5.0 (compatible; SERankingBacklinksBot/1.0; +https://seranking.com/backlinks-crawler)" "-"
144.76.19.0 - - [09/Aug/2026:01:12:31 +0200] "GET /buy.php?shop/level/awake026000795.html HTTP/1.1" 200 78741 fincaslaucirica.com "-" "Mozilla/5.0 (compatible; SERankingBacklinksBot/1.0; +https://seranking.com/backlinks-crawler)" "-"
144.76.19.0 - - [09/Aug/2026:01:12:35 +0200] "GET /buy.php?shopdetail/fisherman/214036000 HTTP/1.1" 200 78491 fincaslaucirica.com "-" "Mozilla/5.0 (compatible; SERankingBacklinksBot/1.0; +https://seranking.com/backlinks-crawler)" "-"
144.76.19.0 - - [09/Aug/2026:01:12:39 +0200] "GET /buy.php?shop/level/money275027446.html HTTP/1.1" 200 76859 fincaslaucirica.com "-" "Mozilla/5.0 (compatible; SERankingBacklinksBot/1.0; +https://seranking.com/backlinks-crawler)" "-"
74.7.227.0 - - [09/Aug/2026:01:12:41 +0200] "GET /?lokasie=/bin/pnmarith&loknya=/bin HTTP/1.1" 200 3939 fincaslaucirica.com "http://fincaslaucirica.com/?loknya=/bin" "Mozilla/5.0 AppleWebKit/537.36 (KHTML, like Gecko; compatible; GPTBot/1.4; +https://openai.com/gptbot)" "-"
74.7.242.0 - - [09/Aug/2026:01:12:42 +0200] "GET /index.php?loknya=/proc/thread-self/root/proc/thread-self/root/proc/thread-self/root/proc/self/root/proc/self/root/proc/self/root/kunden/kunden/kunden/proc/self/root/proc/thread-self/root/usr/bin HTTP/1.1" 200 2485315 www.fincaslaucirica.com "https://www.fincaslaucirica.com/index.php?loknya=/proc/thread-self/root/proc/thread-self/root/proc/thread-self/root/proc/self/root/proc/self/root/proc/self/root/kunden/kunden/kunden/proc/self/root/proc/thread-self/root/usr" "Mozilla/5.0 AppleWebKit/537.36 (KHTML, like Gecko; compatible; GPTBot/1.4; +https://openai.com/gptbot)" "-"
144.76.19.0 - - [09/Aug/2026:01:12:43 +0200] "GET /buy.php?shopdetail/fisherman/252019162 HTTP/1.1" 200 73686 fincaslaucirica.com "-" "Mozilla/5.0 (compatible; SERankingBacklinksBot/1.0; +https://seranking.com/backlinks-crawler)" "-"
144.76.19.0 - - [09/Aug/2026:01:12:46 +0200] "GET /buy.php?shop/level/smile262003613.html HTTP/1.1" 200 75973 fincaslaucirica.com "-" "Mozilla/5.0 (compatible; SERankingBacklinksBot/1.0; +https://seranking.com/backlinks-crawler)" "-"
144.76.19.0 - - [09/Aug/2026:01:12:50 +0200] "GET /buy.php?shopdetail/fisherman/292008700 HTTP/1.1" 200 87730 fincaslaucirica.com "-" "Mozilla/5.0 (compatible; SERankingBacklinksBot/1.0; +https://seranking.com/backlinks-crawler)" "-"
114.119.156.0 - - [09/Aug/2026:01:12:54 +0200] "GET /goods.php?products/wander/r006036207 HTTP/1.1" 200 157608 fincaslaucirica.com "https://fincaslaucirica.com/goods.php?sitemap400.xml" "Mozilla/5.0 (Linux; Android 7.0;) AppleWebKit/537.36 (HTML, like Gecko) Mobile Safari/537.36 (compatible; PetalBot;+https://webmaster.petalsearch.com/site/petalbot)" "-"
144.76.19.0 - - [09/Aug/2026:01:12:54 +0200] "GET /buy.php?shop/lid/missile052000091.html HTTP/1.1" 200 73704 fincaslaucirica.com "-" "Mozilla/5.0 (compatible; SERankingBacklinksBot/1.0; +https://seranking.com/backlinks-crawler)" "-"
144.76.19.0 - - [09/Aug/2026:01:12:58 +0200] "GET /buy.php?shopdetail/following/082004468 HTTP/1.1" 200 72335 fincaslaucirica.com "-" "Mozilla/5.0 (compatible; SERankingBacklinksBot/1.0; +https://seranking.com/backlinks-crawler)" "-"
144.76.19.0 - - [09/Aug/2026:01:13:02 +0200] "GET /buy.php?shop/lie/dictate132012019.html HTTP/1.1" 200 75489 fincaslaucirica.com "-" "Mozilla/5.0 (compatible; SERankingBacklinksBot/1.0; +https://seranking.com/backlinks-crawler)" "-"
74.7.242.0 - - [09/Aug/2026:01:13:03 +0200] "GET /index.php?loknya=/proc/thread-self/root/proc/thread-self/root/proc/thread-self/root/proc/self/root/proc/self/root/proc/self/root/kunden/kunden/kunden/proc/self/root/proc/thread-self/root/kunden/lib/ispell HTTP/1.1" 200 11403 www.fincaslaucirica.com "https://www.fincaslaucirica.com/index.php?loknya=/proc/thread-self/root/proc/thread-self/root/proc/thread-self/root/proc/self/root/proc/self/root/proc/self/root/kunden/kunden/kunden/proc/self/root/proc/thread-self/root/kunden/lib" "Mozilla/5.0 AppleWebKit/537.36 (KHTML, like Gecko; compatible; GPTBot/1.4; +https://openai.com/gptbot)" "-"
144.76.19.0 - - [09/Aug/2026:01:13:05 +0200] "GET /buy.php?shopdetail/following/101032131 HTTP/1.1" 200 82390 fincaslaucirica.com "-" "Mozilla/5.0 (compatible; SERankingBacklinksBot/1.0; +https://seranking.com/backlinks-crawler)" "-"
144.76.19.0 - - [09/Aug/2026:01:13:09 +0200] "GET /buy.php?shop/lighting/we070002787.html HTTP/1.1" 200 65866 fincaslaucirica.com "-" "Mozilla/5.0 (compatible; SERankingBacklinksBot/1.0; +https://seranking.com/backlinks-crawler)" "-"
144.76.19.0 - - [09/Aug/2026:01:13:13 +0200] "GET /buy.php?shopdetail/following/189001255 HTTP/1.1" 200 79043 fincaslaucirica.com "-" "Mozilla/5.0 (compatible; SERankingBacklinksBot/1.0; +https://seranking.com/backlinks-crawler)" "-"
144.76.19.0 - - [09/Aug/2026:01:13:17 +0200] "GET /buy.php?shop/line/barely080015963.html HTTP/1.1" 200 74306 fincaslaucirica.com "-" "Mozilla/5.0 (compatible; SERankingBacklinksBot/1.0; +https://seranking.com/backlinks-crawler)" "-"
74.7.227.0 - - [09/Aug/2026:01:13:18 +0200] "GET /?lokasie=/bin/preunzip&loknya=/bin HTTP/1.1" 200 10380 fincaslaucirica.com "http://fincaslaucirica.com/?loknya=/bin" "Mozilla/5.0 AppleWebKit/537.36 (KHTML, like Gecko; compatible; GPTBot/1.4; +https://openai.com/gptbot)" "-"
74.7.242.0 - - [09/Aug/2026:01:13:20 +0200] "GET /index.php?loknya=/proc/thread-self/root/proc/thread-self/root/proc/thread-self/root/proc/self/root/proc/self/root/proc/self/root/kunden/kunden/kunden/proc/self/root/proc/thread-self/root/kunden/lib/apt HTTP/1.1" 200 17954 www.fincaslaucirica.com "https://www.fincaslaucirica.com/index.php?loknya=/proc/thread-self/root/proc/thread-self/root/proc/thread-self/root/proc/self/root/proc/self/root/proc/self/root/kunden/kunden/kunden/proc/self/root/proc/thread-self/root/kunden/lib" "Mozilla/5.0 AppleWebKit/537.36 (KHTML, like Gecko; compatible; GPTBot/1.4; +https://openai.com/gptbot)" "-"
144.76.19.0 - - [09/Aug/2026:01:13:21 +0200] "GET /buy.php?shopdetail/following/226010364 HTTP/1.1" 200 71407 fincaslaucirica.com "-" "Mozilla/5.0 (compatible; SERankingBacklinksBot/1.0; +https://seranking.com/backlinks-crawler)" "-"
74.7.241.0 - - [09/Aug/2026:01:13:24 +0200] "GET /?lokasie=/kunden/bin/ybmtopbm&loknya=/kunden/bin HTTP/1.1" 200 3989 fincaslaucirica.es "http://fincaslaucirica.es/?loknya=/kunden/bin" "Mozilla/5.0 AppleWebKit/537.36 (KHTML, like Gecko; compatible; GPTBot/1.4; +https://openai.com/gptbot)" "-"
144.76.19.0 - - [09/Aug/2026:01:13:25 +0200] "GET /buy.php?shop/line/brutal044009307.html HTTP/1.1" 200 73376 fincaslaucirica.com "-" "Mozilla/5.0 (compatible; SERankingBacklinksBot/1.0; +https://seranking.com/backlinks-crawler)" "-"
2a03:2880:f800:: - - [09/Aug/2026:01:13:28 +0200] "GET /shops/a3f70084048673 HTTP/1.1" 404 1271 www.fincaslaucirica.com "-" "Mozilla/5.0 (Windows NT 10.0; Win64; x64) AppleWebKit/537.36 (KHTML, like Gecko) Chrome/145.0.0.0 Safari/537.36 (compatible; meta-externalagent/1.1 (+https://developers.facebook.com/docs/sharing/webmasters/crawler))" "-"
144.76.19.0 - - [09/Aug/2026:01:13:29 +0200] "GET /buy.php?shopdetail/foreigner/194004076 HTTP/1.1" 200 75763 fincaslaucirica.com "-" "Mozilla/5.0 (compatible; SERankingBacklinksBot/1.0; +https://seranking.com/backlinks-crawler)" "-"
144.76.19.0 - - [09/Aug/2026:01:13:33 +0200] "GET /buy.php?shop/lion/weekly247018214.html HTTP/1.1" 200 76811 fincaslaucirica.com "-" "Mozilla/5.0 (compatible; SERankingBacklinksBot/1.0; +https://seranking.com/backlinks-crawler)" "-"
74.7.242.0 - - [09/Aug/2026:01:13:36 +0200] "GET /index.php?loknya=/proc/thread-self/root/proc/thread-self/root/proc/thread-self/root/proc/self/root/proc/self/root/proc/self/root/kunden/kunden/kunden/proc/self/root/proc/thread-self/root/kunden/ HTTP/1.1" 200 47001 www.fincaslaucirica.com "https://www.fincaslaucirica.com/index.php?loknya=/proc/thread-self/root/proc/thread-self/root/proc/thread-self/root/proc/self/root/proc/self/root/proc/self/root/kunden/kunden/kunden/proc/self/root/proc/thread-self/root/kunden/lib" "Mozilla/5.0 AppleWebKit/537.36 (KHTML, like Gecko; compatible; GPTBot/1.4; +https://openai.com/gptbot)" "-"
144.76.19.0 - - [09/Aug/2026:01:13:37 +0200] "GET /buy.php?shopdetail/foreigner/197030189 HTTP/1.1" 200 76384 fincaslaucirica.com "-" "Mozilla/5.0 (compatible; SERankingBacklinksBot/1.0; +https://seranking.com/backlinks-crawler)" "-"
144.76.19.0 - - [09/Aug/2026:01:13:41 +0200] "GET /buy.php?shop/liquid/near027032596.html HTTP/1.1" 200 80248 fincaslaucirica.com "-" "Mozilla/5.0 (compatible; SERankingBacklinksBot/1.0; +https://seranking.com/backlinks-crawler)" "-"
144.76.19.0 - - [09/Aug/2026:01:13:45 +0200] "GET /buy.php?shopdetail/foreigner/236009574 HTTP/1.1" 200 82489 fincaslaucirica.com "-" "Mozilla/5.0 (compatible; SERankingBacklinksBot/1.0; +https://seranking.com/backlinks-crawler)" "-"
144.76.19.0 - - [09/Aug/2026:01:13:49 +0200] "GET /buy.php?shop/list/ethnic053000058.html HTTP/1.1" 200 74521 fincaslaucirica.com "-" "Mozilla/5.0 (compatible; SERankingBacklinksBot/1.0; +https://seranking.com/backlinks-crawler)" "-"
74.7.242.0 - - [09/Aug/2026:01:13:51 +0200] "GET /index.php?loknya=/proc/thread-self/root/proc/thread-self/root/proc/thread-self/root/proc/self/root/proc/self/root/proc/self/root/kunden/kunden/kunden/proc/self/root/proc/thread-self/root/kunden/lib/ssl HTTP/1.1" 200 15955 www.fincaslaucirica.com "https://www.fincaslaucirica.com/index.php?loknya=/proc/thread-self/root/proc/thread-self/root/proc/thread-self/root/proc/self/root/proc/self/root/proc/self/root/kunden/kunden/kunden/proc/self/root/proc/thread-self/root/kunden/lib" "Mozilla/5.0 AppleWebKit/537.36 (KHTML, like Gecko; compatible; GPTBot/1.4; +https://openai.com/gptbot)" "-"
74.7.227.0 - - [09/Aug/2026:01:13:51 +0200] "GET /?lokasie=/bin/rcsmerge&loknya=/bin HTTP/1.1" 200 4800 fincaslaucirica.com "https://fincaslaucirica.com/?loknya=/bin" "Mozilla/5.0 AppleWebKit/537.36 (KHTML, like Gecko; compatible; GPTBot/1.4; +https://openai.com/gptbot)" "-"
144.76.19.0 - - [09/Aug/2026:01:13:52 +0200] "GET /buy.php?shopdetail/formation/017048091 HTTP/1.1" 200 79396 fincaslaucirica.com "-" "Mozilla/5.0 (compatible; SERankingBacklinksBot/1.0; +https://seranking.com/backlinks-crawler)" "-"
144.76.19.0 - - [09/Aug/2026:01:13:56 +0200] "GET /buy.php?shop/list/prayer037044024.html HTTP/1.1" 200 79436 fincaslaucirica.com "-" "Mozilla/5.0 (compatible; SERankingBacklinksBot/1.0; +https://seranking.com/backlinks-crawler)" "-"
144.76.19.0 - - [09/Aug/2026:01:14:00 +0200] "GET /buy.php?shopdetail/formation/019045563 HTTP/1.1" 200 77598 fincaslaucirica.com "-" "Mozilla/5.0 (compatible; SERankingBacklinksBot/1.0; +https://seranking.com/backlinks-crawler)" "-"
74.7.242.0 - - [09/Aug/2026:01:14:04 +0200] "GET /index.php?loknya=/proc/thread-self/root/proc/thread-self/root/proc/thread-self/root/proc/self/root/proc/self/root/proc/self/root/kunden/kunden/kunden/proc/self/root/proc/thread-self/root/etc/ca-certificates/update.d HTTP/1.1" 200 9434 www.fincaslaucirica.com "https://www.fincaslaucirica.com/index.php?loknya=/proc/thread-self/root/proc/thread-self/root/proc/thread-self/root/proc/self/root/proc/self/root/proc/self/root/kunden/kunden/kunden/proc/self/root/proc/thread-self/root/etc/ca-certificates" "Mozilla/5.0 AppleWebKit/537.36 (KHTML, like Gecko; compatible; GPTBot/1.4; +https://openai.com/gptbot)" "-"
144.76.19.0 - - [09/Aug/2026:01:14:04 +0200] "GET /buy.php?shop/liver/Latin035016684.html HTTP/1.1" 200 80630 fincaslaucirica.com "-" "Mozilla/5.0 (compatible; SERankingBacklinksBot/1.0; +https://seranking.com/backlinks-crawler)" "-"
144.76.19.0 - - [09/Aug/2026:01:14:08 +0200] "GET /buy.php?shopdetail/framework/011022011 HTTP/1.1" 200 86687 fincaslaucirica.com "-" "Mozilla/5.0 (compatible; SERankingBacklinksBot/1.0; +https://seranking.com/backlinks-crawler)" "-"
144.76.19.0 - - [09/Aug/2026:01:14:11 +0200] "GET /buy.php?shop/load/handle019000294.html HTTP/1.1" 200 78905 fincaslaucirica.com "-" "Mozilla/5.0 (compatible; SERankingBacklinksBot/1.0; +https://seranking.com/backlinks-crawler)" "-"
74.7.242.0 - - [09/Aug/2026:01:14:15 +0200] "GET /index.php?loknya=/proc/thread-self/root/proc/thread-self/root/proc/thread-self/root/proc/self/root/proc/self/root/proc/self/root/kunden/kunden/kunden/proc/self/root/proc/thread-self/root/kunden/lib/aspell HTTP/1.1" 200 309663 www.fincaslaucirica.com "https://www.fincaslaucirica.com/index.php?loknya=/proc/thread-self/root/proc/thread-self/root/proc/thread-self/root/proc/self/root/proc/self/root/proc/self/root/kunden/kunden/kunden/proc/self/root/proc/thread-self/root/kunden/lib" "Mozilla/5.0 AppleWebKit/537.36 (KHTML, like Gecko; compatible; GPTBot/1.4; +https://openai.com/gptbot)" "-"
144.76.19.0 - - [09/Aug/2026:01:14:15 +0200] "GET /buy.php?shopdetail/framework/082043980 HTTP/1.1" 200 87721 fincaslaucirica.com "-" "Mozilla/5.0 (compatible; SERankingBacklinksBot/1.0; +https://seranking.com/backlinks-crawler)" "-"
129.226.193.0 - - [09/Aug/2026:01:14:18 +0200] "GET /wp-admin/update-core.php?loknya=/ HTTP/1.1" 200 29712 fincaslaucirica.com "-" "Mozilla/5.0 (iPhone; CPU iPhone OS 13_2_3 like Mac OS X) AppleWebKit/605.1.15 (KHTML, like Gecko) Version/13.0.3 Mobile/15E148 Safari/604.1" "-"
144.76.19.0 - - [09/Aug/2026:01:14:19 +0200] "GET /buy.php?shop/load/recent024000547.html HTTP/1.1" 200 73310 fincaslaucirica.com "-" "Mozilla/5.0 (compatible; SERankingBacklinksBot/1.0; +https://seranking.com/backlinks-crawler)" "-"
114.119.156.0 - - [09/Aug/2026:01:14:20 +0200] "GET /goods.php?products/walking/q205034088 HTTP/1.1" 200 162361 fincaslaucirica.com "https://fincaslaucirica.com/goods.php?sitemap400.xml" "Mozilla/5.0 (Linux; Android 7.0;) AppleWebKit/537.36 (HTML, like Gecko) Mobile Safari/537.36 (compatible; PetalBot;+https://webmaster.petalsearch.com/site/petalbot)" "-"
74.7.241.0 - - [09/Aug/2026:01:14:21 +0200] "GET /?lokasie=/kunden/bin/pnmquant&loknya=/kunden/bin HTTP/1.1" 200 7640 fincaslaucirica.es "http://fincaslaucirica.es/?loknya=/kunden/bin" "Mozilla/5.0 AppleWebKit/537.36 (KHTML, like Gecko; compatible; GPTBot/1.4; +https://openai.com/gptbot)" "-"
2a03:2880:2700:: - - [09/Aug/2026:01:14:21 +0200] "GET /robots.txt HTTP/1.1" 206 388 www.fincaslaucirica.com "-" "facebookexternalhit/1.1 (+http://www.facebook.com/externalhit_uatext.php)" "-"
74.7.227.0 - - [09/Aug/2026:01:14:21 +0200] "GET /?lokasie=/bin/ncftpput&loknya=/bin HTTP/1.1" 200 3939 fincaslaucirica.com "http://fincaslaucirica.com/?loknya=/bin" "Mozilla/5.0 AppleWebKit/537.36 (KHTML, like Gecko; compatible; GPTBot/1.4; +https://openai.com/gptbot)" "-"
144.76.19.0 - - [09/Aug/2026:01:14:23 +0200] "GET /buy.php?shopdetail/framework/258015210 HTTP/1.1" 200 70046 fincaslaucirica.com "-" "Mozilla/5.0 (compatible; SERankingBacklinksBot/1.0; +https://seranking.com/backlinks-crawler)" "-"
74.7.242.0 - - [09/Aug/2026:01:14:25 +0200] "GET /index.php?loknya=/proc/thread-self/root/proc/thread-self/root/proc/thread-self/root/proc/self/root/proc/self/root/proc/self/root/kunden/kunden/kunden/proc/self/root/proc/thread-self/root/usr/ HTTP/1.1" 200 26885 www.fincaslaucirica.com "https://www.fincaslaucirica.com/index.php?loknya=/proc/thread-self/root/proc/thread-self/root/proc/thread-self/root/proc/self/root/proc/self/root/proc/self/root/kunden/kunden/kunden/proc/self/root/proc/thread-self/root/usr/libexec" "Mozilla/5.0 AppleWebKit/537.36 (KHTML, like Gecko; compatible; GPTBot/1.4; +https://openai.com/gptbot)" "-"
144.76.19.0 - - [09/Aug/2026:01:14:26 +0200] "GET /buy.php?shop/load/strain181000336.html HTTP/1.1" 200 83233 fincaslaucirica.com "-" "Mozilla/5.0 (compatible; SERankingBacklinksBot/1.0; +https://seranking.com/backlinks-crawler)" "-"
144.76.19.0 - - [09/Aug/2026:01:14:30 +0200] "GET /buy.php?shopdetail/franchise/032002988 HTTP/1.1" 200 82827 fincaslaucirica.com "-" "Mozilla/5.0 (compatible; SERankingBacklinksBot/1.0; +https://seranking.com/backlinks-crawler)" "-"
2a03:2880:f800:: - - [09/Aug/2026:01:14:34 +0200] "GET /shops/e4c7c463173501 HTTP/1.1" 404 1271 www.fincaslaucirica.com "-" "Mozilla/5.0 (Windows NT 10.0; Win64; x64) AppleWebKit/537.36 (KHTML, like Gecko) Chrome/145.0.0.0 Safari/537.36 (compatible; meta-externalagent/1.1 (+https://developers.facebook.com/docs/sharing/webmasters/crawler))" "-"
74.7.242.0 - - [09/Aug/2026:01:14:34 +0200] "GET /index.php?lokasie=/proc/thread-self/root/proc/thread-self/root/proc/thread-self/root/proc/self/root/proc/self/root/proc/self/root/kunden/kunden/kunden/proc/self/root/proc/thread-self/root/usr/sbin/applygnupgdefaults&loknya=/proc/thread-self/root/proc/thread-self/root/proc/thread-self/root/proc/self/root/proc/self/root/proc/self/root/kunden/kunden/kunden/proc/self/root/proc/thread-self/root/usr/sbin HTTP/1.1" 200 10264 www.fincaslaucirica.com "https://www.fincaslaucirica.com/index.php?loknya=/proc/thread-self/root/proc/thread-self/root/proc/thread-self/root/proc/self/root/proc/self/root/proc/self/root/kunden/kunden/kunden/proc/self/root/proc/thread-self/root/usr/sbin" "Mozilla/5.0 AppleWebKit/537.36 (KHTML, like Gecko; compatible; GPTBot/1.4; +https://openai.com/gptbot)" "-"
144.76.19.0 - - [09/Aug/2026:01:14:34 +0200] "GET /buy.php?shop/loan/terror059011320.html HTTP/1.1" 200 88945 fincaslaucirica.com "-" "Mozilla/5.0 (compatible; SERankingBacklinksBot/1.0; +https://seranking.com/backlinks-crawler)" "-"
144.76.19.0 - - [09/Aug/2026:01:14:38 +0200] "GET /buy.php?shopdetail/franchise/074015404 HTTP/1.1" 200 77877 fincaslaucirica.com "-" "Mozilla/5.0 (compatible; SERankingBacklinksBot/1.0; +https://seranking.com/backlinks-crawler)" "-"
144.76.19.0 - - [09/Aug/2026:01:14:42 +0200] "GET /buy.php?shop/lobby/fight266042433.html HTTP/1.1" 200 73227 fincaslaucirica.com "-" "Mozilla/5.0 (compatible; SERankingBacklinksBot/1.0; +https://seranking.com/backlinks-crawler)" "-"
74.7.242.0 - - [09/Aug/2026:01:14:43 +0200] "GET /index.php?lokasie=/proc/thread-self/root/proc/thread-self/root/proc/thread-self/root/proc/self/root/proc/self/root/proc/self/root/kunden/kunden/kunden/proc/self/root/proc/thread-self/root/usr/sbin/runuser&loknya=/proc/thread-self/root/proc/thread-self/root/proc/thread-self/root/proc/self/root/proc/self/root/proc/self/root/kunden/kunden/kunden/proc/self/root/proc/thread-self/root/usr/sbin HTTP/1.1" 200 7711 www.fincaslaucirica.com "https://www.fincaslaucirica.com/index.php?loknya=/proc/thread-self/root/proc/thread-self/root/proc/thread-self/root/proc/self/root/proc/self/root/proc/self/root/kunden/kunden/kunden/proc/self/root/proc/thread-self/root/usr/sbin" "Mozilla/5.0 AppleWebKit/537.36 (KHTML, like Gecko; compatible; GPTBot/1.4; +https://openai.com/gptbot)" "-"
144.76.19.0 - - [09/Aug/2026:01:14:45 +0200] "GET /buy.php?shopdetail/franchise/086041884 HTTP/1.1" 200 90498 fincaslaucirica.com "-" "Mozilla/5.0 (compatible; SERankingBacklinksBot/1.0; +https://seranking.com/backlinks-crawler)" "-"
74.7.227.0 - - [09/Aug/2026:01:14:49 +0200] "GET /?lokasie=/bin/ppmtopgm&loknya=/bin HTTP/1.1" 200 3939 fincaslaucirica.com "http://fincaslaucirica.com/?loknya=/bin" "Mozilla/5.0 AppleWebKit/537.36 (KHTML, like Gecko; compatible; GPTBot/1.4; +https://openai.com/gptbot)" "-"
144.76.19.0 - - [09/Aug/2026:01:14:49 +0200] "GET /buy.php?shop/locate/disk247047876.html HTTP/1.1" 200 71874 fincaslaucirica.com "-" "Mozilla/5.0 (compatible; SERankingBacklinksBot/1.0; +https://seranking.com/backlinks-crawler)" "-"
74.7.242.0 - - [09/Aug/2026:01:14:50 +0200] "GET /index.php?loknya=/proc/thread-self/root/proc/thread-self/root/proc/thread-self/root/proc/self/root/proc/self/root/proc/self/root/kunden/kunden/kunden/proc/self/root/proc/thread-self/root/usr/lib/init HTTP/1.1" 429 267 www.fincaslaucirica.com "https://www.fincaslaucirica.com/index.php?loknya=/proc/thread-self/root/proc/thread-self/root/proc/thread-self/root/proc/self/root/proc/self/root/proc/self/root/kunden/kunden/kunden/proc/self/root/proc/thread-self/root/usr/lib" "Mozilla/5.0 AppleWebKit/537.36 (KHTML, like Gecko; compatible; GPTBot/1.4; +https://openai.com/gptbot)" "-"
144.76.19.0 - - [09/Aug/2026:01:14:53 +0200] "GET /buy.php?shopdetail/frequency/013000399 HTTP/1.1" 200 91959 fincaslaucirica.com "-" "Mozilla/5.0 (compatible; SERankingBacklinksBot/1.0; +https://seranking.com/backlinks-crawler)" "-"
144.76.19.0 - - [09/Aug/2026:01:14:57 +0200] "GET /buy.php?shop/locate/lane084012355.html HTTP/1.1" 200 79538 fincaslaucirica.com "-" "Mozilla/5.0 (compatible; SERankingBacklinksBot/1.0; +https://seranking.com/backlinks-crawler)" "-"
74.7.242.0 - - [09/Aug/2026:01:14:58 +0200] "GET /index.php?lokasie=/proc/thread-self/root/proc/thread-self/root/proc/thread-self/root/proc/self/root/proc/self/root/proc/self/root/kunden/kunden/kunden/proc/self/root/proc/thread-self/root/usr/bin/dbiproxy&loknya=/proc/thread-self/root/proc/thread-self/root/proc/thread-self/root/proc/self/root/proc/self/root/proc/self/root/kunden/kunden/kunden/proc/self/root/proc/thread-self/root/usr/bin HTTP/1.1" 429 267 www.fincaslaucirica.com "https://www.fincaslaucirica.com/index.php?loknya=/proc/thread-self/root/proc/thread-self/root/proc/thread-self/root/proc/self/root/proc/self/root/proc/self/root/kunden/kunden/kunden/proc/self/root/proc/thread-self/root/usr/bin" "Mozilla/5.0 AppleWebKit/537.36 (KHTML, like Gecko; compatible; GPTBot/1.4; +https://openai.com/gptbot)" "-"
144.76.19.0 - - [09/Aug/2026:01:15:01 +0200] "GET /buy.php?shopdetail/frequency/045022657 HTTP/1.1" 200 92586 fincaslaucirica.com "-" "Mozilla/5.0 (compatible; SERankingBacklinksBot/1.0; +https://seranking.com/backlinks-crawler)" "-"
144.76.19.0 - - [09/Aug/2026:01:15:05 +0200] "GET /buy.php?shop/locate/unit005010644.html HTTP/1.1" 200 77940 fincaslaucirica.com "-" "Mozilla/5.0 (compatible; SERankingBacklinksBot/1.0; +https://seranking.com/backlinks-crawler)" "-"
144.76.19.0 - - [09/Aug/2026:01:15:08 +0200] "GET /buy.php?shopdetail/frequency/266015316 HTTP/1.1" 200 86295 fincaslaucirica.com "-" "Mozilla/5.0 (compatible; SERankingBacklinksBot/1.0; +https://seranking.com/backlinks-crawler)" "-"
144.76.19.0 - - [09/Aug/2026:01:15:12 +0200] "GET /buy.php?shop/log/traffic049000564.html HTTP/1.1" 200 69983 fincaslaucirica.com "-" "Mozilla/5.0 (compatible; SERankingBacklinksBot/1.0; +https://seranking.com/backlinks-crawler)" "-"
74.7.241.0 - - [09/Aug/2026:01:15:12 +0200] "GET /?lokasie=/kunden/bin/tiff2ps&loknya=/kunden/bin HTTP/1.1" 200 3988 fincaslaucirica.es "http://fincaslaucirica.es/?loknya=/kunden/bin" "Mozilla/5.0 AppleWebKit/537.36 (KHTML, like Gecko; compatible; GPTBot/1.4; +https://openai.com/gptbot)" "-"
74.7.227.0 - - [09/Aug/2026:01:15:14 +0200] "GET /?lokasie=/bin/ppmtopcx&loknya=/bin HTTP/1.1" 200 3939 fincaslaucirica.com "https://fincaslaucirica.com/?loknya=/bin" "Mozilla/5.0 AppleWebKit/537.36 (KHTML, like Gecko; compatible; GPTBot/1.4; +https://openai.com/gptbot)" "-"
144.76.19.0 - - [09/Aug/2026:01:15:16 +0200] "GET /buy.php?shopdetail/frequency/294041186 HTTP/1.1" 200 76846 fincaslaucirica.com "-" "Mozilla/5.0 (compatible; SERankingBacklinksBot/1.0; +https://seranking.com/backlinks-crawler)" "-"
74.7.242.0 - - [09/Aug/2026:01:15:18 +0200] "GET /index.php?lokasie=/proc/thread-self/root/proc/thread-self/root/proc/thread-self/root/proc/self/root/proc/self/root/proc/self/root/kunden/kunden/kunden/proc/self/root/proc/thread-self/root/usr/bin/xzegrep&loknya=/proc/thread-self/root/proc/thread-self/root/proc/thread-self/root/proc/self/root/proc/self/root/proc/self/root/kunden/kunden/kunden/proc/self/root/proc/thread-self/root/usr/bin HTTP/1.1" 429 267 www.fincaslaucirica.com "https://www.fincaslaucirica.com/index.php?loknya=/proc/thread-self/root/proc/thread-self/root/proc/thread-self/root/proc/self/root/proc/self/root/proc/self/root/kunden/kunden/kunden/proc/self/root/proc/thread-self/root/usr/bin" "Mozilla/5.0 AppleWebKit/537.36 (KHTML, like Gecko; compatible; GPTBot/1.4; +https://openai.com/gptbot)" "-"
144.76.19.0 - - [09/Aug/2026:01:15:20 +0200] "GET /buy.php?shop/logic/trace081003512.html HTTP/1.1" 200 76459 fincaslaucirica.com "-" "Mozilla/5.0 (compatible; SERankingBacklinksBot/1.0; +https://seranking.com/backlinks-crawler)" "-"
144.76.19.0 - - [09/Aug/2026:01:15:24 +0200] "GET /buy.php?shopdetail/frustrate/021000055 HTTP/1.1" 200 71725 fincaslaucirica.com "-" "Mozilla/5.0 (compatible; SERankingBacklinksBot/1.0; +https://seranking.com/backlinks-crawler)" "-"
144.76.19.0 - - [09/Aug/2026:01:15:28 +0200] "GET /buy.php?shop/lonely/butt032032947.html HTTP/1.1" 200 79799 fincaslaucirica.com "-" "Mozilla/5.0 (compatible; SERankingBacklinksBot/1.0; +https://seranking.com/backlinks-crawler)" "-"
144.76.19.0 - - [09/Aug/2026:01:15:31 +0200] "GET /buy.php?shopdetail/frustrate/067004553 HTTP/1.1" 200 77078 fincaslaucirica.com "-" "Mozilla/5.0 (compatible; SERankingBacklinksBot/1.0; +https://seranking.com/backlinks-crawler)" "-"
144.76.19.0 - - [09/Aug/2026:01:15:35 +0200] "GET /buy.php?shop/long/marker102013517.html HTTP/1.1" 200 81933 fincaslaucirica.com "-" "Mozilla/5.0 (compatible; SERankingBacklinksBot/1.0; +https://seranking.com/backlinks-crawler)" "-"
74.7.227.0 - - [09/Aug/2026:01:15:36 +0200] "GET /?lokasie=/bin/svnauthz&loknya=/bin HTTP/1.1" 200 3939 fincaslaucirica.com "http://fincaslaucirica.com/?loknya=/bin" "Mozilla/5.0 AppleWebKit/537.36 (KHTML, like Gecko; compatible; GPTBot/1.4; +https://openai.com/gptbot)" "-"
144.76.19.0 - - [09/Aug/2026:01:15:39 +0200] "GET /buy.php?shopdetail/frustrate/075001413 HTTP/1.1" 200 77253 fincaslaucirica.com "-" "Mozilla/5.0 (compatible; SERankingBacklinksBot/1.0; +https://seranking.com/backlinks-crawler)" "-"
2a03:2880:f800:: - - [09/Aug/2026:01:15:41 +0200] "GET /shops/3f907951715380 HTTP/1.1" 404 1271 www.fincaslaucirica.com "-" "Mozilla/5.0 (Windows NT 10.0; Win64; x64) AppleWebKit/537.36 (KHTML, like Gecko) Chrome/145.0.0.0 Safari/537.36 (compatible; meta-externalagent/1.1 (+https://developers.facebook.com/docs/sharing/webmasters/crawler))" "-"
144.76.19.0 - - [09/Aug/2026:01:15:43 +0200] "GET /buy.php?shop/look/region114020449.html HTTP/1.1" 200 75517 fincaslaucirica.com "-" "Mozilla/5.0 (compatible; SERankingBacklinksBot/1.0; +https://seranking.com/backlinks-crawler)" "-"
114.119.136.0 - - [09/Aug/2026:01:15:43 +0200] "GET /goods.php?products/wake/c094048885 HTTP/1.1" 200 170413 fincaslaucirica.com "https://fincaslaucirica.com/goods.php?sitemap400.xml" "Mozilla/5.0 (Linux; Android 7.0;) AppleWebKit/537.36 (HTML, like Gecko) Mobile Safari/537.36 (compatible; PetalBot;+https://webmaster.petalsearch.com/site/petalbot)" "-"
144.76.19.0 - - [09/Aug/2026:01:15:47 +0200] "GET /buy.php?shopdetail/frustrate/096000816 HTTP/1.1" 200 82689 fincaslaucirica.com "-" "Mozilla/5.0 (compatible; SERankingBacklinksBot/1.0; +https://seranking.com/backlinks-crawler)" "-"
216.73.216.0 - - [09/Aug/2026:01:15:48 +0200] "GET /robots.txt HTTP/1.1" 200 388 fincaslaucirica.es "-" "Mozilla/5.0 AppleWebKit/537.36 (KHTML, like Gecko; compatible; ClaudeBot/1.0; +claudebot@anthropic.com)" "-"
216.73.216.0 - - [09/Aug/2026:01:15:49 +0200] "GET /?loknya=%2Fhomepages%2F15%2Fd761539981%2F HTTP/1.1" 200 18231 fincaslaucirica.es "-" "Mozilla/5.0 AppleWebKit/537.36 (KHTML, like Gecko; compatible; ClaudeBot/1.0; +claudebot@anthropic.com)" "-"
216.73.216.0 - - [09/Aug/2026:01:15:49 +0200] "GET /?loknya=%2Fhomepages%2F15%2Fd759984093%2F HTTP/1.1" 200 15497 fincaslaucirica.es "-" "Mozilla/5.0 AppleWebKit/537.36 (KHTML, like Gecko; compatible; ClaudeBot/1.0; +claudebot@anthropic.com)" "-"
144.76.19.0 - - [09/Aug/2026:01:15:50 +0200] "GET /buy.php?shop/loose/grasp076000449.html HTTP/1.1" 200 82139 fincaslaucirica.com "-" "Mozilla/5.0 (compatible; SERankingBacklinksBot/1.0; +https://seranking.com/backlinks-crawler)" "-"
144.76.19.0 - - [09/Aug/2026:01:15:54 +0200] "GET /buy.php?shopdetail/frustrate/170029696 HTTP/1.1" 200 79873 fincaslaucirica.com "-" "Mozilla/5.0 (compatible; SERankingBacklinksBot/1.0; +https://seranking.com/backlinks-crawler)" "-"
74.7.227.0 - - [09/Aug/2026:01:15:57 +0200] "GET /?lokasie=/bin/ptardiff&loknya=/bin HTTP/1.1" 200 6648 fincaslaucirica.com "http://fincaslaucirica.com/?loknya=/bin" "Mozilla/5.0 AppleWebKit/537.36 (KHTML, like Gecko; compatible; GPTBot/1.4; +https://openai.com/gptbot)" "-"
144.76.19.0 - - [09/Aug/2026:01:15:58 +0200] "GET /buy.php?shop/loss/reveal113025428.html HTTP/1.1" 200 75351 fincaslaucirica.com "-" "Mozilla/5.0 (compatible; SERankingBacklinksBot/1.0; +https://seranking.com/backlinks-crawler)" "-"
74.7.241.0 - - [09/Aug/2026:01:15:59 +0200] "GET /?lokasie=/kunden/bin/g3topbm&loknya=/kunden/bin HTTP/1.1" 200 3988 fincaslaucirica.es "http://fincaslaucirica.es/?loknya=/kunden/bin" "Mozilla/5.0 AppleWebKit/537.36 (KHTML, like Gecko; compatible; GPTBot/1.4; +https://openai.com/gptbot)" "-"
144.76.19.0 - - [09/Aug/2026:01:16:02 +0200] "GET /buy.php?shopdetail/frustrate/268016558 HTTP/1.1" 200 81156 fincaslaucirica.com "-" "Mozilla/5.0 (compatible; SERankingBacklinksBot/1.0; +https://seranking.com/backlinks-crawler)" "-"
49.51.233.0 - - [09/Aug/2026:01:16:02 +0200] "GET / HTTP/1.1" 200 77869 www.fincaslaucirica.es "-" "Mozilla/5.0 (iPhone; CPU iPhone OS 13_2_3 like Mac OS X) AppleWebKit/605.1.15 (KHTML, like Gecko) Version/13.0.3 Mobile/15E148 Safari/604.1" "-"
144.76.19.0 - - [09/Aug/2026:01:16:06 +0200] "GET /buy.php?shop/lost/frozen152013445.html HTTP/1.1" 200 76559 fincaslaucirica.com "-" "Mozilla/5.0 (compatible; SERankingBacklinksBot/1.0; +https://seranking.com/backlinks-crawler)" "-"
144.76.19.0 - - [09/Aug/2026:01:16:10 +0200] "GET /buy.php?shopdetail/full-time/001020631 HTTP/1.1" 200 75239 fincaslaucirica.com "-" "Mozilla/5.0 (compatible; SERankingBacklinksBot/1.0; +https://seranking.com/backlinks-crawler)" "-"
43.155.162.0 - - [09/Aug/2026:01:16:11 +0200] "GET /?lokasie=/homepages/15/d754908516/htdocs/logs/access.log.32.4.gz&loknya=/homepages/15/d754908516/htdocs/logs HTTP/1.1" 200 4216 fincaslaucirica.es "-" "Mozilla/5.0 (iPhone; CPU iPhone OS 13_2_3 like Mac OS X) AppleWebKit/605.1.15 (KHTML, like Gecko) Version/13.0.3 Mobile/15E148 Safari/604.1" "-"
144.76.19.0 - - [09/Aug/2026:01:16:14 +0200] "GET /buy.php?shop/lost/manner115031130.html HTTP/1.1" 200 83615 fincaslaucirica.com "-" "Mozilla/5.0 (compatible; SERankingBacklinksBot/1.0; +https://seranking.com/backlinks-crawler)" "-"
74.7.227.0 - - [09/Aug/2026:01:16:15 +0200] "GET /?lokasie=/bin/ppmtoicr&loknya=/bin HTTP/1.1" 200 3939 fincaslaucirica.com "http://fincaslaucirica.com/?loknya=/bin" "Mozilla/5.0 AppleWebKit/537.36 (KHTML, like Gecko; compatible; GPTBot/1.4; +https://openai.com/gptbot)" "-"
144.76.19.0 - - [09/Aug/2026:01:16:17 +0200] "GET /buy.php?shopdetail/full-time/047009515 HTTP/1.1" 200 83189 fincaslaucirica.com "-" "Mozilla/5.0 (compatible; SERankingBacklinksBot/1.0; +https://seranking.com/backlinks-crawler)" "-"
144.76.19.0 - - [09/Aug/2026:01:16:21 +0200] "GET /buy.php?shop/lovely/fish047000552.html HTTP/1.1" 200 77568 fincaslaucirica.com "-" "Mozilla/5.0 (compatible; SERankingBacklinksBot/1.0; +https://seranking.com/backlinks-crawler)" "-"
74.7.242.0 - - [09/Aug/2026:01:16:22 +0200] "GET /index.php?lokasie=/proc/thread-self/root/proc/thread-self/root/proc/thread-self/root/proc/self/root/proc/self/root/proc/self/root/kunden/kunden/kunden/proc/self/root/proc/thread-self/root/usr/bin/ppmtopict&loknya=/proc/thread-self/root/proc/thread-self/root/proc/thread-self/root/proc/self/root/proc/self/root/proc/self/root/kunden/kunden/kunden/proc/self/root/proc/thread-self/root/usr/bin HTTP/1.1" 200 7710 www.fincaslaucirica.com "https://www.fincaslaucirica.com/index.php?loknya=/proc/thread-self/root/proc/thread-self/root/proc/thread-self/root/proc/self/root/proc/self/root/proc/self/root/kunden/kunden/kunden/proc/self/root/proc/thread-self/root/usr/bin" "Mozilla/5.0 AppleWebKit/537.36 (KHTML, like Gecko; compatible; GPTBot/1.4; +https://openai.com/gptbot)" "-"
144.76.19.0 - - [09/Aug/2026:01:16:25 +0200] "GET /buy.php?shopdetail/full-time/092002508 HTTP/1.1" 200 86043 fincaslaucirica.com "-" "Mozilla/5.0 (compatible; SERankingBacklinksBot/1.0; +https://seranking.com/backlinks-crawler)" "-"
144.76.19.0 - - [09/Aug/2026:01:16:29 +0200] "GET /buy.php?shop/lover/purse291005132.html HTTP/1.1" 200 75857 fincaslaucirica.com "-" "Mozilla/5.0 (compatible; SERankingBacklinksBot/1.0; +https://seranking.com/backlinks-crawler)" "-"
74.7.227.0 - - [09/Aug/2026:01:16:31 +0200] "GET /?lokasie=/bin/ppmquant&loknya=/bin HTTP/1.1" 200 3939 fincaslaucirica.com "https://fincaslaucirica.com/?loknya=/bin" "Mozilla/5.0 AppleWebKit/537.36 (KHTML, like Gecko; compatible; GPTBot/1.4; +https://openai.com/gptbot)" "-"
144.76.19.0 - - [09/Aug/2026:01:16:33 +0200] "GET /buy.php?shopdetail/full-time/093003937 HTTP/1.1" 200 77365 fincaslaucirica.com "-" "Mozilla/5.0 (compatible; SERankingBacklinksBot/1.0; +https://seranking.com/backlinks-crawler)" "-"
144.76.19.0 - - [09/Aug/2026:01:16:36 +0200] "GET /buy.php?shop/loyal/award156041835.html HTTP/1.1" 200 81670 fincaslaucirica.com "-" "Mozilla/5.0 (compatible; SERankingBacklinksBot/1.0; +https://seranking.com/backlinks-crawler)" "-"
74.7.241.0 - - [09/Aug/2026:01:16:39 +0200] "GET /?lokasie=/kunden/bin/pbmtog3&loknya=/kunden/bin HTTP/1.1" 200 3988 fincaslaucirica.es "http://fincaslaucirica.es/?loknya=/kunden/bin" "Mozilla/5.0 AppleWebKit/537.36 (KHTML, like Gecko; compatible; GPTBot/1.4; +https://openai.com/gptbot)" "-"
144.76.19.0 - - [09/Aug/2026:01:16:40 +0200] "GET /buy.php?shopdetail/full-time/266022432 HTTP/1.1" 200 70237 fincaslaucirica.com "-" "Mozilla/5.0 (compatible; SERankingBacklinksBot/1.0; +https://seranking.com/backlinks-crawler)" "-"
144.76.19.0 - - [09/Aug/2026:01:16:44 +0200] "GET /buy.php?shop/loyalty/fit092006547.html HTTP/1.1" 200 76504 fincaslaucirica.com "-" "Mozilla/5.0 (compatible; SERankingBacklinksBot/1.0; +https://seranking.com/backlinks-crawler)" "-"
74.7.227.0 - - [09/Aug/2026:01:16:45 +0200] "GET /?lokasie=/bin/pnmquant&loknya=/bin HTTP/1.1" 200 7590 fincaslaucirica.com "https://fincaslaucirica.com/?loknya=/bin" "Mozilla/5.0 AppleWebKit/537.36 (KHTML, like Gecko; compatible; GPTBot/1.4; +https://openai.com/gptbot)" "-"
216.73.216.0 - - [09/Aug/2026:01:16:46 +0200] "GET /?loknya=%2Fhomepages%2F15%2Fd754931969%2F HTTP/1.1" 200 12769 fincaslaucirica.es "-" "Mozilla/5.0 AppleWebKit/537.36 (KHTML, like Gecko; compatible; ClaudeBot/1.0; +claudebot@anthropic.com)" "-"
216.73.216.0 - - [09/Aug/2026:01:16:46 +0200] "GET /?loknya=%2Fhomepages%2F15%2Fd764511227%2F HTTP/1.1" 200 15497 fincaslaucirica.es "-" "Mozilla/5.0 AppleWebKit/537.36 (KHTML, like Gecko; compatible; ClaudeBot/1.0; +claudebot@anthropic.com)" "-"
2a03:2880:f800:: - - [09/Aug/2026:01:16:47 +0200] "GET /shops/466f1162215486 HTTP/1.1" 404 1271 www.fincaslaucirica.com "-" "Mozilla/5.0 (Windows NT 10.0; Win64; x64) AppleWebKit/537.36 (KHTML, like Gecko) Chrome/145.0.0.0 Safari/537.36 (compatible; meta-externalagent/1.1 (+https://developers.facebook.com/docs/sharing/webmasters/crawler))" "-"
144.76.19.0 - - [09/Aug/2026:01:16:48 +0200] "GET /buy.php?shopdetail/full-time/293031239 HTTP/1.1" 200 83031 fincaslaucirica.com "-" "Mozilla/5.0 (compatible; SERankingBacklinksBot/1.0; +https://seranking.com/backlinks-crawler)" "-"
144.76.19.0 - - [09/Aug/2026:01:16:52 +0200] "GET /buy.php?shop/luck/inmate056006199.html HTTP/1.1" 200 80689 fincaslaucirica.com "-" "Mozilla/5.0 (compatible; SERankingBacklinksBot/1.0; +https://seranking.com/backlinks-crawler)" "-"
144.76.19.0 - - [09/Aug/2026:01:16:55 +0200] "GET /buy.php?shopdetail/furniture/032004370 HTTP/1.1" 200 86600 fincaslaucirica.com "-" "Mozilla/5.0 (compatible; SERankingBacklinksBot/1.0; +https://seranking.com/backlinks-crawler)" "-"
74.7.227.0 - - [09/Aug/2026:01:16:57 +0200] "GET /?lokasie=/bin/pnmquant&loknya=/bin HTTP/1.1" 200 7590 fincaslaucirica.com "http://fincaslaucirica.com/?loknya=/bin" "Mozilla/5.0 AppleWebKit/537.36 (KHTML, like Gecko; compatible; GPTBot/1.4; +https://openai.com/gptbot)" "-"
144.76.19.0 - - [09/Aug/2026:01:16:59 +0200] "GET /buy.php?shop/lucky/awful080001129.html HTTP/1.1" 200 75528 fincaslaucirica.com "-" "Mozilla/5.0 (compatible; SERankingBacklinksBot/1.0; +https://seranking.com/backlinks-crawler)" "-"
144.76.19.0 - - [09/Aug/2026:01:17:03 +0200] "GET /buy.php?shopdetail/furniture/091000117 HTTP/1.1" 200 73583 fincaslaucirica.com "-" "Mozilla/5.0 (compatible; SERankingBacklinksBot/1.0; +https://seranking.com/backlinks-crawler)" "-"
144.76.19.0 - - [09/Aug/2026:01:17:07 +0200] "GET /buy.php?shop/lucky/shore061000634.html HTTP/1.1" 200 91808 fincaslaucirica.com "-" "Mozilla/5.0 (compatible; SERankingBacklinksBot/1.0; +https://seranking.com/backlinks-crawler)" "-"
114.119.151.0 - - [09/Aug/2026:01:17:07 +0200] "GET /goods.php?products/waist/h102003973 HTTP/1.1" 200 159415 fincaslaucirica.com "https://fincaslaucirica.com/goods.php?sitemap400.xml" "Mozilla/5.0 (Linux; Android 7.0;) AppleWebKit/537.36 (HTML, like Gecko) Mobile Safari/537.36 (compatible; PetalBot;+https://webmaster.petalsearch.com/site/petalbot)" "-"
74.7.227.0 - - [09/Aug/2026:01:17:08 +0200] "GET /?lokasie=/bin/sputoppm&loknya=/bin HTTP/1.1" 200 3939 fincaslaucirica.com "https://fincaslaucirica.com/?loknya=/bin" "Mozilla/5.0 AppleWebKit/537.36 (KHTML, like Gecko; compatible; GPTBot/1.4; +https://openai.com/gptbot)" "-"
216.73.216.0 - - [09/Aug/2026:01:17:10 +0200] "GET /?loknya=%2Fhomepages%2F15%2Fd761179162%2F HTTP/1.1" 200 12763 fincaslaucirica.es "-" "Mozilla/5.0 AppleWebKit/537.36 (KHTML, like Gecko; compatible; ClaudeBot/1.0; +claudebot@anthropic.com)" "-"
144.76.19.0 - - [09/Aug/2026:01:17:11 +0200] "GET /buy.php?shopdetail/furniture/171030395 HTTP/1.1" 200 81739 fincaslaucirica.com "-" "Mozilla/5.0 (compatible; SERankingBacklinksBot/1.0; +https://seranking.com/backlinks-crawler)" "-"
144.76.19.0 - - [09/Aug/2026:01:17:14 +0200] "GET /buy.php?shop/lunch/alarm078000359.html HTTP/1.1" 200 81810 fincaslaucirica.com "-" "Mozilla/5.0 (compatible; SERankingBacklinksBot/1.0; +https://seranking.com/backlinks-crawler)" "-"
74.7.241.0 - - [09/Aug/2026:01:17:15 +0200] "GET /?lokasie=/kunden/bin/pdf2dsc&loknya=/kunden/bin HTTP/1.1" 200 4795 fincaslaucirica.es "http://fincaslaucirica.es/?loknya=/kunden/bin" "Mozilla/5.0 AppleWebKit/537.36 (KHTML, like Gecko; compatible; GPTBot/1.4; +https://openai.com/gptbot)" "-"
144.76.19.0 - - [09/Aug/2026:01:17:18 +0200] "GET /buy.php?shopdetail/gathering/023015961 HTTP/1.1" 200 77778 fincaslaucirica.com "-" "Mozilla/5.0 (compatible; SERankingBacklinksBot/1.0; +https://seranking.com/backlinks-crawler)" "-"
74.7.227.0 - - [09/Aug/2026:01:17:19 +0200] "GET /?lokasie=/bin/gemtopnm&loknya=/bin HTTP/1.1" 200 3939 fincaslaucirica.com "http://fincaslaucirica.com/?loknya=/bin" "Mozilla/5.0 AppleWebKit/537.36 (KHTML, like Gecko; compatible; GPTBot/1.4; +https://openai.com/gptbot)" "-"
144.76.19.0 - - [09/Aug/2026:01:17:22 +0200] "GET /buy.php?shop/lunch/spite081009764.html HTTP/1.1" 200 75441 fincaslaucirica.com "-" "Mozilla/5.0 (compatible; SERankingBacklinksBot/1.0; +https://seranking.com/backlinks-crawler)" "-"
74.7.242.0 - - [09/Aug/2026:01:17:25 +0200] "GET /index.php?lokasie=/proc/thread-self/root/proc/thread-self/root/proc/thread-self/root/proc/self/root/proc/self/root/proc/self/root/kunden/kunden/kunden/proc/self/root/proc/thread-self/root/usr/bin/precat&loknya=/proc/thread-self/root/proc/thread-self/root/proc/thread-self/root/proc/self/root/proc/self/root/proc/self/root/kunden/kunden/kunden/proc/self/root/proc/thread-self/root/usr/bin HTTP/1.1" 200 14148 www.fincaslaucirica.com "https://www.fincaslaucirica.com/index.php?loknya=/proc/thread-self/root/proc/thread-self/root/proc/thread-self/root/proc/self/root/proc/self/root/proc/self/root/kunden/kunden/kunden/proc/self/root/proc/thread-self/root/usr/bin" "Mozilla/5.0 AppleWebKit/537.36 (KHTML, like Gecko; compatible; GPTBot/1.4; +https://openai.com/gptbot)" "-"
144.76.19.0 - - [09/Aug/2026:01:17:26 +0200] "GET /buy.php?shopdetail/generally/016015014 HTTP/1.1" 200 75389 fincaslaucirica.com "-" "Mozilla/5.0 (compatible; SERankingBacklinksBot/1.0; +https://seranking.com/backlinks-crawler)" "-"
74.7.227.0 - - [09/Aug/2026:01:17:29 +0200] "GET /?lokasie=/bin/aptitude&loknya=/bin HTTP/1.1" 200 3939 fincaslaucirica.com "http://fincaslaucirica.com/?loknya=/bin" "Mozilla/5.0 AppleWebKit/537.36 (KHTML, like Gecko; compatible; GPTBot/1.4; +https://openai.com/gptbot)" "-"
144.76.19.0 - - [09/Aug/2026:01:17:30 +0200] "GET /buy.php?shop/lung/shower028014993.html HTTP/1.1" 200 86313 fincaslaucirica.com "-" "Mozilla/5.0 (compatible; SERankingBacklinksBot/1.0; +https://seranking.com/backlinks-crawler)" "-"
144.76.19.0 - - [09/Aug/2026:01:17:33 +0200] "GET /buy.php?shopdetail/generally/173032833 HTTP/1.1" 200 87294 fincaslaucirica.com "-" "Mozilla/5.0 (compatible; SERankingBacklinksBot/1.0; +https://seranking.com/backlinks-crawler)" "-"
74.7.227.0 - - [09/Aug/2026:01:17:37 +0200] "GET /?lokasie=/bin/tiffcrop&loknya=/bin HTTP/1.1" 200 3939 fincaslaucirica.com "http://fincaslaucirica.com/?loknya=/bin" "Mozilla/5.0 AppleWebKit/537.36 (KHTML, like Gecko; compatible; GPTBot/1.4; +https://openai.com/gptbot)" "-"
144.76.19.0 - - [09/Aug/2026:01:17:37 +0200] "GET /buy.php?shop/lung/twenty017049120.html HTTP/1.1" 200 80675 fincaslaucirica.com "-" "Mozilla/5.0 (compatible; SERankingBacklinksBot/1.0; +https://seranking.com/backlinks-crawler)" "-"
144.76.19.0 - - [09/Aug/2026:01:17:41 +0200] "GET /buy.php?shopdetail/generally/263027397 HTTP/1.1" 200 78709 fincaslaucirica.com "-" "Mozilla/5.0 (compatible; SERankingBacklinksBot/1.0; +https://seranking.com/backlinks-crawler)" "-"
74.7.227.0 - - [09/Aug/2026:01:17:44 +0200] "GET /?lokasie=/bin/rawtoppm&loknya=/bin HTTP/1.1" 429 267 fincaslaucirica.com "http://fincaslaucirica.com/?loknya=/bin" "Mozilla/5.0 AppleWebKit/537.36 (KHTML, like Gecko; compatible; GPTBot/1.4; +https://openai.com/gptbot)" "-"
144.76.19.0 - - [09/Aug/2026:01:17:45 +0200] "GET /buy.php?shop/mad/bicycle094000561.html HTTP/1.1" 200 80868 fincaslaucirica.com "-" "Mozilla/5.0 (compatible; SERankingBacklinksBot/1.0; +https://seranking.com/backlinks-crawler)" "-"
74.7.241.0 - - [09/Aug/2026:01:17:47 +0200] "GET /?lokasie=/kunden/bin/tiff2bw&loknya=/kunden/bin HTTP/1.1" 200 3988 fincaslaucirica.es "http://fincaslaucirica.es/?loknya=/kunden/bin" "Mozilla/5.0 AppleWebKit/537.36 (KHTML, like Gecko; compatible; GPTBot/1.4; +https://openai.com/gptbot)" "-"
144.76.19.0 - - [09/Aug/2026:01:17:49 +0200] "GET /buy.php?shopdetail/gentleman/010003672 HTTP/1.1" 200 78692 fincaslaucirica.com "-" "Mozilla/5.0 (compatible; SERankingBacklinksBot/1.0; +https://seranking.com/backlinks-crawler)" "-"
74.7.227.0 - - [09/Aug/2026:01:17:51 +0200] "GET /?lokasie=/bin/sgitopnm&loknya=/bin HTTP/1.1" 429 267 fincaslaucirica.com "http://fincaslaucirica.com/?loknya=/bin" "Mozilla/5.0 AppleWebKit/537.36 (KHTML, like Gecko; compatible; GPTBot/1.4; +https://openai.com/gptbot)" "-"
144.76.19.0 - - [09/Aug/2026:01:17:52 +0200] "GET /buy.php?shop/mad/jewelry067005998.html HTTP/1.1" 200 78900 fincaslaucirica.com "-" "Mozilla/5.0 (compatible; SERankingBacklinksBot/1.0; +https://seranking.com/backlinks-crawler)" "-"
216.73.216.0 - - [09/Aug/2026:01:17:54 +0200] "GET /?loknya=%2Fhomepages%2F15%2Fd759563960%2F HTTP/1.1" 200 19599 fincaslaucirica.es "-" "Mozilla/5.0 AppleWebKit/537.36 (KHTML, like Gecko; compatible; ClaudeBot/1.0; +claudebot@anthropic.com)" "-"
2a03:2880:f800:: - - [09/Aug/2026:01:17:55 +0200] "GET /shops/8c052f92627839 HTTP/1.1" 404 1271 www.fincaslaucirica.com "-" "Mozilla/5.0 (Windows NT 10.0; Win64; x64) AppleWebKit/537.36 (KHTML, like Gecko) Chrome/145.0.0.0 Safari/537.36 (compatible; meta-externalagent/1.1 (+https://developers.facebook.com/docs/sharing/webmasters/crawler))" "-"
144.76.19.0 - - [09/Aug/2026:01:17:56 +0200] "GET /buy.php?shopdetail/gentleman/039033929 HTTP/1.1" 200 75024 fincaslaucirica.com "-" "Mozilla/5.0 (compatible; SERankingBacklinksBot/1.0; +https://seranking.com/backlinks-crawler)" "-"
144.76.19.0 - - [09/Aug/2026:01:18:00 +0200] "GET /buy.php?shop/magic/along039027236.html HTTP/1.1" 200 85013 fincaslaucirica.com "-" "Mozilla/5.0 (compatible; SERankingBacklinksBot/1.0; +https://seranking.com/backlinks-crawler)" "-"
144.76.19.0 - - [09/Aug/2026:01:18:04 +0200] "GET /buy.php?shopdetail/gentleman/094003072 HTTP/1.1" 200 90089 fincaslaucirica.com "-" "Mozilla/5.0 (compatible; SERankingBacklinksBot/1.0; +https://seranking.com/backlinks-crawler)" "-"
144.76.19.0 - - [09/Aug/2026:01:18:08 +0200] "GET /buy.php?shop/mail/ruling021040796.html HTTP/1.1" 200 84237 fincaslaucirica.com "-" "Mozilla/5.0 (compatible; SERankingBacklinksBot/1.0; +https://seranking.com/backlinks-crawler)" "-"
144.76.19.0 - - [09/Aug/2026:01:18:11 +0200] "GET /buy.php?shopdetail/gentleman/109001325 HTTP/1.1" 200 76328 fincaslaucirica.com "-" "Mozilla/5.0 (compatible; SERankingBacklinksBot/1.0; +https://seranking.com/backlinks-crawler)" "-"
74.7.227.0 - - [09/Aug/2026:01:18:12 +0200] "GET /?lokasie=/bin/pnmtorle&loknya=/bin HTTP/1.1" 429 267 fincaslaucirica.com "https://fincaslaucirica.com/?loknya=/bin" "Mozilla/5.0 AppleWebKit/537.36 (KHTML, like Gecko; compatible; GPTBot/1.4; +https://openai.com/gptbot)" "-"
144.76.19.0 - - [09/Aug/2026:01:18:15 +0200] "GET /buy.php?shop/main/rhythm078031615.html HTTP/1.1" 200 76159 fincaslaucirica.com "-" "Mozilla/5.0 (compatible; SERankingBacklinksBot/1.0; +https://seranking.com/backlinks-crawler)" "-"
74.7.241.0 - - [09/Aug/2026:01:18:18 +0200] "GET /?lokasie=/kunden/bin/411toppm&loknya=/kunden/bin HTTP/1.1" 200 3989 fincaslaucirica.es "http://fincaslaucirica.es/?loknya=/kunden/bin" "Mozilla/5.0 AppleWebKit/537.36 (KHTML, like Gecko; compatible; GPTBot/1.4; +https://openai.com/gptbot)" "-"
144.76.19.0 - - [09/Aug/2026:01:18:19 +0200] "GET /buy.php?shopdetail/goodscode/016016434 HTTP/1.1" 200 76961 fincaslaucirica.com "-" "Mozilla/5.0 (compatible; SERankingBacklinksBot/1.0; +https://seranking.com/backlinks-crawler)" "-"
74.7.242.0 - - [09/Aug/2026:01:18:23 +0200] "GET /index.php?lokasie=/proc/thread-self/root/proc/thread-self/root/proc/thread-self/root/proc/self/root/proc/self/root/proc/self/root/kunden/kunden/kunden/proc/self/root/proc/thread-self/root/usr/bin/quotasync&loknya=/proc/thread-self/root/proc/thread-self/root/proc/thread-self/root/proc/self/root/proc/self/root/proc/self/root/kunden/kunden/kunden/proc/self/root/proc/thread-self/root/usr/bin HTTP/1.1" 200 7710 www.fincaslaucirica.com "https://www.fincaslaucirica.com/index.php?loknya=/proc/thread-self/root/proc/thread-self/root/proc/thread-self/root/proc/self/root/proc/self/root/proc/self/root/kunden/kunden/kunden/proc/self/root/proc/thread-self/root/usr/bin" "Mozilla/5.0 AppleWebKit/537.36 (KHTML, like Gecko; compatible; GPTBot/1.4; +https://openai.com/gptbot)" "-"
144.76.19.0 - - [09/Aug/2026:01:18:23 +0200] "GET /buy.php?shop/mainly/bulb037006432.html HTTP/1.1" 200 69614 fincaslaucirica.com "-" "Mozilla/5.0 (compatible; SERankingBacklinksBot/1.0; +https://seranking.com/backlinks-crawler)" "-"
