74.7.241.0 - - [11/Aug/2026:00:36:37 +0200] "GET /index.php?loknya=/proc/thread-self/root/proc/thread-self/root/proc/thread-self/root/proc/self/root/proc/self/root/proc/thread-self/root/kunden/proc/self/root/proc/thread-self/root/var/lib/git HTTP/1.1" 200 8967 www.fincaslaucirica.com "https://www.fincaslaucirica.com/index.php?loknya=/proc/thread-self/root/proc/thread-self/root/proc/thread-self/root/proc/self/root/proc/self/root/proc/thread-self/root/kunden/proc/self/root/proc/thread-self/root/var/lib" "Mozilla/5.0 AppleWebKit/537.36 (KHTML, like Gecko; compatible; GPTBot/1.4; +https://openai.com/gptbot)" "-"
74.7.227.0 - - [11/Aug/2026:00:36:39 +0200] "GET /?loknya=/proc/thread-self/root/homepages/36/d761184259 HTTP/1.1" 200 17841 fincaslaucirica.com "http://fincaslaucirica.com/?loknya=/proc/thread-self/root/homepages/36" "Mozilla/5.0 AppleWebKit/537.36 (KHTML, like Gecko; compatible; GPTBot/1.4; +https://openai.com/gptbot)" "-"
74.7.243.0 - - [11/Aug/2026:00:36:39 +0200] "GET /?lokasie=/kunden/kunden/kunden/proc/thread-self/net/dev_mcast&loknya=/kunden/kunden/kunden/proc/thread-self/net HTTP/1.1" 200 4273 fincaslaucirica.es "http://fincaslaucirica.es/?loknya=/kunden/kunden/kunden/proc/thread-self/net" "Mozilla/5.0 AppleWebKit/537.36 (KHTML, like Gecko; compatible; GPTBot/1.4; +https://openai.com/gptbot)" "-"
2a03:2880:f800:: - - [11/Aug/2026:00:36:40 +0200] "GET /shops/da721581603588?loknya=/homepages/15/d754908516/htdocs/wp-admin HTTP/1.1" 200 150135 www.fincaslaucirica.com "-" "Mozilla/5.0 (Windows NT 10.0; Win64; x64) AppleWebKit/537.36 (KHTML, like Gecko) Chrome/145.0.0.0 Safari/537.36 (compatible; meta-externalagent/1.1 (+https://developers.facebook.com/docs/sharing/webmasters/crawler))" "-"
74.7.243.0 - - [11/Aug/2026:00:36:55 +0200] "GET /?lokasie=/kunden/kunden/kunden/proc/thread-self/net/softnet_stat&loknya=/kunden/kunden/kunden/proc/thread-self/net HTTP/1.1" 200 10612 fincaslaucirica.es "http://fincaslaucirica.es/?loknya=/kunden/kunden/kunden/proc/thread-self/net" "Mozilla/5.0 AppleWebKit/537.36 (KHTML, like Gecko; compatible; GPTBot/1.4; +https://openai.com/gptbot)" "-"
74.7.241.0 - - [11/Aug/2026:00:36:56 +0200] "GET /index.php?loknya=/proc/thread-self/root/proc/thread-self/root/proc/thread-self/root/proc/self/root/proc/self/root/proc/thread-self/root/kunden/proc/self/root/proc/thread-self/root/lib/mime HTTP/1.1" 200 10258 www.fincaslaucirica.com "https://www.fincaslaucirica.com/index.php?loknya=/proc/thread-self/root/proc/thread-self/root/proc/thread-self/root/proc/self/root/proc/self/root/proc/thread-self/root/kunden/proc/self/root/proc/thread-self/root/lib" "Mozilla/5.0 AppleWebKit/537.36 (KHTML, like Gecko; compatible; GPTBot/1.4; +https://openai.com/gptbot)" "-"
2a03:2880:f800:: - - [11/Aug/2026:00:36:58 +0200] "GET /shops/38207702594259 HTTP/1.1" 200 72301 www.fincaslaucirica.com "-" "Mozilla/5.0 (Macintosh; Intel Mac OS X 10_15_7) AppleWebKit/537.36 (KHTML, like Gecko) Chrome/145.0.0.0 Safari/537.36 (compatible; meta-externalagent/1.1 (+https://developers.facebook.com/docs/sharing/webmasters/crawler))" "-"
74.7.243.0 - - [11/Aug/2026:00:37:09 +0200] "GET /?lokasie=/kunden/kunden/kunden/proc/thread-self/net/udp&loknya=/kunden/kunden/kunden/proc/thread-self/net HTTP/1.1" 200 4267 fincaslaucirica.es "http://fincaslaucirica.es/?loknya=/kunden/kunden/kunden/proc/thread-self/net" "Mozilla/5.0 AppleWebKit/537.36 (KHTML, like Gecko; compatible; GPTBot/1.4; +https://openai.com/gptbot)" "-"
74.7.241.0 - - [11/Aug/2026:00:37:12 +0200] "GET /index.php?loknya=/proc/thread-self/root/proc/thread-self/root/proc/thread-self/root/proc/self/root/proc/self/root/proc/thread-self/root/kunden/proc/self/root/proc/thread-self/root/var/opt HTTP/1.1" 200 8754 www.fincaslaucirica.com "https://www.fincaslaucirica.com/index.php?loknya=/proc/thread-self/root/proc/thread-self/root/proc/thread-self/root/proc/self/root/proc/self/root/proc/thread-self/root/kunden/proc/self/root/proc/thread-self/root/var" "Mozilla/5.0 AppleWebKit/537.36 (KHTML, like Gecko; compatible; GPTBot/1.4; +https://openai.com/gptbot)" "-"
2a03:2880:f800:: - - [11/Aug/2026:00:37:12 +0200] "GET /shops/ab6948e1594605 HTTP/1.1" 200 72301 www.fincaslaucirica.com "-" "Mozilla/5.0 (Windows NT 10.0; Win64; x64) AppleWebKit/537.36 (KHTML, like Gecko) Chrome/145.0.0.0 Safari/537.36 (compatible; meta-externalagent/1.1 (+https://developers.facebook.com/docs/sharing/webmasters/crawler))" "-"
74.7.243.0 - - [11/Aug/2026:00:37:21 +0200] "GET /?lokasie=/kunden/kunden/kunden/proc/thread-self/net/packet&loknya=/kunden/kunden/kunden/proc/thread-self/net HTTP/1.1" 200 4270 fincaslaucirica.es "http://fincaslaucirica.es/?loknya=/kunden/kunden/kunden/proc/thread-self/net" "Mozilla/5.0 AppleWebKit/537.36 (KHTML, like Gecko; compatible; GPTBot/1.4; +https://openai.com/gptbot)" "-"
2a03:2880:f800:: - - [11/Aug/2026:00:37:25 +0200] "GET /shops/dc083993328618?loknya=/homepages HTTP/1.1" 200 58042 www.fincaslaucirica.com "-" "Mozilla/5.0 (Windows NT 10.0; Win64; x64) AppleWebKit/537.36 (KHTML, like Gecko) Chrome/145.0.0.0 Safari/537.36 (compatible; meta-externalagent/1.1 (+https://developers.facebook.com/docs/sharing/webmasters/crawler))" "-"
74.7.241.0 - - [11/Aug/2026:00:37:26 +0200] "GET /index.php?loknya=/proc/thread-self/root/proc/thread-self/root/proc/thread-self/root/proc/self/root/proc/self/root/proc/thread-self/root/kunden/proc/self/root/proc/thread-self/root/etc/fonts/ HTTP/1.1" 200 13709 www.fincaslaucirica.com "https://www.fincaslaucirica.com/index.php?loknya=/proc/thread-self/root/proc/thread-self/root/proc/thread-self/root/proc/self/root/proc/self/root/proc/thread-self/root/kunden/proc/self/root/proc/thread-self/root/etc/fonts/conf.d" "Mozilla/5.0 AppleWebKit/537.36 (KHTML, like Gecko; compatible; GPTBot/1.4; +https://openai.com/gptbot)" "-"
74.7.243.0 - - [11/Aug/2026:00:37:32 +0200] "GET /?loknya=/kunden/etc/logcheck HTTP/1.1" 200 6221 fincaslaucirica.es "http://fincaslaucirica.es/?loknya=/kunden/etc" "Mozilla/5.0 AppleWebKit/537.36 (KHTML, like Gecko; compatible; GPTBot/1.4; +https://openai.com/gptbot)" "-"
74.7.227.0 - - [11/Aug/2026:00:37:33 +0200] "GET /?loknya=/proc/thread-self/root/homepages/46/d761380729 HTTP/1.1" 200 13494 fincaslaucirica.com "https://fincaslaucirica.com/?loknya=/proc/thread-self/root/homepages/46" "Mozilla/5.0 AppleWebKit/537.36 (KHTML, like Gecko; compatible; GPTBot/1.4; +https://openai.com/gptbot)" "-"
114.119.156.0 - - [11/Aug/2026:00:37:36 +0200] "GET /goods.php?products/enjoy/q195009048 HTTP/1.1" 200 72296 fincaslaucirica.com "https://fincaslaucirica.com/goods.php?sitemap400.xml" "Mozilla/5.0 (Linux; Android 7.0;) AppleWebKit/537.36 (HTML, like Gecko) Mobile Safari/537.36 (compatible; PetalBot;+https://webmaster.petalsearch.com/site/petalbot)" "-"
2a03:2880:f800:: - - [11/Aug/2026:00:37:37 +0200] "GET /shops/045341d3785022 HTTP/1.1" 200 72301 www.fincaslaucirica.com "-" "Mozilla/5.0 (Windows NT 10.0; Win64; x64) AppleWebKit/537.36 (KHTML, like Gecko) Chrome/145.0.0.0 Safari/537.36 (compatible; meta-externalagent/1.1 (+https://developers.facebook.com/docs/sharing/webmasters/crawler))" "-"
74.7.241.0 - - [11/Aug/2026:00:37:39 +0200] "GET /index.php?loknya=/proc/thread-self/root/proc/thread-self/root/proc/thread-self/root/proc/self/root/proc/self/root/proc/thread-self/root/kunden/proc/self/root/proc/thread-self/root/lib/sysctl.d HTTP/1.1" 200 10743 www.fincaslaucirica.com "https://www.fincaslaucirica.com/index.php?loknya=/proc/thread-self/root/proc/thread-self/root/proc/thread-self/root/proc/self/root/proc/self/root/proc/thread-self/root/kunden/proc/self/root/proc/thread-self/root/lib" "Mozilla/5.0 AppleWebKit/537.36 (KHTML, like Gecko; compatible; GPTBot/1.4; +https://openai.com/gptbot)" "-"
74.7.243.0 - - [11/Aug/2026:00:37:43 +0200] "GET /?lokasie=/lib/python3.9//ftplib.py&loknya=/lib/python3.9/ HTTP/1.1" 200 40441 fincaslaucirica.es "http://fincaslaucirica.es/?loknya=/lib/python3.9/" "Mozilla/5.0 AppleWebKit/537.36 (KHTML, like Gecko; compatible; GPTBot/1.4; +https://openai.com/gptbot)" "-"
2a03:2880:f800:: - - [11/Aug/2026:00:37:46 +0200] "GET /shops/1637fc71211121?loknya=/homepages/15/d754908516/htdocs/wp-includes HTTP/1.1" 200 418878 www.fincaslaucirica.com "-" "Mozilla/5.0 (Macintosh; Intel Mac OS X 10_15_7) AppleWebKit/537.36 (KHTML, like Gecko) Chrome/145.0.0.0 Safari/537.36 (compatible; meta-externalagent/1.1 (+https://developers.facebook.com/docs/sharing/webmasters/crawler))" "-"
74.7.241.0 - - [11/Aug/2026:00:37:51 +0200] "GET /index.php?loknya=/proc/thread-self/root/proc/thread-self/root/proc/thread-self/root/proc/self/root/proc/self/root/proc/thread-self/root/kunden/proc/self/root/proc/thread-self/root/var/lib/systemd/deb-systemd-user-helper-enabled HTTP/1.1" 200 21757 www.fincaslaucirica.com "https://www.fincaslaucirica.com/index.php?loknya=/proc/thread-self/root/proc/thread-self/root/proc/thread-self/root/proc/self/root/proc/self/root/proc/thread-self/root/kunden/proc/self/root/proc/thread-self/root/var/lib/systemd" "Mozilla/5.0 AppleWebKit/537.36 (KHTML, like Gecko; compatible; GPTBot/1.4; +https://openai.com/gptbot)" "-"
74.7.243.0 - - [11/Aug/2026:00:37:52 +0200] "GET /?lokasie=/kunden/kunden/kunden/proc/thread-self/net/arp&loknya=/kunden/kunden/kunden/proc/thread-self/net HTTP/1.1" 200 4267 fincaslaucirica.es "http://fincaslaucirica.es/?loknya=/kunden/kunden/kunden/proc/thread-self/net" "Mozilla/5.0 AppleWebKit/537.36 (KHTML, like Gecko; compatible; GPTBot/1.4; +https://openai.com/gptbot)" "-"
2a03:2880:f800:: - - [11/Aug/2026:00:37:56 +0200] "GET /shops/b80000e890171 HTTP/1.1" 200 72300 www.fincaslaucirica.com "-" "Mozilla/5.0 (Windows NT 10.0; Win64; x64) AppleWebKit/537.36 (KHTML, like Gecko) Chrome/145.0.0.0 Safari/537.36 (compatible; meta-externalagent/1.1 (+https://developers.facebook.com/docs/sharing/webmasters/crawler))" "-"
74.7.243.0 - - [11/Aug/2026:00:38:00 +0200] "GET /?lokasie=/kunden/kunden/kunden/proc/thread-self/net/psched&loknya=/kunden/kunden/kunden/proc/thread-self/net HTTP/1.1" 200 4306 fincaslaucirica.es "http://fincaslaucirica.es/?loknya=/kunden/kunden/kunden/proc/thread-self/net" "Mozilla/5.0 AppleWebKit/537.36 (KHTML, like Gecko; compatible; GPTBot/1.4; +https://openai.com/gptbot)" "-"
74.7.241.0 - - [11/Aug/2026:00:38:01 +0200] "GET /index.php?loknya=/proc/thread-self/root/proc/thread-self/root/proc/thread-self/root/proc/self/root/proc/self/root/proc/thread-self/root/kunden/proc/self/root/proc/thread-self/root/lib/groff/ HTTP/1.1" 200 11769 www.fincaslaucirica.com "https://www.fincaslaucirica.com/index.php?loknya=/proc/thread-self/root/proc/thread-self/root/proc/thread-self/root/proc/self/root/proc/self/root/proc/thread-self/root/kunden/proc/self/root/proc/thread-self/root/lib/groff/site-tmac" "Mozilla/5.0 AppleWebKit/537.36 (KHTML, like Gecko; compatible; GPTBot/1.4; +https://openai.com/gptbot)" "-"
2a03:2880:f800:: - - [11/Aug/2026:00:38:04 +0200] "GET /shops/72582253953756 HTTP/1.1" 200 72301 www.fincaslaucirica.com "-" "Mozilla/5.0 (Macintosh; Intel Mac OS X 10_15_7) AppleWebKit/537.36 (KHTML, like Gecko) Chrome/145.0.0.0 Safari/537.36 (compatible; meta-externalagent/1.1 (+https://developers.facebook.com/docs/sharing/webmasters/crawler))" "-"
74.7.243.0 - - [11/Aug/2026:00:38:08 +0200] "GET /?lokasie=/kunden/kunden/kunden/proc/thread-self/net/raw&loknya=/kunden/kunden/kunden/proc/thread-self/net HTTP/1.1" 429 267 fincaslaucirica.es "http://fincaslaucirica.es/?loknya=/kunden/kunden/kunden/proc/thread-self/net" "Mozilla/5.0 AppleWebKit/537.36 (KHTML, like Gecko; compatible; GPTBot/1.4; +https://openai.com/gptbot)" "-"
74.7.241.0 - - [11/Aug/2026:00:38:11 +0200] "GET /index.php?loknya=/proc/thread-self/root/proc/thread-self/root/proc/thread-self/root/proc/self/root/proc/self/root/proc/thread-self/root/kunden/proc/self/root/proc/thread-self/root/proc HTTP/1.1" 200 127067 www.fincaslaucirica.com "https://www.fincaslaucirica.com/index.php?loknya=/proc/thread-self/root/proc/thread-self/root/proc/thread-self/root/proc/self/root/proc/self/root/proc/thread-self/root/kunden/proc/self/root/proc/thread-self/root" "Mozilla/5.0 AppleWebKit/537.36 (KHTML, like Gecko; compatible; GPTBot/1.4; +https://openai.com/gptbot)" "-"
2a03:2880:f800:: - - [11/Aug/2026:00:38:12 +0200] "GET /shops/3e56a593036761 HTTP/1.1" 200 72301 www.fincaslaucirica.com "-" "Mozilla/5.0 (Windows NT 10.0; Win64; x64) AppleWebKit/537.36 (KHTML, like Gecko) Chrome/145.0.0.0 Safari/537.36 (compatible; meta-externalagent/1.1 (+https://developers.facebook.com/docs/sharing/webmasters/crawler))" "-"
74.7.243.0 - - [11/Aug/2026:00:38:15 +0200] "GET /?lokasie=/kunden/kunden/kunden/proc/thread-self/net/ptype&loknya=/kunden/kunden/kunden/proc/thread-self/net HTTP/1.1" 429 267 fincaslaucirica.es "http://fincaslaucirica.es/?loknya=/kunden/kunden/kunden/proc/thread-self/net" "Mozilla/5.0 AppleWebKit/537.36 (KHTML, like Gecko; compatible; GPTBot/1.4; +https://openai.com/gptbot)" "-"
74.7.227.0 - - [11/Aug/2026:00:38:17 +0200] "GET /?loknya=/proc/thread-self/root/homepages/46/d759236918 HTTP/1.1" 200 20747 fincaslaucirica.com "https://fincaslaucirica.com/?loknya=/proc/thread-self/root/homepages/46" "Mozilla/5.0 AppleWebKit/537.36 (KHTML, like Gecko; compatible; GPTBot/1.4; +https://openai.com/gptbot)" "-"
2a03:2880:f800:: - - [11/Aug/2026:00:38:19 +0200] "GET /shops/d6687592272039 HTTP/1.1" 200 72301 www.fincaslaucirica.com "-" "Mozilla/5.0 (Windows NT 10.0; Win64; x64) AppleWebKit/537.36 (KHTML, like Gecko) Chrome/145.0.0.0 Safari/537.36 (compatible; meta-externalagent/1.1 (+https://developers.facebook.com/docs/sharing/webmasters/crawler))" "-"
74.7.241.0 - - [11/Aug/2026:00:38:20 +0200] "GET /index.php?loknya=/proc/thread-self/root/proc/thread-self/root/proc/thread-self/root/proc/self/root/proc/self/root/proc/thread-self/root/kunden/proc/self/root/proc/thread-self/root/var/lib/ucf/cache HTTP/1.1" 200 15268 www.fincaslaucirica.com "https://www.fincaslaucirica.com/index.php?loknya=/proc/thread-self/root/proc/thread-self/root/proc/thread-self/root/proc/self/root/proc/self/root/proc/thread-self/root/kunden/proc/self/root/proc/thread-self/root/var/lib/ucf" "Mozilla/5.0 AppleWebKit/537.36 (KHTML, like Gecko; compatible; GPTBot/1.4; +https://openai.com/gptbot)" "-"
2a03:2880:f800:: - - [11/Aug/2026:00:38:26 +0200] "GET /shops/60e953a4095115 HTTP/1.1" 200 72301 www.fincaslaucirica.com "-" "Mozilla/5.0 (Windows NT 10.0; Win64; x64) AppleWebKit/537.36 (KHTML, like Gecko) Chrome/145.0.0.0 Safari/537.36 Edg/145.0.0.0 (compatible; meta-externalagent/1.1 (+https://developers.facebook.com/docs/sharing/webmasters/crawler))" "-"
74.7.241.0 - - [11/Aug/2026:00:38:27 +0200] "GET /index.php?loknya=/proc/thread-self/root/proc/thread-self/root/proc/thread-self/root/proc/self/root/proc/self/root/proc/thread-self/root/kunden/proc/self/root/proc/thread-self/root/lib/apt HTTP/1.1" 429 267 www.fincaslaucirica.com "https://www.fincaslaucirica.com/index.php?loknya=/proc/thread-self/root/proc/thread-self/root/proc/thread-self/root/proc/self/root/proc/self/root/proc/thread-self/root/kunden/proc/self/root/proc/thread-self/root/lib" "Mozilla/5.0 AppleWebKit/537.36 (KHTML, like Gecko; compatible; GPTBot/1.4; +https://openai.com/gptbot)" "-"
2a03:2880:f800:: - - [11/Aug/2026:00:38:33 +0200] "GET /es_tags-sitemap.xml?lokasie=/homepages/15/d754908516/htdocs/xmlrpc.php&loknya=/homepages/15/d754908516/htdocs HTTP/1.1" 200 7701 www.fincaslaucirica.com "-" "Mozilla/5.0 (Windows NT 10.0; Win64; x64) AppleWebKit/537.36 (KHTML, like Gecko) Chrome/145.0.0.0 Safari/537.36 (compatible; meta-externalagent/1.1 (+https://developers.facebook.com/docs/sharing/webmasters/crawler))" "-"
74.7.241.0 - - [11/Aug/2026:00:38:34 +0200] "GET /index.php?loknya=/proc/thread-self/root/proc/thread-self/root/proc/thread-self/root/proc/self/root/proc/self/root/proc/thread-self/root/kunden/proc/self/root/proc/thread-self/root/var/lib/ghostscript/ HTTP/1.1" 429 267 www.fincaslaucirica.com "https://www.fincaslaucirica.com/index.php?loknya=/proc/thread-self/root/proc/thread-self/root/proc/thread-self/root/proc/self/root/proc/self/root/proc/thread-self/root/kunden/proc/self/root/proc/thread-self/root/var/lib/ghostscript/fonts" "Mozilla/5.0 AppleWebKit/537.36 (KHTML, like Gecko; compatible; GPTBot/1.4; +https://openai.com/gptbot)" "-"
74.7.243.0 - - [11/Aug/2026:00:38:34 +0200] "GET /?lokasie=/kunden/kunden/kunden/proc/thread-self/net/udplite&loknya=/kunden/kunden/kunden/proc/thread-self/net HTTP/1.1" 429 267 fincaslaucirica.es "http://fincaslaucirica.es/?loknya=/kunden/kunden/kunden/proc/thread-self/net" "Mozilla/5.0 AppleWebKit/537.36 (KHTML, like Gecko; compatible; GPTBot/1.4; +https://openai.com/gptbot)" "-"
69.197.179.0 - - [11/Aug/2026:00:38:37 +0200] "GET /wp-content/plugins/nawhulq/404WHO/61-Joomla-demo-htdocs.txt404/23/index.php?id=312185 HTTP/1.1" 200 8 fincaslaucirica.com "http://fincaslaucirica.com/wp-content/plugins/nawhulq/404WHO/61-Joomla-demo-htdocs.txt404/23/index.php?id=312185" "Mozilla/5.0" "-"
69.197.179.0 - - [11/Aug/2026:00:38:37 +0200] "GET /wp-content/plugins/nawhulq/404WHO/61-Joomla-demo-htdocs.txt404/23/index.php?id=312185 HTTP/1.1" 404 - fincaslaucirica.com "http://fincaslaucirica.com/wp-content/plugins/nawhulq/404WHO/61-Joomla-demo-htdocs.txt404/23/index.php?id=312185" "Mozilla/5.0" "-"
2a03:2880:f800:: - - [11/Aug/2026:00:38:38 +0200] "GET /shops/22c7d973010327?loknya=/homepages/15/d754908516/htdocs/.tmb HTTP/1.1" 200 6883 www.fincaslaucirica.com "-" "Mozilla/5.0 (Windows NT 10.0; Win64; x64) AppleWebKit/537.36 (KHTML, like Gecko) Chrome/145.0.0.0 Safari/537.36 (compatible; meta-externalagent/1.1 (+https://developers.facebook.com/docs/sharing/webmasters/crawler))" "-"
2a03:2880:f800:: - - [11/Aug/2026:00:38:43 +0200] "GET /shops/537c5291352180?loknya=/homepages/15/d754908516/htdocs/.tmb HTTP/1.1" 500 1271 www.fincaslaucirica.com "-" "Mozilla/5.0 (Macintosh; Intel Mac OS X 10_15_7) AppleWebKit/537.36 (KHTML, like Gecko) Chrome/145.0.0.0 Safari/537.36 (compatible; meta-externalagent/1.1 (+https://developers.facebook.com/docs/sharing/webmasters/crawler))" "-"
2a03:2880:f800:: - - [11/Aug/2026:00:38:49 +0200] "GET /shops/2724f6d1220924?loknya=/ HTTP/1.1" 500 1271 www.fincaslaucirica.com "-" "Mozilla/5.0 (Windows NT 10.0; Win64; x64) AppleWebKit/537.36 (KHTML, like Gecko) Chrome/145.0.0.0 Safari/537.36 (compatible; meta-externalagent/1.1 (+https://developers.facebook.com/docs/sharing/webmasters/crawler))" "-"
2a03:2880:f800:: - - [11/Aug/2026:00:38:50 +0200] "GET /shops/92389042924008?loknya=/homepages/15/d754908516/htdocs/wp-admin HTTP/1.1" 500 1271 www.fincaslaucirica.com "-" "Mozilla/5.0 (Macintosh; Intel Mac OS X 10_15_7) AppleWebKit/537.36 (KHTML, like Gecko) Chrome/145.0.0.0 Safari/537.36 (compatible; meta-externalagent/1.1 (+https://developers.facebook.com/docs/sharing/webmasters/crawler))" "-"
74.7.241.0 - - [11/Aug/2026:00:38:54 +0200] "GET /index.php?loknya=/proc/thread-self/root/proc/thread-self/root/proc/thread-self/root/proc/self/root/proc/self/root/proc/thread-self/root/kunden/proc/self/root/proc/thread-self/root/lib/dpkg/ HTTP/1.1" 429 267 www.fincaslaucirica.com "https://www.fincaslaucirica.com/index.php?loknya=/proc/thread-self/root/proc/thread-self/root/proc/thread-self/root/proc/self/root/proc/self/root/proc/thread-self/root/kunden/proc/self/root/proc/thread-self/root/lib/dpkg/methods" "Mozilla/5.0 AppleWebKit/537.36 (KHTML, like Gecko; compatible; GPTBot/1.4; +https://openai.com/gptbot)" "-"
2a03:2880:f800:: - - [11/Aug/2026:00:38:56 +0200] "GET /shops/73300451344653?loknya=/homepages/15/d754908516/htdocs/wp-admin HTTP/1.1" 500 1271 www.fincaslaucirica.com "-" "Mozilla/5.0 (Windows NT 10.0; Win64; x64) AppleWebKit/537.36 (KHTML, like Gecko) Chrome/145.0.0.0 Safari/537.36 (compatible; meta-externalagent/1.1 (+https://developers.facebook.com/docs/sharing/webmasters/crawler))" "-"
2a03:2880:f800:: - - [11/Aug/2026:00:38:57 +0200] "GET /shops/9c2e5791396675?loknya=/homepages/15 HTTP/1.1" 500 1271 www.fincaslaucirica.com "-" "Mozilla/5.0 (Macintosh; Intel Mac OS X 10_15_7) AppleWebKit/537.36 (KHTML, like Gecko) Chrome/145.0.0.0 Safari/537.36 (compatible; meta-externalagent/1.1 (+https://developers.facebook.com/docs/sharing/webmasters/crawler))" "-"
2a03:2880:f800:: - - [11/Aug/2026:00:38:57 +0200] "GET /shops/58879161739260?loknya=/homepages/15/d754908516/htdocs/logs HTTP/1.1" 500 1271 www.fincaslaucirica.com "-" "Mozilla/5.0 (Windows NT 10.0; Win64; x64) AppleWebKit/537.36 (KHTML, like Gecko) Chrome/145.0.0.0 Safari/537.36 (compatible; meta-externalagent/1.1 (+https://developers.facebook.com/docs/sharing/webmasters/crawler))" "-"
74.7.227.0 - - [11/Aug/2026:00:38:59 +0200] "GET /?loknya=/proc/thread-self/root/homepages/21/d765093704/.config HTTP/1.1" 500 1271 fincaslaucirica.com "https://fincaslaucirica.com/?loknya=/proc/thread-self/root/homepages/21/d765093704" "Mozilla/5.0 AppleWebKit/537.36 (KHTML, like Gecko; compatible; GPTBot/1.4; +https://openai.com/gptbot)" "-"
2a03:2880:f800:: - - [11/Aug/2026:00:39:06 +0200] "GET /shops/bb81b273998531?loknya=/homepages/15/d754908516/htdocs/wp-admin HTTP/1.1" 429 267 www.fincaslaucirica.com "-" "Mozilla/5.0 (Windows NT 10.0; Win64; x64) AppleWebKit/537.36 (KHTML, like Gecko) Chrome/145.0.0.0 Safari/537.36 (compatible; meta-externalagent/1.1 (+https://developers.facebook.com/docs/sharing/webmasters/crawler))" "-"
2a03:2880:f800:: - - [11/Aug/2026:00:39:08 +0200] "GET /shops/4e911731916156?loknya=/ HTTP/1.1" 429 267 www.fincaslaucirica.com "-" "Mozilla/5.0 (Windows NT 10.0; Win64; x64) AppleWebKit/537.36 (KHTML, like Gecko) Chrome/145.0.0.0 Safari/537.36 (compatible; meta-externalagent/1.1 (+https://developers.facebook.com/docs/sharing/webmasters/crawler))" "-"
114.119.156.0 - - [11/Aug/2026:00:39:10 +0200] "GET /goods.php?products/engineering/w001019086 HTTP/1.1" 500 1271 fincaslaucirica.com "https://fincaslaucirica.com/goods.php?sitemap400.xml" "Mozilla/5.0 (Linux; Android 7.0;) AppleWebKit/537.36 (HTML, like Gecko) Mobile Safari/537.36 (compatible; PetalBot;+https://webmaster.petalsearch.com/site/petalbot)" "-"
2a03:2880:f800:: - - [11/Aug/2026:00:39:10 +0200] "GET /shops/784ff3d3363184?loknya=/homepages/15/d754908516/htdocs/wp-admin HTTP/1.1" 429 267 www.fincaslaucirica.com "-" "Mozilla/5.0 (Windows NT 10.0; Win64; x64) AppleWebKit/537.36 (KHTML, like Gecko) Chrome/145.0.0.0 Safari/537.36 (compatible; meta-externalagent/1.1 (+https://developers.facebook.com/docs/sharing/webmasters/crawler))" "-"
2a03:2880:f800:: - - [11/Aug/2026:00:39:20 +0200] "GET /shops/063b0882067119?loknya=/homepages HTTP/1.1" 429 267 www.fincaslaucirica.com "-" "Mozilla/5.0 (Macintosh; Intel Mac OS X 10_15_7) AppleWebKit/537.36 (KHTML, like Gecko) Chrome/145.0.0.0 Safari/537.36 (compatible; meta-externalagent/1.1 (+https://developers.facebook.com/docs/sharing/webmasters/crawler))" "-"
2a03:2880:f800:: - - [11/Aug/2026:00:39:24 +0200] "GET /shops/305b236466165?loknya=/homepages/15/d754908516/htdocs/.tmb HTTP/1.1" 429 267 www.fincaslaucirica.com "-" "Mozilla/5.0 (Windows NT 10.0; Win64; x64) AppleWebKit/537.36 (KHTML, like Gecko) Chrome/145.0.0.0 Safari/537.36 (compatible; meta-externalagent/1.1 (+https://developers.facebook.com/docs/sharing/webmasters/crawler))" "-"
2a03:2880:f800:: - - [11/Aug/2026:00:39:25 +0200] "GET /shops/69f9627424214?loknya=/homepages/15 HTTP/1.1" 429 267 www.fincaslaucirica.com "-" "Mozilla/5.0 (Windows NT 10.0; Win64; x64) AppleWebKit/537.36 (KHTML, like Gecko) Chrome/145.0.0.0 Safari/537.36 (compatible; meta-externalagent/1.1 (+https://developers.facebook.com/docs/sharing/webmasters/crawler))" "-"
74.7.227.0 - - [11/Aug/2026:00:39:37 +0200] "GET /?loknya=/proc/thread-self/root/homepages/29/d758426010 HTTP/1.1" 500 1271 fincaslaucirica.com "http://fincaslaucirica.com/?loknya=/proc/thread-self/root/homepages/29" "Mozilla/5.0 AppleWebKit/537.36 (KHTML, like Gecko; compatible; GPTBot/1.4; +https://openai.com/gptbot)" "-"
74.7.243.0 - - [11/Aug/2026:00:39:39 +0200] "GET /?lokasie=/kunden/kunden/kunden/proc/thread-self/net/route&loknya=/kunden/kunden/kunden/proc/thread-self/net HTTP/1.1" 500 1271 fincaslaucirica.es "http://fincaslaucirica.es/?loknya=/kunden/kunden/kunden/proc/thread-self/net" "Mozilla/5.0 AppleWebKit/537.36 (KHTML, like Gecko; compatible; GPTBot/1.4; +https://openai.com/gptbot)" "-"
2a03:2880:f800:: - - [11/Aug/2026:00:39:41 +0200] "GET /shops/3bc91973643276?loknya=/homepages/15 HTTP/1.1" 429 267 www.fincaslaucirica.com "-" "Mozilla/5.0 (Macintosh; Intel Mac OS X 10_15_7) AppleWebKit/537.36 (KHTML, like Gecko) Chrome/145.0.0.0 Safari/537.36 (compatible; meta-externalagent/1.1 (+https://developers.facebook.com/docs/sharing/webmasters/crawler))" "-"
2a03:2880:f800:: - - [11/Aug/2026:00:39:44 +0200] "GET /shops/7641e23811458?loknya=/ HTTP/1.1" 429 267 www.fincaslaucirica.com "-" "Mozilla/5.0 (Windows NT 10.0; Win64; x64) AppleWebKit/537.36 (KHTML, like Gecko) Chrome/145.0.0.0 Safari/537.36 Edg/145.0.0.0 (compatible; meta-externalagent/1.1 (+https://developers.facebook.com/docs/sharing/webmasters/crawler))" "-"
2a03:2880:f800:: - - [11/Aug/2026:00:39:46 +0200] "GET /shops/56399452905767 HTTP/1.1" 429 267 www.fincaslaucirica.com "-" "Mozilla/5.0 (Windows NT 10.0; Win64; x64) AppleWebKit/537.36 (KHTML, like Gecko) Chrome/145.0.0.0 Safari/537.36 (compatible; meta-externalagent/1.1 (+https://developers.facebook.com/docs/sharing/webmasters/crawler))" "-"
2a03:2880:f800:: - - [11/Aug/2026:00:39:48 +0200] "GET /shops/3e707fc668975 HTTP/1.1" 429 267 www.fincaslaucirica.com "-" "Mozilla/5.0 (Windows NT 10.0; Win64; x64) AppleWebKit/537.36 (KHTML, like Gecko) Chrome/145.0.0.0 Safari/537.36 (compatible; meta-externalagent/1.1 (+https://developers.facebook.com/docs/sharing/webmasters/crawler))" "-"
2a03:2880:f800:: - - [11/Aug/2026:00:39:51 +0200] "GET /shops/0b555811170417 HTTP/1.1" 429 267 www.fincaslaucirica.com "-" "Mozilla/5.0 (Windows NT 10.0; Win64; x64) AppleWebKit/537.36 (KHTML, like Gecko) Chrome/145.0.0.0 Safari/537.36 (compatible; meta-externalagent/1.1 (+https://developers.facebook.com/docs/sharing/webmasters/crawler))" "-"
2a03:2880:f800:: - - [11/Aug/2026:00:39:53 +0200] "GET /shops/8b283203154436?loknya=/homepages/15/d754908516/htdocs/wp-admin HTTP/1.1" 429 267 www.fincaslaucirica.com "-" "Mozilla/5.0 (Windows NT 10.0; Win64; x64) AppleWebKit/537.36 (KHTML, like Gecko) Chrome/145.0.0.0 Safari/537.36 (compatible; meta-externalagent/1.1 (+https://developers.facebook.com/docs/sharing/webmasters/crawler))" "-"
74.7.241.0 - - [11/Aug/2026:00:39:55 +0200] "GET /index.php?loknya=/proc/thread-self/root/proc/thread-self/root/proc/thread-self/root/proc/self/root/proc/self/root/proc/thread-self/root/kunden/proc/self/root/proc/thread-self/root/etc/ui-sqlmapper HTTP/1.1" 500 1271 www.fincaslaucirica.com "https://www.fincaslaucirica.com/index.php?loknya=/proc/thread-self/root/proc/thread-self/root/proc/thread-self/root/proc/self/root/proc/self/root/proc/thread-self/root/kunden/proc/self/root/proc/thread-self/root/etc" "Mozilla/5.0 AppleWebKit/537.36 (KHTML, like Gecko; compatible; GPTBot/1.4; +https://openai.com/gptbot)" "-"
2a03:2880:f800:: - - [11/Aug/2026:00:39:57 +0200] "GET /shops/199fa251481324?loknya=/homepages/15/d754908516/htdocs/.tmb HTTP/1.1" 429 267 www.fincaslaucirica.com "-" "Mozilla/5.0 (Macintosh; Intel Mac OS X 10_15_7) AppleWebKit/537.36 (KHTML, like Gecko) Chrome/145.0.0.0 Safari/537.36 (compatible; meta-externalagent/1.1 (+https://developers.facebook.com/docs/sharing/webmasters/crawler))" "-"
2a03:2880:f800:: - - [11/Aug/2026:00:40:00 +0200] "GET /shops/3f856f23043683 HTTP/1.1" 429 267 www.fincaslaucirica.com "-" "Mozilla/5.0 (Windows NT 10.0; Win64; x64) AppleWebKit/537.36 (KHTML, like Gecko) Chrome/145.0.0.0 Safari/537.36 (compatible; meta-externalagent/1.1 (+https://developers.facebook.com/docs/sharing/webmasters/crawler))" "-"
2a03:2880:f800:: - - [11/Aug/2026:00:40:05 +0200] "GET /shops/025ea013639721?loknya=/homepages/15 HTTP/1.1" 429 267 www.fincaslaucirica.com "-" "Mozilla/5.0 (Windows NT 10.0; Win64; x64) AppleWebKit/537.36 (KHTML, like Gecko) Chrome/145.0.0.0 Safari/537.36 (compatible; meta-externalagent/1.1 (+https://developers.facebook.com/docs/sharing/webmasters/crawler))" "-"
2a03:2880:f800:: - - [11/Aug/2026:00:40:08 +0200] "GET /shops/06142151991686?loknya=/homepages/15/d754908516/htdocs/.tmb HTTP/1.1" 200 6883 www.fincaslaucirica.com "-" "Mozilla/5.0 (Windows NT 10.0; Win64; x64) AppleWebKit/537.36 (KHTML, like Gecko) Chrome/145.0.0.0 Safari/537.36 (compatible; meta-externalagent/1.1 (+https://developers.facebook.com/docs/sharing/webmasters/crawler))" "-"
2a03:2880:f800:: - - [11/Aug/2026:00:40:13 +0200] "GET /shops/60bb6593574345?loknya=/homepages/15/d754908516/htdocs/wp-admin HTTP/1.1" 200 150135 www.fincaslaucirica.com "-" "Mozilla/5.0 (Macintosh; Intel Mac OS X 10_15_7) AppleWebKit/537.36 (KHTML, like Gecko) Chrome/145.0.0.0 Safari/537.36 (compatible; meta-externalagent/1.1 (+https://developers.facebook.com/docs/sharing/webmasters/crawler))" "-"
74.7.227.0 - - [11/Aug/2026:00:40:40 +0200] "GET /?loknya=/proc/thread-self/root/homepages/30/d761589205 HTTP/1.1" 200 17828 fincaslaucirica.com "http://fincaslaucirica.com/?loknya=/proc/thread-self/root/homepages/30" "Mozilla/5.0 AppleWebKit/537.36 (KHTML, like Gecko; compatible; GPTBot/1.4; +https://openai.com/gptbot)" "-"
74.7.228.0 - - [11/Aug/2026:00:40:41 +0200] "GET /robots.txt HTTP/1.1" 200 397 fincaslaucirica.com "-" "Mozilla/5.0 (Macintosh; Intel Mac OS X 10_15_7) AppleWebKit/537.36 (KHTML, like Gecko) Chrome/131.0.0.0 Safari/537.36; compatible; OAI-SearchBot/1.4; robots.txt; +https://openai.com/searchbot" "-"
74.7.243.0 - - [11/Aug/2026:00:40:41 +0200] "GET /?lokasie=/kunden/kunden/kunden/proc/thread-self/net/snmp&loknya=/kunden/kunden/kunden/proc/thread-self/net HTTP/1.1" 200 4268 fincaslaucirica.es "http://fincaslaucirica.es/?loknya=/kunden/kunden/kunden/proc/thread-self/net" "Mozilla/5.0 AppleWebKit/537.36 (KHTML, like Gecko; compatible; GPTBot/1.4; +https://openai.com/gptbot)" "-"
114.119.148.0 - - [11/Aug/2026:00:40:44 +0200] "GET /goods.php?products/engine/d018003375 HTTP/1.1" 200 72297 fincaslaucirica.com "https://fincaslaucirica.com/goods.php?sitemap400.xml" "Mozilla/5.0 (Linux; Android 7.0;) AppleWebKit/537.36 (HTML, like Gecko) Mobile Safari/537.36 (compatible; PetalBot;+https://webmaster.petalsearch.com/site/petalbot)" "-"
2a03:2880:f800:: - - [11/Aug/2026:00:40:45 +0200] "GET /shops/b0b8012203177 HTTP/1.1" 200 72301 www.fincaslaucirica.com "-" "Mozilla/5.0 (Windows NT 10.0; Win64; x64) AppleWebKit/537.36 (KHTML, like Gecko) Chrome/145.0.0.0 Safari/537.36 (compatible; meta-externalagent/1.1 (+https://developers.facebook.com/docs/sharing/webmasters/crawler))" "-"
74.7.241.0 - - [11/Aug/2026:00:40:57 +0200] "GET /index.php?loknya=/proc/thread-self/root/proc/thread-self/root/proc/thread-self/root/proc/self/root/proc/self/root/proc/thread-self/root/kunden/proc/self/root/proc/thread-self/root/lib/susshi HTTP/1.1" 200 10256 www.fincaslaucirica.com "https://www.fincaslaucirica.com/index.php?loknya=/proc/thread-self/root/proc/thread-self/root/proc/thread-self/root/proc/self/root/proc/self/root/proc/thread-self/root/kunden/proc/self/root/proc/thread-self/root/lib" "Mozilla/5.0 AppleWebKit/537.36 (KHTML, like Gecko; compatible; GPTBot/1.4; +https://openai.com/gptbot)" "-"
2a03:2880:f800:: - - [11/Aug/2026:00:41:11 +0200] "GET /shops/744f16f692011 HTTP/1.1" 200 72301 www.fincaslaucirica.com "-" "Mozilla/5.0 (Macintosh; Intel Mac OS X 10_15_7) AppleWebKit/537.36 (KHTML, like Gecko) Chrome/145.0.0.0 Safari/537.36 (compatible; meta-externalagent/1.1 (+https://developers.facebook.com/docs/sharing/webmasters/crawler))" "-"
2a03:2880:f800:: - - [11/Aug/2026:00:41:30 +0200] "GET /shops/64f20462193686 HTTP/1.1" 200 72301 www.fincaslaucirica.com "-" "Mozilla/5.0 (Windows NT 10.0; Win64; x64) AppleWebKit/537.36 (KHTML, like Gecko) Chrome/145.0.0.0 Safari/537.36 (compatible; meta-externalagent/1.1 (+https://developers.facebook.com/docs/sharing/webmasters/crawler))" "-"
74.7.227.0 - - [11/Aug/2026:00:41:44 +0200] "GET /?loknya=/proc/thread-self/root/homepages/16/d754360826/.config HTTP/1.1" 200 5545 fincaslaucirica.com "https://fincaslaucirica.com/?loknya=/proc/thread-self/root/homepages/16/d754360826" "Mozilla/5.0 AppleWebKit/537.36 (KHTML, like Gecko; compatible; GPTBot/1.4; +https://openai.com/gptbot)" "-"
74.7.243.0 - - [11/Aug/2026:00:41:44 +0200] "GET /?lokasie=/kunden/kunden/kunden/proc/thread-self/net/netlink&loknya=/kunden/kunden/kunden/proc/thread-self/net HTTP/1.1" 200 4271 fincaslaucirica.es "http://fincaslaucirica.es/?loknya=/kunden/kunden/kunden/proc/thread-self/net" "Mozilla/5.0 AppleWebKit/537.36 (KHTML, like Gecko; compatible; GPTBot/1.4; +https://openai.com/gptbot)" "-"
2a03:2880:f800:: - - [11/Aug/2026:00:41:47 +0200] "GET /shops/8117ac31024939?loknya=/homepages/15/d754908516/htdocs/wp-admin HTTP/1.1" 200 150135 www.fincaslaucirica.com "-" "Mozilla/5.0 (Windows NT 10.0; Win64; x64) AppleWebKit/537.36 (KHTML, like Gecko) Chrome/145.0.0.0 Safari/537.36 (compatible; meta-externalagent/1.1 (+https://developers.facebook.com/docs/sharing/webmasters/crawler))" "-"
150.109.46.0 - - [11/Aug/2026:00:41:55 +0200] "GET /?loknya=/homepages/15/d764787681/managed HTTP/1.1" 200 5257 www.fincaslaucirica.com "-" "Mozilla/5.0 (iPhone; CPU iPhone OS 13_2_3 like Mac OS X) AppleWebKit/605.1.15 (KHTML, like Gecko) Version/13.0.3 Mobile/15E148 Safari/604.1" "-"
2a03:2880:f800:: - - [11/Aug/2026:00:42:01 +0200] "GET /shops/129f37d3057698 HTTP/1.1" 200 72301 www.fincaslaucirica.com "-" "Mozilla/5.0 (Windows NT 10.0; Win64; x64) AppleWebKit/537.36 (KHTML, like Gecko) Chrome/145.0.0.0 Safari/537.36 (compatible; meta-externalagent/1.1 (+https://developers.facebook.com/docs/sharing/webmasters/crawler))" "-"
74.7.241.0 - - [11/Aug/2026:00:42:02 +0200] "GET /index.php?loknya=/proc/thread-self/root/proc/thread-self/root/proc/thread-self/root/proc/self/root/proc/self/root/proc/thread-self/root/kunden/proc/self/root/proc/thread-self/root/etc/ssl/ HTTP/1.1" 200 13691 www.fincaslaucirica.com "https://www.fincaslaucirica.com/index.php?loknya=/proc/thread-self/root/proc/thread-self/root/proc/thread-self/root/proc/self/root/proc/self/root/proc/thread-self/root/kunden/proc/self/root/proc/thread-self/root/etc/ssl/private" "Mozilla/5.0 AppleWebKit/537.36 (KHTML, like Gecko; compatible; GPTBot/1.4; +https://openai.com/gptbot)" "-"
2a03:2880:f800:: - - [11/Aug/2026:00:42:13 +0200] "GET /shops/7960023963946 HTTP/1.1" 200 72301 www.fincaslaucirica.com "-" "Mozilla/5.0 (Windows NT 10.0; Win64; x64) AppleWebKit/537.36 (KHTML, like Gecko) Chrome/145.0.0.0 Safari/537.36 (compatible; meta-externalagent/1.1 (+https://developers.facebook.com/docs/sharing/webmasters/crawler))" "-"
114.119.136.0 - - [11/Aug/2026:00:42:18 +0200] "GET /goods.php?products/engagement/w259015056 HTTP/1.1" 200 72297 fincaslaucirica.com "https://fincaslaucirica.com/goods.php?sitemap400.xml" "Mozilla/5.0 (Linux; Android 7.0;) AppleWebKit/537.36 (HTML, like Gecko) Mobile Safari/537.36 (compatible; PetalBot;+https://webmaster.petalsearch.com/site/petalbot)" "-"
2a03:2880:f800:: - - [11/Aug/2026:00:42:24 +0200] "GET /shops/06d56342453137?loknya=/homepages/15 HTTP/1.1" 200 34154 www.fincaslaucirica.com "-" "Mozilla/5.0 (Windows NT 10.0; Win64; x64) AppleWebKit/537.36 (KHTML, like Gecko) Chrome/145.0.0.0 Safari/537.36 (compatible; meta-externalagent/1.1 (+https://developers.facebook.com/docs/sharing/webmasters/crawler))" "-"
2a03:2880:f800:: - - [11/Aug/2026:00:42:34 +0200] "GET /shops/e55df392484443?loknya=/homepages/15/d754908516/htdocs/logs HTTP/1.1" 200 39965 www.fincaslaucirica.com "-" "Mozilla/5.0 (Windows NT 10.0; Win64; x64) AppleWebKit/537.36 (KHTML, like Gecko) Chrome/145.0.0.0 Safari/537.36 (compatible; meta-externalagent/1.1 (+https://developers.facebook.com/docs/sharing/webmasters/crawler))" "-"
74.7.243.0 - - [11/Aug/2026:00:42:39 +0200] "GET /?lokasie=/kunden/kunden/kunden/proc/thread-self/net/unix&loknya=/kunden/kunden/kunden/proc/thread-self/net HTTP/1.1" 200 4268 fincaslaucirica.es "http://fincaslaucirica.es/?loknya=/kunden/kunden/kunden/proc/thread-self/net" "Mozilla/5.0 AppleWebKit/537.36 (KHTML, like Gecko; compatible; GPTBot/1.4; +https://openai.com/gptbot)" "-"
74.7.227.0 - - [11/Aug/2026:00:42:40 +0200] "GET /?loknya=/proc/thread-self/root/homepages/42/d764910895 HTTP/1.1" 200 13487 fincaslaucirica.com "https://fincaslaucirica.com/?loknya=/proc/thread-self/root/homepages/42" "Mozilla/5.0 AppleWebKit/537.36 (KHTML, like Gecko; compatible; GPTBot/1.4; +https://openai.com/gptbot)" "-"
2a03:2880:f800:: - - [11/Aug/2026:00:42:43 +0200] "GET /shops/1b985731572886 HTTP/1.1" 200 72301 www.fincaslaucirica.com "-" "Mozilla/5.0 (Windows NT 10.0; Win64; x64) AppleWebKit/537.36 (KHTML, like Gecko) Chrome/145.0.0.0 Safari/537.36 (compatible; meta-externalagent/1.1 (+https://developers.facebook.com/docs/sharing/webmasters/crawler))" "-"
2a03:2880:f800:: - - [11/Aug/2026:00:42:52 +0200] "GET /shops/2554d011363978?loknya=/ HTTP/1.1" 200 29699 www.fincaslaucirica.com "-" "Mozilla/5.0 (Windows NT 10.0; Win64; x64) AppleWebKit/537.36 (KHTML, like Gecko) Chrome/145.0.0.0 Safari/537.36 (compatible; meta-externalagent/1.1 (+https://developers.facebook.com/docs/sharing/webmasters/crawler))" "-"
74.7.241.0 - - [11/Aug/2026:00:42:57 +0200] "GET /index.php?loknya=/proc/thread-self/root/proc/thread-self/root/proc/thread-self/root/proc/self/root/proc/self/root/proc/thread-self/root/kunden/proc/self/root/proc/thread-self/root/usr/lib/locale/eo HTTP/1.1" 200 32283 www.fincaslaucirica.com "https://www.fincaslaucirica.com/index.php?loknya=/proc/thread-self/root/proc/thread-self/root/proc/thread-self/root/proc/self/root/proc/self/root/proc/thread-self/root/kunden/proc/self/root/proc/thread-self/root/usr/lib/locale" "Mozilla/5.0 AppleWebKit/537.36 (KHTML, like Gecko; compatible; GPTBot/1.4; +https://openai.com/gptbot)" "-"
2a03:2880:f800:: - - [11/Aug/2026:00:42:59 +0200] "GET /shops/bbb589a3360008?loknya=/homepages HTTP/1.1" 200 58042 www.fincaslaucirica.com "-" "Mozilla/5.0 (Windows NT 10.0; Win64; x64) AppleWebKit/537.36 (KHTML, like Gecko) Chrome/145.0.0.0 Safari/537.36 (compatible; meta-externalagent/1.1 (+https://developers.facebook.com/docs/sharing/webmasters/crawler))" "-"
66.249.66.0 - - [11/Aug/2026:00:43:04 +0200] "GET /wp-content/uploads/2023/03/IMG-20230306-WA0075.jpg HTTP/1.1" 200 236745 www.fincaslaucirica.com "-" "Googlebot-Image/1.0" "-"
2a03:2880:f800:: - - [11/Aug/2026:00:43:06 +0200] "GET /shops/91591271693554 HTTP/1.1" 200 72301 www.fincaslaucirica.com "-" "Mozilla/5.0 (Windows NT 10.0; Win64; x64) AppleWebKit/537.36 (KHTML, like Gecko) Chrome/145.0.0.0 Safari/537.36 Edg/145.0.0.0 (compatible; meta-externalagent/1.1 (+https://developers.facebook.com/docs/sharing/webmasters/crawler))" "-"
2a03:2880:f800:: - - [11/Aug/2026:00:43:13 +0200] "GET /shops/642107e189341?loknya=/ HTTP/1.1" 200 29699 www.fincaslaucirica.com "-" "Mozilla/5.0 (Macintosh; Intel Mac OS X 10_15_7) AppleWebKit/537.36 (KHTML, like Gecko) Chrome/145.0.0.0 Safari/537.36 (compatible; meta-externalagent/1.1 (+https://developers.facebook.com/docs/sharing/webmasters/crawler))" "-"
2a03:2880:f800:: - - [11/Aug/2026:00:43:19 +0200] "GET /shops/35340242487463 HTTP/1.1" 200 72301 www.fincaslaucirica.com "-" "Mozilla/5.0 (Windows NT 10.0; Win64; x64) AppleWebKit/537.36 (KHTML, like Gecko) Chrome/145.0.0.0 Safari/537.36 (compatible; meta-externalagent/1.1 (+https://developers.facebook.com/docs/sharing/webmasters/crawler))" "-"
2a03:2880:f800:: - - [11/Aug/2026:00:43:25 +0200] "GET /shops/b95d25c3457115 HTTP/1.1" 200 72301 www.fincaslaucirica.com "-" "Mozilla/5.0 (Macintosh; Intel Mac OS X 10_15_7) AppleWebKit/537.36 (KHTML, like Gecko) Chrome/145.0.0.0 Safari/537.36 (compatible; meta-externalagent/1.1 (+https://developers.facebook.com/docs/sharing/webmasters/crawler))" "-"
2a03:2880:f800:: - - [11/Aug/2026:00:43:31 +0200] "GET /shops/4ffd9602967042 HTTP/1.1" 200 72301 www.fincaslaucirica.com "-" "Mozilla/5.0 (Windows NT 10.0; Win64; x64) AppleWebKit/537.36 (KHTML, like Gecko) Chrome/145.0.0.0 Safari/537.36 (compatible; meta-externalagent/1.1 (+https://developers.facebook.com/docs/sharing/webmasters/crawler))" "-"
74.7.243.0 - - [11/Aug/2026:00:43:31 +0200] "GET /?lokasie=/kunden/kunden/kunden/proc/thread-self/net/tcp&loknya=/kunden/kunden/kunden/proc/thread-self/net HTTP/1.1" 200 4267 fincaslaucirica.es "http://fincaslaucirica.es/?loknya=/kunden/kunden/kunden/proc/thread-self/net" "Mozilla/5.0 AppleWebKit/537.36 (KHTML, like Gecko; compatible; GPTBot/1.4; +https://openai.com/gptbot)" "-"
74.7.227.0 - - [11/Aug/2026:00:43:33 +0200] "GET /?loknya=/proc/thread-self/root/homepages/43/d761312905 HTTP/1.1" 200 13492 fincaslaucirica.com "http://fincaslaucirica.com/?loknya=/proc/thread-self/root/homepages/43" "Mozilla/5.0 AppleWebKit/537.36 (KHTML, like Gecko; compatible; GPTBot/1.4; +https://openai.com/gptbot)" "-"
2a03:2880:f800:: - - [11/Aug/2026:00:43:36 +0200] "GET /shops/33f25f63746981?loknya=/homepages/15/d754908516/htdocs/.tmb HTTP/1.1" 200 6883 www.fincaslaucirica.com "-" "Mozilla/5.0 (Windows NT 10.0; Win64; x64) AppleWebKit/537.36 (KHTML, like Gecko) Chrome/145.0.0.0 Safari/537.36 (compatible; meta-externalagent/1.1 (+https://developers.facebook.com/docs/sharing/webmasters/crawler))" "-"
2a03:2880:f800:: - - [11/Aug/2026:00:43:41 +0200] "GET /shops/329bfc82691212 HTTP/1.1" 200 72301 www.fincaslaucirica.com "-" "Mozilla/5.0 (Macintosh; Intel Mac OS X 10_15_7) AppleWebKit/537.36 (KHTML, like Gecko) Chrome/145.0.0.0 Safari/537.36 (compatible; meta-externalagent/1.1 (+https://developers.facebook.com/docs/sharing/webmasters/crawler))" "-"
2a03:2880:f800:: - - [11/Aug/2026:00:43:45 +0200] "GET /shops/f396ae13394628?loknya=/homepages/15/d754908516/htdocs/wp-content HTTP/1.1" 429 267 www.fincaslaucirica.com "-" "Mozilla/5.0 (Windows NT 10.0; Win64; x64) AppleWebKit/537.36 (KHTML, like Gecko) Chrome/145.0.0.0 Safari/537.36 (compatible; meta-externalagent/1.1 (+https://developers.facebook.com/docs/sharing/webmasters/crawler))" "-"
74.7.241.0 - - [11/Aug/2026:00:43:46 +0200] "GET /index.php?loknya=/proc/thread-self/root/proc/thread-self/root/proc/thread-self/root/proc/self/root/proc/self/root/proc/thread-self/root/kunden/proc/self/root/proc/thread-self/root/var/lib/systemd/deb-systemd-user-helper-enabled/sockets.target.wants HTTP/1.1" 200 20654 www.fincaslaucirica.com "https://www.fincaslaucirica.com/index.php?loknya=/proc/thread-self/root/proc/thread-self/root/proc/thread-self/root/proc/self/root/proc/self/root/proc/thread-self/root/kunden/proc/self/root/proc/thread-self/root/var/lib/systemd/deb-systemd-user-helper-enabled" "Mozilla/5.0 AppleWebKit/537.36 (KHTML, like Gecko; compatible; GPTBot/1.4; +https://openai.com/gptbot)" "-"
2a03:2880:f800:: - - [11/Aug/2026:00:43:50 +0200] "GET /shops/ee278801687744?loknya=/homepages/15/d754908516/htdocs/wp-admin HTTP/1.1" 429 267 www.fincaslaucirica.com "-" "Mozilla/5.0 (Windows NT 10.0; Win64; x64) AppleWebKit/537.36 (KHTML, like Gecko) Chrome/145.0.0.0 Safari/537.36 (compatible; meta-externalagent/1.1 (+https://developers.facebook.com/docs/sharing/webmasters/crawler))" "-"
2a03:2880:f800:: - - [11/Aug/2026:00:43:51 +0200] "GET /shops/e56981d1547878?loknya=/homepages/15/d754908516/htdocs/.tmb HTTP/1.1" 429 267 www.fincaslaucirica.com "-" "Mozilla/5.0 (Macintosh; Intel Mac OS X 10_15_7) AppleWebKit/537.36 (KHTML, like Gecko) Chrome/145.0.0.0 Safari/537.36 (compatible; meta-externalagent/1.1 (+https://developers.facebook.com/docs/sharing/webmasters/crawler))" "-"
114.119.156.0 - - [11/Aug/2026:00:43:52 +0200] "GET /goods.php?products/enforce/y106042045 HTTP/1.1" 200 72296 fincaslaucirica.com "https://fincaslaucirica.com/goods.php?sitemap400.xml" "Mozilla/5.0 (Linux; Android 7.0;) AppleWebKit/537.36 (HTML, like Gecko) Mobile Safari/537.36 (compatible; PetalBot;+https://webmaster.petalsearch.com/site/petalbot)" "-"
2a03:2880:f800:: - - [11/Aug/2026:00:43:56 +0200] "GET /shops/12621363881875?loknya=/ HTTP/1.1" 429 267 www.fincaslaucirica.com "-" "Mozilla/5.0 (Windows NT 10.0; Win64; x64) AppleWebKit/537.36 (KHTML, like Gecko) Chrome/145.0.0.0 Safari/537.36 (compatible; meta-externalagent/1.1 (+https://developers.facebook.com/docs/sharing/webmasters/crawler))" "-"
2a03:2880:f800:: - - [11/Aug/2026:00:43:57 +0200] "GET /shops/c6610953102110?loknya=/homepages/15/d754908516/htdocs/wp-admin HTTP/1.1" 429 267 www.fincaslaucirica.com "-" "Mozilla/5.0 (Windows NT 10.0; Win64; x64) AppleWebKit/537.36 (KHTML, like Gecko) Chrome/145.0.0.0 Safari/537.36 (compatible; meta-externalagent/1.1 (+https://developers.facebook.com/docs/sharing/webmasters/crawler))" "-"
2a03:2880:f800:: - - [11/Aug/2026:00:44:03 +0200] "GET /shops/aca51b11622844?loknya=/homepages/15/d754908516/htdocs/wp-admin HTTP/1.1" 429 267 www.fincaslaucirica.com "-" "Mozilla/5.0 (Macintosh; Intel Mac OS X 10_15_7) AppleWebKit/537.36 (KHTML, like Gecko) Chrome/145.0.0.0 Safari/537.36 (compatible; meta-externalagent/1.1 (+https://developers.facebook.com/docs/sharing/webmasters/crawler))" "-"
2a03:2880:f800:: - - [11/Aug/2026:00:44:05 +0200] "GET /shops/4bab1b24124208?loknya=/homepages/15/d754908516/htdocs/.tmb HTTP/1.1" 429 267 www.fincaslaucirica.com "-" "Mozilla/5.0 (Macintosh; Intel Mac OS X 10_15_7) AppleWebKit/537.36 (KHTML, like Gecko) Chrome/145.0.0.0 Safari/537.36 (compatible; meta-externalagent/1.1 (+https://developers.facebook.com/docs/sharing/webmasters/crawler))" "-"
2a03:2880:f800:: - - [11/Aug/2026:00:44:06 +0200] "GET /shops/f602b382217464?loknya=/homepages/15 HTTP/1.1" 429 267 www.fincaslaucirica.com "-" "Mozilla/5.0 (Windows NT 10.0; Win64; x64) AppleWebKit/537.36 (KHTML, like Gecko) Chrome/145.0.0.0 Safari/537.36 (compatible; meta-externalagent/1.1 (+https://developers.facebook.com/docs/sharing/webmasters/crawler))" "-"
2a03:2880:f800:: - - [11/Aug/2026:00:44:14 +0200] "GET /shops/c54c0621558118?loknya=/homepages/15/d754908516/htdocs/.tmb HTTP/1.1" 429 267 www.fincaslaucirica.com "-" "Mozilla/5.0 (Windows NT 10.0; Win64; x64) AppleWebKit/537.36 (KHTML, like Gecko) Chrome/145.0.0.0 Safari/537.36 (compatible; meta-externalagent/1.1 (+https://developers.facebook.com/docs/sharing/webmasters/crawler))" "-"
74.7.243.0 - - [11/Aug/2026:00:44:15 +0200] "GET /?lokasie=/kunden/kunden/kunden/proc/thread-self/net/netstat&loknya=/kunden/kunden/kunden/proc/thread-self/net HTTP/1.1" 200 4271 fincaslaucirica.es "http://fincaslaucirica.es/?loknya=/kunden/kunden/kunden/proc/thread-self/net" "Mozilla/5.0 AppleWebKit/537.36 (KHTML, like Gecko; compatible; GPTBot/1.4; +https://openai.com/gptbot)" "-"
2a03:2880:f800:: - - [11/Aug/2026:00:44:16 +0200] "GET /shops/27052293932972 HTTP/1.1" 429 267 www.fincaslaucirica.com "-" "Mozilla/5.0 (Windows NT 10.0; Win64; x64) AppleWebKit/537.36 (KHTML, like Gecko) Chrome/145.0.0.0 Safari/537.36 (compatible; meta-externalagent/1.1 (+https://developers.facebook.com/docs/sharing/webmasters/crawler))" "-"
74.7.227.0 - - [11/Aug/2026:00:44:20 +0200] "GET /?loknya=/proc/thread-self/root/homepages/12/d761435920 HTTP/1.1" 200 21882 fincaslaucirica.com "http://fincaslaucirica.com/?loknya=/proc/thread-self/root/homepages/12" "Mozilla/5.0 AppleWebKit/537.36 (KHTML, like Gecko; compatible; GPTBot/1.4; +https://openai.com/gptbot)" "-"
2a03:2880:f800:: - - [11/Aug/2026:00:44:27 +0200] "GET /shops/30173312116750?loknya=/homepages/15/d754908516/htdocs/wp-admin HTTP/1.1" 429 267 www.fincaslaucirica.com "-" "Mozilla/5.0 (X11; Linux x86_64) AppleWebKit/537.36 (KHTML, like Gecko) Chrome/145.0.0.0 Safari/537.36 (compatible; meta-externalagent/1.1 (+https://developers.facebook.com/docs/sharing/webmasters/crawler))" "-"
2a03:2880:f800:: - - [11/Aug/2026:00:44:29 +0200] "GET /shops/9631ad21250505?loknya=/homepages/15 HTTP/1.1" 429 267 www.fincaslaucirica.com "-" "Mozilla/5.0 (Windows NT 10.0; Win64; x64) AppleWebKit/537.36 (KHTML, like Gecko) Chrome/145.0.0.0 Safari/537.36 (compatible; meta-externalagent/1.1 (+https://developers.facebook.com/docs/sharing/webmasters/crawler))" "-"
2a03:2880:f800:: - - [11/Aug/2026:00:44:30 +0200] "GET /shops/ef59d46867787?loknya=/homepages/15 HTTP/1.1" 429 267 www.fincaslaucirica.com "-" "Mozilla/5.0 (Macintosh; Intel Mac OS X 10_15_7) AppleWebKit/537.36 (KHTML, like Gecko) Chrome/145.0.0.0 Safari/537.36 (compatible; meta-externalagent/1.1 (+https://developers.facebook.com/docs/sharing/webmasters/crawler))" "-"
74.7.241.0 - - [11/Aug/2026:00:44:31 +0200] "GET /index.php?loknya=/proc/thread-self/root/proc/thread-self/root/proc/thread-self/root/proc/self/root/proc/self/root/proc/thread-self/root/kunden/proc/self/root/proc/thread-self/root/var/lib/systemd/ HTTP/1.1" 200 12201 www.fincaslaucirica.com "https://www.fincaslaucirica.com/index.php?loknya=/proc/thread-self/root/proc/thread-self/root/proc/thread-self/root/proc/self/root/proc/self/root/proc/thread-self/root/kunden/proc/self/root/proc/thread-self/root/var/lib/systemd/deb-systemd-user-helper-enabled" "Mozilla/5.0 AppleWebKit/537.36 (KHTML, like Gecko; compatible; GPTBot/1.4; +https://openai.com/gptbot)" "-"
2a03:2880:f800:: - - [11/Aug/2026:00:44:32 +0200] "GET /shops/5134a79757491?loknya=/homepages/15 HTTP/1.1" 429 267 www.fincaslaucirica.com "-" "Mozilla/5.0 (Windows NT 10.0; Win64; x64) AppleWebKit/537.36 (KHTML, like Gecko) Chrome/145.0.0.0 Safari/537.36 (compatible; meta-externalagent/1.1 (+https://developers.facebook.com/docs/sharing/webmasters/crawler))" "-"
2a03:2880:f800:: - - [11/Aug/2026:00:44:34 +0200] "GET /shops/95ae2903737249?loknya=/homepages/15 HTTP/1.1" 429 267 www.fincaslaucirica.com "-" "Mozilla/5.0 (Windows NT 10.0; Win64; x64) AppleWebKit/537.36 (KHTML, like Gecko) Chrome/145.0.0.0 Safari/537.36 (compatible; meta-externalagent/1.1 (+https://developers.facebook.com/docs/sharing/webmasters/crawler))" "-"
