216.73.216.0 - - [11/Aug/2026:02:59:28 +0200] "GET /pages.php?loknya=%2Fhomepages%2F41%2Fd758831961%2Fmanaged HTTP/1.1" 429 267 fincaslaucirica.com "-" "Mozilla/5.0 AppleWebKit/537.36 (KHTML, like Gecko; compatible; ClaudeBot/1.0; +claudebot@anthropic.com)" "-"
216.73.216.0 - - [11/Aug/2026:02:59:28 +0200] "GET /pages.php?loknya=%2Fhomepages%2F5%2Fd761765665%2F.config HTTP/1.1" 429 267 fincaslaucirica.com "-" "Mozilla/5.0 AppleWebKit/537.36 (KHTML, like Gecko; compatible; ClaudeBot/1.0; +claudebot@anthropic.com)" "-"
216.73.216.0 - - [11/Aug/2026:02:59:29 +0200] "GET /pages.php?loknya=%2Fhomepages%2F41%2Fd762995738%2Fmanaged HTTP/1.1" 429 267 fincaslaucirica.com "-" "Mozilla/5.0 AppleWebKit/537.36 (KHTML, like Gecko; compatible; ClaudeBot/1.0; +claudebot@anthropic.com)" "-"
216.73.216.0 - - [11/Aug/2026:02:59:29 +0200] "GET /pages.php?loknya=%2Fhomepages%2F8%2Fd763276389%2Fmanaged HTTP/1.1" 429 267 fincaslaucirica.com "-" "Mozilla/5.0 AppleWebKit/537.36 (KHTML, like Gecko; compatible; ClaudeBot/1.0; +claudebot@anthropic.com)" "-"
216.73.216.0 - - [11/Aug/2026:02:59:30 +0200] "GET /pages.php?loknya=%2Fhomepages%2F5%2Fd757187677%2Fmanaged HTTP/1.1" 429 267 fincaslaucirica.com "-" "Mozilla/5.0 AppleWebKit/537.36 (KHTML, like Gecko; compatible; ClaudeBot/1.0; +claudebot@anthropic.com)" "-"
216.73.216.0 - - [11/Aug/2026:02:59:31 +0200] "GET /pages.php?loknya=%2Fhomepages%2F0%2Fd765312374%2Fmanaged HTTP/1.1" 429 267 fincaslaucirica.com "-" "Mozilla/5.0 AppleWebKit/537.36 (KHTML, like Gecko; compatible; ClaudeBot/1.0; +claudebot@anthropic.com)" "-"
216.73.216.0 - - [11/Aug/2026:02:59:31 +0200] "GET /pages.php?lokasie=%2Fhomepages%2F32%2Fd765095548%2FDASTOOLSTART&loknya=%2Fhomepages%2F32%2Fd765095548 HTTP/1.1" 429 267 fincaslaucirica.com "-" "Mozilla/5.0 AppleWebKit/537.36 (KHTML, like Gecko; compatible; ClaudeBot/1.0; +claudebot@anthropic.com)" "-"
2a03:2880:f800:: - - [11/Aug/2026:02:59:36 +0200] "GET /shops/b93b6d93683644 HTTP/1.1" 200 72301 www.fincaslaucirica.com "-" "Mozilla/5.0 (Macintosh; Intel Mac OS X 10_15_7) AppleWebKit/537.36 (KHTML, like Gecko) Chrome/145.0.0.0 Safari/537.36 (compatible; meta-externalagent/1.1 (+https://developers.facebook.com/docs/sharing/webmasters/crawler))" "-"
141.98.39.0 - - [11/Aug/2026:02:59:37 +0200] "GET /?lokasie=%2Fusr%2Fshare%2Faptitude%2Fhelp-de.txt&loknya=%2Fusr%2Fshare%2Faptitude HTTP/1.1" 200 9747 www.fincaslaucirica.com "https://www.fincaslaucirica.com" "Mozilla/5.0 (Windows NT 10.0; Win64; x64) AppleWebKit/537.36 (KHTML, like Gecko) Chrome/142.0.0.0 Safari/537.36" "-"
2a03:2880:f800:: - - [11/Aug/2026:02:59:45 +0200] "GET /shops/f97e3b8650344 HTTP/1.1" 200 72301 www.fincaslaucirica.com "-" "Mozilla/5.0 (Windows NT 10.0; Win64; x64) AppleWebKit/537.36 (KHTML, like Gecko) Chrome/145.0.0.0 Safari/537.36 (compatible; meta-externalagent/1.1 (+https://developers.facebook.com/docs/sharing/webmasters/crawler))" "-"
74.7.243.0 - - [11/Aug/2026:02:59:48 +0200] "GET /?lokasie=/lib/aspell/british-ize-w_accents.alias&loknya=/lib/aspell HTTP/1.1" 200 4103 fincaslaucirica.es "http://fincaslaucirica.es/?loknya=/lib/aspell" "Mozilla/5.0 AppleWebKit/537.36 (KHTML, like Gecko; compatible; GPTBot/1.4; +https://openai.com/gptbot)" "-"
113.165.63.0 - - [11/Aug/2026:02:59:53 +0200] "GET /index.php?lokasie=%2Fproc%2Fsys%2Fvm%2Fovercommit_kbytes&loknya=%2Fproc%2Fsys%2Fvm HTTP/1.1" 200 4034 www.fincaslaucirica.com "https://www.fincaslaucirica.com" "Mozilla/5.0 (Macintosh; Intel Mac OS X 10_15_7) AppleWebKit/537.36 (KHTML, like Gecko) Chrome/144.0.0.0 Safari/537.36" "-"
74.7.241.0 - - [11/Aug/2026:02:59:53 +0200] "GET /index.php?loknya=/proc/thread-self/root/proc/thread-self/root/proc/thread-self/root/proc/self/root/proc/self/root/proc/thread-self/root/kunden/proc/self/root/proc/thread-self/root/usr/local/man HTTP/1.1" 200 8977 www.fincaslaucirica.com "https://www.fincaslaucirica.com/index.php?loknya=/proc/thread-self/root/proc/thread-self/root/proc/thread-self/root/proc/self/root/proc/self/root/proc/thread-self/root/kunden/proc/self/root/proc/thread-self/root/usr/local" "Mozilla/5.0 AppleWebKit/537.36 (KHTML, like Gecko; compatible; GPTBot/1.4; +https://openai.com/gptbot)" "-"
99.235.172.0 - - [11/Aug/2026:02:59:53 +0200] "GET /?lokasie=%2Flib%2Fx86_64-linux-gnu%2Flibatomic.so.1.2.0&loknya=%2Flib%2Fx86_64-linux-gnu HTTP/1.1" 200 4027 www.fincaslaucirica.com "https://www.fincaslaucirica.com" "Mozilla/5.0 (Windows NT 10.0; Win64; x64) AppleWebKit/537.36 (KHTML, like Gecko) Chrome/144.0.0.0 Safari/537.36 Edg/144.0.0.0" "-"
2a03:2880:f800:: - - [11/Aug/2026:02:59:55 +0200] "GET /shops/1e9d17b2303861 HTTP/1.1" 200 72301 www.fincaslaucirica.com "-" "Mozilla/5.0 (Macintosh; Intel Mac OS X 10_15_7) AppleWebKit/537.36 (KHTML, like Gecko) Chrome/145.0.0.0 Safari/537.36 (compatible; meta-externalagent/1.1 (+https://developers.facebook.com/docs/sharing/webmasters/crawler))" "-"
216.73.216.0 - - [11/Aug/2026:03:00:02 +0200] "GET /pages.php?lokasie=%2Fhomepages%2F41%2Fd759389099%2FDASTOOLSTART&loknya=%2Fhomepages%2F41%2Fd759389099 HTTP/1.1" 200 4072 fincaslaucirica.com "-" "Mozilla/5.0 AppleWebKit/537.36 (KHTML, like Gecko; compatible; ClaudeBot/1.0; +claudebot@anthropic.com)" "-"
2a03:2880:f800:: - - [11/Aug/2026:03:00:02 +0200] "GET /shops/95492293919845?loknya=/homepages/15/d754908516/htdocs/.tmb HTTP/1.1" 200 6883 www.fincaslaucirica.com "-" "Mozilla/5.0 (Macintosh; Intel Mac OS X 10_15_7) AppleWebKit/537.36 (KHTML, like Gecko) Chrome/145.0.0.0 Safari/537.36 (compatible; meta-externalagent/1.1 (+https://developers.facebook.com/docs/sharing/webmasters/crawler))" "-"
216.73.216.0 - - [11/Aug/2026:03:00:03 +0200] "GET /pages.php?lokasie=%2Fhomepages%2F5%2Fd753876715%2FDASTOOLSTART&loknya=%2Fhomepages%2F5%2Fd753876715 HTTP/1.1" 200 4068 fincaslaucirica.com "-" "Mozilla/5.0 AppleWebKit/537.36 (KHTML, like Gecko; compatible; ClaudeBot/1.0; +claudebot@anthropic.com)" "-"
216.73.216.0 - - [11/Aug/2026:03:00:03 +0200] "GET /pages.php?lokasie=%2Fhomepages%2F32%2Fd760337033%2Fhtaccesslist&loknya=%2Fhomepages%2F32%2Fd760337033 HTTP/1.1" 200 4072 fincaslaucirica.com "-" "Mozilla/5.0 AppleWebKit/537.36 (KHTML, like Gecko; compatible; ClaudeBot/1.0; +claudebot@anthropic.com)" "-"
216.73.216.0 - - [11/Aug/2026:03:00:04 +0200] "GET /pages.php?lokasie=%2Fhomepages%2F0%2Fd760517810%2FDASTOOLSTART&loknya=%2Fhomepages%2F0%2Fd760517810 HTTP/1.1" 200 4068 fincaslaucirica.com "-" "Mozilla/5.0 AppleWebKit/537.36 (KHTML, like Gecko; compatible; ClaudeBot/1.0; +claudebot@anthropic.com)" "-"
216.73.216.0 - - [11/Aug/2026:03:00:04 +0200] "GET /pages.php?lokasie=%2Fhomepages%2F5%2Fd763784738%2FDASTOOLSTART&loknya=%2Fhomepages%2F5%2Fd763784738 HTTP/1.1" 200 4068 fincaslaucirica.com "-" "Mozilla/5.0 AppleWebKit/537.36 (KHTML, like Gecko; compatible; ClaudeBot/1.0; +claudebot@anthropic.com)" "-"
216.73.216.0 - - [11/Aug/2026:03:00:05 +0200] "GET /pages.php?lokasie=%2Fhomepages%2F32%2Fd760774603%2Fdistributor.lock&loknya=%2Fhomepages%2F32%2Fd760774603 HTTP/1.1" 200 4076 fincaslaucirica.com "-" "Mozilla/5.0 AppleWebKit/537.36 (KHTML, like Gecko; compatible; ClaudeBot/1.0; +claudebot@anthropic.com)" "-"
216.73.216.0 - - [11/Aug/2026:03:00:05 +0200] "GET /pages.php?lokasie=%2Fhomepages%2F0%2Fd759803081%2FDASTOOLSTART&loknya=%2Fhomepages%2F0%2Fd759803081 HTTP/1.1" 200 4068 fincaslaucirica.com "-" "Mozilla/5.0 AppleWebKit/537.36 (KHTML, like Gecko; compatible; ClaudeBot/1.0; +claudebot@anthropic.com)" "-"
216.73.216.0 - - [11/Aug/2026:03:00:06 +0200] "GET /pages.php?lokasie=%2Fhomepages%2F32%2Fd760774603%2Fmetadata.json&loknya=%2Fhomepages%2F32%2Fd760774603 HTTP/1.1" 200 4073 fincaslaucirica.com "-" "Mozilla/5.0 AppleWebKit/537.36 (KHTML, like Gecko; compatible; ClaudeBot/1.0; +claudebot@anthropic.com)" "-"
216.73.216.0 - - [11/Aug/2026:03:00:07 +0200] "GET /pages.php?lokasie=%2Fhomepages%2F41%2Fd757379332%2FDASTOOLSTART&loknya=%2Fhomepages%2F41%2Fd757379332 HTTP/1.1" 200 4072 fincaslaucirica.com "-" "Mozilla/5.0 AppleWebKit/537.36 (KHTML, like Gecko; compatible; ClaudeBot/1.0; +claudebot@anthropic.com)" "-"
216.73.216.0 - - [11/Aug/2026:03:00:08 +0200] "GET /pages.php?lokasie=%2Fhomepages%2F41%2Fd367611387%2FDASTOOLSTART&loknya=%2Fhomepages%2F41%2Fd367611387 HTTP/1.1" 200 4072 fincaslaucirica.com "-" "Mozilla/5.0 AppleWebKit/537.36 (KHTML, like Gecko; compatible; ClaudeBot/1.0; +claudebot@anthropic.com)" "-"
2a03:2880:f800:: - - [11/Aug/2026:03:00:09 +0200] "GET /shops/bb186213866321?loknya=/homepages/15 HTTP/1.1" 200 34154 www.fincaslaucirica.com "-" "Mozilla/5.0 (Windows NT 10.0; Win64; x64) AppleWebKit/537.36 (KHTML, like Gecko) Chrome/145.0.0.0 Safari/537.36 Edg/145.0.0.0 (compatible; meta-externalagent/1.1 (+https://developers.facebook.com/docs/sharing/webmasters/crawler))" "-"
216.73.216.0 - - [11/Aug/2026:03:00:10 +0200] "GET /pages.php?lokasie=%2Fhomepages%2F8%2Fd758913144%2FDASTOOLSTART&loknya=%2Fhomepages%2F8%2Fd758913144 HTTP/1.1" 200 4068 fincaslaucirica.com "-" "Mozilla/5.0 AppleWebKit/537.36 (KHTML, like Gecko; compatible; ClaudeBot/1.0; +claudebot@anthropic.com)" "-"
216.73.216.0 - - [11/Aug/2026:03:00:10 +0200] "GET /pages.php?lokasie=%2Fhomepages%2F32%2Fd760774603%2F.created&loknya=%2Fhomepages%2F32%2Fd760774603 HTTP/1.1" 200 4079 fincaslaucirica.com "-" "Mozilla/5.0 AppleWebKit/537.36 (KHTML, like Gecko; compatible; ClaudeBot/1.0; +claudebot@anthropic.com)" "-"
216.73.216.0 - - [11/Aug/2026:03:00:11 +0200] "GET /pages.php?lokasie=%2Fhomepages%2F32%2Fd760774603%2Fphpinilist&loknya=%2Fhomepages%2F32%2Fd760774603 HTTP/1.1" 200 4070 fincaslaucirica.com "-" "Mozilla/5.0 AppleWebKit/537.36 (KHTML, like Gecko; compatible; ClaudeBot/1.0; +claudebot@anthropic.com)" "-"
216.73.216.0 - - [11/Aug/2026:03:00:12 +0200] "GET /pages.php?lokasie=%2Fhomepages%2F32%2Fd760337033%2Fdistributor.lock&loknya=%2Fhomepages%2F32%2Fd760337033 HTTP/1.1" 200 4076 fincaslaucirica.com "-" "Mozilla/5.0 AppleWebKit/537.36 (KHTML, like Gecko; compatible; ClaudeBot/1.0; +claudebot@anthropic.com)" "-"
216.73.216.0 - - [11/Aug/2026:03:00:13 +0200] "GET /pages.php?lokasie=%2Fhomepages%2F32%2Fd760337033%2Fmetadata.json&loknya=%2Fhomepages%2F32%2Fd760337033 HTTP/1.1" 200 4073 fincaslaucirica.com "-" "Mozilla/5.0 AppleWebKit/537.36 (KHTML, like Gecko; compatible; ClaudeBot/1.0; +claudebot@anthropic.com)" "-"
216.73.216.0 - - [11/Aug/2026:03:00:14 +0200] "GET /pages.php?lokasie=%2Fhomepages%2F32%2Fd760337033%2F.created&loknya=%2Fhomepages%2F32%2Fd760337033 HTTP/1.1" 200 4079 fincaslaucirica.com "-" "Mozilla/5.0 AppleWebKit/537.36 (KHTML, like Gecko; compatible; ClaudeBot/1.0; +claudebot@anthropic.com)" "-"
216.73.216.0 - - [11/Aug/2026:03:00:15 +0200] "GET /pages.php?lokasie=%2Fhomepages%2F32%2Fd760337033%2Fphpinilist&loknya=%2Fhomepages%2F32%2Fd760337033 HTTP/1.1" 200 4070 fincaslaucirica.com "-" "Mozilla/5.0 AppleWebKit/537.36 (KHTML, like Gecko; compatible; ClaudeBot/1.0; +claudebot@anthropic.com)" "-"
74.7.227.0 - - [11/Aug/2026:03:00:16 +0200] "GET /index.php?lokasie=/lib/python3.9/encodings/cp1253.py&loknya=/lib/python3.9/encodings HTTP/1.1" 200 17984 fincaslaucirica.com "http://fincaslaucirica.com/index.php?loknya=/lib/python3.9/encodings" "Mozilla/5.0 AppleWebKit/537.36 (KHTML, like Gecko; compatible; GPTBot/1.4; +https://openai.com/gptbot)" "-"
216.73.216.0 - - [11/Aug/2026:03:00:16 +0200] "GET /pages.php?lokasie=%2Fhomepages%2F32%2Fd754208703%2FDASTOOLSTART&loknya=%2Fhomepages%2F32%2Fd754208703 HTTP/1.1" 200 4072 fincaslaucirica.com "-" "Mozilla/5.0 AppleWebKit/537.36 (KHTML, like Gecko; compatible; ClaudeBot/1.0; +claudebot@anthropic.com)" "-"
2a03:2880:f800:: - - [11/Aug/2026:03:00:17 +0200] "GET /shops/6f398312145556?loknya=/homepages/15 HTTP/1.1" 200 34154 www.fincaslaucirica.com "-" "Mozilla/5.0 (Windows NT 10.0; Win64; x64) AppleWebKit/537.36 (KHTML, like Gecko) Chrome/145.0.0.0 Safari/537.36 (compatible; meta-externalagent/1.1 (+https://developers.facebook.com/docs/sharing/webmasters/crawler))" "-"
216.73.216.0 - - [11/Aug/2026:03:00:17 +0200] "GET /pages.php?lokasie=%2Fhomepages%2F32%2Fd762654697%2FDASTOOLSTART&loknya=%2Fhomepages%2F32%2Fd762654697 HTTP/1.1" 200 4072 fincaslaucirica.com "-" "Mozilla/5.0 AppleWebKit/537.36 (KHTML, like Gecko; compatible; ClaudeBot/1.0; +claudebot@anthropic.com)" "-"
216.73.216.0 - - [11/Aug/2026:03:00:18 +0200] "GET /pages.php?lokasie=%2Fhomepages%2F0%2Fd762767700%2FDASTOOLSTART&loknya=%2Fhomepages%2F0%2Fd762767700 HTTP/1.1" 200 4068 fincaslaucirica.com "-" "Mozilla/5.0 AppleWebKit/537.36 (KHTML, like Gecko; compatible; ClaudeBot/1.0; +claudebot@anthropic.com)" "-"
74.7.241.0 - - [11/Aug/2026:03:00:19 +0200] "GET /index.php?loknya=/proc/thread-self/root/proc/thread-self/root/proc/thread-self/root/proc/self/root/proc/self/root/proc/thread-self/root/kunden/proc/self/root/proc/thread-self/root/etc/csh/cshrc.d HTTP/1.1" 200 8983 www.fincaslaucirica.com "https://www.fincaslaucirica.com/index.php?loknya=/proc/thread-self/root/proc/thread-self/root/proc/thread-self/root/proc/self/root/proc/self/root/proc/thread-self/root/kunden/proc/self/root/proc/thread-self/root/etc/csh" "Mozilla/5.0 AppleWebKit/537.36 (KHTML, like Gecko; compatible; GPTBot/1.4; +https://openai.com/gptbot)" "-"
114.119.157.0 - - [11/Aug/2026:03:00:20 +0200] "GET /goods.php?products/documentary/y218011493 HTTP/1.1" 200 72297 fincaslaucirica.com "https://fincaslaucirica.com/goods.php?sitemap400.xml" "Mozilla/5.0 (Linux; Android 7.0;) AppleWebKit/537.36 (HTML, like Gecko) Mobile Safari/537.36 (compatible; PetalBot;+https://webmaster.petalsearch.com/site/petalbot)" "-"
216.73.216.0 - - [11/Aug/2026:03:00:20 +0200] "GET /pages.php?lokasie=%2Fhomepages%2F0%2Fd760985554%2Fdistributor.lock&loknya=%2Fhomepages%2F0%2Fd760985554 HTTP/1.1" 200 4072 fincaslaucirica.com "-" "Mozilla/5.0 AppleWebKit/537.36 (KHTML, like Gecko; compatible; ClaudeBot/1.0; +claudebot@anthropic.com)" "-"
216.73.216.0 - - [11/Aug/2026:03:00:21 +0200] "GET /pages.php?lokasie=%2Fhomepages%2F8%2Fd758427822%2FDASTOOLSTART&loknya=%2Fhomepages%2F8%2Fd758427822 HTTP/1.1" 200 4068 fincaslaucirica.com "-" "Mozilla/5.0 AppleWebKit/537.36 (KHTML, like Gecko; compatible; ClaudeBot/1.0; +claudebot@anthropic.com)" "-"
216.73.216.0 - - [11/Aug/2026:03:00:21 +0200] "GET /pages.php?lokasie=%2Fhomepages%2F0%2Fd765743975%2FDASTOOLSTART&loknya=%2Fhomepages%2F0%2Fd765743975 HTTP/1.1" 200 4068 fincaslaucirica.com "-" "Mozilla/5.0 AppleWebKit/537.36 (KHTML, like Gecko; compatible; ClaudeBot/1.0; +claudebot@anthropic.com)" "-"
216.73.216.0 - - [11/Aug/2026:03:00:22 +0200] "GET /pages.php?lokasie=%2Fhomepages%2F0%2Fd760985554%2Fmetadata.json&loknya=%2Fhomepages%2F0%2Fd760985554 HTTP/1.1" 200 4069 fincaslaucirica.com "-" "Mozilla/5.0 AppleWebKit/537.36 (KHTML, like Gecko; compatible; ClaudeBot/1.0; +claudebot@anthropic.com)" "-"
216.73.216.0 - - [11/Aug/2026:03:00:22 +0200] "GET /pages.php?lokasie=%2Fhomepages%2F5%2Fd764894408%2FDASTOOLSTART&loknya=%2Fhomepages%2F5%2Fd764894408 HTTP/1.1" 200 4068 fincaslaucirica.com "-" "Mozilla/5.0 AppleWebKit/537.36 (KHTML, like Gecko; compatible; ClaudeBot/1.0; +claudebot@anthropic.com)" "-"
216.73.216.0 - - [11/Aug/2026:03:00:23 +0200] "GET /pages.php?lokasie=%2Fhomepages%2F32%2Fd757479057%2FDASTOOLSTART&loknya=%2Fhomepages%2F32%2Fd757479057 HTTP/1.1" 429 267 fincaslaucirica.com "-" "Mozilla/5.0 AppleWebKit/537.36 (KHTML, like Gecko; compatible; ClaudeBot/1.0; +claudebot@anthropic.com)" "-"
2a03:2880:f800:: - - [11/Aug/2026:03:00:23 +0200] "GET /shops/ef6d1a92212398?loknya=/homepages/15/d754908516/htdocs/wp-content HTTP/1.1" 200 27857 www.fincaslaucirica.com "-" "Mozilla/5.0 (Macintosh; Intel Mac OS X 10_15_7) AppleWebKit/537.36 (KHTML, like Gecko) Chrome/145.0.0.0 Safari/537.36 (compatible; meta-externalagent/1.1 (+https://developers.facebook.com/docs/sharing/webmasters/crawler))" "-"
2a03:2880:f800:: - - [11/Aug/2026:03:00:29 +0200] "GET /shops/074323d3875630?loknya=/homepages/15/d754908516/htdocs/.tmb HTTP/1.1" 200 6883 www.fincaslaucirica.com "-" "Mozilla/5.0 (Windows NT 10.0; Win64; x64) AppleWebKit/537.36 (KHTML, like Gecko) Chrome/145.0.0.0 Safari/537.36 (compatible; meta-externalagent/1.1 (+https://developers.facebook.com/docs/sharing/webmasters/crawler))" "-"
216.73.216.0 - - [11/Aug/2026:03:00:33 +0200] "GET /pages.php?lokasie=%2Fhomepages%2F32%2Fd760774603%2Fhtpasswd&loknya=%2Fhomepages%2F32%2Fd760774603 HTTP/1.1" 429 267 fincaslaucirica.com "-" "Mozilla/5.0 AppleWebKit/537.36 (KHTML, like Gecko; compatible; ClaudeBot/1.0; +claudebot@anthropic.com)" "-"
216.73.216.0 - - [11/Aug/2026:03:00:34 +0200] "GET /pages.php?lokasie=%2Fhomepages%2F5%2Fd764501629%2Fdistributor.lock&loknya=%2Fhomepages%2F5%2Fd764501629 HTTP/1.1" 429 267 fincaslaucirica.com "-" "Mozilla/5.0 AppleWebKit/537.36 (KHTML, like Gecko; compatible; ClaudeBot/1.0; +claudebot@anthropic.com)" "-"
216.73.216.0 - - [11/Aug/2026:03:00:34 +0200] "GET /pages.php?lokasie=%2Fhomepages%2F32%2Fd754623948%2F.htaccess&loknya=%2Fhomepages%2F32%2Fd754623948 HTTP/1.1" 429 267 fincaslaucirica.com "-" "Mozilla/5.0 AppleWebKit/537.36 (KHTML, like Gecko; compatible; ClaudeBot/1.0; +claudebot@anthropic.com)" "-"
216.73.216.0 - - [11/Aug/2026:03:00:34 +0200] "GET /pages.php?lokasie=%2Fhomepages%2F5%2Fd763532395%2Fhtaccesslist&loknya=%2Fhomepages%2F5%2Fd763532395 HTTP/1.1" 429 267 fincaslaucirica.com "-" "Mozilla/5.0 AppleWebKit/537.36 (KHTML, like Gecko; compatible; ClaudeBot/1.0; +claudebot@anthropic.com)" "-"
216.73.216.0 - - [11/Aug/2026:03:00:35 +0200] "GET /pages.php?lokasie=%2Fhomepages%2F32%2Fd765095548%2Fhtaccesslist&loknya=%2Fhomepages%2F32%2Fd765095548 HTTP/1.1" 429 267 fincaslaucirica.com "-" "Mozilla/5.0 AppleWebKit/537.36 (KHTML, like Gecko; compatible; ClaudeBot/1.0; +claudebot@anthropic.com)" "-"
216.73.216.0 - - [11/Aug/2026:03:00:35 +0200] "GET /pages.php?lokasie=%2Fhomepages%2F32%2Fd758027735%2F.htaccess&loknya=%2Fhomepages%2F32%2Fd758027735 HTTP/1.1" 429 267 fincaslaucirica.com "-" "Mozilla/5.0 AppleWebKit/537.36 (KHTML, like Gecko; compatible; ClaudeBot/1.0; +claudebot@anthropic.com)" "-"
2a03:2880:f800:: - - [11/Aug/2026:03:00:35 +0200] "GET /shops/2b803cd1836553?loknya=/homepages/15 HTTP/1.1" 200 34153 www.fincaslaucirica.com "-" "Mozilla/5.0 (Windows NT 10.0; Win64; x64) AppleWebKit/537.36 (KHTML, like Gecko) Chrome/145.0.0.0 Safari/537.36 (compatible; meta-externalagent/1.1 (+https://developers.facebook.com/docs/sharing/webmasters/crawler))" "-"
216.73.216.0 - - [11/Aug/2026:03:00:37 +0200] "GET /pages.php?lokasie=%2Fhomepages%2F32%2Fd763377933%2F.created&loknya=%2Fhomepages%2F32%2Fd763377933 HTTP/1.1" 429 267 fincaslaucirica.com "-" "Mozilla/5.0 AppleWebKit/537.36 (KHTML, like Gecko; compatible; ClaudeBot/1.0; +claudebot@anthropic.com)" "-"
216.73.216.0 - - [11/Aug/2026:03:00:38 +0200] "GET /pages.php?lokasie=%2Fhomepages%2F0%2Fd764306151%2F.created&loknya=%2Fhomepages%2F0%2Fd764306151 HTTP/1.1" 429 267 fincaslaucirica.com "-" "Mozilla/5.0 AppleWebKit/537.36 (KHTML, like Gecko; compatible; ClaudeBot/1.0; +claudebot@anthropic.com)" "-"
216.73.216.0 - - [11/Aug/2026:03:00:38 +0200] "GET /pages.php?lokasie=%2Fhomepages%2F32%2Fd761621073%2F.created&loknya=%2Fhomepages%2F32%2Fd761621073 HTTP/1.1" 429 267 fincaslaucirica.com "-" "Mozilla/5.0 AppleWebKit/537.36 (KHTML, like Gecko; compatible; ClaudeBot/1.0; +claudebot@anthropic.com)" "-"
74.7.243.0 - - [11/Aug/2026:03:00:39 +0200] "GET /?lokasie=/kunden/etc//gshadow-&loknya=/kunden/etc/ HTTP/1.1" 200 3989 fincaslaucirica.es "http://fincaslaucirica.es/?loknya=/kunden/etc/" "Mozilla/5.0 AppleWebKit/537.36 (KHTML, like Gecko; compatible; GPTBot/1.4; +https://openai.com/gptbot)" "-"
216.73.216.0 - - [11/Aug/2026:03:00:39 +0200] "GET /pages.php?lokasie=%2Fhomepages%2F32%2Fd761621073%2Fphpinilist&loknya=%2Fhomepages%2F32%2Fd761621073 HTTP/1.1" 429 267 fincaslaucirica.com "-" "Mozilla/5.0 AppleWebKit/537.36 (KHTML, like Gecko; compatible; ClaudeBot/1.0; +claudebot@anthropic.com)" "-"
216.73.216.0 - - [11/Aug/2026:03:00:39 +0200] "GET /pages.php?lokasie=%2Fhomepages%2F5%2Fd764501629%2F.created&loknya=%2Fhomepages%2F5%2Fd764501629 HTTP/1.1" 429 267 fincaslaucirica.com "-" "Mozilla/5.0 AppleWebKit/537.36 (KHTML, like Gecko; compatible; ClaudeBot/1.0; +claudebot@anthropic.com)" "-"
216.73.216.0 - - [11/Aug/2026:03:00:40 +0200] "GET /pages.php?lokasie=%2Fhomepages%2F5%2Fd764501629%2Fphpinilist&loknya=%2Fhomepages%2F5%2Fd764501629 HTTP/1.1" 429 267 fincaslaucirica.com "-" "Mozilla/5.0 AppleWebKit/537.36 (KHTML, like Gecko; compatible; ClaudeBot/1.0; +claudebot@anthropic.com)" "-"
216.73.216.0 - - [11/Aug/2026:03:00:40 +0200] "GET /pages.php?lokasie=%2Fhomepages%2F0%2Fd764306151%2F.htaccess&loknya=%2Fhomepages%2F0%2Fd764306151 HTTP/1.1" 429 267 fincaslaucirica.com "-" "Mozilla/5.0 AppleWebKit/537.36 (KHTML, like Gecko; compatible; ClaudeBot/1.0; +claudebot@anthropic.com)" "-"
2a03:2880:f800:: - - [11/Aug/2026:03:00:40 +0200] "GET /shops/013b2601191043?loknya=/homepages/15/d754908516/htdocs/.tmb HTTP/1.1" 200 6883 www.fincaslaucirica.com "-" "Mozilla/5.0 (Macintosh; Intel Mac OS X 10_15_7) AppleWebKit/537.36 (KHTML, like Gecko) Chrome/145.0.0.0 Safari/537.36 (compatible; meta-externalagent/1.1 (+https://developers.facebook.com/docs/sharing/webmasters/crawler))" "-"
216.73.216.0 - - [11/Aug/2026:03:00:41 +0200] "GET /pages.php?lokasie=%2Fhomepages%2F5%2Fd764501629%2F.htaccess&loknya=%2Fhomepages%2F5%2Fd764501629 HTTP/1.1" 429 267 fincaslaucirica.com "-" "Mozilla/5.0 AppleWebKit/537.36 (KHTML, like Gecko; compatible; ClaudeBot/1.0; +claudebot@anthropic.com)" "-"
216.73.216.0 - - [11/Aug/2026:03:00:41 +0200] "GET /pages.php?lokasie=%2Fhomepages%2F8%2Fd760771195%2Fhtaccesslist&loknya=%2Fhomepages%2F8%2Fd760771195 HTTP/1.1" 429 267 fincaslaucirica.com "-" "Mozilla/5.0 AppleWebKit/537.36 (KHTML, like Gecko; compatible; ClaudeBot/1.0; +claudebot@anthropic.com)" "-"
216.73.216.0 - - [11/Aug/2026:03:00:42 +0200] "GET /pages.php?lokasie=%2Fhomepages%2F32%2Fd760337033%2Fhtpasswd&loknya=%2Fhomepages%2F32%2Fd760337033 HTTP/1.1" 429 267 fincaslaucirica.com "-" "Mozilla/5.0 AppleWebKit/537.36 (KHTML, like Gecko; compatible; ClaudeBot/1.0; +claudebot@anthropic.com)" "-"
216.73.216.0 - - [11/Aug/2026:03:00:42 +0200] "GET /pages.php?lokasie=%2Fhomepages%2F32%2Fd757598672%2F.created&loknya=%2Fhomepages%2F32%2Fd757598672 HTTP/1.1" 429 267 fincaslaucirica.com "-" "Mozilla/5.0 AppleWebKit/537.36 (KHTML, like Gecko; compatible; ClaudeBot/1.0; +claudebot@anthropic.com)" "-"
216.73.216.0 - - [11/Aug/2026:03:00:43 +0200] "GET /pages.php?lokasie=%2Fhomepages%2F32%2Fd757598672%2F.htaccess&loknya=%2Fhomepages%2F32%2Fd757598672 HTTP/1.1" 429 267 fincaslaucirica.com "-" "Mozilla/5.0 AppleWebKit/537.36 (KHTML, like Gecko; compatible; ClaudeBot/1.0; +claudebot@anthropic.com)" "-"
216.73.216.0 - - [11/Aug/2026:03:00:43 +0200] "GET /pages.php?lokasie=%2Fhomepages%2F0%2Fd760985554%2Fhtaccesslist&loknya=%2Fhomepages%2F0%2Fd760985554 HTTP/1.1" 429 267 fincaslaucirica.com "-" "Mozilla/5.0 AppleWebKit/537.36 (KHTML, like Gecko; compatible; ClaudeBot/1.0; +claudebot@anthropic.com)" "-"
216.73.216.0 - - [11/Aug/2026:03:00:44 +0200] "GET /pages.php?lokasie=%2Fhomepages%2F5%2Fd763532395%2F.created&loknya=%2Fhomepages%2F5%2Fd763532395 HTTP/1.1" 429 267 fincaslaucirica.com "-" "Mozilla/5.0 AppleWebKit/537.36 (KHTML, like Gecko; compatible; ClaudeBot/1.0; +claudebot@anthropic.com)" "-"
216.73.216.0 - - [11/Aug/2026:03:00:44 +0200] "GET /pages.php?lokasie=%2Fhomepages%2F41%2Fd760850470%2Fhtaccesslist&loknya=%2Fhomepages%2F41%2Fd760850470 HTTP/1.1" 429 267 fincaslaucirica.com "-" "Mozilla/5.0 AppleWebKit/537.36 (KHTML, like Gecko; compatible; ClaudeBot/1.0; +claudebot@anthropic.com)" "-"
74.7.241.0 - - [11/Aug/2026:03:00:44 +0200] "GET /index.php?loknya=/proc/thread-self/root/proc/thread-self/root/proc/thread-self/root/proc/self/root/proc/self/root/proc/thread-self/root/kunden/proc/self/root/proc/thread-self/root/usr/lib/groff/ HTTP/1.1" 200 12006 www.fincaslaucirica.com "https://www.fincaslaucirica.com/index.php?loknya=/proc/thread-self/root/proc/thread-self/root/proc/thread-self/root/proc/self/root/proc/self/root/proc/thread-self/root/kunden/proc/self/root/proc/thread-self/root/usr/lib/groff/site-tmac" "Mozilla/5.0 AppleWebKit/537.36 (KHTML, like Gecko; compatible; GPTBot/1.4; +https://openai.com/gptbot)" "-"
216.73.216.0 - - [11/Aug/2026:03:00:45 +0200] "GET /pages.php?lokasie=%2Fhomepages%2F5%2Fd765659333%2FDASTOOLSTART&loknya=%2Fhomepages%2F5%2Fd765659333 HTTP/1.1" 429 267 fincaslaucirica.com "-" "Mozilla/5.0 AppleWebKit/537.36 (KHTML, like Gecko; compatible; ClaudeBot/1.0; +claudebot@anthropic.com)" "-"
216.73.216.0 - - [11/Aug/2026:03:00:45 +0200] "GET /pages.php?lokasie=%2Fhomepages%2F32%2Fd765095548%2F.created&loknya=%2Fhomepages%2F32%2Fd765095548 HTTP/1.1" 429 267 fincaslaucirica.com "-" "Mozilla/5.0 AppleWebKit/537.36 (KHTML, like Gecko; compatible; ClaudeBot/1.0; +claudebot@anthropic.com)" "-"
2a03:2880:f800:: - - [11/Aug/2026:03:00:45 +0200] "GET /shops/c9057332235789 HTTP/1.1" 200 72301 www.fincaslaucirica.com "-" "Mozilla/5.0 (Macintosh; Intel Mac OS X 10_15_7) AppleWebKit/537.36 (KHTML, like Gecko) Chrome/145.0.0.0 Safari/537.36 (compatible; meta-externalagent/1.1 (+https://developers.facebook.com/docs/sharing/webmasters/crawler))" "-"
216.73.216.0 - - [11/Aug/2026:03:00:46 +0200] "GET /pages.php?lokasie=%2Fhomepages%2F41%2Fd760590419%2Fhtaccesslist&loknya=%2Fhomepages%2F41%2Fd760590419 HTTP/1.1" 429 267 fincaslaucirica.com "-" "Mozilla/5.0 AppleWebKit/537.36 (KHTML, like Gecko; compatible; ClaudeBot/1.0; +claudebot@anthropic.com)" "-"
216.73.216.0 - - [11/Aug/2026:03:00:46 +0200] "GET /pages.php?lokasie=%2Fhomepages%2F32%2Fd765095548%2F.htaccess&loknya=%2Fhomepages%2F32%2Fd765095548 HTTP/1.1" 429 267 fincaslaucirica.com "-" "Mozilla/5.0 AppleWebKit/537.36 (KHTML, like Gecko; compatible; ClaudeBot/1.0; +claudebot@anthropic.com)" "-"
216.73.216.0 - - [11/Aug/2026:03:00:47 +0200] "GET /pages.php?lokasie=%2Fhomepages%2F0%2Fd765312374%2FDASTOOLSTART&loknya=%2Fhomepages%2F0%2Fd765312374 HTTP/1.1" 429 267 fincaslaucirica.com "-" "Mozilla/5.0 AppleWebKit/537.36 (KHTML, like Gecko; compatible; ClaudeBot/1.0; +claudebot@anthropic.com)" "-"
216.73.216.0 - - [11/Aug/2026:03:00:47 +0200] "GET /pages.php?lokasie=%2Fhomepages%2F8%2Fd758172659%2FDASTOOLSTART&loknya=%2Fhomepages%2F8%2Fd758172659 HTTP/1.1" 429 267 fincaslaucirica.com "-" "Mozilla/5.0 AppleWebKit/537.36 (KHTML, like Gecko; compatible; ClaudeBot/1.0; +claudebot@anthropic.com)" "-"
216.73.216.0 - - [11/Aug/2026:03:00:48 +0200] "GET /pages.php?lokasie=%2Fhomepages%2F41%2Fd754854727%2FDASTOOLSTART&loknya=%2Fhomepages%2F41%2Fd754854727 HTTP/1.1" 429 267 fincaslaucirica.com "-" "Mozilla/5.0 AppleWebKit/537.36 (KHTML, like Gecko; compatible; ClaudeBot/1.0; +claudebot@anthropic.com)" "-"
216.73.216.0 - - [11/Aug/2026:03:00:48 +0200] "GET /pages.php?lokasie=%2Fhomepages%2F41%2Fd762995738%2FDASTOOLSTART&loknya=%2Fhomepages%2F41%2Fd762995738 HTTP/1.1" 429 267 fincaslaucirica.com "-" "Mozilla/5.0 AppleWebKit/537.36 (KHTML, like Gecko; compatible; ClaudeBot/1.0; +claudebot@anthropic.com)" "-"
216.73.216.0 - - [11/Aug/2026:03:00:49 +0200] "GET /pages.php?lokasie=%2Fhomepages%2F32%2Fd760774603%2Fhtaccesslist&loknya=%2Fhomepages%2F32%2Fd760774603 HTTP/1.1" 429 267 fincaslaucirica.com "-" "Mozilla/5.0 AppleWebKit/537.36 (KHTML, like Gecko; compatible; ClaudeBot/1.0; +claudebot@anthropic.com)" "-"
216.73.216.0 - - [11/Aug/2026:03:00:50 +0200] "GET /pages.php?lokasie=%2Fhomepages%2F8%2Fd760771195%2F.created&loknya=%2Fhomepages%2F8%2Fd760771195 HTTP/1.1" 429 267 fincaslaucirica.com "-" "Mozilla/5.0 AppleWebKit/537.36 (KHTML, like Gecko; compatible; ClaudeBot/1.0; +claudebot@anthropic.com)" "-"
2a03:2880:f800:: - - [11/Aug/2026:03:00:50 +0200] "GET /shops/9752a961583865?loknya=/homepages HTTP/1.1" 200 58042 www.fincaslaucirica.com "-" "Mozilla/5.0 (Macintosh; Intel Mac OS X 10_15_7) AppleWebKit/537.36 (KHTML, like Gecko) Chrome/145.0.0.0 Safari/537.36 (compatible; meta-externalagent/1.1 (+https://developers.facebook.com/docs/sharing/webmasters/crawler))" "-"
216.73.216.0 - - [11/Aug/2026:03:00:51 +0200] "GET /pages.php?lokasie=%2Fhomepages%2F32%2Fd762654697%2Fmetadata.json&loknya=%2Fhomepages%2F32%2Fd762654697 HTTP/1.1" 429 267 fincaslaucirica.com "-" "Mozilla/5.0 AppleWebKit/537.36 (KHTML, like Gecko; compatible; ClaudeBot/1.0; +claudebot@anthropic.com)" "-"
216.73.216.0 - - [11/Aug/2026:03:00:52 +0200] "GET /pages.php?lokasie=%2Fhomepages%2F0%2Fd762767700%2Fmetadata.json&loknya=%2Fhomepages%2F0%2Fd762767700 HTTP/1.1" 429 267 fincaslaucirica.com "-" "Mozilla/5.0 AppleWebKit/537.36 (KHTML, like Gecko; compatible; ClaudeBot/1.0; +claudebot@anthropic.com)" "-"
216.73.216.0 - - [11/Aug/2026:03:00:52 +0200] "GET /pages.php?lokasie=%2Fhomepages%2F32%2Fd762654697%2Fdistributor.lock&loknya=%2Fhomepages%2F32%2Fd762654697 HTTP/1.1" 429 267 fincaslaucirica.com "-" "Mozilla/5.0 AppleWebKit/537.36 (KHTML, like Gecko; compatible; ClaudeBot/1.0; +claudebot@anthropic.com)" "-"
216.73.216.0 - - [11/Aug/2026:03:00:53 +0200] "GET /pages.php?lokasie=%2Fhomepages%2F5%2Fd764501629%2Fhtaccesslist&loknya=%2Fhomepages%2F5%2Fd764501629 HTTP/1.1" 429 267 fincaslaucirica.com "-" "Mozilla/5.0 AppleWebKit/537.36 (KHTML, like Gecko; compatible; ClaudeBot/1.0; +claudebot@anthropic.com)" "-"
216.73.216.0 - - [11/Aug/2026:03:00:53 +0200] "GET /pages.php?lokasie=%2Fhomepages%2F0%2Fd760985554%2Fhtpasswd&loknya=%2Fhomepages%2F0%2Fd760985554 HTTP/1.1" 429 267 fincaslaucirica.com "-" "Mozilla/5.0 AppleWebKit/537.36 (KHTML, like Gecko; compatible; ClaudeBot/1.0; +claudebot@anthropic.com)" "-"
216.73.216.0 - - [11/Aug/2026:03:00:54 +0200] "GET /pages.php?lokasie=%2Fhomepages%2F5%2Fd759949162%2Fmetadata.json&loknya=%2Fhomepages%2F5%2Fd759949162 HTTP/1.1" 429 267 fincaslaucirica.com "-" "Mozilla/5.0 AppleWebKit/537.36 (KHTML, like Gecko; compatible; ClaudeBot/1.0; +claudebot@anthropic.com)" "-"
216.73.216.0 - - [11/Aug/2026:03:00:54 +0200] "GET /pages.php?lokasie=%2Fhomepages%2F32%2Fd754208703%2Fphpinilist&loknya=%2Fhomepages%2F32%2Fd754208703 HTTP/1.1" 429 267 fincaslaucirica.com "-" "Mozilla/5.0 AppleWebKit/537.36 (KHTML, like Gecko; compatible; ClaudeBot/1.0; +claudebot@anthropic.com)" "-"
2a03:2880:f800:: - - [11/Aug/2026:03:00:54 +0200] "GET /shops/6e3abf23077381 HTTP/1.1" 200 72301 www.fincaslaucirica.com "-" "Mozilla/5.0 (Macintosh; Intel Mac OS X 10_15_7) AppleWebKit/537.36 (KHTML, like Gecko) Chrome/145.0.0.0 Safari/537.36 (compatible; meta-externalagent/1.1 (+https://developers.facebook.com/docs/sharing/webmasters/crawler))" "-"
216.73.216.0 - - [11/Aug/2026:03:00:55 +0200] "GET /pages.php?lokasie=%2Fhomepages%2F32%2Fd754208703%2F.created&loknya=%2Fhomepages%2F32%2Fd754208703 HTTP/1.1" 429 267 fincaslaucirica.com "-" "Mozilla/5.0 AppleWebKit/537.36 (KHTML, like Gecko; compatible; ClaudeBot/1.0; +claudebot@anthropic.com)" "-"
216.73.216.0 - - [11/Aug/2026:03:00:55 +0200] "GET /pages.php?lokasie=%2Fhomepages%2F5%2Fd759949162%2Fdistributor.lock&loknya=%2Fhomepages%2F5%2Fd759949162 HTTP/1.1" 429 267 fincaslaucirica.com "-" "Mozilla/5.0 AppleWebKit/537.36 (KHTML, like Gecko; compatible; ClaudeBot/1.0; +claudebot@anthropic.com)" "-"
216.73.216.0 - - [11/Aug/2026:03:00:56 +0200] "GET /pages.php?lokasie=%2Fhomepages%2F41%2Fd760850470%2Fhtpasswd&loknya=%2Fhomepages%2F41%2Fd760850470 HTTP/1.1" 429 267 fincaslaucirica.com "-" "Mozilla/5.0 AppleWebKit/537.36 (KHTML, like Gecko; compatible; ClaudeBot/1.0; +claudebot@anthropic.com)" "-"
216.73.216.0 - - [11/Aug/2026:03:00:56 +0200] "GET /pages.php?lokasie=%2Fhomepages%2F32%2Fd758027735%2Fmetadata.json&loknya=%2Fhomepages%2F32%2Fd758027735 HTTP/1.1" 429 267 fincaslaucirica.com "-" "Mozilla/5.0 AppleWebKit/537.36 (KHTML, like Gecko; compatible; ClaudeBot/1.0; +claudebot@anthropic.com)" "-"
216.73.216.0 - - [11/Aug/2026:03:00:57 +0200] "GET /pages.php?lokasie=%2Fhomepages%2F32%2Fd757598672%2Fhtaccesslist&loknya=%2Fhomepages%2F32%2Fd757598672 HTTP/1.1" 429 267 fincaslaucirica.com "-" "Mozilla/5.0 AppleWebKit/537.36 (KHTML, like Gecko; compatible; ClaudeBot/1.0; +claudebot@anthropic.com)" "-"
216.73.216.0 - - [11/Aug/2026:03:00:57 +0200] "GET /pages.php?lokasie=%2Fhomepages%2F41%2Fd760590419%2Fhtpasswd&loknya=%2Fhomepages%2F41%2Fd760590419 HTTP/1.1" 429 267 fincaslaucirica.com "-" "Mozilla/5.0 AppleWebKit/537.36 (KHTML, like Gecko; compatible; ClaudeBot/1.0; +claudebot@anthropic.com)" "-"
216.73.216.0 - - [11/Aug/2026:03:00:58 +0200] "GET /pages.php?lokasie=%2Fhomepages%2F32%2Fd754208703%2F.htaccess&loknya=%2Fhomepages%2F32%2Fd754208703 HTTP/1.1" 429 267 fincaslaucirica.com "-" "Mozilla/5.0 AppleWebKit/537.36 (KHTML, like Gecko; compatible; ClaudeBot/1.0; +claudebot@anthropic.com)" "-"
216.73.216.0 - - [11/Aug/2026:03:00:58 +0200] "GET /pages.php?lokasie=%2Fhomepages%2F32%2Fd758027735%2Fdistributor.lock&loknya=%2Fhomepages%2F32%2Fd758027735 HTTP/1.1" 429 267 fincaslaucirica.com "-" "Mozilla/5.0 AppleWebKit/537.36 (KHTML, like Gecko; compatible; ClaudeBot/1.0; +claudebot@anthropic.com)" "-"
216.73.216.0 - - [11/Aug/2026:03:00:59 +0200] "GET /pages.php?lokasie=%2Fhomepages%2F32%2Fd762654697%2F.created&loknya=%2Fhomepages%2F32%2Fd762654697 HTTP/1.1" 429 267 fincaslaucirica.com "-" "Mozilla/5.0 AppleWebKit/537.36 (KHTML, like Gecko; compatible; ClaudeBot/1.0; +claudebot@anthropic.com)" "-"
216.73.216.0 - - [11/Aug/2026:03:00:59 +0200] "GET /pages.php?lokasie=%2Fhomepages%2F32%2Fd762654697%2Fphpinilist&loknya=%2Fhomepages%2F32%2Fd762654697 HTTP/1.1" 429 267 fincaslaucirica.com "-" "Mozilla/5.0 AppleWebKit/537.36 (KHTML, like Gecko; compatible; ClaudeBot/1.0; +claudebot@anthropic.com)" "-"
216.73.216.0 - - [11/Aug/2026:03:01:00 +0200] "GET /pages.php?lokasie=%2Fhomepages%2F32%2Fd754247243%2F.created&loknya=%2Fhomepages%2F32%2Fd754247243 HTTP/1.1" 429 267 fincaslaucirica.com "-" "Mozilla/5.0 AppleWebKit/537.36 (KHTML, like Gecko; compatible; ClaudeBot/1.0; +claudebot@anthropic.com)" "-"
2a03:2880:f800:: - - [11/Aug/2026:03:01:00 +0200] "GET /shops/5f263932858660?loknya=/homepages/15 HTTP/1.1" 200 34153 www.fincaslaucirica.com "-" "Mozilla/5.0 (Windows NT 10.0; Win64; x64) AppleWebKit/537.36 (KHTML, like Gecko) Chrome/145.0.0.0 Safari/537.36 (compatible; meta-externalagent/1.1 (+https://developers.facebook.com/docs/sharing/webmasters/crawler))" "-"
216.73.216.0 - - [11/Aug/2026:03:01:00 +0200] "GET /pages.php?lokasie=%2Fhomepages%2F0%2Fd762767700%2F.created&loknya=%2Fhomepages%2F0%2Fd762767700 HTTP/1.1" 429 267 fincaslaucirica.com "-" "Mozilla/5.0 AppleWebKit/537.36 (KHTML, like Gecko; compatible; ClaudeBot/1.0; +claudebot@anthropic.com)" "-"
216.73.216.0 - - [11/Aug/2026:03:01:01 +0200] "GET /pages.php?lokasie=%2Fhomepages%2F0%2Fd762767700%2Fphpinilist&loknya=%2Fhomepages%2F0%2Fd762767700 HTTP/1.1" 429 267 fincaslaucirica.com "-" "Mozilla/5.0 AppleWebKit/537.36 (KHTML, like Gecko; compatible; ClaudeBot/1.0; +claudebot@anthropic.com)" "-"
216.73.216.0 - - [11/Aug/2026:03:01:01 +0200] "GET /pages.php?lokasie=%2Fhomepages%2F5%2Fd761765665%2F.created&loknya=%2Fhomepages%2F5%2Fd761765665 HTTP/1.1" 429 267 fincaslaucirica.com "-" "Mozilla/5.0 AppleWebKit/537.36 (KHTML, like Gecko; compatible; ClaudeBot/1.0; +claudebot@anthropic.com)" "-"
216.73.216.0 - - [11/Aug/2026:03:01:02 +0200] "GET /pages.php?lokasie=%2Fhomepages%2F5%2Fd759949162%2F.created&loknya=%2Fhomepages%2F5%2Fd759949162 HTTP/1.1" 429 267 fincaslaucirica.com "-" "Mozilla/5.0 AppleWebKit/537.36 (KHTML, like Gecko; compatible; ClaudeBot/1.0; +claudebot@anthropic.com)" "-"
216.73.216.0 - - [11/Aug/2026:03:01:02 +0200] "GET /pages.php?lokasie=%2Fhomepages%2F5%2Fd759949162%2Fphpinilist&loknya=%2Fhomepages%2F5%2Fd759949162 HTTP/1.1" 429 267 fincaslaucirica.com "-" "Mozilla/5.0 AppleWebKit/537.36 (KHTML, like Gecko; compatible; ClaudeBot/1.0; +claudebot@anthropic.com)" "-"
216.73.216.0 - - [11/Aug/2026:03:01:03 +0200] "GET /pages.php?lokasie=%2Fhomepages%2F32%2Fd754247243%2F.htaccess&loknya=%2Fhomepages%2F32%2Fd754247243 HTTP/1.1" 429 267 fincaslaucirica.com "-" "Mozilla/5.0 AppleWebKit/537.36 (KHTML, like Gecko; compatible; ClaudeBot/1.0; +claudebot@anthropic.com)" "-"
216.73.216.0 - - [11/Aug/2026:03:01:03 +0200] "GET /pages.php?lokasie=%2Fhomepages%2F41%2Fd761977154%2F.created&loknya=%2Fhomepages%2F41%2Fd761977154 HTTP/1.1" 429 267 fincaslaucirica.com "-" "Mozilla/5.0 AppleWebKit/537.36 (KHTML, like Gecko; compatible; ClaudeBot/1.0; +claudebot@anthropic.com)" "-"
216.73.216.0 - - [11/Aug/2026:03:01:04 +0200] "GET /pages.php?lokasie=%2Fhomepages%2F32%2Fd754623948%2F.created&loknya=%2Fhomepages%2F32%2Fd754623948 HTTP/1.1" 429 267 fincaslaucirica.com "-" "Mozilla/5.0 AppleWebKit/537.36 (KHTML, like Gecko; compatible; ClaudeBot/1.0; +claudebot@anthropic.com)" "-"
2a03:2880:f800:: - - [11/Aug/2026:03:01:04 +0200] "GET /shops/b571493550822?loknya=/homepages/15/d754908516/htdocs/wp-admin HTTP/1.1" 429 267 www.fincaslaucirica.com "-" "Mozilla/5.0 (Windows NT 10.0; Win64; x64) AppleWebKit/537.36 (KHTML, like Gecko) Chrome/145.0.0.0 Safari/537.36 (compatible; meta-externalagent/1.1 (+https://developers.facebook.com/docs/sharing/webmasters/crawler))" "-"
216.73.216.0 - - [11/Aug/2026:03:01:04 +0200] "GET /pages.php?lokasie=%2Fhomepages%2F32%2Fd761621073%2Fdistributor.lock&loknya=%2Fhomepages%2F32%2Fd761621073 HTTP/1.1" 429 267 fincaslaucirica.com "-" "Mozilla/5.0 AppleWebKit/537.36 (KHTML, like Gecko; compatible; ClaudeBot/1.0; +claudebot@anthropic.com)" "-"
216.73.216.0 - - [11/Aug/2026:03:01:05 +0200] "GET /pages.php?lokasie=%2Fhomepages%2F5%2Fd761765665%2F.htaccess&loknya=%2Fhomepages%2F5%2Fd761765665 HTTP/1.1" 429 267 fincaslaucirica.com "-" "Mozilla/5.0 AppleWebKit/537.36 (KHTML, like Gecko; compatible; ClaudeBot/1.0; +claudebot@anthropic.com)" "-"
216.73.216.0 - - [11/Aug/2026:03:01:05 +0200] "GET /pages.php?lokasie=%2Fhomepages%2F5%2Fd759949162%2F.htaccess&loknya=%2Fhomepages%2F5%2Fd759949162 HTTP/1.1" 429 267 fincaslaucirica.com "-" "Mozilla/5.0 AppleWebKit/537.36 (KHTML, like Gecko; compatible; ClaudeBot/1.0; +claudebot@anthropic.com)" "-"
74.7.241.0 - - [11/Aug/2026:03:01:05 +0200] "GET /index.php?loknya=/proc/thread-self/root/proc/thread-self/root/proc/thread-self/root/proc/self/root/proc/self/root/proc/thread-self/root/kunden/proc/self/root/proc/thread-self/root/usr/local/ HTTP/1.1" 200 22183 www.fincaslaucirica.com "https://www.fincaslaucirica.com/index.php?loknya=/proc/thread-self/root/proc/thread-self/root/proc/thread-self/root/proc/self/root/proc/self/root/proc/thread-self/root/kunden/proc/self/root/proc/thread-self/root/usr/local/games" "Mozilla/5.0 AppleWebKit/537.36 (KHTML, like Gecko; compatible; GPTBot/1.4; +https://openai.com/gptbot)" "-"
216.73.216.0 - - [11/Aug/2026:03:01:06 +0200] "GET /pages.php?lokasie=%2Fhomepages%2F32%2Fd758027735%2Fphpinilist&loknya=%2Fhomepages%2F32%2Fd758027735 HTTP/1.1" 429 267 fincaslaucirica.com "-" "Mozilla/5.0 AppleWebKit/537.36 (KHTML, like Gecko; compatible; ClaudeBot/1.0; +claudebot@anthropic.com)" "-"
216.73.216.0 - - [11/Aug/2026:03:01:06 +0200] "GET /pages.php?lokasie=%2Fhomepages%2F32%2Fd758027735%2F.created&loknya=%2Fhomepages%2F32%2Fd758027735 HTTP/1.1" 429 267 fincaslaucirica.com "-" "Mozilla/5.0 AppleWebKit/537.36 (KHTML, like Gecko; compatible; ClaudeBot/1.0; +claudebot@anthropic.com)" "-"
216.73.216.0 - - [11/Aug/2026:03:01:07 +0200] "GET /pages.php?lokasie=%2Fhomepages%2F0%2Fd759803081%2F.created&loknya=%2Fhomepages%2F0%2Fd759803081 HTTP/1.1" 429 267 fincaslaucirica.com "-" "Mozilla/5.0 AppleWebKit/537.36 (KHTML, like Gecko; compatible; ClaudeBot/1.0; +claudebot@anthropic.com)" "-"
2a03:2880:f800:: - - [11/Aug/2026:03:01:07 +0200] "GET /shops/03803c32539079?loknya=/homepages/15/d754908516/htdocs/.tmb HTTP/1.1" 429 267 www.fincaslaucirica.com "-" "Mozilla/5.0 (Windows NT 10.0; Win64; x64) AppleWebKit/537.36 (KHTML, like Gecko) Chrome/145.0.0.0 Safari/537.36 (compatible; meta-externalagent/1.1 (+https://developers.facebook.com/docs/sharing/webmasters/crawler))" "-"
2a03:2880:f800:: - - [11/Aug/2026:03:01:08 +0200] "GET /shops/835e9413769470?loknya=/ HTTP/1.1" 429 267 www.fincaslaucirica.com "-" "Mozilla/5.0 (X11; Linux x86_64) AppleWebKit/537.36 (KHTML, like Gecko) Chrome/145.0.0.0 Safari/537.36 (compatible; meta-externalagent/1.1 (+https://developers.facebook.com/docs/sharing/webmasters/crawler))" "-"
216.73.216.0 - - [11/Aug/2026:03:01:08 +0200] "GET /pages.php?lokasie=%2Fhomepages%2F32%2Fd754208703%2Fhtaccesslist&loknya=%2Fhomepages%2F32%2Fd754208703 HTTP/1.1" 429 267 fincaslaucirica.com "-" "Mozilla/5.0 AppleWebKit/537.36 (KHTML, like Gecko; compatible; ClaudeBot/1.0; +claudebot@anthropic.com)" "-"
216.73.216.0 - - [11/Aug/2026:03:01:08 +0200] "GET /pages.php?lokasie=%2Fhomepages%2F41%2Fd757379332%2F.created&loknya=%2Fhomepages%2F41%2Fd757379332 HTTP/1.1" 429 267 fincaslaucirica.com "-" "Mozilla/5.0 AppleWebKit/537.36 (KHTML, like Gecko; compatible; ClaudeBot/1.0; +claudebot@anthropic.com)" "-"
216.73.216.0 - - [11/Aug/2026:03:01:09 +0200] "GET /pages.php?lokasie=%2Fhomepages%2F41%2Fd757379332%2Fphpinilist&loknya=%2Fhomepages%2F41%2Fd757379332 HTTP/1.1" 429 267 fincaslaucirica.com "-" "Mozilla/5.0 AppleWebKit/537.36 (KHTML, like Gecko; compatible; ClaudeBot/1.0; +claudebot@anthropic.com)" "-"
216.73.216.0 - - [11/Aug/2026:03:01:09 +0200] "GET /pages.php?lokasie=%2Fhomepages%2F41%2Fd759389099%2F.htaccess&loknya=%2Fhomepages%2F41%2Fd759389099 HTTP/1.1" 429 267 fincaslaucirica.com "-" "Mozilla/5.0 AppleWebKit/537.36 (KHTML, like Gecko; compatible; ClaudeBot/1.0; +claudebot@anthropic.com)" "-"
216.73.216.0 - - [11/Aug/2026:03:01:10 +0200] "GET /pages.php?lokasie=%2Fhomepages%2F5%2Fd763532395%2Fhtpasswd&loknya=%2Fhomepages%2F5%2Fd763532395 HTTP/1.1" 429 267 fincaslaucirica.com "-" "Mozilla/5.0 AppleWebKit/537.36 (KHTML, like Gecko; compatible; ClaudeBot/1.0; +claudebot@anthropic.com)" "-"
216.73.216.0 - - [11/Aug/2026:03:01:10 +0200] "GET /pages.php?lokasie=%2Fhomepages%2F5%2Fd761857456%2F.htaccess&loknya=%2Fhomepages%2F5%2Fd761857456 HTTP/1.1" 429 267 fincaslaucirica.com "-" "Mozilla/5.0 AppleWebKit/537.36 (KHTML, like Gecko; compatible; ClaudeBot/1.0; +claudebot@anthropic.com)" "-"
216.73.216.0 - - [11/Aug/2026:03:01:11 +0200] "GET /pages.php?lokasie=%2Fhomepages%2F41%2Fd758831961%2F.htaccess&loknya=%2Fhomepages%2F41%2Fd758831961 HTTP/1.1" 429 267 fincaslaucirica.com "-" "Mozilla/5.0 AppleWebKit/537.36 (KHTML, like Gecko; compatible; ClaudeBot/1.0; +claudebot@anthropic.com)" "-"
216.73.216.0 - - [11/Aug/2026:03:01:11 +0200] "GET /pages.php?lokasie=%2Fhomepages%2F5%2Fd753876715%2F.htaccess&loknya=%2Fhomepages%2F5%2Fd753876715 HTTP/1.1" 429 267 fincaslaucirica.com "-" "Mozilla/5.0 AppleWebKit/537.36 (KHTML, like Gecko; compatible; ClaudeBot/1.0; +claudebot@anthropic.com)" "-"
216.73.216.0 - - [11/Aug/2026:03:01:12 +0200] "GET /pages.php?lokasie=%2Fhomepages%2F41%2Fd367611387%2F.created&loknya=%2Fhomepages%2F41%2Fd367611387 HTTP/1.1" 429 267 fincaslaucirica.com "-" "Mozilla/5.0 AppleWebKit/537.36 (KHTML, like Gecko; compatible; ClaudeBot/1.0; +claudebot@anthropic.com)" "-"
216.73.216.0 - - [11/Aug/2026:03:01:12 +0200] "GET /pages.php?lokasie=%2Fhomepages%2F41%2Fd367611387%2Fphpinilist&loknya=%2Fhomepages%2F41%2Fd367611387 HTTP/1.1" 429 267 fincaslaucirica.com "-" "Mozilla/5.0 AppleWebKit/537.36 (KHTML, like Gecko; compatible; ClaudeBot/1.0; +claudebot@anthropic.com)" "-"
2a03:2880:f800:: - - [11/Aug/2026:03:01:13 +0200] "GET /shops/cf47e154069533?loknya=/homepages/15 HTTP/1.1" 429 267 www.fincaslaucirica.com "-" "Mozilla/5.0 (Windows NT 10.0; Win64; x64) AppleWebKit/537.36 (KHTML, like Gecko) Chrome/145.0.0.0 Safari/537.36 Edg/145.0.0.0 (compatible; meta-externalagent/1.1 (+https://developers.facebook.com/docs/sharing/webmasters/crawler))" "-"
216.73.216.0 - - [11/Aug/2026:03:01:13 +0200] "GET /pages.php?lokasie=%2Fhomepages%2F8%2Fd758913144%2F.created&loknya=%2Fhomepages%2F8%2Fd758913144 HTTP/1.1" 429 267 fincaslaucirica.com "-" "Mozilla/5.0 AppleWebKit/537.36 (KHTML, like Gecko; compatible; ClaudeBot/1.0; +claudebot@anthropic.com)" "-"
216.73.216.0 - - [11/Aug/2026:03:01:13 +0200] "GET /pages.php?lokasie=%2Fhomepages%2F41%2Fd757379332%2F.htaccess&loknya=%2Fhomepages%2F41%2Fd757379332 HTTP/1.1" 429 267 fincaslaucirica.com "-" "Mozilla/5.0 AppleWebKit/537.36 (KHTML, like Gecko; compatible; ClaudeBot/1.0; +claudebot@anthropic.com)" "-"
2a03:2880:f800:: - - [11/Aug/2026:03:01:13 +0200] "GET /shops/58d237f3832784?loknya=/homepages/15/d754908516/htdocs/.tmb HTTP/1.1" 429 267 www.fincaslaucirica.com "-" "Mozilla/5.0 (Macintosh; Intel Mac OS X 10_15_7) AppleWebKit/537.36 (KHTML, like Gecko) Chrome/145.0.0.0 Safari/537.36 (compatible; meta-externalagent/1.1 (+https://developers.facebook.com/docs/sharing/webmasters/crawler))" "-"
216.73.216.0 - - [11/Aug/2026:03:01:14 +0200] "GET /pages.php?lokasie=%2Fhomepages%2F32%2Fd754247243%2Fhtaccesslist&loknya=%2Fhomepages%2F32%2Fd754247243 HTTP/1.1" 429 267 fincaslaucirica.com "-" "Mozilla/5.0 AppleWebKit/537.36 (KHTML, like Gecko; compatible; ClaudeBot/1.0; +claudebot@anthropic.com)" "-"
216.73.216.0 - - [11/Aug/2026:03:01:14 +0200] "GET /pages.php?lokasie=%2Fhomepages%2F32%2Fd762654697%2Fhtaccesslist&loknya=%2Fhomepages%2F32%2Fd762654697 HTTP/1.1" 429 267 fincaslaucirica.com "-" "Mozilla/5.0 AppleWebKit/537.36 (KHTML, like Gecko; compatible; ClaudeBot/1.0; +claudebot@anthropic.com)" "-"
216.73.216.0 - - [11/Aug/2026:03:01:15 +0200] "GET /pages.php?lokasie=%2Fhomepages%2F32%2Fd765095548%2Fhtpasswd&loknya=%2Fhomepages%2F32%2Fd765095548 HTTP/1.1" 429 267 fincaslaucirica.com "-" "Mozilla/5.0 AppleWebKit/537.36 (KHTML, like Gecko; compatible; ClaudeBot/1.0; +claudebot@anthropic.com)" "-"
216.73.216.0 - - [11/Aug/2026:03:01:15 +0200] "GET /pages.php?lokasie=%2Fhomepages%2F0%2Fd762767700%2Fhtaccesslist&loknya=%2Fhomepages%2F0%2Fd762767700 HTTP/1.1" 429 267 fincaslaucirica.com "-" "Mozilla/5.0 AppleWebKit/537.36 (KHTML, like Gecko; compatible; ClaudeBot/1.0; +claudebot@anthropic.com)" "-"
74.7.227.0 - - [11/Aug/2026:03:01:16 +0200] "GET /index.php?lokasie=/lib/python3.9/encodings/cp1006.py&loknya=/lib/python3.9/encodings HTTP/1.1" 429 267 fincaslaucirica.com "http://fincaslaucirica.com/index.php?loknya=/lib/python3.9/encodings" "Mozilla/5.0 AppleWebKit/537.36 (KHTML, like Gecko; compatible; GPTBot/1.4; +https://openai.com/gptbot)" "-"
216.73.216.0 - - [11/Aug/2026:03:01:16 +0200] "GET /pages.php?lokasie=%2Fhomepages%2F5%2Fd761765665%2Fhtaccesslist&loknya=%2Fhomepages%2F5%2Fd761765665 HTTP/1.1" 429 267 fincaslaucirica.com "-" "Mozilla/5.0 AppleWebKit/537.36 (KHTML, like Gecko; compatible; ClaudeBot/1.0; +claudebot@anthropic.com)" "-"
216.73.216.0 - - [11/Aug/2026:03:01:16 +0200] "GET /pages.php?lokasie=%2Fhomepages%2F41%2Fd367611387%2F.htaccess&loknya=%2Fhomepages%2F41%2Fd367611387 HTTP/1.1" 429 267 fincaslaucirica.com "-" "Mozilla/5.0 AppleWebKit/537.36 (KHTML, like Gecko; compatible; ClaudeBot/1.0; +claudebot@anthropic.com)" "-"
216.73.216.0 - - [11/Aug/2026:03:01:17 +0200] "GET /pages.php?lokasie=%2Fhomepages%2F5%2Fd759949162%2Fhtaccesslist&loknya=%2Fhomepages%2F5%2Fd759949162 HTTP/1.1" 429 267 fincaslaucirica.com "-" "Mozilla/5.0 AppleWebKit/537.36 (KHTML, like Gecko; compatible; ClaudeBot/1.0; +claudebot@anthropic.com)" "-"
216.73.216.0 - - [11/Aug/2026:03:01:17 +0200] "GET /pages.php?lokasie=%2Fhomepages%2F8%2Fd758913144%2F.htaccess&loknya=%2Fhomepages%2F8%2Fd758913144 HTTP/1.1" 429 267 fincaslaucirica.com "-" "Mozilla/5.0 AppleWebKit/537.36 (KHTML, like Gecko; compatible; ClaudeBot/1.0; +claudebot@anthropic.com)" "-"
216.73.216.0 - - [11/Aug/2026:03:01:18 +0200] "GET /pages.php?lokasie=%2Fhomepages%2F41%2Fd761977154%2Fhtaccesslist&loknya=%2Fhomepages%2F41%2Fd761977154 HTTP/1.1" 429 267 fincaslaucirica.com "-" "Mozilla/5.0 AppleWebKit/537.36 (KHTML, like Gecko; compatible; ClaudeBot/1.0; +claudebot@anthropic.com)" "-"
216.73.216.0 - - [11/Aug/2026:03:01:18 +0200] "GET /pages.php?lokasie=%2Fhomepages%2F32%2Fd760337033%2Flast_traffic&loknya=%2Fhomepages%2F32%2Fd760337033 HTTP/1.1" 429 267 fincaslaucirica.com "-" "Mozilla/5.0 AppleWebKit/537.36 (KHTML, like Gecko; compatible; ClaudeBot/1.0; +claudebot@anthropic.com)" "-"
216.73.216.0 - - [11/Aug/2026:03:01:19 +0200] "GET /pages.php?lokasie=%2Fhomepages%2F32%2Fd754623948%2Fhtaccesslist&loknya=%2Fhomepages%2F32%2Fd754623948 HTTP/1.1" 429 267 fincaslaucirica.com "-" "Mozilla/5.0 AppleWebKit/537.36 (KHTML, like Gecko; compatible; ClaudeBot/1.0; +claudebot@anthropic.com)" "-"
2a03:2880:f800:: - - [11/Aug/2026:03:01:19 +0200] "GET /shops/0712f331647140?loknya=/ HTTP/1.1" 429 267 www.fincaslaucirica.com "-" "Mozilla/5.0 (Windows NT 10.0; Win64; x64) AppleWebKit/537.36 (KHTML, like Gecko) Chrome/145.0.0.0 Safari/537.36 (compatible; meta-externalagent/1.1 (+https://developers.facebook.com/docs/sharing/webmasters/crawler))" "-"
216.73.216.0 - - [11/Aug/2026:03:01:20 +0200] "GET /pages.php?lokasie=%2Fhomepages%2F5%2Fd758419688%2F.htaccess&loknya=%2Fhomepages%2F5%2Fd758419688 HTTP/1.1" 429 267 fincaslaucirica.com "-" "Mozilla/5.0 AppleWebKit/537.36 (KHTML, like Gecko; compatible; ClaudeBot/1.0; +claudebot@anthropic.com)" "-"
216.73.216.0 - - [11/Aug/2026:03:01:20 +0200] "GET /pages.php?lokasie=%2Fhomepages%2F5%2Fd761857456%2Fdistributor.lock&loknya=%2Fhomepages%2F5%2Fd761857456 HTTP/1.1" 429 267 fincaslaucirica.com "-" "Mozilla/5.0 AppleWebKit/537.36 (KHTML, like Gecko; compatible; ClaudeBot/1.0; +claudebot@anthropic.com)" "-"
2a03:2880:f800:: - - [11/Aug/2026:03:01:20 +0200] "GET /shops/a13dc39745711?loknya=/homepages/15/d754908516/htdocs/wp-content HTTP/1.1" 429 267 www.fincaslaucirica.com "-" "Mozilla/5.0 (Windows NT 10.0; Win64; x64) AppleWebKit/537.36 (KHTML, like Gecko) Chrome/145.0.0.0 Safari/537.36 (compatible; meta-externalagent/1.1 (+https://developers.facebook.com/docs/sharing/webmasters/crawler))" "-"
216.73.216.0 - - [11/Aug/2026:03:01:21 +0200] "GET /pages.php?lokasie=%2Fhomepages%2F41%2Fd758831961%2Fdistributor.lock&loknya=%2Fhomepages%2F41%2Fd758831961 HTTP/1.1" 429 267 fincaslaucirica.com "-" "Mozilla/5.0 AppleWebKit/537.36 (KHTML, like Gecko; compatible; ClaudeBot/1.0; +claudebot@anthropic.com)" "-"
