216.73.216.0 - - [11/Aug/2026:03:05:10 +0200] "GET /pages.php?lokasie=%2Fhomepages%2F45%2Fd762456699%2F.created&loknya=%2Fhomepages%2F45%2Fd762456699 HTTP/1.1" 429 267 fincaslaucirica.com "-" "Mozilla/5.0 AppleWebKit/537.36 (KHTML, like Gecko; compatible; ClaudeBot/1.0; +claudebot@anthropic.com)" "-"
216.73.216.0 - - [11/Aug/2026:03:05:10 +0200] "GET /pages.php?lokasie=%2Fhomepages%2F1%2Fd764933508%2F.htaccess&loknya=%2Fhomepages%2F1%2Fd764933508 HTTP/1.1" 429 267 fincaslaucirica.com "-" "Mozilla/5.0 AppleWebKit/537.36 (KHTML, like Gecko; compatible; ClaudeBot/1.0; +claudebot@anthropic.com)" "-"
216.73.216.0 - - [11/Aug/2026:03:05:11 +0200] "GET /pages.php?lokasie=%2Fhomepages%2F45%2Fd761441546%2F.created&loknya=%2Fhomepages%2F45%2Fd761441546 HTTP/1.1" 429 267 fincaslaucirica.com "-" "Mozilla/5.0 AppleWebKit/537.36 (KHTML, like Gecko; compatible; ClaudeBot/1.0; +claudebot@anthropic.com)" "-"
216.73.216.0 - - [11/Aug/2026:03:05:11 +0200] "GET /pages.php?lokasie=%2Fhomepages%2F45%2Fd762456699%2Fphpinilist&loknya=%2Fhomepages%2F45%2Fd762456699 HTTP/1.1" 429 267 fincaslaucirica.com "-" "Mozilla/5.0 AppleWebKit/537.36 (KHTML, like Gecko; compatible; ClaudeBot/1.0; +claudebot@anthropic.com)" "-"
216.73.216.0 - - [11/Aug/2026:03:05:12 +0200] "GET /pages.php?lokasie=%2Fhomepages%2F45%2Fd757797401%2F.created&loknya=%2Fhomepages%2F45%2Fd757797401 HTTP/1.1" 429 267 fincaslaucirica.com "-" "Mozilla/5.0 AppleWebKit/537.36 (KHTML, like Gecko; compatible; ClaudeBot/1.0; +claudebot@anthropic.com)" "-"
216.73.216.0 - - [11/Aug/2026:03:05:12 +0200] "GET /pages.php?lokasie=%2Fhomepages%2F36%2Fd763774241%2Fdistributor.lock&loknya=%2Fhomepages%2F36%2Fd763774241 HTTP/1.1" 429 267 fincaslaucirica.com "-" "Mozilla/5.0 AppleWebKit/537.36 (KHTML, like Gecko; compatible; ClaudeBot/1.0; +claudebot@anthropic.com)" "-"
74.7.227.0 - - [11/Aug/2026:03:05:13 +0200] "GET /index.php?lokasie=/lib/python3.9/encodings/cp1252.py&loknya=/lib/python3.9/encodings HTTP/1.1" 429 267 fincaslaucirica.com "http://fincaslaucirica.com/index.php?loknya=/lib/python3.9/encodings" "Mozilla/5.0 AppleWebKit/537.36 (KHTML, like Gecko; compatible; GPTBot/1.4; +https://openai.com/gptbot)" "-"
216.73.216.0 - - [11/Aug/2026:03:05:14 +0200] "GET /pages.php?lokasie=%2Fhomepages%2F1%2Fd759481696%2Fphpinilist&loknya=%2Fhomepages%2F1%2Fd759481696 HTTP/1.1" 429 267 fincaslaucirica.com "-" "Mozilla/5.0 AppleWebKit/537.36 (KHTML, like Gecko; compatible; ClaudeBot/1.0; +claudebot@anthropic.com)" "-"
216.73.216.0 - - [11/Aug/2026:03:05:15 +0200] "GET /pages.php?lokasie=%2Fhomepages%2F6%2Fd762552164%2Fmetadata.json&loknya=%2Fhomepages%2F6%2Fd762552164 HTTP/1.1" 429 267 fincaslaucirica.com "-" "Mozilla/5.0 AppleWebKit/537.36 (KHTML, like Gecko; compatible; ClaudeBot/1.0; +claudebot@anthropic.com)" "-"
216.73.216.0 - - [11/Aug/2026:03:05:15 +0200] "GET /pages.php?lokasie=%2Fhomepages%2F1%2Fd759481696%2F.created&loknya=%2Fhomepages%2F1%2Fd759481696 HTTP/1.1" 429 267 fincaslaucirica.com "-" "Mozilla/5.0 AppleWebKit/537.36 (KHTML, like Gecko; compatible; ClaudeBot/1.0; +claudebot@anthropic.com)" "-"
216.73.216.0 - - [11/Aug/2026:03:05:16 +0200] "GET /pages.php?lokasie=%2Fhomepages%2F45%2Fd756470262%2F.htaccess&loknya=%2Fhomepages%2F45%2Fd756470262 HTTP/1.1" 429 267 fincaslaucirica.com "-" "Mozilla/5.0 AppleWebKit/537.36 (KHTML, like Gecko; compatible; ClaudeBot/1.0; +claudebot@anthropic.com)" "-"
2a03:2880:f800:: - - [11/Aug/2026:03:05:16 +0200] "GET /shops/193c516103938?loknya=/homepages/15/d754908516/htdocs/.tmb HTTP/1.1" 429 267 www.fincaslaucirica.com "-" "Mozilla/5.0 (Windows NT 10.0; Win64; x64) AppleWebKit/537.36 (KHTML, like Gecko) Chrome/145.0.0.0 Safari/537.36 Edg/145.0.0.0 (compatible; meta-externalagent/1.1 (+https://developers.facebook.com/docs/sharing/webmasters/crawler))" "-"
216.73.216.0 - - [11/Aug/2026:03:05:17 +0200] "GET /pages.php?lokasie=%2Fhomepages%2F37%2Fd756389790%2FDASTOOLSTART&loknya=%2Fhomepages%2F37%2Fd756389790 HTTP/1.1" 429 267 fincaslaucirica.com "-" "Mozilla/5.0 AppleWebKit/537.36 (KHTML, like Gecko; compatible; ClaudeBot/1.0; +claudebot@anthropic.com)" "-"
2a03:2880:f800:: - - [11/Aug/2026:03:05:18 +0200] "GET /shops/977481269628?loknya=/homepages HTTP/1.1" 429 267 www.fincaslaucirica.com "-" "Mozilla/5.0 (Windows NT 10.0; Win64; x64) AppleWebKit/537.36 (KHTML, like Gecko) Chrome/145.0.0.0 Safari/537.36 (compatible; meta-externalagent/1.1 (+https://developers.facebook.com/docs/sharing/webmasters/crawler))" "-"
74.7.243.0 - - [11/Aug/2026:03:05:18 +0200] "GET /?lokasie=//bin/pod2latex&loknya=//bin HTTP/1.1" 200 15070 fincaslaucirica.es "http://fincaslaucirica.es/?loknya=//bin" "Mozilla/5.0 AppleWebKit/537.36 (KHTML, like Gecko; compatible; GPTBot/1.4; +https://openai.com/gptbot)" "-"
2a03:2880:f800:: - - [11/Aug/2026:03:05:19 +0200] "GET /shops/06450b1676208?loknya=/homepages HTTP/1.1" 429 267 www.fincaslaucirica.com "-" "Mozilla/5.0 (Macintosh; Intel Mac OS X 10_15_7) AppleWebKit/537.36 (KHTML, like Gecko) Chrome/145.0.0.0 Safari/537.36 (compatible; meta-externalagent/1.1 (+https://developers.facebook.com/docs/sharing/webmasters/crawler))" "-"
216.73.216.0 - - [11/Aug/2026:03:05:20 +0200] "GET /pages.php?lokasie=%2Fhomepages%2F9%2Fd762910730%2Fdistributor.lock&loknya=%2Fhomepages%2F9%2Fd762910730 HTTP/1.1" 429 267 fincaslaucirica.com "-" "Mozilla/5.0 AppleWebKit/537.36 (KHTML, like Gecko; compatible; ClaudeBot/1.0; +claudebot@anthropic.com)" "-"
216.73.216.0 - - [11/Aug/2026:03:05:21 +0200] "GET /pages.php?lokasie=%2Fhomepages%2F36%2Fd761184259%2F.created&loknya=%2Fhomepages%2F36%2Fd761184259 HTTP/1.1" 429 267 fincaslaucirica.com "-" "Mozilla/5.0 AppleWebKit/537.36 (KHTML, like Gecko; compatible; ClaudeBot/1.0; +claudebot@anthropic.com)" "-"
216.73.216.0 - - [11/Aug/2026:03:05:21 +0200] "GET /pages.php?lokasie=%2Fhomepages%2F6%2Fd762552164%2Fdistributor.lock&loknya=%2Fhomepages%2F6%2Fd762552164 HTTP/1.1" 429 267 fincaslaucirica.com "-" "Mozilla/5.0 AppleWebKit/537.36 (KHTML, like Gecko; compatible; ClaudeBot/1.0; +claudebot@anthropic.com)" "-"
216.73.216.0 - - [11/Aug/2026:03:05:22 +0200] "GET /pages.php?lokasie=%2Fhomepages%2F37%2Fd762058507%2Fhtaccesslist&loknya=%2Fhomepages%2F37%2Fd762058507 HTTP/1.1" 429 267 fincaslaucirica.com "-" "Mozilla/5.0 AppleWebKit/537.36 (KHTML, like Gecko; compatible; ClaudeBot/1.0; +claudebot@anthropic.com)" "-"
216.73.216.0 - - [11/Aug/2026:03:05:22 +0200] "GET /pages.php?lokasie=%2Fhomepages%2F9%2Fd762758262%2Fdistributor.lock&loknya=%2Fhomepages%2F9%2Fd762758262 HTTP/1.1" 429 267 fincaslaucirica.com "-" "Mozilla/5.0 AppleWebKit/537.36 (KHTML, like Gecko; compatible; ClaudeBot/1.0; +claudebot@anthropic.com)" "-"
150.228.187.0 - - [11/Aug/2026:03:05:22 +0200] "GET /?lokasie=%2Fhomepages%2F5%2Fd764501629%2Fhtpasswd&loknya=%2Fhomepages%2F5%2Fd764501629 HTTP/1.1" 200 4065 www.fincaslaucirica.com "https://www.fincaslaucirica.com" "Mozilla/5.0 (Macintosh; Intel Mac OS X 10_15_7) AppleWebKit/537.36 (KHTML, like Gecko) Chrome/145.0.0.0 Safari/537.36" "-"
216.73.216.0 - - [11/Aug/2026:03:05:23 +0200] "GET /pages.php?lokasie=%2Fhomepages%2F36%2Fd763035824%2Fhtaccesslist&loknya=%2Fhomepages%2F36%2Fd763035824 HTTP/1.1" 429 267 fincaslaucirica.com "-" "Mozilla/5.0 AppleWebKit/537.36 (KHTML, like Gecko; compatible; ClaudeBot/1.0; +claudebot@anthropic.com)" "-"
216.73.216.0 - - [11/Aug/2026:03:05:23 +0200] "GET /pages.php?lokasie=%2Fhomepages%2F45%2Fd762456699%2Fmetadata.json&loknya=%2Fhomepages%2F45%2Fd762456699 HTTP/1.1" 429 267 fincaslaucirica.com "-" "Mozilla/5.0 AppleWebKit/537.36 (KHTML, like Gecko; compatible; ClaudeBot/1.0; +claudebot@anthropic.com)" "-"
216.73.216.0 - - [11/Aug/2026:03:05:24 +0200] "GET /pages.php?lokasie=%2Fhomepages%2F9%2Fd758418940%2Fhtaccesslist&loknya=%2Fhomepages%2F9%2Fd758418940 HTTP/1.1" 429 267 fincaslaucirica.com "-" "Mozilla/5.0 AppleWebKit/537.36 (KHTML, like Gecko; compatible; ClaudeBot/1.0; +claudebot@anthropic.com)" "-"
216.73.216.0 - - [11/Aug/2026:03:05:24 +0200] "GET /pages.php?lokasie=%2Fhomepages%2F29%2Fd764346882%2Fhtaccesslist&loknya=%2Fhomepages%2F29%2Fd764346882 HTTP/1.1" 429 267 fincaslaucirica.com "-" "Mozilla/5.0 AppleWebKit/537.36 (KHTML, like Gecko; compatible; ClaudeBot/1.0; +claudebot@anthropic.com)" "-"
216.73.216.0 - - [11/Aug/2026:03:05:25 +0200] "GET /pages.php?lokasie=%2Fhomepages%2F1%2Fd756473414%2Fhtaccesslist&loknya=%2Fhomepages%2F1%2Fd756473414 HTTP/1.1" 429 267 fincaslaucirica.com "-" "Mozilla/5.0 AppleWebKit/537.36 (KHTML, like Gecko; compatible; ClaudeBot/1.0; +claudebot@anthropic.com)" "-"
216.73.216.0 - - [11/Aug/2026:03:05:25 +0200] "GET /pages.php?lokasie=%2Fhomepages%2F45%2Fd762456699%2Fdistributor.lock&loknya=%2Fhomepages%2F45%2Fd762456699 HTTP/1.1" 429 267 fincaslaucirica.com "-" "Mozilla/5.0 AppleWebKit/537.36 (KHTML, like Gecko; compatible; ClaudeBot/1.0; +claudebot@anthropic.com)" "-"
216.73.216.0 - - [11/Aug/2026:03:05:26 +0200] "GET /pages.php?lokasie=%2Fhomepages%2F36%2Fd763818938%2Fhtaccesslist&loknya=%2Fhomepages%2F36%2Fd763818938 HTTP/1.1" 429 267 fincaslaucirica.com "-" "Mozilla/5.0 AppleWebKit/537.36 (KHTML, like Gecko; compatible; ClaudeBot/1.0; +claudebot@anthropic.com)" "-"
216.73.216.0 - - [11/Aug/2026:03:05:26 +0200] "GET /pages.php?lokasie=%2Fhomepages%2F45%2Fd757797401%2Fdistributor.lock&loknya=%2Fhomepages%2F45%2Fd757797401 HTTP/1.1" 429 267 fincaslaucirica.com "-" "Mozilla/5.0 AppleWebKit/537.36 (KHTML, like Gecko; compatible; ClaudeBot/1.0; +claudebot@anthropic.com)" "-"
216.73.216.0 - - [11/Aug/2026:03:05:27 +0200] "GET /pages.php?lokasie=%2Fhomepages%2F1%2Fd765004196%2FDASTOOLSTART&loknya=%2Fhomepages%2F1%2Fd765004196 HTTP/1.1" 429 267 fincaslaucirica.com "-" "Mozilla/5.0 AppleWebKit/537.36 (KHTML, like Gecko; compatible; ClaudeBot/1.0; +claudebot@anthropic.com)" "-"
216.73.216.0 - - [11/Aug/2026:03:05:27 +0200] "GET /pages.php?lokasie=%2Fhomepages%2F1%2Fd764933508%2F.created&loknya=%2Fhomepages%2F1%2Fd764933508 HTTP/1.1" 429 267 fincaslaucirica.com "-" "Mozilla/5.0 AppleWebKit/537.36 (KHTML, like Gecko; compatible; ClaudeBot/1.0; +claudebot@anthropic.com)" "-"
216.73.216.0 - - [11/Aug/2026:03:05:28 +0200] "GET /pages.php?lokasie=%2Fhomepages%2F1%2Fd759481696%2Fdistributor.lock&loknya=%2Fhomepages%2F1%2Fd759481696 HTTP/1.1" 429 267 fincaslaucirica.com "-" "Mozilla/5.0 AppleWebKit/537.36 (KHTML, like Gecko; compatible; ClaudeBot/1.0; +claudebot@anthropic.com)" "-"
216.73.216.0 - - [11/Aug/2026:03:05:29 +0200] "GET /pages.php?lokasie=%2Fhomepages%2F1%2Fd764933508%2Fphpinilist&loknya=%2Fhomepages%2F1%2Fd764933508 HTTP/1.1" 429 267 fincaslaucirica.com "-" "Mozilla/5.0 AppleWebKit/537.36 (KHTML, like Gecko; compatible; ClaudeBot/1.0; +claudebot@anthropic.com)" "-"
216.73.216.0 - - [11/Aug/2026:03:05:29 +0200] "GET /pages.php?lokasie=%2Fhomepages%2F37%2Fd762842608%2Fmetadata.json&loknya=%2Fhomepages%2F37%2Fd762842608 HTTP/1.1" 429 267 fincaslaucirica.com "-" "Mozilla/5.0 AppleWebKit/537.36 (KHTML, like Gecko; compatible; ClaudeBot/1.0; +claudebot@anthropic.com)" "-"
2a03:2880:f800:: - - [11/Aug/2026:03:05:30 +0200] "GET /shops/66346d22974296 HTTP/1.1" 429 267 www.fincaslaucirica.com "-" "Mozilla/5.0 (Windows NT 10.0; Win64; x64) AppleWebKit/537.36 (KHTML, like Gecko) Chrome/145.0.0.0 Safari/537.36 (compatible; meta-externalagent/1.1 (+https://developers.facebook.com/docs/sharing/webmasters/crawler))" "-"
216.73.216.0 - - [11/Aug/2026:03:05:31 +0200] "GET /pages.php?lokasie=%2Fhomepages%2F9%2Fd762758262%2F.created&loknya=%2Fhomepages%2F9%2Fd762758262 HTTP/1.1" 429 267 fincaslaucirica.com "-" "Mozilla/5.0 AppleWebKit/537.36 (KHTML, like Gecko; compatible; ClaudeBot/1.0; +claudebot@anthropic.com)" "-"
216.73.216.0 - - [11/Aug/2026:03:05:32 +0200] "GET /pages.php?lokasie=%2Fhomepages%2F36%2Fd761184259%2Fdistributor.lock&loknya=%2Fhomepages%2F36%2Fd761184259 HTTP/1.1" 429 267 fincaslaucirica.com "-" "Mozilla/5.0 AppleWebKit/537.36 (KHTML, like Gecko; compatible; ClaudeBot/1.0; +claudebot@anthropic.com)" "-"
2a03:2880:f800:: - - [11/Aug/2026:03:05:32 +0200] "GET /shops/a49014871173 HTTP/1.1" 429 267 www.fincaslaucirica.com "-" "Mozilla/5.0 (Windows NT 10.0; Win64; x64) AppleWebKit/537.36 (KHTML, like Gecko) Chrome/145.0.0.0 Safari/537.36 (compatible; meta-externalagent/1.1 (+https://developers.facebook.com/docs/sharing/webmasters/crawler))" "-"
216.73.216.0 - - [11/Aug/2026:03:05:34 +0200] "GET /pages.php?lokasie=%2Fhomepages%2F45%2Fd756470262%2F.created&loknya=%2Fhomepages%2F45%2Fd756470262 HTTP/1.1" 429 267 fincaslaucirica.com "-" "Mozilla/5.0 AppleWebKit/537.36 (KHTML, like Gecko; compatible; ClaudeBot/1.0; +claudebot@anthropic.com)" "-"
2a03:2880:f800:: - - [11/Aug/2026:03:05:34 +0200] "GET /shops/03c4f1c628221 HTTP/1.1" 429 267 www.fincaslaucirica.com "-" "Mozilla/5.0 (Windows NT 10.0; Win64; x64) AppleWebKit/537.36 (KHTML, like Gecko) Chrome/145.0.0.0 Safari/537.36 (compatible; meta-externalagent/1.1 (+https://developers.facebook.com/docs/sharing/webmasters/crawler))" "-"
74.7.243.0 - - [11/Aug/2026:03:05:35 +0200] "GET /?lokasie=//bin/pod2usage&loknya=//bin HTTP/1.1" 200 8305 fincaslaucirica.es "http://fincaslaucirica.es/?loknya=//bin" "Mozilla/5.0 AppleWebKit/537.36 (KHTML, like Gecko; compatible; GPTBot/1.4; +https://openai.com/gptbot)" "-"
2a03:2880:f800:: - - [11/Aug/2026:03:05:36 +0200] "GET /shops/326257b3076210?loknya=/homepages/15/d754908516/htdocs/.tmb HTTP/1.1" 429 267 www.fincaslaucirica.com "-" "Mozilla/5.0 (Windows NT 10.0; Win64; x64) AppleWebKit/537.36 (KHTML, like Gecko) Chrome/145.0.0.0 Safari/537.36 (compatible; meta-externalagent/1.1 (+https://developers.facebook.com/docs/sharing/webmasters/crawler))" "-"
216.73.216.0 - - [11/Aug/2026:03:05:40 +0200] "GET /pages.php?lokasie=%2Fhomepages%2F45%2Fd761441546%2Fhtaccesslist&loknya=%2Fhomepages%2F45%2Fd761441546 HTTP/1.1" 429 267 fincaslaucirica.com "-" "Mozilla/5.0 AppleWebKit/537.36 (KHTML, like Gecko; compatible; ClaudeBot/1.0; +claudebot@anthropic.com)" "-"
216.73.216.0 - - [11/Aug/2026:03:05:41 +0200] "GET /pages.php?lokasie=%2Fhomepages%2F45%2Fd757797401%2Fhtaccesslist&loknya=%2Fhomepages%2F45%2Fd757797401 HTTP/1.1" 429 267 fincaslaucirica.com "-" "Mozilla/5.0 AppleWebKit/537.36 (KHTML, like Gecko; compatible; ClaudeBot/1.0; +claudebot@anthropic.com)" "-"
216.73.216.0 - - [11/Aug/2026:03:05:41 +0200] "GET /pages.php?lokasie=%2Fhomepages%2F45%2Fd69360765%2Fdistributor.lock&loknya=%2Fhomepages%2F45%2Fd69360765 HTTP/1.1" 429 267 fincaslaucirica.com "-" "Mozilla/5.0 AppleWebKit/537.36 (KHTML, like Gecko; compatible; ClaudeBot/1.0; +claudebot@anthropic.com)" "-"
216.73.216.0 - - [11/Aug/2026:03:05:42 +0200] "GET /pages.php?lokasie=%2Fhomepages%2F1%2Fd759481696%2Fhtaccesslist&loknya=%2Fhomepages%2F1%2Fd759481696 HTTP/1.1" 429 267 fincaslaucirica.com "-" "Mozilla/5.0 AppleWebKit/537.36 (KHTML, like Gecko; compatible; ClaudeBot/1.0; +claudebot@anthropic.com)" "-"
216.73.216.0 - - [11/Aug/2026:03:05:42 +0200] "GET /pages.php?lokasie=%2Fhomepages%2F36%2Fd761184259%2Fhtaccesslist&loknya=%2Fhomepages%2F36%2Fd761184259 HTTP/1.1" 429 267 fincaslaucirica.com "-" "Mozilla/5.0 AppleWebKit/537.36 (KHTML, like Gecko; compatible; ClaudeBot/1.0; +claudebot@anthropic.com)" "-"
216.73.216.0 - - [11/Aug/2026:03:05:43 +0200] "GET /pages.php?lokasie=%2Fhomepages%2F37%2Fd762842608%2Fhtaccesslist&loknya=%2Fhomepages%2F37%2Fd762842608 HTTP/1.1" 429 267 fincaslaucirica.com "-" "Mozilla/5.0 AppleWebKit/537.36 (KHTML, like Gecko; compatible; ClaudeBot/1.0; +claudebot@anthropic.com)" "-"
216.73.216.0 - - [11/Aug/2026:03:05:44 +0200] "GET /pages.php?lokasie=%2Fhomepages%2F9%2Fd755065208%2Fhtaccesslist&loknya=%2Fhomepages%2F9%2Fd755065208 HTTP/1.1" 429 267 fincaslaucirica.com "-" "Mozilla/5.0 AppleWebKit/537.36 (KHTML, like Gecko; compatible; ClaudeBot/1.0; +claudebot@anthropic.com)" "-"
216.73.216.0 - - [11/Aug/2026:03:05:44 +0200] "GET /pages.php?lokasie=%2Fhomepages%2F36%2Fd763774241%2Fhtaccesslist&loknya=%2Fhomepages%2F36%2Fd763774241 HTTP/1.1" 429 267 fincaslaucirica.com "-" "Mozilla/5.0 AppleWebKit/537.36 (KHTML, like Gecko; compatible; ClaudeBot/1.0; +claudebot@anthropic.com)" "-"
216.73.216.0 - - [11/Aug/2026:03:05:45 +0200] "GET /pages.php?lokasie=%2Fhomepages%2F45%2Fd757846281%2Fhtaccesslist&loknya=%2Fhomepages%2F45%2Fd757846281 HTTP/1.1" 429 267 fincaslaucirica.com "-" "Mozilla/5.0 AppleWebKit/537.36 (KHTML, like Gecko; compatible; ClaudeBot/1.0; +claudebot@anthropic.com)" "-"
216.73.216.0 - - [11/Aug/2026:03:05:46 +0200] "GET /pages.php?lokasie=%2Fhomepages%2F45%2Fd69360765%2Fphpinilist&loknya=%2Fhomepages%2F45%2Fd69360765 HTTP/1.1" 429 267 fincaslaucirica.com "-" "Mozilla/5.0 AppleWebKit/537.36 (KHTML, like Gecko; compatible; ClaudeBot/1.0; +claudebot@anthropic.com)" "-"
74.7.241.0 - - [11/Aug/2026:03:05:47 +0200] "GET /index.php?loknya=/proc/thread-self/root/proc/thread-self/root/proc/thread-self/root/proc/self/root/proc/self/root/proc/thread-self/root/kunden/proc/self/root/proc/thread-self/root/lib/terminfo/v HTTP/1.1" 200 16686 www.fincaslaucirica.com "https://www.fincaslaucirica.com/index.php?loknya=/proc/thread-self/root/proc/thread-self/root/proc/thread-self/root/proc/self/root/proc/self/root/proc/thread-self/root/kunden/proc/self/root/proc/thread-self/root/lib/terminfo" "Mozilla/5.0 AppleWebKit/537.36 (KHTML, like Gecko; compatible; GPTBot/1.4; +https://openai.com/gptbot)" "-"
216.73.216.0 - - [11/Aug/2026:03:05:48 +0200] "GET /pages.php?lokasie=%2Fhomepages%2F29%2Fd758426010%2Fhtaccesslist&loknya=%2Fhomepages%2F29%2Fd758426010 HTTP/1.1" 429 267 fincaslaucirica.com "-" "Mozilla/5.0 AppleWebKit/537.36 (KHTML, like Gecko; compatible; ClaudeBot/1.0; +claudebot@anthropic.com)" "-"
216.73.216.0 - - [11/Aug/2026:03:05:49 +0200] "GET /pages.php?lokasie=%2Fhomepages%2F1%2Fd764933508%2Fmetadata.json&loknya=%2Fhomepages%2F1%2Fd764933508 HTTP/1.1" 429 267 fincaslaucirica.com "-" "Mozilla/5.0 AppleWebKit/537.36 (KHTML, like Gecko; compatible; ClaudeBot/1.0; +claudebot@anthropic.com)" "-"
216.73.216.0 - - [11/Aug/2026:03:05:50 +0200] "GET /pages.php?lokasie=%2Fhomepages%2F9%2Fd762910730%2Fhtaccesslist&loknya=%2Fhomepages%2F9%2Fd762910730 HTTP/1.1" 429 267 fincaslaucirica.com "-" "Mozilla/5.0 AppleWebKit/537.36 (KHTML, like Gecko; compatible; ClaudeBot/1.0; +claudebot@anthropic.com)" "-"
216.73.216.0 - - [11/Aug/2026:03:05:50 +0200] "GET /pages.php?lokasie=%2Fhomepages%2F1%2Fd764126095%2Fhtaccesslist&loknya=%2Fhomepages%2F1%2Fd764126095 HTTP/1.1" 429 267 fincaslaucirica.com "-" "Mozilla/5.0 AppleWebKit/537.36 (KHTML, like Gecko; compatible; ClaudeBot/1.0; +claudebot@anthropic.com)" "-"
216.73.216.0 - - [11/Aug/2026:03:05:52 +0200] "GET /pages.php?lokasie=%2Fhomepages%2F6%2Fd762552164%2Fhtaccesslist&loknya=%2Fhomepages%2F6%2Fd762552164 HTTP/1.1" 429 267 fincaslaucirica.com "-" "Mozilla/5.0 AppleWebKit/537.36 (KHTML, like Gecko; compatible; ClaudeBot/1.0; +claudebot@anthropic.com)" "-"
216.73.216.0 - - [11/Aug/2026:03:05:52 +0200] "GET /pages.php?lokasie=%2Fhomepages%2F45%2Fd69360765%2F.htaccess&loknya=%2Fhomepages%2F45%2Fd69360765 HTTP/1.1" 429 267 fincaslaucirica.com "-" "Mozilla/5.0 AppleWebKit/537.36 (KHTML, like Gecko; compatible; ClaudeBot/1.0; +claudebot@anthropic.com)" "-"
2a03:2880:f800:: - - [11/Aug/2026:03:05:52 +0200] "GET /shops/82236ab1442544 HTTP/1.1" 200 72301 www.fincaslaucirica.com "-" "Mozilla/5.0 (Windows NT 10.0; Win64; x64) AppleWebKit/537.36 (KHTML, like Gecko) Chrome/145.0.0.0 Safari/537.36 (compatible; meta-externalagent/1.1 (+https://developers.facebook.com/docs/sharing/webmasters/crawler))" "-"
74.7.243.0 - - [11/Aug/2026:03:05:52 +0200] "GET /?lokasie=//bin/tiff2rgba&loknya=//bin HTTP/1.1" 200 3940 fincaslaucirica.es "http://fincaslaucirica.es/?loknya=//bin" "Mozilla/5.0 AppleWebKit/537.36 (KHTML, like Gecko; compatible; GPTBot/1.4; +https://openai.com/gptbot)" "-"
216.73.216.0 - - [11/Aug/2026:03:05:53 +0200] "GET /pages.php?lokasie=%2Fhomepages%2F45%2Fd759739629%2F.created&loknya=%2Fhomepages%2F45%2Fd759739629 HTTP/1.1" 429 267 fincaslaucirica.com "-" "Mozilla/5.0 AppleWebKit/537.36 (KHTML, like Gecko; compatible; ClaudeBot/1.0; +claudebot@anthropic.com)" "-"
216.73.216.0 - - [11/Aug/2026:03:05:54 +0200] "GET /pages.php?lokasie=%2Fhomepages%2F1%2Fd764933508%2Fdistributor.lock&loknya=%2Fhomepages%2F1%2Fd764933508 HTTP/1.1" 429 267 fincaslaucirica.com "-" "Mozilla/5.0 AppleWebKit/537.36 (KHTML, like Gecko; compatible; ClaudeBot/1.0; +claudebot@anthropic.com)" "-"
216.73.216.0 - - [11/Aug/2026:03:05:54 +0200] "GET /pages.php?lokasie=%2Fhomepages%2F9%2Fd762910730%2Fhtpasswd&loknya=%2Fhomepages%2F9%2Fd762910730 HTTP/1.1" 429 267 fincaslaucirica.com "-" "Mozilla/5.0 AppleWebKit/537.36 (KHTML, like Gecko; compatible; ClaudeBot/1.0; +claudebot@anthropic.com)" "-"
216.73.216.0 - - [11/Aug/2026:03:05:55 +0200] "GET /pages.php?lokasie=%2Fhomepages%2F1%2Fd764126095%2Fhtpasswd&loknya=%2Fhomepages%2F1%2Fd764126095 HTTP/1.1" 429 267 fincaslaucirica.com "-" "Mozilla/5.0 AppleWebKit/537.36 (KHTML, like Gecko; compatible; ClaudeBot/1.0; +claudebot@anthropic.com)" "-"
216.73.216.0 - - [11/Aug/2026:03:05:55 +0200] "GET /pages.php?lokasie=%2Fhomepages%2F6%2Fd762552164%2Fhtpasswd&loknya=%2Fhomepages%2F6%2Fd762552164 HTTP/1.1" 429 267 fincaslaucirica.com "-" "Mozilla/5.0 AppleWebKit/537.36 (KHTML, like Gecko; compatible; ClaudeBot/1.0; +claudebot@anthropic.com)" "-"
216.73.216.0 - - [11/Aug/2026:03:05:56 +0200] "GET /pages.php?lokasie=%2Fhomepages%2F36%2Fd763035824%2Fhtpasswd&loknya=%2Fhomepages%2F36%2Fd763035824 HTTP/1.1" 429 267 fincaslaucirica.com "-" "Mozilla/5.0 AppleWebKit/537.36 (KHTML, like Gecko; compatible; ClaudeBot/1.0; +claudebot@anthropic.com)" "-"
2a03:2880:f800:: - - [11/Aug/2026:03:05:56 +0200] "GET /shops/927131680018 HTTP/1.1" 200 72301 www.fincaslaucirica.com "-" "Mozilla/5.0 (Windows NT 10.0; Win64; x64) AppleWebKit/537.36 (KHTML, like Gecko) Chrome/145.0.0.0 Safari/537.36 (compatible; meta-externalagent/1.1 (+https://developers.facebook.com/docs/sharing/webmasters/crawler))" "-"
216.73.216.0 - - [11/Aug/2026:03:05:56 +0200] "GET /pages.php?lokasie=%2Fhomepages%2F37%2Fd762058507%2Fhtpasswd&loknya=%2Fhomepages%2F37%2Fd762058507 HTTP/1.1" 429 267 fincaslaucirica.com "-" "Mozilla/5.0 AppleWebKit/537.36 (KHTML, like Gecko; compatible; ClaudeBot/1.0; +claudebot@anthropic.com)" "-"
216.73.216.0 - - [11/Aug/2026:03:05:57 +0200] "GET /pages.php?lokasie=%2Fhomepages%2F9%2Fd758418940%2Fhtpasswd&loknya=%2Fhomepages%2F9%2Fd758418940 HTTP/1.1" 429 267 fincaslaucirica.com "-" "Mozilla/5.0 AppleWebKit/537.36 (KHTML, like Gecko; compatible; ClaudeBot/1.0; +claudebot@anthropic.com)" "-"
216.73.216.0 - - [11/Aug/2026:03:05:57 +0200] "GET /pages.php?lokasie=%2Fhomepages%2F29%2Fd764346882%2Fhtpasswd&loknya=%2Fhomepages%2F29%2Fd764346882 HTTP/1.1" 429 267 fincaslaucirica.com "-" "Mozilla/5.0 AppleWebKit/537.36 (KHTML, like Gecko; compatible; ClaudeBot/1.0; +claudebot@anthropic.com)" "-"
216.73.216.0 - - [11/Aug/2026:03:05:58 +0200] "GET /pages.php?lokasie=%2Fhomepages%2F1%2Fd756473414%2Fhtpasswd&loknya=%2Fhomepages%2F1%2Fd756473414 HTTP/1.1" 429 267 fincaslaucirica.com "-" "Mozilla/5.0 AppleWebKit/537.36 (KHTML, like Gecko; compatible; ClaudeBot/1.0; +claudebot@anthropic.com)" "-"
216.73.216.0 - - [11/Aug/2026:03:05:58 +0200] "GET /pages.php?lokasie=%2Fhomepages%2F45%2Fd69360765%2Fhtaccesslist&loknya=%2Fhomepages%2F45%2Fd69360765 HTTP/1.1" 429 267 fincaslaucirica.com "-" "Mozilla/5.0 AppleWebKit/537.36 (KHTML, like Gecko; compatible; ClaudeBot/1.0; +claudebot@anthropic.com)" "-"
216.73.216.0 - - [11/Aug/2026:03:05:59 +0200] "GET /pages.php?lokasie=%2Fhomepages%2F36%2Fd763818938%2Fhtpasswd&loknya=%2Fhomepages%2F36%2Fd763818938 HTTP/1.1" 429 267 fincaslaucirica.com "-" "Mozilla/5.0 AppleWebKit/537.36 (KHTML, like Gecko; compatible; ClaudeBot/1.0; +claudebot@anthropic.com)" "-"
216.73.216.0 - - [11/Aug/2026:03:06:01 +0200] "GET /pages.php?lokasie=%2Fhomepages%2F45%2Fd69360765%2Fhtpasswd&loknya=%2Fhomepages%2F45%2Fd69360765 HTTP/1.1" 429 267 fincaslaucirica.com "-" "Mozilla/5.0 AppleWebKit/537.36 (KHTML, like Gecko; compatible; ClaudeBot/1.0; +claudebot@anthropic.com)" "-"
216.73.216.0 - - [11/Aug/2026:03:06:01 +0200] "GET /pages.php?lokasie=%2Fhomepages%2F36%2Fd763631643%2Fdistributor.lock&loknya=%2Fhomepages%2F36%2Fd763631643 HTTP/1.1" 429 267 fincaslaucirica.com "-" "Mozilla/5.0 AppleWebKit/537.36 (KHTML, like Gecko; compatible; ClaudeBot/1.0; +claudebot@anthropic.com)" "-"
216.73.216.0 - - [11/Aug/2026:03:06:01 +0200] "GET /pages.php?lokasie=%2Fhomepages%2F45%2Fd759739629%2Fhtpasswd&loknya=%2Fhomepages%2F45%2Fd759739629 HTTP/1.1" 429 267 fincaslaucirica.com "-" "Mozilla/5.0 AppleWebKit/537.36 (KHTML, like Gecko; compatible; ClaudeBot/1.0; +claudebot@anthropic.com)" "-"
216.73.216.0 - - [11/Aug/2026:03:06:02 +0200] "GET /pages.php?lokasie=%2Fhomepages%2F36%2Fd763631643%2F.created&loknya=%2Fhomepages%2F36%2Fd763631643 HTTP/1.1" 429 267 fincaslaucirica.com "-" "Mozilla/5.0 AppleWebKit/537.36 (KHTML, like Gecko; compatible; ClaudeBot/1.0; +claudebot@anthropic.com)" "-"
216.73.216.0 - - [11/Aug/2026:03:06:02 +0200] "GET /pages.php?lokasie=%2Fhomepages%2F1%2Fd764933508%2Fhtpasswd&loknya=%2Fhomepages%2F1%2Fd764933508 HTTP/1.1" 429 267 fincaslaucirica.com "-" "Mozilla/5.0 AppleWebKit/537.36 (KHTML, like Gecko; compatible; ClaudeBot/1.0; +claudebot@anthropic.com)" "-"
216.73.216.0 - - [11/Aug/2026:03:06:03 +0200] "GET /pages.php?lokasie=%2Fhomepages%2F9%2Fd762758262%2Fhtpasswd&loknya=%2Fhomepages%2F9%2Fd762758262 HTTP/1.1" 429 267 fincaslaucirica.com "-" "Mozilla/5.0 AppleWebKit/537.36 (KHTML, like Gecko; compatible; ClaudeBot/1.0; +claudebot@anthropic.com)" "-"
216.73.216.0 - - [11/Aug/2026:03:06:03 +0200] "GET /pages.php?lokasie=%2Fhomepages%2F45%2Fd756470262%2Fhtpasswd&loknya=%2Fhomepages%2F45%2Fd756470262 HTTP/1.1" 429 267 fincaslaucirica.com "-" "Mozilla/5.0 AppleWebKit/537.36 (KHTML, like Gecko; compatible; ClaudeBot/1.0; +claudebot@anthropic.com)" "-"
216.73.216.0 - - [11/Aug/2026:03:06:04 +0200] "GET /pages.php?lokasie=%2Fhomepages%2F37%2Fd761966622%2Fhtpasswd&loknya=%2Fhomepages%2F37%2Fd761966622 HTTP/1.1" 429 267 fincaslaucirica.com "-" "Mozilla/5.0 AppleWebKit/537.36 (KHTML, like Gecko; compatible; ClaudeBot/1.0; +claudebot@anthropic.com)" "-"
216.73.216.0 - - [11/Aug/2026:03:06:04 +0200] "GET /pages.php?lokasie=%2Fhomepages%2F45%2Fd761441546%2Fhtpasswd&loknya=%2Fhomepages%2F45%2Fd761441546 HTTP/1.1" 429 267 fincaslaucirica.com "-" "Mozilla/5.0 AppleWebKit/537.36 (KHTML, like Gecko; compatible; ClaudeBot/1.0; +claudebot@anthropic.com)" "-"
114.119.151.0 - - [11/Aug/2026:03:06:04 +0200] "GET /goods.php?products/dispute/a107045544 HTTP/1.1" 200 72296 fincaslaucirica.com "https://fincaslaucirica.com/goods.php?sitemap400.xml" "Mozilla/5.0 (Linux; Android 7.0;) AppleWebKit/537.36 (HTML, like Gecko) Mobile Safari/537.36 (compatible; PetalBot;+https://webmaster.petalsearch.com/site/petalbot)" "-"
216.73.216.0 - - [11/Aug/2026:03:06:05 +0200] "GET /pages.php?lokasie=%2Fhomepages%2F45%2Fd762456699%2Fhtpasswd&loknya=%2Fhomepages%2F45%2Fd762456699 HTTP/1.1" 429 267 fincaslaucirica.com "-" "Mozilla/5.0 AppleWebKit/537.36 (KHTML, like Gecko; compatible; ClaudeBot/1.0; +claudebot@anthropic.com)" "-"
216.73.216.0 - - [11/Aug/2026:03:06:05 +0200] "GET /pages.php?lokasie=%2Fhomepages%2F45%2Fd757797401%2Fhtpasswd&loknya=%2Fhomepages%2F45%2Fd757797401 HTTP/1.1" 429 267 fincaslaucirica.com "-" "Mozilla/5.0 AppleWebKit/537.36 (KHTML, like Gecko; compatible; ClaudeBot/1.0; +claudebot@anthropic.com)" "-"
216.73.216.0 - - [11/Aug/2026:03:06:06 +0200] "GET /pages.php?lokasie=%2Fhomepages%2F36%2Fd761184259%2Fhtpasswd&loknya=%2Fhomepages%2F36%2Fd761184259 HTTP/1.1" 429 267 fincaslaucirica.com "-" "Mozilla/5.0 AppleWebKit/537.36 (KHTML, like Gecko; compatible; ClaudeBot/1.0; +claudebot@anthropic.com)" "-"
216.73.216.0 - - [11/Aug/2026:03:06:06 +0200] "GET /pages.php?lokasie=%2Fhomepages%2F1%2Fd759481696%2Fhtpasswd&loknya=%2Fhomepages%2F1%2Fd759481696 HTTP/1.1" 429 267 fincaslaucirica.com "-" "Mozilla/5.0 AppleWebKit/537.36 (KHTML, like Gecko; compatible; ClaudeBot/1.0; +claudebot@anthropic.com)" "-"
74.7.243.0 - - [11/Aug/2026:03:06:06 +0200] "GET /?lokasie=//bin/rgb3toppm&loknya=//bin HTTP/1.1" 200 3940 fincaslaucirica.es "http://fincaslaucirica.es/?loknya=//bin" "Mozilla/5.0 AppleWebKit/537.36 (KHTML, like Gecko; compatible; GPTBot/1.4; +https://openai.com/gptbot)" "-"
216.73.216.0 - - [11/Aug/2026:03:06:07 +0200] "GET /pages.php?lokasie=%2Fhomepages%2F37%2Fd762842608%2Fhtpasswd&loknya=%2Fhomepages%2F37%2Fd762842608 HTTP/1.1" 429 267 fincaslaucirica.com "-" "Mozilla/5.0 AppleWebKit/537.36 (KHTML, like Gecko; compatible; ClaudeBot/1.0; +claudebot@anthropic.com)" "-"
216.73.216.0 - - [11/Aug/2026:03:06:07 +0200] "GET /pages.php?lokasie=%2Fhomepages%2F9%2Fd755065208%2Fhtpasswd&loknya=%2Fhomepages%2F9%2Fd755065208 HTTP/1.1" 429 267 fincaslaucirica.com "-" "Mozilla/5.0 AppleWebKit/537.36 (KHTML, like Gecko; compatible; ClaudeBot/1.0; +claudebot@anthropic.com)" "-"
216.73.216.0 - - [11/Aug/2026:03:06:08 +0200] "GET /pages.php?lokasie=%2Fhomepages%2F36%2Fd763774241%2Fhtpasswd&loknya=%2Fhomepages%2F36%2Fd763774241 HTTP/1.1" 429 267 fincaslaucirica.com "-" "Mozilla/5.0 AppleWebKit/537.36 (KHTML, like Gecko; compatible; ClaudeBot/1.0; +claudebot@anthropic.com)" "-"
216.73.216.0 - - [11/Aug/2026:03:06:08 +0200] "GET /pages.php?lokasie=%2Fhomepages%2F45%2Fd757846281%2Fhtpasswd&loknya=%2Fhomepages%2F45%2Fd757846281 HTTP/1.1" 429 267 fincaslaucirica.com "-" "Mozilla/5.0 AppleWebKit/537.36 (KHTML, like Gecko; compatible; ClaudeBot/1.0; +claudebot@anthropic.com)" "-"
216.73.216.0 - - [11/Aug/2026:03:06:09 +0200] "GET /pages.php?lokasie=%2Fhomepages%2F29%2Fd758426010%2Fhtpasswd&loknya=%2Fhomepages%2F29%2Fd758426010 HTTP/1.1" 200 4068 fincaslaucirica.com "-" "Mozilla/5.0 AppleWebKit/537.36 (KHTML, like Gecko; compatible; ClaudeBot/1.0; +claudebot@anthropic.com)" "-"
2a03:2880:f800:: - - [11/Aug/2026:03:06:13 +0200] "GET /shops/e056657430203?loknya=/homepages/15/d754908516/htdocs/.tmb HTTP/1.1" 200 6882 www.fincaslaucirica.com "-" "Mozilla/5.0 (Windows NT 10.0; Win64; x64) AppleWebKit/537.36 (KHTML, like Gecko) Chrome/145.0.0.0 Safari/537.36 (compatible; meta-externalagent/1.1 (+https://developers.facebook.com/docs/sharing/webmasters/crawler))" "-"
74.7.227.0 - - [11/Aug/2026:03:06:15 +0200] "GET /index.php?lokasie=/lib/python3.9/encodings/cp1251.py&loknya=/lib/python3.9/encodings HTTP/1.1" 200 18251 fincaslaucirica.com "http://fincaslaucirica.com/index.php?loknya=/lib/python3.9/encodings" "Mozilla/5.0 AppleWebKit/537.36 (KHTML, like Gecko; compatible; GPTBot/1.4; +https://openai.com/gptbot)" "-"
74.7.228.0 - - [11/Aug/2026:03:06:16 +0200] "GET /robots.txt HTTP/1.1" 200 397 fincaslaucirica.com "-" "Mozilla/5.0 (Macintosh; Intel Mac OS X 10_15_7) AppleWebKit/537.36 (KHTML, like Gecko) Chrome/131.0.0.0 Safari/537.36; compatible; OAI-SearchBot/1.4; robots.txt; +https://openai.com/searchbot" "-"
2a13:f40:6300:: - - [11/Aug/2026:03:06:18 +0200] "GET /index.php?lokasie=%2Fhomepages%2F34%2Fd764968932%2Flast_traffic&loknya=%2Fhomepages%2F34%2Fd764968932 HTTP/1.1" 200 4096 www.fincaslaucirica.com "https://www.fincaslaucirica.com" "Mozilla/5.0 (Macintosh; Intel Mac OS X 10_15_7) AppleWebKit/537.36 (KHTML, like Gecko) Chrome/144.0.0.0 Safari/537.36" "-"
2a10:7b01:f500:: - - [11/Aug/2026:03:06:18 +0200] "GET /?lokasie=%2Fkunden%2Fetc%2Fpapersize&loknya=%2Fkunden%2Fetc HTTP/1.1" 200 4019 www.fincaslaucirica.com "https://www.fincaslaucirica.com" "Mozilla/5.0 (Windows NT 10.0; Win64; x64) AppleWebKit/537.36 (KHTML, like Gecko) Chrome/144.0.0.0 Safari/537.36 Edg/144.0.0.0" "-"
2a13:dcc2:3400:: - - [11/Aug/2026:03:06:18 +0200] "GET /index.php?lokasie=%2Fkunden%2Fbin%2Frrdcreate&loknya=%2Fkunden%2Fbin HTTP/1.1" 200 4016 www.fincaslaucirica.com "https://www.fincaslaucirica.com" "Mozilla/5.0 (Windows NT 10.0; Win64; x64) AppleWebKit/537.36 (KHTML, like Gecko) Chrome/143.0.0.0 Safari/537.36" "-"
2a13:f41:c600:: - - [11/Aug/2026:03:06:18 +0200] "GET /?lokasie=%2Flib%2Fx86_64-linux-gnu%2Flibexslt.so.0.8.20&loknya=%2Flib%2Fx86_64-linux-gnu HTTP/1.1" 200 4050 www.fincaslaucirica.com "https://www.fincaslaucirica.com" "Mozilla/5.0 (Macintosh; Intel Mac OS X 10_15_7) AppleWebKit/537.36 (KHTML, like Gecko) Chrome/144.0.0.0 Safari/537.36" "-"
74.7.243.0 - - [11/Aug/2026:03:06:18 +0200] "GET /?lokasie=//bin/py3versions&loknya=//bin HTTP/1.1" 200 15853 fincaslaucirica.es "http://fincaslaucirica.es/?loknya=//bin" "Mozilla/5.0 AppleWebKit/537.36 (KHTML, like Gecko; compatible; GPTBot/1.4; +https://openai.com/gptbot)" "-"
216.73.216.0 - - [11/Aug/2026:03:06:24 +0200] "GET /pages.php?lokasie=%2Fhomepages%2F45%2Fd762456699%2Flast_traffic&loknya=%2Fhomepages%2F45%2Fd762456699 HTTP/1.1" 200 4072 fincaslaucirica.com "-" "Mozilla/5.0 AppleWebKit/537.36 (KHTML, like Gecko; compatible; ClaudeBot/1.0; +claudebot@anthropic.com)" "-"
216.73.216.0 - - [11/Aug/2026:03:06:24 +0200] "GET /pages.php?lokasie=%2Fhomepages%2F37%2Fd756389790%2Fdistributor.lock&loknya=%2Fhomepages%2F37%2Fd756389790 HTTP/1.1" 200 4076 fincaslaucirica.com "-" "Mozilla/5.0 AppleWebKit/537.36 (KHTML, like Gecko; compatible; ClaudeBot/1.0; +claudebot@anthropic.com)" "-"
216.73.216.0 - - [11/Aug/2026:03:06:25 +0200] "GET /pages.php?lokasie=%2Fhomepages%2F45%2Fd757797401%2Flast_traffic&loknya=%2Fhomepages%2F45%2Fd757797401 HTTP/1.1" 200 4072 fincaslaucirica.com "-" "Mozilla/5.0 AppleWebKit/537.36 (KHTML, like Gecko; compatible; ClaudeBot/1.0; +claudebot@anthropic.com)" "-"
216.73.216.0 - - [11/Aug/2026:03:06:25 +0200] "GET /pages.php?lokasie=%2Fhomepages%2F37%2Fd756389790%2F.created&loknya=%2Fhomepages%2F37%2Fd756389790 HTTP/1.1" 200 4079 fincaslaucirica.com "-" "Mozilla/5.0 AppleWebKit/537.36 (KHTML, like Gecko; compatible; ClaudeBot/1.0; +claudebot@anthropic.com)" "-"
216.73.216.0 - - [11/Aug/2026:03:06:26 +0200] "GET /pages.php?lokasie=%2Fhomepages%2F36%2Fd761184259%2Flast_traffic&loknya=%2Fhomepages%2F36%2Fd761184259 HTTP/1.1" 200 4072 fincaslaucirica.com "-" "Mozilla/5.0 AppleWebKit/537.36 (KHTML, like Gecko; compatible; ClaudeBot/1.0; +claudebot@anthropic.com)" "-"
216.73.216.0 - - [11/Aug/2026:03:06:26 +0200] "GET /pages.php?lokasie=%2Fhomepages%2F1%2Fd759481696%2Flast_traffic&loknya=%2Fhomepages%2F1%2Fd759481696 HTTP/1.1" 200 4068 fincaslaucirica.com "-" "Mozilla/5.0 AppleWebKit/537.36 (KHTML, like Gecko; compatible; ClaudeBot/1.0; +claudebot@anthropic.com)" "-"
216.73.216.0 - - [11/Aug/2026:03:06:27 +0200] "GET /pages.php?lokasie=%2Fhomepages%2F37%2Fd756389790%2Fphpinilist&loknya=%2Fhomepages%2F37%2Fd756389790 HTTP/1.1" 200 4070 fincaslaucirica.com "-" "Mozilla/5.0 AppleWebKit/537.36 (KHTML, like Gecko; compatible; ClaudeBot/1.0; +claudebot@anthropic.com)" "-"
2a03:2880:f800:: - - [11/Aug/2026:03:06:27 +0200] "GET /shops/8b2d2092938603?loknya=/homepages HTTP/1.1" 200 58042 www.fincaslaucirica.com "-" "Mozilla/5.0 (Windows NT 10.0; Win64; x64) AppleWebKit/537.36 (KHTML, like Gecko) Chrome/145.0.0.0 Safari/537.36 (compatible; meta-externalagent/1.1 (+https://developers.facebook.com/docs/sharing/webmasters/crawler))" "-"
216.73.216.0 - - [11/Aug/2026:03:06:28 +0200] "GET /pages.php?lokasie=%2Fhomepages%2F37%2Fd762842608%2Flast_traffic&loknya=%2Fhomepages%2F37%2Fd762842608 HTTP/1.1" 200 4072 fincaslaucirica.com "-" "Mozilla/5.0 AppleWebKit/537.36 (KHTML, like Gecko; compatible; ClaudeBot/1.0; +claudebot@anthropic.com)" "-"
216.73.216.0 - - [11/Aug/2026:03:06:29 +0200] "GET /pages.php?lokasie=%2Fhomepages%2F45%2Fd757167507%2Fdistributor.lock&loknya=%2Fhomepages%2F45%2Fd757167507 HTTP/1.1" 200 4076 fincaslaucirica.com "-" "Mozilla/5.0 AppleWebKit/537.36 (KHTML, like Gecko; compatible; ClaudeBot/1.0; +claudebot@anthropic.com)" "-"
216.73.216.0 - - [11/Aug/2026:03:06:30 +0200] "GET /pages.php?lokasie=%2Fhomepages%2F37%2Fd756389790%2F.htaccess&loknya=%2Fhomepages%2F37%2Fd756389790 HTTP/1.1" 200 4069 fincaslaucirica.com "-" "Mozilla/5.0 AppleWebKit/537.36 (KHTML, like Gecko; compatible; ClaudeBot/1.0; +claudebot@anthropic.com)" "-"
74.7.243.0 - - [11/Aug/2026:03:06:30 +0200] "GET /?lokasie=/lib/man-db/zsoelim&loknya=/lib/man-db HTTP/1.1" 200 3984 fincaslaucirica.es "http://fincaslaucirica.es/?loknya=/lib/man-db" "Mozilla/5.0 AppleWebKit/537.36 (KHTML, like Gecko; compatible; GPTBot/1.4; +https://openai.com/gptbot)" "-"
216.73.216.0 - - [11/Aug/2026:03:06:31 +0200] "GET /pages.php?lokasie=%2Fhomepages%2F36%2Fd763774241%2Flast_traffic&loknya=%2Fhomepages%2F36%2Fd763774241 HTTP/1.1" 200 4072 fincaslaucirica.com "-" "Mozilla/5.0 AppleWebKit/537.36 (KHTML, like Gecko; compatible; ClaudeBot/1.0; +claudebot@anthropic.com)" "-"
216.73.216.0 - - [11/Aug/2026:03:06:32 +0200] "GET /pages.php?lokasie=%2Fhomepages%2F36%2Fd763631643%2Fhtaccesslist&loknya=%2Fhomepages%2F36%2Fd763631643 HTTP/1.1" 200 4072 fincaslaucirica.com "-" "Mozilla/5.0 AppleWebKit/537.36 (KHTML, like Gecko; compatible; ClaudeBot/1.0; +claudebot@anthropic.com)" "-"
216.73.216.0 - - [11/Aug/2026:03:06:33 +0200] "GET /pages.php?lokasie=%2Fhomepages%2F45%2Fd757167507%2F.created&loknya=%2Fhomepages%2F45%2Fd757167507 HTTP/1.1" 200 4079 fincaslaucirica.com "-" "Mozilla/5.0 AppleWebKit/537.36 (KHTML, like Gecko; compatible; ClaudeBot/1.0; +claudebot@anthropic.com)" "-"
216.73.216.0 - - [11/Aug/2026:03:06:34 +0200] "GET /pages.php?lokasie=%2Fhomepages%2F9%2Fd762910730%2Flast_traffic&loknya=%2Fhomepages%2F9%2Fd762910730 HTTP/1.1" 200 4068 fincaslaucirica.com "-" "Mozilla/5.0 AppleWebKit/537.36 (KHTML, like Gecko; compatible; ClaudeBot/1.0; +claudebot@anthropic.com)" "-"
216.73.216.0 - - [11/Aug/2026:03:06:35 +0200] "GET /pages.php?lokasie=%2Fhomepages%2F6%2Fd762552164%2Flast_traffic&loknya=%2Fhomepages%2F6%2Fd762552164 HTTP/1.1" 200 4068 fincaslaucirica.com "-" "Mozilla/5.0 AppleWebKit/537.36 (KHTML, like Gecko; compatible; ClaudeBot/1.0; +claudebot@anthropic.com)" "-"
216.73.216.0 - - [11/Aug/2026:03:06:36 +0200] "GET /pages.php?lokasie=%2Fhomepages%2F36%2Fd763035824%2Flast_traffic&loknya=%2Fhomepages%2F36%2Fd763035824 HTTP/1.1" 200 4072 fincaslaucirica.com "-" "Mozilla/5.0 AppleWebKit/537.36 (KHTML, like Gecko; compatible; ClaudeBot/1.0; +claudebot@anthropic.com)" "-"
216.73.216.0 - - [11/Aug/2026:03:06:38 +0200] "GET /pages.php?lokasie=%2Fhomepages%2F1%2Fd765004196%2Flast_traffic&loknya=%2Fhomepages%2F1%2Fd765004196 HTTP/1.1" 200 4068 fincaslaucirica.com "-" "Mozilla/5.0 AppleWebKit/537.36 (KHTML, like Gecko; compatible; ClaudeBot/1.0; +claudebot@anthropic.com)" "-"
216.73.216.0 - - [11/Aug/2026:03:06:38 +0200] "GET /pages.php?lokasie=%2Fhomepages%2F37%2Fd756389790%2Flast_traffic&loknya=%2Fhomepages%2F37%2Fd756389790 HTTP/1.1" 200 4072 fincaslaucirica.com "-" "Mozilla/5.0 AppleWebKit/537.36 (KHTML, like Gecko; compatible; ClaudeBot/1.0; +claudebot@anthropic.com)" "-"
216.73.216.0 - - [11/Aug/2026:03:06:39 +0200] "GET /pages.php?lokasie=%2Fhomepages%2F45%2Fd757167507%2Flast_traffic&loknya=%2Fhomepages%2F45%2Fd757167507 HTTP/1.1" 200 4072 fincaslaucirica.com "-" "Mozilla/5.0 AppleWebKit/537.36 (KHTML, like Gecko; compatible; ClaudeBot/1.0; +claudebot@anthropic.com)" "-"
216.73.216.0 - - [11/Aug/2026:03:06:39 +0200] "GET /pages.php?lokasie=%2Fhomepages%2F36%2Fd763631643%2Flast_traffic&loknya=%2Fhomepages%2F36%2Fd763631643 HTTP/1.1" 200 4072 fincaslaucirica.com "-" "Mozilla/5.0 AppleWebKit/537.36 (KHTML, like Gecko; compatible; ClaudeBot/1.0; +claudebot@anthropic.com)" "-"
2a03:2880:f800:: - - [11/Aug/2026:03:06:39 +0200] "GET /shops/55d67823332545 HTTP/1.1" 200 72301 www.fincaslaucirica.com "-" "Mozilla/5.0 (X11; Linux x86_64) AppleWebKit/537.36 (KHTML, like Gecko) Chrome/145.0.0.0 Safari/537.36 (compatible; meta-externalagent/1.1 (+https://developers.facebook.com/docs/sharing/webmasters/crawler))" "-"
216.73.216.0 - - [11/Aug/2026:03:06:40 +0200] "GET /pages.php?lokasie=%2Fhomepages%2F1%2Fd765004196%2Fhtpasswd&loknya=%2Fhomepages%2F1%2Fd765004196 HTTP/1.1" 200 4064 fincaslaucirica.com "-" "Mozilla/5.0 AppleWebKit/537.36 (KHTML, like Gecko; compatible; ClaudeBot/1.0; +claudebot@anthropic.com)" "-"
216.73.216.0 - - [11/Aug/2026:03:06:40 +0200] "GET /pages.php?lokasie=%2Fhomepages%2F37%2Fd756389790%2Fhtpasswd&loknya=%2Fhomepages%2F37%2Fd756389790 HTTP/1.1" 429 267 fincaslaucirica.com "-" "Mozilla/5.0 AppleWebKit/537.36 (KHTML, like Gecko; compatible; ClaudeBot/1.0; +claudebot@anthropic.com)" "-"
74.7.243.0 - - [11/Aug/2026:03:06:40 +0200] "GET /?lokasie=/var/lib/pam/session&loknya=/var/lib/pam HTTP/1.1" 200 4093 fincaslaucirica.es "http://fincaslaucirica.es/?loknya=/var/lib/pam" "Mozilla/5.0 AppleWebKit/537.36 (KHTML, like Gecko; compatible; GPTBot/1.4; +https://openai.com/gptbot)" "-"
216.73.216.0 - - [11/Aug/2026:03:06:41 +0200] "GET /pages.php?lokasie=%2Fhomepages%2F45%2Fd757167507%2Fhtpasswd&loknya=%2Fhomepages%2F45%2Fd757167507 HTTP/1.1" 429 267 fincaslaucirica.com "-" "Mozilla/5.0 AppleWebKit/537.36 (KHTML, like Gecko; compatible; ClaudeBot/1.0; +claudebot@anthropic.com)" "-"
216.73.216.0 - - [11/Aug/2026:03:06:41 +0200] "GET /pages.php?lokasie=%2Fhomepages%2F1%2Fd765004196%2Fhtaccesslist&loknya=%2Fhomepages%2F1%2Fd765004196 HTTP/1.1" 429 267 fincaslaucirica.com "-" "Mozilla/5.0 AppleWebKit/537.36 (KHTML, like Gecko; compatible; ClaudeBot/1.0; +claudebot@anthropic.com)" "-"
216.73.216.0 - - [11/Aug/2026:03:06:42 +0200] "GET /pages.php?lokasie=%2Fhomepages%2F36%2Fd763631643%2Fhtpasswd&loknya=%2Fhomepages%2F36%2Fd763631643 HTTP/1.1" 429 267 fincaslaucirica.com "-" "Mozilla/5.0 AppleWebKit/537.36 (KHTML, like Gecko; compatible; ClaudeBot/1.0; +claudebot@anthropic.com)" "-"
216.73.216.0 - - [11/Aug/2026:03:06:42 +0200] "GET /pages.php?lokasie=%2Fhomepages%2F37%2Fd756389790%2Fhtaccesslist&loknya=%2Fhomepages%2F37%2Fd756389790 HTTP/1.1" 429 267 fincaslaucirica.com "-" "Mozilla/5.0 AppleWebKit/537.36 (KHTML, like Gecko; compatible; ClaudeBot/1.0; +claudebot@anthropic.com)" "-"
74.7.241.0 - - [11/Aug/2026:03:06:42 +0200] "GET /index.php?loknya=/proc/thread-self/root/proc/thread-self/root/proc/thread-self/root/proc/self/root/proc/self/root/proc/thread-self/root/kunden/proc/self/root/proc/thread-self/root/usr/include/netash HTTP/1.1" 200 10942 www.fincaslaucirica.com "https://www.fincaslaucirica.com/index.php?loknya=/proc/thread-self/root/proc/thread-self/root/proc/thread-self/root/proc/self/root/proc/self/root/proc/thread-self/root/kunden/proc/self/root/proc/thread-self/root/usr/include" "Mozilla/5.0 AppleWebKit/537.36 (KHTML, like Gecko; compatible; GPTBot/1.4; +https://openai.com/gptbot)" "-"
216.73.216.0 - - [11/Aug/2026:03:06:43 +0200] "GET /pages.php?lokasie=%2Fhomepages%2F45%2Fd69360765%2Flast_traffic&loknya=%2Fhomepages%2F45%2Fd69360765 HTTP/1.1" 429 267 fincaslaucirica.com "-" "Mozilla/5.0 AppleWebKit/537.36 (KHTML, like Gecko; compatible; ClaudeBot/1.0; +claudebot@anthropic.com)" "-"
216.73.216.0 - - [11/Aug/2026:03:06:43 +0200] "GET /pages.php?lokasie=%2Fhomepages%2F45%2Fd757167507%2Fhtaccesslist&loknya=%2Fhomepages%2F45%2Fd757167507 HTTP/1.1" 429 267 fincaslaucirica.com "-" "Mozilla/5.0 AppleWebKit/537.36 (KHTML, like Gecko; compatible; ClaudeBot/1.0; +claudebot@anthropic.com)" "-"
216.73.216.0 - - [11/Aug/2026:03:06:44 +0200] "GET /pages.php?lokasie=%2Fhomepages%2F1%2Fd765004196%2Fdistributor.lock&loknya=%2Fhomepages%2F1%2Fd765004196 HTTP/1.1" 429 267 fincaslaucirica.com "-" "Mozilla/5.0 AppleWebKit/537.36 (KHTML, like Gecko; compatible; ClaudeBot/1.0; +claudebot@anthropic.com)" "-"
216.73.216.0 - - [11/Aug/2026:03:06:44 +0200] "GET /pages.php?lokasie=%2Fhomepages%2F37%2Fd756389790%2Fmetadata.json&loknya=%2Fhomepages%2F37%2Fd756389790 HTTP/1.1" 429 267 fincaslaucirica.com "-" "Mozilla/5.0 AppleWebKit/537.36 (KHTML, like Gecko; compatible; ClaudeBot/1.0; +claudebot@anthropic.com)" "-"
216.73.216.0 - - [11/Aug/2026:03:06:45 +0200] "GET /pages.php?lokasie=%2Fhomepages%2F1%2Fd764933508%2Flast_traffic&loknya=%2Fhomepages%2F1%2Fd764933508 HTTP/1.1" 429 267 fincaslaucirica.com "-" "Mozilla/5.0 AppleWebKit/537.36 (KHTML, like Gecko; compatible; ClaudeBot/1.0; +claudebot@anthropic.com)" "-"
216.73.216.0 - - [11/Aug/2026:03:06:45 +0200] "GET /pages.php?lokasie=%2Fhomepages%2F9%2Fd762758262%2Flast_traffic&loknya=%2Fhomepages%2F9%2Fd762758262 HTTP/1.1" 429 267 fincaslaucirica.com "-" "Mozilla/5.0 AppleWebKit/537.36 (KHTML, like Gecko; compatible; ClaudeBot/1.0; +claudebot@anthropic.com)" "-"
216.73.216.0 - - [11/Aug/2026:03:06:46 +0200] "GET /pages.php?lokasie=%2Fhomepages%2F1%2Fd765004196%2F.created&loknya=%2Fhomepages%2F1%2Fd765004196 HTTP/1.1" 429 267 fincaslaucirica.com "-" "Mozilla/5.0 AppleWebKit/537.36 (KHTML, like Gecko; compatible; ClaudeBot/1.0; +claudebot@anthropic.com)" "-"
216.73.216.0 - - [11/Aug/2026:03:06:47 +0200] "GET /pages.php?loknya=%2Fhomepages%2F36%2Fd764867931%2Fmanaged HTTP/1.1" 429 267 fincaslaucirica.com "-" "Mozilla/5.0 AppleWebKit/537.36 (KHTML, like Gecko; compatible; ClaudeBot/1.0; +claudebot@anthropic.com)" "-"
216.73.216.0 - - [11/Aug/2026:03:06:47 +0200] "GET /pages.php?loknya=%2Fhomepages%2F37%2Fd758205259%2Fmanaged HTTP/1.1" 429 267 fincaslaucirica.com "-" "Mozilla/5.0 AppleWebKit/537.36 (KHTML, like Gecko; compatible; ClaudeBot/1.0; +claudebot@anthropic.com)" "-"
216.73.216.0 - - [11/Aug/2026:03:06:49 +0200] "GET /pages.php?loknya=%2Fhomepages%2F9%2Fd757392272%2Fmanaged HTTP/1.1" 429 267 fincaslaucirica.com "-" "Mozilla/5.0 AppleWebKit/537.36 (KHTML, like Gecko; compatible; ClaudeBot/1.0; +claudebot@anthropic.com)" "-"
216.73.216.0 - - [11/Aug/2026:03:06:50 +0200] "GET /pages.php?loknya=%2Fhomepages%2F45%2Fd762898828%2Fmanaged HTTP/1.1" 429 267 fincaslaucirica.com "-" "Mozilla/5.0 AppleWebKit/537.36 (KHTML, like Gecko; compatible; ClaudeBot/1.0; +claudebot@anthropic.com)" "-"
74.7.243.0 - - [11/Aug/2026:03:06:50 +0200] "GET /?lokasie=/var/lib/pam/password&loknya=/var/lib/pam HTTP/1.1" 200 4090 fincaslaucirica.es "http://fincaslaucirica.es/?loknya=/var/lib/pam" "Mozilla/5.0 AppleWebKit/537.36 (KHTML, like Gecko; compatible; GPTBot/1.4; +https://openai.com/gptbot)" "-"
216.73.216.0 - - [11/Aug/2026:03:06:51 +0200] "GET /pages.php?loknya=%2Fhomepages%2F37%2Fd759847439%2Fmanaged HTTP/1.1" 429 267 fincaslaucirica.com "-" "Mozilla/5.0 AppleWebKit/537.36 (KHTML, like Gecko; compatible; ClaudeBot/1.0; +claudebot@anthropic.com)" "-"
216.73.216.0 - - [11/Aug/2026:03:06:51 +0200] "GET /pages.php?loknya=%2Fhomepages%2F45%2Fd765398711%2Fmanaged HTTP/1.1" 429 267 fincaslaucirica.com "-" "Mozilla/5.0 AppleWebKit/537.36 (KHTML, like Gecko; compatible; ClaudeBot/1.0; +claudebot@anthropic.com)" "-"
2a03:2880:f800:: - - [11/Aug/2026:03:06:51 +0200] "GET /shops/2a7696d3742841 HTTP/1.1" 200 72301 www.fincaslaucirica.com "-" "Mozilla/5.0 (Macintosh; Intel Mac OS X 10_15_7) AppleWebKit/537.36 (KHTML, like Gecko) Chrome/145.0.0.0 Safari/537.36 (compatible; meta-externalagent/1.1 (+https://developers.facebook.com/docs/sharing/webmasters/crawler))" "-"
216.73.216.0 - - [11/Aug/2026:03:06:53 +0200] "GET /pages.php?loknya=%2Fhomepages%2F6%2Fd757461547%2Fmanaged HTTP/1.1" 429 267 fincaslaucirica.com "-" "Mozilla/5.0 AppleWebKit/537.36 (KHTML, like Gecko; compatible; ClaudeBot/1.0; +claudebot@anthropic.com)" "-"
216.73.216.0 - - [11/Aug/2026:03:06:56 +0200] "GET /pages.php?loknya=%2Fhomepages%2F37%2Fd765275046%2Fmanaged HTTP/1.1" 429 267 fincaslaucirica.com "-" "Mozilla/5.0 AppleWebKit/537.36 (KHTML, like Gecko; compatible; ClaudeBot/1.0; +claudebot@anthropic.com)" "-"
216.73.216.0 - - [11/Aug/2026:03:06:57 +0200] "GET /pages.php?loknya=%2Fhomepages%2F29%2Fd754719120%2Fmanaged HTTP/1.1" 429 267 fincaslaucirica.com "-" "Mozilla/5.0 AppleWebKit/537.36 (KHTML, like Gecko; compatible; ClaudeBot/1.0; +claudebot@anthropic.com)" "-"
216.73.216.0 - - [11/Aug/2026:03:06:57 +0200] "GET /pages.php?loknya=%2Fhomepages%2F6%2Fd756293221%2Fmanaged HTTP/1.1" 429 267 fincaslaucirica.com "-" "Mozilla/5.0 AppleWebKit/537.36 (KHTML, like Gecko; compatible; ClaudeBot/1.0; +claudebot@anthropic.com)" "-"
74.7.243.0 - - [11/Aug/2026:03:06:58 +0200] "GET /?lokasie=/var/lib/pam/account&loknya=/var/lib/pam HTTP/1.1" 200 4094 fincaslaucirica.es "http://fincaslaucirica.es/?loknya=/var/lib/pam" "Mozilla/5.0 AppleWebKit/537.36 (KHTML, like Gecko; compatible; GPTBot/1.4; +https://openai.com/gptbot)" "-"
2a03:2880:f800:: - - [11/Aug/2026:03:07:01 +0200] "GET /shops/05558373462303 HTTP/1.1" 200 72301 www.fincaslaucirica.com "-" "Mozilla/5.0 (Macintosh; Intel Mac OS X 10_15_7) AppleWebKit/537.36 (KHTML, like Gecko) Chrome/145.0.0.0 Safari/537.36 (compatible; meta-externalagent/1.1 (+https://developers.facebook.com/docs/sharing/webmasters/crawler))" "-"
216.73.216.0 - - [11/Aug/2026:03:07:02 +0200] "GET /pages.php?loknya=%2Fhomepages%2F45%2Fd762898828%2F.config HTTP/1.1" 429 267 fincaslaucirica.com "-" "Mozilla/5.0 AppleWebKit/537.36 (KHTML, like Gecko; compatible; ClaudeBot/1.0; +claudebot@anthropic.com)" "-"
216.73.216.0 - - [11/Aug/2026:03:07:03 +0200] "GET /pages.php?loknya=%2Fhomepages%2F37%2Fd765275046%2F.config HTTP/1.1" 429 267 fincaslaucirica.com "-" "Mozilla/5.0 AppleWebKit/537.36 (KHTML, like Gecko; compatible; ClaudeBot/1.0; +claudebot@anthropic.com)" "-"
216.73.216.0 - - [11/Aug/2026:03:07:05 +0200] "GET /pages.php?loknya=%2Fhomepages%2F6%2Fd756293221%2F.config HTTP/1.1" 429 267 fincaslaucirica.com "-" "Mozilla/5.0 AppleWebKit/537.36 (KHTML, like Gecko; compatible; ClaudeBot/1.0; +claudebot@anthropic.com)" "-"
216.73.216.0 - - [11/Aug/2026:03:07:05 +0200] "GET /pages.php?loknya=%2Fhomepages%2F29%2Fd757139244%2Fmanaged HTTP/1.1" 429 267 fincaslaucirica.com "-" "Mozilla/5.0 AppleWebKit/537.36 (KHTML, like Gecko; compatible; ClaudeBot/1.0; +claudebot@anthropic.com)" "-"
216.73.216.0 - - [11/Aug/2026:03:07:05 +0200] "GET /pages.php?loknya=%2Fhomepages%2F29%2Fd754719120%2F.config HTTP/1.1" 429 267 fincaslaucirica.com "-" "Mozilla/5.0 AppleWebKit/537.36 (KHTML, like Gecko; compatible; ClaudeBot/1.0; +claudebot@anthropic.com)" "-"
74.7.243.0 - - [11/Aug/2026:03:07:05 +0200] "GET /?lokasie=/var/lib/pam/session-noninteractive&loknya=/var/lib/pam HTTP/1.1" 429 267 fincaslaucirica.es "http://fincaslaucirica.es/?loknya=/var/lib/pam" "Mozilla/5.0 AppleWebKit/537.36 (KHTML, like Gecko; compatible; GPTBot/1.4; +https://openai.com/gptbot)" "-"
