74.7.241.0 - - [11/Aug/2026:03:02:57 +0200] "GET /index.php?loknya=/proc/thread-self/root/proc/thread-self/root/proc/thread-self/root/proc/self/root/proc/self/root/proc/thread-self/root/kunden/proc/self/root/proc/thread-self/root/usr/lib/apt/ HTTP/1.1" 200 17404 www.fincaslaucirica.com "https://www.fincaslaucirica.com/index.php?loknya=/proc/thread-self/root/proc/thread-self/root/proc/thread-self/root/proc/self/root/proc/self/root/proc/thread-self/root/kunden/proc/self/root/proc/thread-self/root/usr/lib/apt/planners" "Mozilla/5.0 AppleWebKit/537.36 (KHTML, like Gecko; compatible; GPTBot/1.4; +https://openai.com/gptbot)" "-"
2a03:2880:f800:: - - [11/Aug/2026:03:02:57 +0200] "GET /shops/69232553693073 HTTP/1.1" 200 72301 www.fincaslaucirica.com "-" "Mozilla/5.0 (Windows NT 10.0; Win64; x64) AppleWebKit/537.36 (KHTML, like Gecko) Chrome/145.0.0.0 Safari/537.36 (compatible; meta-externalagent/1.1 (+https://developers.facebook.com/docs/sharing/webmasters/crawler))" "-"
216.73.216.0 - - [11/Aug/2026:03:02:58 +0200] "GET /pages.php?lokasie=%2Fhomepages%2F5%2Fd761054696%2Fhtpasswd&loknya=%2Fhomepages%2F5%2Fd761054696 HTTP/1.1" 429 267 fincaslaucirica.com "-" "Mozilla/5.0 AppleWebKit/537.36 (KHTML, like Gecko; compatible; ClaudeBot/1.0; +claudebot@anthropic.com)" "-"
216.73.216.0 - - [11/Aug/2026:03:03:06 +0200] "GET /pages.php?loknya=%2Fhomepages%2F1%2Fd756473414%2Fmanaged HTTP/1.1" 200 5251 fincaslaucirica.com "-" "Mozilla/5.0 AppleWebKit/537.36 (KHTML, like Gecko; compatible; ClaudeBot/1.0; +claudebot@anthropic.com)" "-"
74.7.241.0 - - [11/Aug/2026:03:03:06 +0200] "GET /index.php?loknya=/proc/thread-self/root/proc/thread-self/root/proc/thread-self/root/proc/self/root/proc/self/root/proc/thread-self/root/kunden/proc/self/root/proc/thread-self/root/etc/csh/ HTTP/1.1" 200 11752 www.fincaslaucirica.com "https://www.fincaslaucirica.com/index.php?loknya=/proc/thread-self/root/proc/thread-self/root/proc/thread-self/root/proc/self/root/proc/self/root/proc/thread-self/root/kunden/proc/self/root/proc/thread-self/root/etc/csh/cshrc.d" "Mozilla/5.0 AppleWebKit/537.36 (KHTML, like Gecko; compatible; GPTBot/1.4; +https://openai.com/gptbot)" "-"
216.73.216.0 - - [11/Aug/2026:03:03:06 +0200] "GET /pages.php?loknya=%2Fhomepages%2F6%2Fd762552164%2Fmanaged HTTP/1.1" 200 5251 fincaslaucirica.com "-" "Mozilla/5.0 AppleWebKit/537.36 (KHTML, like Gecko; compatible; ClaudeBot/1.0; +claudebot@anthropic.com)" "-"
216.73.216.0 - - [11/Aug/2026:03:03:07 +0200] "GET /pages.php?loknya=%2Fhomepages%2F36%2Fd763818938%2Fmanaged HTTP/1.1" 200 5258 fincaslaucirica.com "-" "Mozilla/5.0 AppleWebKit/537.36 (KHTML, like Gecko; compatible; ClaudeBot/1.0; +claudebot@anthropic.com)" "-"
216.73.216.0 - - [11/Aug/2026:03:03:07 +0200] "GET /pages.php?loknya=%2Fhomepages%2F45%2Fd756470262%2Fmanaged HTTP/1.1" 200 5258 fincaslaucirica.com "-" "Mozilla/5.0 AppleWebKit/537.36 (KHTML, like Gecko; compatible; ClaudeBot/1.0; +claudebot@anthropic.com)" "-"
216.73.216.0 - - [11/Aug/2026:03:03:08 +0200] "GET /pages.php?loknya=%2Fhomepages%2F45%2Fd757846281%2Fmanaged HTTP/1.1" 200 5258 fincaslaucirica.com "-" "Mozilla/5.0 AppleWebKit/537.36 (KHTML, like Gecko; compatible; ClaudeBot/1.0; +claudebot@anthropic.com)" "-"
216.73.216.0 - - [11/Aug/2026:03:03:08 +0200] "GET /pages.php?loknya=%2Fhomepages%2F36%2Fd763035824%2Fmanaged HTTP/1.1" 200 5258 fincaslaucirica.com "-" "Mozilla/5.0 AppleWebKit/537.36 (KHTML, like Gecko; compatible; ClaudeBot/1.0; +claudebot@anthropic.com)" "-"
216.73.216.0 - - [11/Aug/2026:03:03:09 +0200] "GET /pages.php?loknya=%2Fhomepages%2F1%2Fd758507010%2Fmanaged HTTP/1.1" 200 5251 fincaslaucirica.com "-" "Mozilla/5.0 AppleWebKit/537.36 (KHTML, like Gecko; compatible; ClaudeBot/1.0; +claudebot@anthropic.com)" "-"
216.73.216.0 - - [11/Aug/2026:03:03:10 +0200] "GET /pages.php?loknya=%2Fhomepages%2F29%2Fd764346882%2Fmanaged HTTP/1.1" 200 5258 fincaslaucirica.com "-" "Mozilla/5.0 AppleWebKit/537.36 (KHTML, like Gecko; compatible; ClaudeBot/1.0; +claudebot@anthropic.com)" "-"
2a03:2880:f800:: - - [11/Aug/2026:03:03:10 +0200] "GET /shops/b04b7b81454711?loknya=/homepages/15/d754908516/htdocs/wp-admin HTTP/1.1" 200 150135 www.fincaslaucirica.com "-" "Mozilla/5.0 (Windows NT 10.0; Win64; x64) AppleWebKit/537.36 (KHTML, like Gecko) Chrome/145.0.0.0 Safari/537.36 (compatible; meta-externalagent/1.1 (+https://developers.facebook.com/docs/sharing/webmasters/crawler))" "-"
216.73.216.0 - - [11/Aug/2026:03:03:11 +0200] "GET /pages.php?loknya=%2Fhomepages%2F45%2Fd757797401%2Fmanaged HTTP/1.1" 200 5258 fincaslaucirica.com "-" "Mozilla/5.0 AppleWebKit/537.36 (KHTML, like Gecko; compatible; ClaudeBot/1.0; +claudebot@anthropic.com)" "-"
216.73.216.0 - - [11/Aug/2026:03:03:12 +0200] "GET /pages.php?loknya=%2Fhomepages%2F45%2Fd69360765%2Fmanaged HTTP/1.1" 200 5252 fincaslaucirica.com "-" "Mozilla/5.0 AppleWebKit/537.36 (KHTML, like Gecko; compatible; ClaudeBot/1.0; +claudebot@anthropic.com)" "-"
216.73.216.0 - - [11/Aug/2026:03:03:13 +0200] "GET /pages.php?loknya=%2Fhomepages%2F45%2Fd761441546%2Fmanaged HTTP/1.1" 200 5258 fincaslaucirica.com "-" "Mozilla/5.0 AppleWebKit/537.36 (KHTML, like Gecko; compatible; ClaudeBot/1.0; +claudebot@anthropic.com)" "-"
74.7.241.0 - - [11/Aug/2026:03:03:14 +0200] "GET /index.php?loknya=/proc/thread-self/root/proc/thread-self/root/proc/thread-self/root/proc/self/root/proc/self/root/proc/thread-self/root/kunden/proc/self/root/proc/thread-self/root/usr/lib/systemd/system HTTP/1.1" 429 267 www.fincaslaucirica.com "https://www.fincaslaucirica.com/index.php?loknya=/proc/thread-self/root/proc/thread-self/root/proc/thread-self/root/proc/self/root/proc/self/root/proc/thread-self/root/kunden/proc/self/root/proc/thread-self/root/usr/lib/systemd" "Mozilla/5.0 AppleWebKit/537.36 (KHTML, like Gecko; compatible; GPTBot/1.4; +https://openai.com/gptbot)" "-"
74.7.227.0 - - [11/Aug/2026:03:03:14 +0200] "GET /index.php?lokasie=/lib/python3.9/encodings/cp1125.py&loknya=/lib/python3.9/encodings HTTP/1.1" 200 39487 fincaslaucirica.com "http://fincaslaucirica.com/index.php?loknya=/lib/python3.9/encodings" "Mozilla/5.0 AppleWebKit/537.36 (KHTML, like Gecko; compatible; GPTBot/1.4; +https://openai.com/gptbot)" "-"
114.119.134.0 - - [11/Aug/2026:03:03:14 +0200] "GET /goods.php?products/document/z270042157 HTTP/1.1" 200 72297 fincaslaucirica.com "https://fincaslaucirica.com/goods.php?sitemap400.xml" "Mozilla/5.0 (Linux; Android 7.0;) AppleWebKit/537.36 (HTML, like Gecko) Mobile Safari/537.36 (compatible; PetalBot;+https://webmaster.petalsearch.com/site/petalbot)" "-"
216.73.216.0 - - [11/Aug/2026:03:03:14 +0200] "GET /pages.php?loknya=%2Fhomepages%2F36%2F HTTP/1.1" 200 30043 fincaslaucirica.com "-" "Mozilla/5.0 AppleWebKit/537.36 (KHTML, like Gecko; compatible; ClaudeBot/1.0; +claudebot@anthropic.com)" "-"
216.73.216.0 - - [11/Aug/2026:03:03:15 +0200] "GET /pages.php?loknya=%2Fhomepages%2F37%2F HTTP/1.1" 200 30047 fincaslaucirica.com "-" "Mozilla/5.0 AppleWebKit/537.36 (KHTML, like Gecko; compatible; ClaudeBot/1.0; +claudebot@anthropic.com)" "-"
216.73.216.0 - - [11/Aug/2026:03:03:16 +0200] "GET /pages.php?loknya=%2Fhomepages%2F29%2F HTTP/1.1" 200 27967 fincaslaucirica.com "-" "Mozilla/5.0 AppleWebKit/537.36 (KHTML, like Gecko; compatible; ClaudeBot/1.0; +claudebot@anthropic.com)" "-"
74.7.243.0 - - [11/Aug/2026:03:03:16 +0200] "GET /?loknya=/var/lib/apt HTTP/1.1" 200 5102 fincaslaucirica.es "http://fincaslaucirica.es/?loknya=/var/lib" "Mozilla/5.0 AppleWebKit/537.36 (KHTML, like Gecko; compatible; GPTBot/1.4; +https://openai.com/gptbot)" "-"
216.73.216.0 - - [11/Aug/2026:03:03:17 +0200] "GET /pages.php?loknya=%2Fhomepages%2F45%2F HTTP/1.1" 200 29003 fincaslaucirica.com "-" "Mozilla/5.0 AppleWebKit/537.36 (KHTML, like Gecko; compatible; ClaudeBot/1.0; +claudebot@anthropic.com)" "-"
216.73.216.0 - - [11/Aug/2026:03:03:18 +0200] "GET /pages.php?loknya=%2Fhomepages%2F6%2F HTTP/1.1" 200 21675 fincaslaucirica.com "-" "Mozilla/5.0 AppleWebKit/537.36 (KHTML, like Gecko; compatible; ClaudeBot/1.0; +claudebot@anthropic.com)" "-"
216.73.216.0 - - [11/Aug/2026:03:03:19 +0200] "GET /pages.php?loknya=%2Fhomepages%2F9%2F HTTP/1.1" 200 32045 fincaslaucirica.com "-" "Mozilla/5.0 AppleWebKit/537.36 (KHTML, like Gecko; compatible; ClaudeBot/1.0; +claudebot@anthropic.com)" "-"
216.73.216.0 - - [11/Aug/2026:03:03:20 +0200] "GET /pages.php?loknya=%2Fhomepages%2F1%2F HTTP/1.1" 200 27897 fincaslaucirica.com "-" "Mozilla/5.0 AppleWebKit/537.36 (KHTML, like Gecko; compatible; ClaudeBot/1.0; +claudebot@anthropic.com)" "-"
74.7.241.0 - - [11/Aug/2026:03:03:21 +0200] "GET /index.php?loknya=/proc/thread-self/root/proc/thread-self/root/proc/thread-self/root/proc/self/root/proc/self/root/proc/thread-self/root/kunden/proc/self/root/proc/thread-self/root/usr/local/lib HTTP/1.1" 429 267 www.fincaslaucirica.com "https://www.fincaslaucirica.com/index.php?loknya=/proc/thread-self/root/proc/thread-self/root/proc/thread-self/root/proc/self/root/proc/self/root/proc/thread-self/root/kunden/proc/self/root/proc/thread-self/root/usr/local/" "Mozilla/5.0 AppleWebKit/537.36 (KHTML, like Gecko; compatible; GPTBot/1.4; +https://openai.com/gptbot)" "-"
2a03:2880:f800:: - - [11/Aug/2026:03:03:21 +0200] "GET /shops/1309596344555?loknya=/homepages/15 HTTP/1.1" 200 34154 www.fincaslaucirica.com "-" "Mozilla/5.0 (Macintosh; Intel Mac OS X 10_15_7) AppleWebKit/537.36 (KHTML, like Gecko) Chrome/145.0.0.0 Safari/537.36 (compatible; meta-externalagent/1.1 (+https://developers.facebook.com/docs/sharing/webmasters/crawler))" "-"
216.73.216.0 - - [11/Aug/2026:03:03:24 +0200] "GET /pages.php?loknya=%2Fhomepages%2F29%2Fd764346882%2F.config HTTP/1.1" 200 5258 fincaslaucirica.com "-" "Mozilla/5.0 AppleWebKit/537.36 (KHTML, like Gecko; compatible; ClaudeBot/1.0; +claudebot@anthropic.com)" "-"
216.73.216.0 - - [11/Aug/2026:03:03:24 +0200] "GET /pages.php?loknya=%2Fhomepages%2F36%2Fd763818938%2F.config HTTP/1.1" 200 5258 fincaslaucirica.com "-" "Mozilla/5.0 AppleWebKit/537.36 (KHTML, like Gecko; compatible; ClaudeBot/1.0; +claudebot@anthropic.com)" "-"
216.73.216.0 - - [11/Aug/2026:03:03:25 +0200] "GET /pages.php?loknya=%2Fhomepages%2F1%2Fd758507010%2F.config HTTP/1.1" 200 5251 fincaslaucirica.com "-" "Mozilla/5.0 AppleWebKit/537.36 (KHTML, like Gecko; compatible; ClaudeBot/1.0; +claudebot@anthropic.com)" "-"
216.73.216.0 - - [11/Aug/2026:03:03:25 +0200] "GET /pages.php?loknya=%2Fhomepages%2F45%2Fd761441546%2F.config HTTP/1.1" 200 5258 fincaslaucirica.com "-" "Mozilla/5.0 AppleWebKit/537.36 (KHTML, like Gecko; compatible; ClaudeBot/1.0; +claudebot@anthropic.com)" "-"
216.73.216.0 - - [11/Aug/2026:03:03:26 +0200] "GET /pages.php?loknya=%2Fhomepages%2F37%2Fd762842608%2Fmanaged HTTP/1.1" 200 5258 fincaslaucirica.com "-" "Mozilla/5.0 AppleWebKit/537.36 (KHTML, like Gecko; compatible; ClaudeBot/1.0; +claudebot@anthropic.com)" "-"
2a03:2880:f800:: - - [11/Aug/2026:03:03:30 +0200] "GET /shops/966270a903826?loknya=/homepages/15/d754908516/htdocs/.tmb HTTP/1.1" 200 6883 www.fincaslaucirica.com "-" "Mozilla/5.0 (Windows NT 10.0; Win64; x64) AppleWebKit/537.36 (KHTML, like Gecko) Chrome/145.0.0.0 Safari/537.36 Edg/145.0.0.0 (compatible; meta-externalagent/1.1 (+https://developers.facebook.com/docs/sharing/webmasters/crawler))" "-"
47.79.13.0 - - [11/Aug/2026:03:03:34 +0200] "GET /index.php?loknya=/homepages/8/d761265400/managed HTTP/1.1" 429 267 www.fincaslaucirica.com "https://www.fincaslaucirica.com/" "Mozilla/5.0 (Macintosh; Intel Mac OS X 10_15_7) AppleWebKit/537.36 (KHTML, like Gecko) Chrome/135.0.0.0 Safari/537.36" "-"
216.73.216.0 - - [11/Aug/2026:03:03:35 +0200] "GET /pages.php?loknya=%2Fhomepages%2F1%2Fd764933508%2F.config HTTP/1.1" 200 5251 fincaslaucirica.com "-" "Mozilla/5.0 AppleWebKit/537.36 (KHTML, like Gecko; compatible; ClaudeBot/1.0; +claudebot@anthropic.com)" "-"
216.73.216.0 - - [11/Aug/2026:03:03:36 +0200] "GET /pages.php?loknya=%2Fhomepages%2F37%2Fd762842608%2F.config HTTP/1.1" 429 267 fincaslaucirica.com "-" "Mozilla/5.0 AppleWebKit/537.36 (KHTML, like Gecko; compatible; ClaudeBot/1.0; +claudebot@anthropic.com)" "-"
216.73.216.0 - - [11/Aug/2026:03:03:36 +0200] "GET /pages.php?loknya=%2Fhomepages%2F45%2Fd762456699%2F.config HTTP/1.1" 429 267 fincaslaucirica.com "-" "Mozilla/5.0 AppleWebKit/537.36 (KHTML, like Gecko; compatible; ClaudeBot/1.0; +claudebot@anthropic.com)" "-"
216.73.216.0 - - [11/Aug/2026:03:03:36 +0200] "GET /pages.php?loknya=%2Fhomepages%2F1%2Fd764126095%2F.config HTTP/1.1" 429 267 fincaslaucirica.com "-" "Mozilla/5.0 AppleWebKit/537.36 (KHTML, like Gecko; compatible; ClaudeBot/1.0; +claudebot@anthropic.com)" "-"
216.73.216.0 - - [11/Aug/2026:03:03:38 +0200] "GET /pages.php?loknya=%2Fhomepages%2F45%2Fd756470262%2F.config HTTP/1.1" 429 267 fincaslaucirica.com "-" "Mozilla/5.0 AppleWebKit/537.36 (KHTML, like Gecko; compatible; ClaudeBot/1.0; +claudebot@anthropic.com)" "-"
216.73.216.0 - - [11/Aug/2026:03:03:39 +0200] "GET /pages.php?loknya=%2Fhomepages%2F9%2Fd762910730%2F.config HTTP/1.1" 429 267 fincaslaucirica.com "-" "Mozilla/5.0 AppleWebKit/537.36 (KHTML, like Gecko; compatible; ClaudeBot/1.0; +claudebot@anthropic.com)" "-"
216.73.216.0 - - [11/Aug/2026:03:03:39 +0200] "GET /pages.php?loknya=%2Fhomepages%2F36%2Fd761184259%2F.config HTTP/1.1" 429 267 fincaslaucirica.com "-" "Mozilla/5.0 AppleWebKit/537.36 (KHTML, like Gecko; compatible; ClaudeBot/1.0; +claudebot@anthropic.com)" "-"
216.73.216.0 - - [11/Aug/2026:03:03:39 +0200] "GET /pages.php?loknya=%2Fhomepages%2F45%2Fd69360765%2F.config HTTP/1.1" 429 267 fincaslaucirica.com "-" "Mozilla/5.0 AppleWebKit/537.36 (KHTML, like Gecko; compatible; ClaudeBot/1.0; +claudebot@anthropic.com)" "-"
2a03:2880:f800:: - - [11/Aug/2026:03:03:39 +0200] "GET /shops/26033561540285 HTTP/1.1" 200 72301 www.fincaslaucirica.com "-" "Mozilla/5.0 (Windows NT 10.0; Win64; x64) AppleWebKit/537.36 (KHTML, like Gecko) Chrome/145.0.0.0 Safari/537.36 (compatible; meta-externalagent/1.1 (+https://developers.facebook.com/docs/sharing/webmasters/crawler))" "-"
216.73.216.0 - - [11/Aug/2026:03:03:40 +0200] "GET /pages.php?loknya=%2Fhomepages%2F36%2Fd763774241%2F.config HTTP/1.1" 429 267 fincaslaucirica.com "-" "Mozilla/5.0 AppleWebKit/537.36 (KHTML, like Gecko; compatible; ClaudeBot/1.0; +claudebot@anthropic.com)" "-"
216.73.216.0 - - [11/Aug/2026:03:03:40 +0200] "GET /pages.php?loknya=%2Fhomepages%2F9%2Fd755065208%2F.config HTTP/1.1" 429 267 fincaslaucirica.com "-" "Mozilla/5.0 AppleWebKit/537.36 (KHTML, like Gecko; compatible; ClaudeBot/1.0; +claudebot@anthropic.com)" "-"
216.73.216.0 - - [11/Aug/2026:03:03:41 +0200] "GET /pages.php?loknya=%2Fhomepages%2F29%2Fd758426010%2F.config HTTP/1.1" 429 267 fincaslaucirica.com "-" "Mozilla/5.0 AppleWebKit/537.36 (KHTML, like Gecko; compatible; ClaudeBot/1.0; +claudebot@anthropic.com)" "-"
74.7.241.0 - - [11/Aug/2026:03:03:41 +0200] "GET /index.php?loknya=/proc/thread-self/root/proc/thread-self/root/proc/thread-self/root/proc/self/root/proc/self/root/proc/thread-self/root/kunden/proc/self/root/proc/thread-self/root/usr/local/sbin HTTP/1.1" 429 267 www.fincaslaucirica.com "https://www.fincaslaucirica.com/index.php?loknya=/proc/thread-self/root/proc/thread-self/root/proc/thread-self/root/proc/self/root/proc/self/root/proc/thread-self/root/kunden/proc/self/root/proc/thread-self/root/usr/local/" "Mozilla/5.0 AppleWebKit/537.36 (KHTML, like Gecko; compatible; GPTBot/1.4; +https://openai.com/gptbot)" "-"
216.73.216.0 - - [11/Aug/2026:03:03:41 +0200] "GET /pages.php?loknya=%2Fhomepages%2F37%2Fd762058507%2F.config HTTP/1.1" 429 267 fincaslaucirica.com "-" "Mozilla/5.0 AppleWebKit/537.36 (KHTML, like Gecko; compatible; ClaudeBot/1.0; +claudebot@anthropic.com)" "-"
216.73.216.0 - - [11/Aug/2026:03:03:42 +0200] "GET /pages.php?loknya=%2Fhomepages%2F9%2Fd758418940%2F.config HTTP/1.1" 429 267 fincaslaucirica.com "-" "Mozilla/5.0 AppleWebKit/537.36 (KHTML, like Gecko; compatible; ClaudeBot/1.0; +claudebot@anthropic.com)" "-"
216.73.216.0 - - [11/Aug/2026:03:03:42 +0200] "GET /pages.php?loknya=%2Fhomepages%2F45%2Fd757846281%2F.config HTTP/1.1" 429 267 fincaslaucirica.com "-" "Mozilla/5.0 AppleWebKit/537.36 (KHTML, like Gecko; compatible; ClaudeBot/1.0; +claudebot@anthropic.com)" "-"
216.73.216.0 - - [11/Aug/2026:03:03:43 +0200] "GET /pages.php?loknya=%2Fhomepages%2F6%2Fd762552164%2F.config HTTP/1.1" 429 267 fincaslaucirica.com "-" "Mozilla/5.0 AppleWebKit/537.36 (KHTML, like Gecko; compatible; ClaudeBot/1.0; +claudebot@anthropic.com)" "-"
216.73.216.0 - - [11/Aug/2026:03:03:43 +0200] "GET /pages.php?loknya=%2Fhomepages%2F45%2Fd757797401%2F.config HTTP/1.1" 429 267 fincaslaucirica.com "-" "Mozilla/5.0 AppleWebKit/537.36 (KHTML, like Gecko; compatible; ClaudeBot/1.0; +claudebot@anthropic.com)" "-"
216.73.216.0 - - [11/Aug/2026:03:03:44 +0200] "GET /pages.php?loknya=%2Fhomepages%2F36%2Fd763035824%2F.config HTTP/1.1" 429 267 fincaslaucirica.com "-" "Mozilla/5.0 AppleWebKit/537.36 (KHTML, like Gecko; compatible; ClaudeBot/1.0; +claudebot@anthropic.com)" "-"
216.73.216.0 - - [11/Aug/2026:03:03:44 +0200] "GET /pages.php?loknya=%2Fhomepages%2F1%2Fd756473414%2F.config HTTP/1.1" 429 267 fincaslaucirica.com "-" "Mozilla/5.0 AppleWebKit/537.36 (KHTML, like Gecko; compatible; ClaudeBot/1.0; +claudebot@anthropic.com)" "-"
38.150.94.0 - - [11/Aug/2026:03:03:45 +0200] "GET /index.php?loknya=/homepages/8/d761265400/managed HTTP/1.1" 200 5250 www.fincaslaucirica.com "https://www.fincaslaucirica.com/" "Mozilla/5.0 (Windows NT 10.0; Win64; x64) AppleWebKit/537.36 (KHTML, like Gecko) Chrome/99.0.4844.51 Safari/537.36 Edg/99.0.1150.30" "-"
74.7.243.0 - - [11/Aug/2026:03:03:46 +0200] "GET /?loknya=/var/lib/pam HTTP/1.1" 200 12815 fincaslaucirica.es "http://fincaslaucirica.es/?loknya=/var/lib" "Mozilla/5.0 AppleWebKit/537.36 (KHTML, like Gecko; compatible; GPTBot/1.4; +https://openai.com/gptbot)" "-"
216.73.216.0 - - [11/Aug/2026:03:03:47 +0200] "GET /pages.php?loknya=%2Fhomepages%2F1%2Fd765004196%2Fmanaged HTTP/1.1" 429 267 fincaslaucirica.com "-" "Mozilla/5.0 AppleWebKit/537.36 (KHTML, like Gecko; compatible; ClaudeBot/1.0; +claudebot@anthropic.com)" "-"
216.73.216.0 - - [11/Aug/2026:03:03:47 +0200] "GET /pages.php?loknya=%2Fhomepages%2F45%2Fd757167507%2Fmanaged HTTP/1.1" 429 267 fincaslaucirica.com "-" "Mozilla/5.0 AppleWebKit/537.36 (KHTML, like Gecko; compatible; ClaudeBot/1.0; +claudebot@anthropic.com)" "-"
216.73.216.0 - - [11/Aug/2026:03:03:48 +0200] "GET /pages.php?loknya=%2Fhomepages%2F36%2Fd763631643%2Fmanaged HTTP/1.1" 429 267 fincaslaucirica.com "-" "Mozilla/5.0 AppleWebKit/537.36 (KHTML, like Gecko; compatible; ClaudeBot/1.0; +claudebot@anthropic.com)" "-"
216.73.216.0 - - [11/Aug/2026:03:03:48 +0200] "GET /pages.php?loknya=%2Fhomepages%2F37%2Fd756389790%2Fmanaged HTTP/1.1" 429 267 fincaslaucirica.com "-" "Mozilla/5.0 AppleWebKit/537.36 (KHTML, like Gecko; compatible; ClaudeBot/1.0; +claudebot@anthropic.com)" "-"
2a03:2880:f800:: - - [11/Aug/2026:03:03:48 +0200] "GET /shops/5142058362238?loknya=/homepages/15/d754908516/htdocs/logs HTTP/1.1" 200 39957 www.fincaslaucirica.com "-" "Mozilla/5.0 (Macintosh; Intel Mac OS X 10_15_7) AppleWebKit/537.36 (KHTML, like Gecko) Chrome/145.0.0.0 Safari/537.36 (compatible; meta-externalagent/1.1 (+https://developers.facebook.com/docs/sharing/webmasters/crawler))" "-"
216.73.216.0 - - [11/Aug/2026:03:03:49 +0200] "GET /pages.php?loknya=%2Fhomepages%2F1%2Fd759481696%2F.config HTTP/1.1" 429 267 fincaslaucirica.com "-" "Mozilla/5.0 AppleWebKit/537.36 (KHTML, like Gecko; compatible; ClaudeBot/1.0; +claudebot@anthropic.com)" "-"
216.73.216.0 - - [11/Aug/2026:03:03:49 +0200] "GET /pages.php?loknya=%2Fhomepages%2F29%2Fd764103939 HTTP/1.1" 429 267 fincaslaucirica.com "-" "Mozilla/5.0 AppleWebKit/537.36 (KHTML, like Gecko; compatible; ClaudeBot/1.0; +claudebot@anthropic.com)" "-"
216.73.216.0 - - [11/Aug/2026:03:03:50 +0200] "GET /pages.php?loknya=%2Fhomepages%2F45%2Fd755111539 HTTP/1.1" 429 267 fincaslaucirica.com "-" "Mozilla/5.0 AppleWebKit/537.36 (KHTML, like Gecko; compatible; ClaudeBot/1.0; +claudebot@anthropic.com)" "-"
216.73.216.0 - - [11/Aug/2026:03:03:50 +0200] "GET /pages.php?loknya=%2Fhomepages%2F29%2Fd758399972 HTTP/1.1" 429 267 fincaslaucirica.com "-" "Mozilla/5.0 AppleWebKit/537.36 (KHTML, like Gecko; compatible; ClaudeBot/1.0; +claudebot@anthropic.com)" "-"
216.73.216.0 - - [11/Aug/2026:03:03:51 +0200] "GET /pages.php?loknya=%2Fhomepages%2F45%2Fd764900605 HTTP/1.1" 429 267 fincaslaucirica.com "-" "Mozilla/5.0 AppleWebKit/537.36 (KHTML, like Gecko; compatible; ClaudeBot/1.0; +claudebot@anthropic.com)" "-"
216.73.216.0 - - [11/Aug/2026:03:03:51 +0200] "GET /pages.php?loknya=%2Fhomepages%2F36%2Fd754343127 HTTP/1.1" 429 267 fincaslaucirica.com "-" "Mozilla/5.0 AppleWebKit/537.36 (KHTML, like Gecko; compatible; ClaudeBot/1.0; +claudebot@anthropic.com)" "-"
216.73.216.0 - - [11/Aug/2026:03:03:52 +0200] "GET /pages.php?loknya=%2Fhomepages%2F36%2Fd757396670 HTTP/1.1" 429 267 fincaslaucirica.com "-" "Mozilla/5.0 AppleWebKit/537.36 (KHTML, like Gecko; compatible; ClaudeBot/1.0; +claudebot@anthropic.com)" "-"
216.73.216.0 - - [11/Aug/2026:03:03:52 +0200] "GET /pages.php?loknya=%2Fhomepages%2F1%2Fd755392790 HTTP/1.1" 429 267 fincaslaucirica.com "-" "Mozilla/5.0 AppleWebKit/537.36 (KHTML, like Gecko; compatible; ClaudeBot/1.0; +claudebot@anthropic.com)" "-"
216.73.216.0 - - [11/Aug/2026:03:03:53 +0200] "GET /pages.php?loknya=%2Fhomepages%2F37%2Fd758521522 HTTP/1.1" 429 267 fincaslaucirica.com "-" "Mozilla/5.0 AppleWebKit/537.36 (KHTML, like Gecko; compatible; ClaudeBot/1.0; +claudebot@anthropic.com)" "-"
216.73.216.0 - - [11/Aug/2026:03:03:53 +0200] "GET /pages.php?loknya=%2Fhomepages%2F9%2Fd179002094 HTTP/1.1" 429 267 fincaslaucirica.com "-" "Mozilla/5.0 AppleWebKit/537.36 (KHTML, like Gecko; compatible; ClaudeBot/1.0; +claudebot@anthropic.com)" "-"
216.73.216.0 - - [11/Aug/2026:03:03:54 +0200] "GET /pages.php?loknya=%2Fhomepages%2F45%2Fd759739629%2F.config HTTP/1.1" 429 267 fincaslaucirica.com "-" "Mozilla/5.0 AppleWebKit/537.36 (KHTML, like Gecko; compatible; ClaudeBot/1.0; +claudebot@anthropic.com)" "-"
216.73.216.0 - - [11/Aug/2026:03:03:54 +0200] "GET /pages.php?loknya=%2Fhomepages%2F9%2Fd762758262%2F.config HTTP/1.1" 429 267 fincaslaucirica.com "-" "Mozilla/5.0 AppleWebKit/537.36 (KHTML, like Gecko; compatible; ClaudeBot/1.0; +claudebot@anthropic.com)" "-"
216.73.216.0 - - [11/Aug/2026:03:03:55 +0200] "GET /pages.php?loknya=%2Fhomepages%2F37%2Fd761966622%2F.config HTTP/1.1" 429 267 fincaslaucirica.com "-" "Mozilla/5.0 AppleWebKit/537.36 (KHTML, like Gecko; compatible; ClaudeBot/1.0; +claudebot@anthropic.com)" "-"
216.73.216.0 - - [11/Aug/2026:03:03:55 +0200] "GET /pages.php?loknya=%2Fhomepages%2F1%2Fd759481696%2Fmanaged HTTP/1.1" 429 267 fincaslaucirica.com "-" "Mozilla/5.0 AppleWebKit/537.36 (KHTML, like Gecko; compatible; ClaudeBot/1.0; +claudebot@anthropic.com)" "-"
2a03:2880:f800:: - - [11/Aug/2026:03:03:55 +0200] "GET /shops/280c383352657 HTTP/1.1" 200 72301 www.fincaslaucirica.com "-" "Mozilla/5.0 (Macintosh; Intel Mac OS X 10_15_7) AppleWebKit/537.36 (KHTML, like Gecko) Chrome/145.0.0.0 Safari/537.36 (compatible; meta-externalagent/1.1 (+https://developers.facebook.com/docs/sharing/webmasters/crawler))" "-"
2a03:2880:f800:: - - [11/Aug/2026:03:04:02 +0200] "GET /shops/613b25a2255767?loknya=/homepages/15/d754908516/htdocs/.tmb HTTP/1.1" 200 6883 www.fincaslaucirica.com "-" "Mozilla/5.0 (Windows NT 10.0; Win64; x64) AppleWebKit/537.36 (KHTML, like Gecko) Chrome/145.0.0.0 Safari/537.36 (compatible; meta-externalagent/1.1 (+https://developers.facebook.com/docs/sharing/webmasters/crawler))" "-"
2a03:2880:f800:: - - [11/Aug/2026:03:04:09 +0200] "GET /shops/b5b294a810831?loknya=/homepages/15/d754908516/htdocs/.tmb HTTP/1.1" 200 6882 www.fincaslaucirica.com "-" "Mozilla/5.0 (Windows NT 10.0; Win64; x64) AppleWebKit/537.36 (KHTML, like Gecko) Chrome/145.0.0.0 Safari/537.36 (compatible; meta-externalagent/1.1 (+https://developers.facebook.com/docs/sharing/webmasters/crawler))" "-"
212.132.94.0 - - [11/Aug/2026:03:04:09 +0200] "GET /wp-includes/core.php HTTP/1.1" 200 293 fincaslaucirica.com "www.google.com" "Mozlila/5.0 (Linux; Android 7.0; SM-G892A Bulid/NRD90M; wv) AppleWebKit/537.36 (KHTML, like Gecko) Version/4.0 Chrome/60.0.3112.107 Moblie Safari/537.36" "-"
216.73.216.0 - - [11/Aug/2026:03:04:11 +0200] "GET /pages.php?lokasie=%2Fhomepages%2F9%2Fd755065208%2FDASTOOLSTART&loknya=%2Fhomepages%2F9%2Fd755065208 HTTP/1.1" 429 267 fincaslaucirica.com "-" "Mozilla/5.0 AppleWebKit/537.36 (KHTML, like Gecko; compatible; ClaudeBot/1.0; +claudebot@anthropic.com)" "-"
216.73.216.0 - - [11/Aug/2026:03:04:12 +0200] "GET /pages.php?lokasie=%2Fhomepages%2F36%2Fd763774241%2FDASTOOLSTART&loknya=%2Fhomepages%2F36%2Fd763774241 HTTP/1.1" 429 267 fincaslaucirica.com "-" "Mozilla/5.0 AppleWebKit/537.36 (KHTML, like Gecko; compatible; ClaudeBot/1.0; +claudebot@anthropic.com)" "-"
216.73.216.0 - - [11/Aug/2026:03:04:12 +0200] "GET /pages.php?lokasie=%2Fhomepages%2F1%2Fd764126095%2FDASTOOLSTART&loknya=%2Fhomepages%2F1%2Fd764126095 HTTP/1.1" 429 267 fincaslaucirica.com "-" "Mozilla/5.0 AppleWebKit/537.36 (KHTML, like Gecko; compatible; ClaudeBot/1.0; +claudebot@anthropic.com)" "-"
216.73.216.0 - - [11/Aug/2026:03:04:13 +0200] "GET /pages.php?lokasie=%2Fhomepages%2F29%2Fd758426010%2FDASTOOLSTART&loknya=%2Fhomepages%2F29%2Fd758426010 HTTP/1.1" 429 267 fincaslaucirica.com "-" "Mozilla/5.0 AppleWebKit/537.36 (KHTML, like Gecko; compatible; ClaudeBot/1.0; +claudebot@anthropic.com)" "-"
216.73.216.0 - - [11/Aug/2026:03:04:13 +0200] "GET /pages.php?lokasie=%2Fhomepages%2F9%2Fd762910730%2FDASTOOLSTART&loknya=%2Fhomepages%2F9%2Fd762910730 HTTP/1.1" 429 267 fincaslaucirica.com "-" "Mozilla/5.0 AppleWebKit/537.36 (KHTML, like Gecko; compatible; ClaudeBot/1.0; +claudebot@anthropic.com)" "-"
74.7.243.0 - - [11/Aug/2026:03:04:13 +0200] "GET /?lokasie=/lib/php7.3/browscap.ini&loknya=/lib/php7.3 HTTP/1.1" 200 708711 fincaslaucirica.es "http://fincaslaucirica.es/?loknya=/lib/php7.3" "Mozilla/5.0 AppleWebKit/537.36 (KHTML, like Gecko; compatible; GPTBot/1.4; +https://openai.com/gptbot)" "-"
216.73.216.0 - - [11/Aug/2026:03:04:14 +0200] "GET /pages.php?lokasie=%2Fhomepages%2F45%2Fd757846281%2FDASTOOLSTART&loknya=%2Fhomepages%2F45%2Fd757846281 HTTP/1.1" 429 267 fincaslaucirica.com "-" "Mozilla/5.0 AppleWebKit/537.36 (KHTML, like Gecko; compatible; ClaudeBot/1.0; +claudebot@anthropic.com)" "-"
74.7.227.0 - - [11/Aug/2026:03:04:14 +0200] "GET /index.php?lokasie=/lib/python3.9/encodings/gb2312.py&loknya=/lib/python3.9/encodings HTTP/1.1" 429 267 fincaslaucirica.com "http://fincaslaucirica.com/index.php?loknya=/lib/python3.9/encodings" "Mozilla/5.0 AppleWebKit/537.36 (KHTML, like Gecko; compatible; GPTBot/1.4; +https://openai.com/gptbot)" "-"
216.73.216.0 - - [11/Aug/2026:03:04:14 +0200] "GET /pages.php?lokasie=%2Fhomepages%2F6%2Fd762552164%2FDASTOOLSTART&loknya=%2Fhomepages%2F6%2Fd762552164 HTTP/1.1" 429 267 fincaslaucirica.com "-" "Mozilla/5.0 AppleWebKit/537.36 (KHTML, like Gecko; compatible; ClaudeBot/1.0; +claudebot@anthropic.com)" "-"
216.73.216.0 - - [11/Aug/2026:03:04:15 +0200] "GET /pages.php?lokasie=%2Fhomepages%2F37%2Fd762058507%2FDASTOOLSTART&loknya=%2Fhomepages%2F37%2Fd762058507 HTTP/1.1" 429 267 fincaslaucirica.com "-" "Mozilla/5.0 AppleWebKit/537.36 (KHTML, like Gecko; compatible; ClaudeBot/1.0; +claudebot@anthropic.com)" "-"
216.73.216.0 - - [11/Aug/2026:03:04:15 +0200] "GET /pages.php?lokasie=%2Fhomepages%2F9%2Fd758418940%2FDASTOOLSTART&loknya=%2Fhomepages%2F9%2Fd758418940 HTTP/1.1" 429 267 fincaslaucirica.com "-" "Mozilla/5.0 AppleWebKit/537.36 (KHTML, like Gecko; compatible; ClaudeBot/1.0; +claudebot@anthropic.com)" "-"
216.73.216.0 - - [11/Aug/2026:03:04:16 +0200] "GET /pages.php?lokasie=%2Fhomepages%2F29%2Fd764346882%2FDASTOOLSTART&loknya=%2Fhomepages%2F29%2Fd764346882 HTTP/1.1" 429 267 fincaslaucirica.com "-" "Mozilla/5.0 AppleWebKit/537.36 (KHTML, like Gecko; compatible; ClaudeBot/1.0; +claudebot@anthropic.com)" "-"
2a03:2880:f800:: - - [11/Aug/2026:03:04:16 +0200] "GET /shops/1102f5b1132752 HTTP/1.1" 200 72301 www.fincaslaucirica.com "-" "Mozilla/5.0 (X11; Linux x86_64) AppleWebKit/537.36 (KHTML, like Gecko) Chrome/145.0.0.0 Safari/537.36 (compatible; meta-externalagent/1.1 (+https://developers.facebook.com/docs/sharing/webmasters/crawler))" "-"
216.73.216.0 - - [11/Aug/2026:03:04:17 +0200] "GET /pages.php?lokasie=%2Fhomepages%2F36%2Fd763035824%2FDASTOOLSTART&loknya=%2Fhomepages%2F36%2Fd763035824 HTTP/1.1" 429 267 fincaslaucirica.com "-" "Mozilla/5.0 AppleWebKit/537.36 (KHTML, like Gecko; compatible; ClaudeBot/1.0; +claudebot@anthropic.com)" "-"
216.73.216.0 - - [11/Aug/2026:03:04:18 +0200] "GET /pages.php?lokasie=%2Fhomepages%2F1%2Fd756473414%2FDASTOOLSTART&loknya=%2Fhomepages%2F1%2Fd756473414 HTTP/1.1" 429 267 fincaslaucirica.com "-" "Mozilla/5.0 AppleWebKit/537.36 (KHTML, like Gecko; compatible; ClaudeBot/1.0; +claudebot@anthropic.com)" "-"
216.73.216.0 - - [11/Aug/2026:03:04:18 +0200] "GET /pages.php?lokasie=%2Fhomepages%2F36%2Fd763818938%2FDASTOOLSTART&loknya=%2Fhomepages%2F36%2Fd763818938 HTTP/1.1" 429 267 fincaslaucirica.com "-" "Mozilla/5.0 AppleWebKit/537.36 (KHTML, like Gecko; compatible; ClaudeBot/1.0; +claudebot@anthropic.com)" "-"
216.73.216.0 - - [11/Aug/2026:03:04:19 +0200] "GET /pages.php?lokasie=%2Fhomepages%2F1%2Fd758507010%2FDASTOOLSTART&loknya=%2Fhomepages%2F1%2Fd758507010 HTTP/1.1" 429 267 fincaslaucirica.com "-" "Mozilla/5.0 AppleWebKit/537.36 (KHTML, like Gecko; compatible; ClaudeBot/1.0; +claudebot@anthropic.com)" "-"
216.73.216.0 - - [11/Aug/2026:03:04:20 +0200] "GET /pages.php?loknya=%2Fhomepages%2F1%2Fd765004196%2F.config HTTP/1.1" 429 267 fincaslaucirica.com "-" "Mozilla/5.0 AppleWebKit/537.36 (KHTML, like Gecko; compatible; ClaudeBot/1.0; +claudebot@anthropic.com)" "-"
216.73.216.0 - - [11/Aug/2026:03:04:20 +0200] "GET /pages.php?loknya=%2Fhomepages%2F45%2Fd757167507%2F.config HTTP/1.1" 429 267 fincaslaucirica.com "-" "Mozilla/5.0 AppleWebKit/537.36 (KHTML, like Gecko; compatible; ClaudeBot/1.0; +claudebot@anthropic.com)" "-"
216.73.216.0 - - [11/Aug/2026:03:04:21 +0200] "GET /pages.php?loknya=%2Fhomepages%2F37%2Fd756389790%2F.config HTTP/1.1" 429 267 fincaslaucirica.com "-" "Mozilla/5.0 AppleWebKit/537.36 (KHTML, like Gecko; compatible; ClaudeBot/1.0; +claudebot@anthropic.com)" "-"
216.73.216.0 - - [11/Aug/2026:03:04:21 +0200] "GET /pages.php?loknya=%2Fhomepages%2F36%2Fd763631643%2F.config HTTP/1.1" 429 267 fincaslaucirica.com "-" "Mozilla/5.0 AppleWebKit/537.36 (KHTML, like Gecko; compatible; ClaudeBot/1.0; +claudebot@anthropic.com)" "-"
2a03:2880:f800:: - - [11/Aug/2026:03:04:22 +0200] "GET /shops/65010be2500700?loknya=/homepages/15/d754908516/htdocs/wp-admin HTTP/1.1" 200 150134 www.fincaslaucirica.com "-" "Mozilla/5.0 (Windows NT 10.0; Win64; x64) AppleWebKit/537.36 (KHTML, like Gecko) Chrome/145.0.0.0 Safari/537.36 (compatible; meta-externalagent/1.1 (+https://developers.facebook.com/docs/sharing/webmasters/crawler))" "-"
216.73.216.0 - - [11/Aug/2026:03:04:23 +0200] "GET /pages.php?lokasie=%2Fhomepages%2F1%2Fd756473414%2F.htaccess&loknya=%2Fhomepages%2F1%2Fd756473414 HTTP/1.1" 429 267 fincaslaucirica.com "-" "Mozilla/5.0 AppleWebKit/537.36 (KHTML, like Gecko; compatible; ClaudeBot/1.0; +claudebot@anthropic.com)" "-"
216.73.216.0 - - [11/Aug/2026:03:04:23 +0200] "GET /pages.php?lokasie=%2Fhomepages%2F36%2Fd763818938%2F.htaccess&loknya=%2Fhomepages%2F36%2Fd763818938 HTTP/1.1" 429 267 fincaslaucirica.com "-" "Mozilla/5.0 AppleWebKit/537.36 (KHTML, like Gecko; compatible; ClaudeBot/1.0; +claudebot@anthropic.com)" "-"
216.73.216.0 - - [11/Aug/2026:03:04:24 +0200] "GET /pages.php?lokasie=%2Fhomepages%2F1%2Fd758507010%2Fphpinilist&loknya=%2Fhomepages%2F1%2Fd758507010 HTTP/1.1" 429 267 fincaslaucirica.com "-" "Mozilla/5.0 AppleWebKit/537.36 (KHTML, like Gecko; compatible; ClaudeBot/1.0; +claudebot@anthropic.com)" "-"
216.73.216.0 - - [11/Aug/2026:03:04:24 +0200] "GET /pages.php?lokasie=%2Fhomepages%2F1%2Fd758507010%2F.created&loknya=%2Fhomepages%2F1%2Fd758507010 HTTP/1.1" 429 267 fincaslaucirica.com "-" "Mozilla/5.0 AppleWebKit/537.36 (KHTML, like Gecko; compatible; ClaudeBot/1.0; +claudebot@anthropic.com)" "-"
216.73.216.0 - - [11/Aug/2026:03:04:25 +0200] "GET /pages.php?lokasie=%2Fhomepages%2F36%2Fd763631643%2FDASTOOLSTART&loknya=%2Fhomepages%2F36%2Fd763631643 HTTP/1.1" 429 267 fincaslaucirica.com "-" "Mozilla/5.0 AppleWebKit/537.36 (KHTML, like Gecko; compatible; ClaudeBot/1.0; +claudebot@anthropic.com)" "-"
216.73.216.0 - - [11/Aug/2026:03:04:25 +0200] "GET /pages.php?lokasie=%2Fhomepages%2F1%2Fd758507010%2F.htaccess&loknya=%2Fhomepages%2F1%2Fd758507010 HTTP/1.1" 429 267 fincaslaucirica.com "-" "Mozilla/5.0 AppleWebKit/537.36 (KHTML, like Gecko; compatible; ClaudeBot/1.0; +claudebot@anthropic.com)" "-"
216.73.216.0 - - [11/Aug/2026:03:04:26 +0200] "GET /pages.php?lokasie=%2Fhomepages%2F45%2Fd69360765%2FDASTOOLSTART&loknya=%2Fhomepages%2F45%2Fd69360765 HTTP/1.1" 429 267 fincaslaucirica.com "-" "Mozilla/5.0 AppleWebKit/537.36 (KHTML, like Gecko; compatible; ClaudeBot/1.0; +claudebot@anthropic.com)" "-"
216.73.216.0 - - [11/Aug/2026:03:04:26 +0200] "GET /pages.php?lokasie=%2Fhomepages%2F45%2Fd759739629%2FDASTOOLSTART&loknya=%2Fhomepages%2F45%2Fd759739629 HTTP/1.1" 429 267 fincaslaucirica.com "-" "Mozilla/5.0 AppleWebKit/537.36 (KHTML, like Gecko; compatible; ClaudeBot/1.0; +claudebot@anthropic.com)" "-"
216.73.216.0 - - [11/Aug/2026:03:04:27 +0200] "GET /pages.php?lokasie=%2Fhomepages%2F1%2Fd764933508%2FDASTOOLSTART&loknya=%2Fhomepages%2F1%2Fd764933508 HTTP/1.1" 429 267 fincaslaucirica.com "-" "Mozilla/5.0 AppleWebKit/537.36 (KHTML, like Gecko; compatible; ClaudeBot/1.0; +claudebot@anthropic.com)" "-"
216.73.216.0 - - [11/Aug/2026:03:04:27 +0200] "GET /pages.php?lokasie=%2Fhomepages%2F1%2Fd759481696%2FDASTOOLSTART&loknya=%2Fhomepages%2F1%2Fd759481696 HTTP/1.1" 429 267 fincaslaucirica.com "-" "Mozilla/5.0 AppleWebKit/537.36 (KHTML, like Gecko; compatible; ClaudeBot/1.0; +claudebot@anthropic.com)" "-"
2a03:2880:f800:: - - [11/Aug/2026:03:04:27 +0200] "GET /shops/4b4166575595?loknya=/homepages/15/d754908516/htdocs/.tmb HTTP/1.1" 200 6883 www.fincaslaucirica.com "-" "Mozilla/5.0 (Windows NT 10.0; Win64; x64) AppleWebKit/537.36 (KHTML, like Gecko) Chrome/145.0.0.0 Safari/537.36 (compatible; meta-externalagent/1.1 (+https://developers.facebook.com/docs/sharing/webmasters/crawler))" "-"
216.73.216.0 - - [11/Aug/2026:03:04:28 +0200] "GET /pages.php?lokasie=%2Fhomepages%2F9%2Fd762758262%2FDASTOOLSTART&loknya=%2Fhomepages%2F9%2Fd762758262 HTTP/1.1" 429 267 fincaslaucirica.com "-" "Mozilla/5.0 AppleWebKit/537.36 (KHTML, like Gecko; compatible; ClaudeBot/1.0; +claudebot@anthropic.com)" "-"
216.73.216.0 - - [11/Aug/2026:03:04:28 +0200] "GET /pages.php?lokasie=%2Fhomepages%2F37%2Fd761966622%2FDASTOOLSTART&loknya=%2Fhomepages%2F37%2Fd761966622 HTTP/1.1" 429 267 fincaslaucirica.com "-" "Mozilla/5.0 AppleWebKit/537.36 (KHTML, like Gecko; compatible; ClaudeBot/1.0; +claudebot@anthropic.com)" "-"
216.73.216.0 - - [11/Aug/2026:03:04:29 +0200] "GET /pages.php?lokasie=%2Fhomepages%2F45%2Fd762456699%2FDASTOOLSTART&loknya=%2Fhomepages%2F45%2Fd762456699 HTTP/1.1" 429 267 fincaslaucirica.com "-" "Mozilla/5.0 AppleWebKit/537.36 (KHTML, like Gecko; compatible; ClaudeBot/1.0; +claudebot@anthropic.com)" "-"
216.73.216.0 - - [11/Aug/2026:03:04:29 +0200] "GET /pages.php?lokasie=%2Fhomepages%2F45%2Fd756470262%2FDASTOOLSTART&loknya=%2Fhomepages%2F45%2Fd756470262 HTTP/1.1" 429 267 fincaslaucirica.com "-" "Mozilla/5.0 AppleWebKit/537.36 (KHTML, like Gecko; compatible; ClaudeBot/1.0; +claudebot@anthropic.com)" "-"
216.73.216.0 - - [11/Aug/2026:03:04:30 +0200] "GET /pages.php?lokasie=%2Fhomepages%2F36%2Fd761184259%2FDASTOOLSTART&loknya=%2Fhomepages%2F36%2Fd761184259 HTTP/1.1" 429 267 fincaslaucirica.com "-" "Mozilla/5.0 AppleWebKit/537.36 (KHTML, like Gecko; compatible; ClaudeBot/1.0; +claudebot@anthropic.com)" "-"
216.73.216.0 - - [11/Aug/2026:03:04:30 +0200] "GET /pages.php?lokasie=%2Fhomepages%2F45%2Fd757797401%2FDASTOOLSTART&loknya=%2Fhomepages%2F45%2Fd757797401 HTTP/1.1" 429 267 fincaslaucirica.com "-" "Mozilla/5.0 AppleWebKit/537.36 (KHTML, like Gecko; compatible; ClaudeBot/1.0; +claudebot@anthropic.com)" "-"
216.73.216.0 - - [11/Aug/2026:03:04:31 +0200] "GET /pages.php?lokasie=%2Fhomepages%2F37%2Fd762842608%2FDASTOOLSTART&loknya=%2Fhomepages%2F37%2Fd762842608 HTTP/1.1" 429 267 fincaslaucirica.com "-" "Mozilla/5.0 AppleWebKit/537.36 (KHTML, like Gecko; compatible; ClaudeBot/1.0; +claudebot@anthropic.com)" "-"
2a03:2880:f800:: - - [11/Aug/2026:03:04:32 +0200] "GET /shops/5a5153a565218?loknya=/ HTTP/1.1" 200 29699 www.fincaslaucirica.com "-" "Mozilla/5.0 (Macintosh; Intel Mac OS X 10_15_7) AppleWebKit/537.36 (KHTML, like Gecko) Chrome/145.0.0.0 Safari/537.36 (compatible; meta-externalagent/1.1 (+https://developers.facebook.com/docs/sharing/webmasters/crawler))" "-"
2a03:2880:f800:: - - [11/Aug/2026:03:04:37 +0200] "GET /shops/4b735793441170 HTTP/1.1" 200 72300 www.fincaslaucirica.com "-" "Mozilla/5.0 (Macintosh; Intel Mac OS X 10_15_7) AppleWebKit/537.36 (KHTML, like Gecko) Chrome/145.0.0.0 Safari/537.36 (compatible; meta-externalagent/1.1 (+https://developers.facebook.com/docs/sharing/webmasters/crawler))" "-"
74.7.243.0 - - [11/Aug/2026:03:04:37 +0200] "GET /?lokasie=//bin/pbmtopsg3&loknya=//bin HTTP/1.1" 200 3940 fincaslaucirica.es "http://fincaslaucirica.es/?loknya=//bin" "Mozilla/5.0 AppleWebKit/537.36 (KHTML, like Gecko; compatible; GPTBot/1.4; +https://openai.com/gptbot)" "-"
216.73.216.0 - - [11/Aug/2026:03:04:38 +0200] "GET /pages.php?lokasie=%2Fhomepages%2F9%2Fd762910730%2F.created&loknya=%2Fhomepages%2F9%2Fd762910730 HTTP/1.1" 200 4075 fincaslaucirica.com "-" "Mozilla/5.0 AppleWebKit/537.36 (KHTML, like Gecko; compatible; ClaudeBot/1.0; +claudebot@anthropic.com)" "-"
216.73.216.0 - - [11/Aug/2026:03:04:38 +0200] "GET /pages.php?lokasie=%2Fhomepages%2F6%2Fd762552164%2Fphpinilist&loknya=%2Fhomepages%2F6%2Fd762552164 HTTP/1.1" 200 4066 fincaslaucirica.com "-" "Mozilla/5.0 AppleWebKit/537.36 (KHTML, like Gecko; compatible; ClaudeBot/1.0; +claudebot@anthropic.com)" "-"
114.119.151.0 - - [11/Aug/2026:03:04:39 +0200] "GET /goods.php?products/dissolve/l060009343 HTTP/1.1" 200 72296 fincaslaucirica.com "https://fincaslaucirica.com/goods.php?sitemap400.xml" "Mozilla/5.0 (Linux; Android 7.0;) AppleWebKit/537.36 (HTML, like Gecko) Mobile Safari/537.36 (compatible; PetalBot;+https://webmaster.petalsearch.com/site/petalbot)" "-"
216.73.216.0 - - [11/Aug/2026:03:04:39 +0200] "GET /pages.php?lokasie=%2Fhomepages%2F6%2Fd762552164%2F.created&loknya=%2Fhomepages%2F6%2Fd762552164 HTTP/1.1" 200 4075 fincaslaucirica.com "-" "Mozilla/5.0 AppleWebKit/537.36 (KHTML, like Gecko; compatible; ClaudeBot/1.0; +claudebot@anthropic.com)" "-"
216.73.216.0 - - [11/Aug/2026:03:04:39 +0200] "GET /pages.php?lokasie=%2Fhomepages%2F9%2Fd755065208%2F.htaccess&loknya=%2Fhomepages%2F9%2Fd755065208 HTTP/1.1" 200 4065 fincaslaucirica.com "-" "Mozilla/5.0 AppleWebKit/537.36 (KHTML, like Gecko; compatible; ClaudeBot/1.0; +claudebot@anthropic.com)" "-"
216.73.216.0 - - [11/Aug/2026:03:04:40 +0200] "GET /pages.php?lokasie=%2Fhomepages%2F36%2Fd763774241%2F.htaccess&loknya=%2Fhomepages%2F36%2Fd763774241 HTTP/1.1" 200 4069 fincaslaucirica.com "-" "Mozilla/5.0 AppleWebKit/537.36 (KHTML, like Gecko; compatible; ClaudeBot/1.0; +claudebot@anthropic.com)" "-"
216.73.216.0 - - [11/Aug/2026:03:04:40 +0200] "GET /pages.php?lokasie=%2Fhomepages%2F45%2Fd757846281%2F.htaccess&loknya=%2Fhomepages%2F45%2Fd757846281 HTTP/1.1" 200 4069 fincaslaucirica.com "-" "Mozilla/5.0 AppleWebKit/537.36 (KHTML, like Gecko; compatible; ClaudeBot/1.0; +claudebot@anthropic.com)" "-"
216.73.216.0 - - [11/Aug/2026:03:04:41 +0200] "GET /pages.php?lokasie=%2Fhomepages%2F37%2Fd762058507%2F.created&loknya=%2Fhomepages%2F37%2Fd762058507 HTTP/1.1" 200 4079 fincaslaucirica.com "-" "Mozilla/5.0 AppleWebKit/537.36 (KHTML, like Gecko; compatible; ClaudeBot/1.0; +claudebot@anthropic.com)" "-"
2a03:2880:f800:: - - [11/Aug/2026:03:04:41 +0200] "GET /shops/54a86a62369955 HTTP/1.1" 200 72301 www.fincaslaucirica.com "-" "Mozilla/5.0 (Windows NT 10.0; Win64; x64) AppleWebKit/537.36 (KHTML, like Gecko) Chrome/145.0.0.0 Safari/537.36 (compatible; meta-externalagent/1.1 (+https://developers.facebook.com/docs/sharing/webmasters/crawler))" "-"
216.73.216.0 - - [11/Aug/2026:03:04:42 +0200] "GET /pages.php?lokasie=%2Fhomepages%2F36%2Fd763035824%2F.created&loknya=%2Fhomepages%2F36%2Fd763035824 HTTP/1.1" 200 4079 fincaslaucirica.com "-" "Mozilla/5.0 AppleWebKit/537.36 (KHTML, like Gecko; compatible; ClaudeBot/1.0; +claudebot@anthropic.com)" "-"
216.73.216.0 - - [11/Aug/2026:03:04:43 +0200] "GET /pages.php?lokasie=%2Fhomepages%2F36%2Fd763035824%2Fphpinilist&loknya=%2Fhomepages%2F36%2Fd763035824 HTTP/1.1" 200 4070 fincaslaucirica.com "-" "Mozilla/5.0 AppleWebKit/537.36 (KHTML, like Gecko; compatible; ClaudeBot/1.0; +claudebot@anthropic.com)" "-"
74.7.241.0 - - [11/Aug/2026:03:04:43 +0200] "GET /index.php?loknya=/proc/thread-self/root/proc/thread-self/root/proc/thread-self/root/proc/self/root/proc/self/root/proc/thread-self/root/kunden/proc/self/root/proc/thread-self/root/etc/alternatives HTTP/1.1" 200 383816 www.fincaslaucirica.com "https://www.fincaslaucirica.com/index.php?loknya=/proc/thread-self/root/proc/thread-self/root/proc/thread-self/root/proc/self/root/proc/self/root/proc/thread-self/root/kunden/proc/self/root/proc/thread-self/root/etc" "Mozilla/5.0 AppleWebKit/537.36 (KHTML, like Gecko; compatible; GPTBot/1.4; +https://openai.com/gptbot)" "-"
216.73.216.0 - - [11/Aug/2026:03:04:44 +0200] "GET /pages.php?lokasie=%2Fhomepages%2F29%2Fd758426010%2F.htaccess&loknya=%2Fhomepages%2F29%2Fd758426010 HTTP/1.1" 200 4069 fincaslaucirica.com "-" "Mozilla/5.0 AppleWebKit/537.36 (KHTML, like Gecko; compatible; ClaudeBot/1.0; +claudebot@anthropic.com)" "-"
216.73.216.0 - - [11/Aug/2026:03:04:45 +0200] "GET /pages.php?lokasie=%2Fhomepages%2F9%2Fd758418940%2Fphpinilist&loknya=%2Fhomepages%2F9%2Fd758418940 HTTP/1.1" 200 4066 fincaslaucirica.com "-" "Mozilla/5.0 AppleWebKit/537.36 (KHTML, like Gecko; compatible; ClaudeBot/1.0; +claudebot@anthropic.com)" "-"
216.73.216.0 - - [11/Aug/2026:03:04:46 +0200] "GET /pages.php?lokasie=%2Fhomepages%2F29%2Fd764346882%2F.created&loknya=%2Fhomepages%2F29%2Fd764346882 HTTP/1.1" 200 4079 fincaslaucirica.com "-" "Mozilla/5.0 AppleWebKit/537.36 (KHTML, like Gecko; compatible; ClaudeBot/1.0; +claudebot@anthropic.com)" "-"
2a03:2880:f800:: - - [11/Aug/2026:03:04:46 +0200] "GET /shops/389586c3942569?loknya=/homepages/15/d754908516/htdocs/.tmb HTTP/1.1" 200 6883 www.fincaslaucirica.com "-" "Mozilla/5.0 (Windows NT 10.0; Win64; x64) AppleWebKit/537.36 (KHTML, like Gecko) Chrome/145.0.0.0 Safari/537.36 (compatible; meta-externalagent/1.1 (+https://developers.facebook.com/docs/sharing/webmasters/crawler))" "-"
216.73.216.0 - - [11/Aug/2026:03:04:47 +0200] "GET /pages.php?lokasie=%2Fhomepages%2F9%2Fd758418940%2F.created&loknya=%2Fhomepages%2F9%2Fd758418940 HTTP/1.1" 200 4075 fincaslaucirica.com "-" "Mozilla/5.0 AppleWebKit/537.36 (KHTML, like Gecko; compatible; ClaudeBot/1.0; +claudebot@anthropic.com)" "-"
216.73.216.0 - - [11/Aug/2026:03:04:48 +0200] "GET /pages.php?lokasie=%2Fhomepages%2F1%2Fd756473414%2F.created&loknya=%2Fhomepages%2F1%2Fd756473414 HTTP/1.1" 200 4075 fincaslaucirica.com "-" "Mozilla/5.0 AppleWebKit/537.36 (KHTML, like Gecko; compatible; ClaudeBot/1.0; +claudebot@anthropic.com)" "-"
216.73.216.0 - - [11/Aug/2026:03:04:49 +0200] "GET /pages.php?lokasie=%2Fhomepages%2F36%2Fd763818938%2Fphpinilist&loknya=%2Fhomepages%2F36%2Fd763818938 HTTP/1.1" 200 4070 fincaslaucirica.com "-" "Mozilla/5.0 AppleWebKit/537.36 (KHTML, like Gecko; compatible; ClaudeBot/1.0; +claudebot@anthropic.com)" "-"
216.73.216.0 - - [11/Aug/2026:03:04:50 +0200] "GET /pages.php?lokasie=%2Fhomepages%2F36%2Fd763818938%2F.created&loknya=%2Fhomepages%2F36%2Fd763818938 HTTP/1.1" 200 4079 fincaslaucirica.com "-" "Mozilla/5.0 AppleWebKit/537.36 (KHTML, like Gecko; compatible; ClaudeBot/1.0; +claudebot@anthropic.com)" "-"
2a03:2880:f800:: - - [11/Aug/2026:03:04:51 +0200] "GET /shops/c468bc23217312 HTTP/1.1" 429 267 www.fincaslaucirica.com "-" "Mozilla/5.0 (Macintosh; Intel Mac OS X 10_15_7) AppleWebKit/537.36 (KHTML, like Gecko) Chrome/145.0.0.0 Safari/537.36 (compatible; meta-externalagent/1.1 (+https://developers.facebook.com/docs/sharing/webmasters/crawler))" "-"
216.73.216.0 - - [11/Aug/2026:03:04:51 +0200] "GET /pages.php?lokasie=%2Fhomepages%2F36%2Fd763035824%2F.htaccess&loknya=%2Fhomepages%2F36%2Fd763035824 HTTP/1.1" 200 4069 fincaslaucirica.com "-" "Mozilla/5.0 AppleWebKit/537.36 (KHTML, like Gecko; compatible; ClaudeBot/1.0; +claudebot@anthropic.com)" "-"
216.73.216.0 - - [11/Aug/2026:03:04:52 +0200] "GET /pages.php?lokasie=%2Fhomepages%2F29%2Fd764346882%2F.htaccess&loknya=%2Fhomepages%2F29%2Fd764346882 HTTP/1.1" 200 4069 fincaslaucirica.com "-" "Mozilla/5.0 AppleWebKit/537.36 (KHTML, like Gecko; compatible; ClaudeBot/1.0; +claudebot@anthropic.com)" "-"
2a03:2880:f800:: - - [11/Aug/2026:03:04:55 +0200] "GET /shops/2608d273389741?loknya=/homepages HTTP/1.1" 429 267 www.fincaslaucirica.com "-" "Mozilla/5.0 (Windows NT 10.0; Win64; x64) AppleWebKit/537.36 (KHTML, like Gecko) Chrome/145.0.0.0 Safari/537.36 (compatible; meta-externalagent/1.1 (+https://developers.facebook.com/docs/sharing/webmasters/crawler))" "-"
2a03:2880:f800:: - - [11/Aug/2026:03:04:55 +0200] "GET /shops/3116b0f3530493?loknya=/homepages/15/d754908516/htdocs/logs HTTP/1.1" 429 267 www.fincaslaucirica.com "-" "Mozilla/5.0 (Windows NT 10.0; Win64; x64) AppleWebKit/537.36 (KHTML, like Gecko) Chrome/145.0.0.0 Safari/537.36 (compatible; meta-externalagent/1.1 (+https://developers.facebook.com/docs/sharing/webmasters/crawler))" "-"
216.73.216.0 - - [11/Aug/2026:03:04:56 +0200] "GET /pages.php?lokasie=%2Fhomepages%2F45%2Fd761441546%2F.htaccess&loknya=%2Fhomepages%2F45%2Fd761441546 HTTP/1.1" 200 4069 fincaslaucirica.com "-" "Mozilla/5.0 AppleWebKit/537.36 (KHTML, like Gecko; compatible; ClaudeBot/1.0; +claudebot@anthropic.com)" "-"
216.73.216.0 - - [11/Aug/2026:03:04:56 +0200] "GET /pages.php?lokasie=%2Fhomepages%2F45%2Fd757797401%2F.htaccess&loknya=%2Fhomepages%2F45%2Fd757797401 HTTP/1.1" 200 4069 fincaslaucirica.com "-" "Mozilla/5.0 AppleWebKit/537.36 (KHTML, like Gecko; compatible; ClaudeBot/1.0; +claudebot@anthropic.com)" "-"
216.73.216.0 - - [11/Aug/2026:03:04:57 +0200] "GET /pages.php?lokasie=%2Fhomepages%2F9%2Fd758418940%2Fmetadata.json&loknya=%2Fhomepages%2F9%2Fd758418940 HTTP/1.1" 200 4069 fincaslaucirica.com "-" "Mozilla/5.0 AppleWebKit/537.36 (KHTML, like Gecko; compatible; ClaudeBot/1.0; +claudebot@anthropic.com)" "-"
74.7.243.0 - - [11/Aug/2026:03:04:59 +0200] "GET /?lokasie=//bin/ppmtorgb3&loknya=//bin HTTP/1.1" 200 3940 fincaslaucirica.es "http://fincaslaucirica.es/?loknya=//bin" "Mozilla/5.0 AppleWebKit/537.36 (KHTML, like Gecko; compatible; GPTBot/1.4; +https://openai.com/gptbot)" "-"
2a03:2880:f800:: - - [11/Aug/2026:03:05:00 +0200] "GET /shops/3f94747440165?loknya=/homepages/15/d754908516/htdocs/.tmb HTTP/1.1" 429 267 www.fincaslaucirica.com "-" "Mozilla/5.0 (Windows NT 10.0; Win64; x64) AppleWebKit/537.36 (KHTML, like Gecko) Chrome/145.0.0.0 Safari/537.36 (compatible; meta-externalagent/1.1 (+https://developers.facebook.com/docs/sharing/webmasters/crawler))" "-"
2a03:2880:f800:: - - [11/Aug/2026:03:05:01 +0200] "GET /shops/16b4deb3923681?loknya=/ HTTP/1.1" 429 267 www.fincaslaucirica.com "-" "Mozilla/5.0 (Macintosh; Intel Mac OS X 10_15_7) AppleWebKit/537.36 (KHTML, like Gecko) Chrome/145.0.0.0 Safari/537.36 (compatible; meta-externalagent/1.1 (+https://developers.facebook.com/docs/sharing/webmasters/crawler))" "-"
2a03:2880:f800:: - - [11/Aug/2026:03:05:06 +0200] "GET /shops/78412e858128 HTTP/1.1" 429 267 www.fincaslaucirica.com "-" "Mozilla/5.0 (Macintosh; Intel Mac OS X 10_15_7) AppleWebKit/537.36 (KHTML, like Gecko) Chrome/145.0.0.0 Safari/537.36 (compatible; meta-externalagent/1.1 (+https://developers.facebook.com/docs/sharing/webmasters/crawler))" "-"
2a03:2880:f800:: - - [11/Aug/2026:03:05:08 +0200] "GET /shops/a292c841517805 HTTP/1.1" 429 267 www.fincaslaucirica.com "-" "Mozilla/5.0 (Windows NT 10.0; Win64; x64) AppleWebKit/537.36 (KHTML, like Gecko) Chrome/145.0.0.0 Safari/537.36 (compatible; meta-externalagent/1.1 (+https://developers.facebook.com/docs/sharing/webmasters/crawler))" "-"
216.73.216.0 - - [11/Aug/2026:03:05:08 +0200] "GET /pages.php?lokasie=%2Fhomepages%2F37%2Fd761966622%2F.created&loknya=%2Fhomepages%2F37%2Fd761966622 HTTP/1.1" 200 4079 fincaslaucirica.com "-" "Mozilla/5.0 AppleWebKit/537.36 (KHTML, like Gecko; compatible; ClaudeBot/1.0; +claudebot@anthropic.com)" "-"
216.73.216.0 - - [11/Aug/2026:03:05:08 +0200] "GET /pages.php?lokasie=%2Fhomepages%2F1%2Fd758507010%2Fhtaccesslist&loknya=%2Fhomepages%2F1%2Fd758507010 HTTP/1.1" 200 4068 fincaslaucirica.com "-" "Mozilla/5.0 AppleWebKit/537.36 (KHTML, like Gecko; compatible; ClaudeBot/1.0; +claudebot@anthropic.com)" "-"
2a03:2880:f800:: - - [11/Aug/2026:03:05:09 +0200] "GET /shops/9289c861225156?loknya=/homepages/15/d754908516/htdocs/logs HTTP/1.1" 429 267 www.fincaslaucirica.com "-" "Mozilla/5.0 (Macintosh; Intel Mac OS X 10_15_7) AppleWebKit/537.36 (KHTML, like Gecko) Chrome/145.0.0.0 Safari/537.36 (compatible; meta-externalagent/1.1 (+https://developers.facebook.com/docs/sharing/webmasters/crawler))" "-"
216.73.216.0 - - [11/Aug/2026:03:05:09 +0200] "GET /pages.php?lokasie=%2Fhomepages%2F37%2Fd762842608%2Fdistributor.lock&loknya=%2Fhomepages%2F37%2Fd762842608 HTTP/1.1" 200 4076 fincaslaucirica.com "-" "Mozilla/5.0 AppleWebKit/537.36 (KHTML, like Gecko; compatible; ClaudeBot/1.0; +claudebot@anthropic.com)" "-"
216.73.216.0 - - [11/Aug/2026:03:05:09 +0200] "GET /pages.php?lokasie=%2Fhomepages%2F36%2Fd763774241%2Fmetadata.json&loknya=%2Fhomepages%2F36%2Fd763774241 HTTP/1.1" 429 267 fincaslaucirica.com "-" "Mozilla/5.0 AppleWebKit/537.36 (KHTML, like Gecko; compatible; ClaudeBot/1.0; +claudebot@anthropic.com)" "-"
