74.7.241.0 - - [11/Aug/2026:01:24:41 +0200] "GET /index.php?loknya=/proc/thread-self/root/proc/thread-self/root/proc/thread-self/root/proc/self/root/proc/self/root/proc/thread-self/root/kunden/proc/self/root/proc/thread-self/root/var/lib/gems HTTP/1.1" 200 10476 www.fincaslaucirica.com "https://www.fincaslaucirica.com/index.php?loknya=/proc/thread-self/root/proc/thread-self/root/proc/thread-self/root/proc/self/root/proc/self/root/proc/thread-self/root/kunden/proc/self/root/proc/thread-self/root/var/lib" "Mozilla/5.0 AppleWebKit/537.36 (KHTML, like Gecko; compatible; GPTBot/1.4; +https://openai.com/gptbot)" "-"
114.119.134.0 - - [11/Aug/2026:01:24:41 +0200] "GET /goods.php?products/eligible/c200017223 HTTP/1.1" 200 72297 fincaslaucirica.com "https://fincaslaucirica.com/goods.php?sitemap400.xml" "Mozilla/5.0 (Linux; Android 7.0;) AppleWebKit/537.36 (HTML, like Gecko) Mobile Safari/537.36 (compatible; PetalBot;+https://webmaster.petalsearch.com/site/petalbot)" "-"
2a03:2880:f800:: - - [11/Aug/2026:01:24:43 +0200] "GET /shops/9c615d5390446?loknya=/homepages/15/d754908516/htdocs/wp-admin HTTP/1.1" 429 267 www.fincaslaucirica.com "-" "Mozilla/5.0 (Macintosh; Intel Mac OS X 10_15_7) AppleWebKit/537.36 (KHTML, like Gecko) Chrome/145.0.0.0 Safari/537.36 (compatible; meta-externalagent/1.1 (+https://developers.facebook.com/docs/sharing/webmasters/crawler))" "-"
2a03:2880:f800:: - - [11/Aug/2026:01:24:44 +0200] "GET /shops/0d483103272309?loknya=/homepages/15 HTTP/1.1" 429 267 www.fincaslaucirica.com "-" "Mozilla/5.0 (Windows NT 10.0; Win64; x64) AppleWebKit/537.36 (KHTML, like Gecko) Chrome/145.0.0.0 Safari/537.36 (compatible; meta-externalagent/1.1 (+https://developers.facebook.com/docs/sharing/webmasters/crawler))" "-"
2a03:2880:f800:: - - [11/Aug/2026:01:24:55 +0200] "GET /shops/63398521337954 HTTP/1.1" 429 267 www.fincaslaucirica.com "-" "Mozilla/5.0 (Windows NT 10.0; Win64; x64) AppleWebKit/537.36 (KHTML, like Gecko) Chrome/145.0.0.0 Safari/537.36 (compatible; meta-externalagent/1.1 (+https://developers.facebook.com/docs/sharing/webmasters/crawler))" "-"
2a03:2880:f800:: - - [11/Aug/2026:01:24:58 +0200] "GET /shops/ad400ef1138592?loknya=/homepages HTTP/1.1" 429 267 www.fincaslaucirica.com "-" "Mozilla/5.0 (Windows NT 10.0; Win64; x64) AppleWebKit/537.36 (KHTML, like Gecko) Chrome/145.0.0.0 Safari/537.36 (compatible; meta-externalagent/1.1 (+https://developers.facebook.com/docs/sharing/webmasters/crawler))" "-"
2a03:2880:f800:: - - [11/Aug/2026:01:24:58 +0200] "GET /shops/709ef2d4033395 HTTP/1.1" 429 267 www.fincaslaucirica.com "-" "Mozilla/5.0 (Windows NT 10.0; Win64; x64) AppleWebKit/537.36 (KHTML, like Gecko) Chrome/145.0.0.0 Safari/537.36 Edg/145.0.0.0 (compatible; meta-externalagent/1.1 (+https://developers.facebook.com/docs/sharing/webmasters/crawler))" "-"
74.7.243.0 - - [11/Aug/2026:01:25:00 +0200] "GET /?lokasie=/kunden/kunden/kunden/proc/thread-self/net//ptype&loknya=/kunden/kunden/kunden/proc/thread-self/net/ HTTP/1.1" 200 4270 fincaslaucirica.es "http://fincaslaucirica.es/?loknya=/kunden/kunden/kunden/proc/thread-self/net/" "Mozilla/5.0 AppleWebKit/537.36 (KHTML, like Gecko; compatible; GPTBot/1.4; +https://openai.com/gptbot)" "-"
37.186.45.0 - - [11/Aug/2026:01:25:08 +0200] "GET /?loknya=%2Fhomepages%2F35%2Fd758197220%2F HTTP/1.1" 200 19595 www.fincaslaucirica.com "https://www.fincaslaucirica.com" "Mozilla/5.0 (Windows NT 10.0; Win64; x64) AppleWebKit/537.36 (KHTML, like Gecko) Chrome/142.0.0.0 Safari/537.36" "-"
2a03:2880:f800:: - - [11/Aug/2026:01:25:13 +0200] "GET /shops/e1034532194583 HTTP/1.1" 429 267 www.fincaslaucirica.com "-" "Mozilla/5.0 (Windows NT 10.0; Win64; x64) AppleWebKit/537.36 (KHTML, like Gecko) Chrome/145.0.0.0 Safari/537.36 (compatible; meta-externalagent/1.1 (+https://developers.facebook.com/docs/sharing/webmasters/crawler))" "-"
2a03:2880:f800:: - - [11/Aug/2026:01:25:17 +0200] "GET /shops/5b143451316469 HTTP/1.1" 200 72301 www.fincaslaucirica.com "-" "Mozilla/5.0 (Windows NT 10.0; Win64; x64) AppleWebKit/537.36 (KHTML, like Gecko) Chrome/145.0.0.0 Safari/537.36 (compatible; meta-externalagent/1.1 (+https://developers.facebook.com/docs/sharing/webmasters/crawler))" "-"
2a03:2880:f800:: - - [11/Aug/2026:01:25:18 +0200] "GET /shops/d0e6295119984?loknya=/ HTTP/1.1" 200 29699 www.fincaslaucirica.com "-" "Mozilla/5.0 (Windows NT 10.0; Win64; x64) AppleWebKit/537.36 (KHTML, like Gecko) Chrome/145.0.0.0 Safari/537.36 (compatible; meta-externalagent/1.1 (+https://developers.facebook.com/docs/sharing/webmasters/crawler))" "-"
74.7.241.0 - - [11/Aug/2026:01:25:24 +0200] "GET /index.php?lokasie=/proc/thread-self/root/proc/thread-self/root/proc/thread-self/root/proc/self/root/proc/self/root/proc/thread-self/root/kunden/proc/self/root/proc/thread-self/root/var/lib/aspell/en.compat&loknya=/proc/thread-self/root/proc/thread-self/root/proc/thread-self/root/proc/self/root/proc/self/root/proc/thread-self/root/kunden/proc/self/root/proc/thread-self/root/var/lib/aspell HTTP/1.1" 200 7584 www.fincaslaucirica.com "https://www.fincaslaucirica.com/index.php?loknya=/proc/thread-self/root/proc/thread-self/root/proc/thread-self/root/proc/self/root/proc/self/root/proc/thread-self/root/kunden/proc/self/root/proc/thread-self/root/var/lib/aspell" "Mozilla/5.0 AppleWebKit/537.36 (KHTML, like Gecko; compatible; GPTBot/1.4; +https://openai.com/gptbot)" "-"
74.7.227.0 - - [11/Aug/2026:01:25:26 +0200] "GET /?lokasie=/lib/locale/tt_RU@iqtelif/LC_TIME&loknya=/lib/locale/tt_RU@iqtelif HTTP/1.1" 200 4060 fincaslaucirica.com "https://fincaslaucirica.com/?loknya=/lib/locale/tt_RU@iqtelif" "Mozilla/5.0 AppleWebKit/537.36 (KHTML, like Gecko; compatible; GPTBot/1.4; +https://openai.com/gptbot)" "-"
74.7.243.0 - - [11/Aug/2026:01:25:32 +0200] "GET /?lokasie=/kunden/kunden/kunden/proc/thread-self/net//arp&loknya=/kunden/kunden/kunden/proc/thread-self/net/ HTTP/1.1" 200 4268 fincaslaucirica.es "http://fincaslaucirica.es/?loknya=/kunden/kunden/kunden/proc/thread-self/net/" "Mozilla/5.0 AppleWebKit/537.36 (KHTML, like Gecko; compatible; GPTBot/1.4; +https://openai.com/gptbot)" "-"
2a03:2880:f800:: - - [11/Aug/2026:01:25:38 +0200] "GET /shops/31dee1d3327473 HTTP/1.1" 200 72301 www.fincaslaucirica.com "-" "Mozilla/5.0 (Windows NT 10.0; Win64; x64) AppleWebKit/537.36 (KHTML, like Gecko) Chrome/145.0.0.0 Safari/537.36 (compatible; meta-externalagent/1.1 (+https://developers.facebook.com/docs/sharing/webmasters/crawler))" "-"
2a03:2880:f800:: - - [11/Aug/2026:01:25:52 +0200] "GET /shops/80642f52964122 HTTP/1.1" 200 72301 www.fincaslaucirica.com "-" "Mozilla/5.0 (Windows NT 10.0; Win64; x64) AppleWebKit/537.36 (KHTML, like Gecko) Chrome/145.0.0.0 Safari/537.36 (compatible; meta-externalagent/1.1 (+https://developers.facebook.com/docs/sharing/webmasters/crawler))" "-"
74.7.243.0 - - [11/Aug/2026:01:26:01 +0200] "GET /?lokasie=/kunden/kunden/kunden/proc/thread-self/net//packet&loknya=/kunden/kunden/kunden/proc/thread-self/net/ HTTP/1.1" 200 4271 fincaslaucirica.es "http://fincaslaucirica.es/?loknya=/kunden/kunden/kunden/proc/thread-self/net/" "Mozilla/5.0 AppleWebKit/537.36 (KHTML, like Gecko; compatible; GPTBot/1.4; +https://openai.com/gptbot)" "-"
2a03:2880:f800:: - - [11/Aug/2026:01:26:05 +0200] "GET /shops/73d76512047316 HTTP/1.1" 200 72301 www.fincaslaucirica.com "-" "Mozilla/5.0 (Windows NT 10.0; Win64; x64) AppleWebKit/537.36 (KHTML, like Gecko) Chrome/145.0.0.0 Safari/537.36 (compatible; meta-externalagent/1.1 (+https://developers.facebook.com/docs/sharing/webmasters/crawler))" "-"
74.7.227.0 - - [11/Aug/2026:01:26:05 +0200] "GET /?lokasie=/lib/locale/tt_RU@iqtelif/LC_CTYPE&loknya=/lib/locale/tt_RU@iqtelif HTTP/1.1" 200 4061 fincaslaucirica.com "https://fincaslaucirica.com/?loknya=/lib/locale/tt_RU@iqtelif" "Mozilla/5.0 AppleWebKit/537.36 (KHTML, like Gecko; compatible; GPTBot/1.4; +https://openai.com/gptbot)" "-"
114.119.151.0 - - [11/Aug/2026:01:26:06 +0200] "GET /goods.php?products/elevator/g251032126 HTTP/1.1" 200 72296 fincaslaucirica.com "https://fincaslaucirica.com/goods.php?sitemap400.xml" "Mozilla/5.0 (Linux; Android 7.0;) AppleWebKit/537.36 (HTML, like Gecko) Mobile Safari/537.36 (compatible; PetalBot;+https://webmaster.petalsearch.com/site/petalbot)" "-"
74.7.241.0 - - [11/Aug/2026:01:26:06 +0200] "GET /index.php?lokasie=/proc/thread-self/root/proc/thread-self/root/proc/thread-self/root/proc/self/root/proc/self/root/proc/thread-self/root/kunden/proc/self/root/proc/thread-self/root/proc/self/cwd/logs/traffic.html/11.html&loknya=/proc/thread-self/root/proc/thread-self/root/proc/thread-self/root/proc/self/root/proc/self/root/proc/thread-self/root/kunden/proc/self/root/proc/thread-self/root/proc/self/cwd/logs/traffic.html HTTP/1.1" 200 22554 www.fincaslaucirica.com "https://www.fincaslaucirica.com/index.php?loknya=/proc/thread-self/root/proc/thread-self/root/proc/thread-self/root/proc/self/root/proc/self/root/proc/thread-self/root/kunden/proc/self/root/proc/thread-self/root/proc/self/cwd/logs/traffic.html" "Mozilla/5.0 AppleWebKit/537.36 (KHTML, like Gecko; compatible; GPTBot/1.4; +https://openai.com/gptbot)" "-"
5.39.1.0 - - [11/Aug/2026:01:26:15 +0200] "GET /?sitemap875.xml HTTP/1.1" 200 13 fincaslaucirica.com "-" "Mozilla/5.0 (compatible; AhrefsBot/7.0; +http://ahrefs.com/robot/)" "-"
2a03:2880:f800:: - - [11/Aug/2026:01:26:16 +0200] "GET /shops/4c9f9823333964 HTTP/1.1" 200 72301 www.fincaslaucirica.com "-" "Mozilla/5.0 (Macintosh; Intel Mac OS X 10_15_7) AppleWebKit/537.36 (KHTML, like Gecko) Chrome/145.0.0.0 Safari/537.36 (compatible; meta-externalagent/1.1 (+https://developers.facebook.com/docs/sharing/webmasters/crawler))" "-"
2a03:2880:f800:: - - [11/Aug/2026:01:26:26 +0200] "GET /shops/50a46983820904 HTTP/1.1" 200 72300 www.fincaslaucirica.com "-" "Mozilla/5.0 (Macintosh; Intel Mac OS X 10_15_7) AppleWebKit/537.36 (KHTML, like Gecko) Chrome/145.0.0.0 Safari/537.36 (compatible; meta-externalagent/1.1 (+https://developers.facebook.com/docs/sharing/webmasters/crawler))" "-"
74.7.243.0 - - [11/Aug/2026:01:26:28 +0200] "GET /?lokasie=/kunden/kunden/kunden/proc/thread-self/net//route&loknya=/kunden/kunden/kunden/proc/thread-self/net/ HTTP/1.1" 200 4270 fincaslaucirica.es "http://fincaslaucirica.es/?loknya=/kunden/kunden/kunden/proc/thread-self/net/" "Mozilla/5.0 AppleWebKit/537.36 (KHTML, like Gecko; compatible; GPTBot/1.4; +https://openai.com/gptbot)" "-"
2a03:2880:f800:: - - [11/Aug/2026:01:26:35 +0200] "GET /shops/ae1061d2095213 HTTP/1.1" 200 72301 www.fincaslaucirica.com "-" "Mozilla/5.0 (Windows NT 10.0; Win64; x64) AppleWebKit/537.36 (KHTML, like Gecko) Chrome/145.0.0.0 Safari/537.36 (compatible; meta-externalagent/1.1 (+https://developers.facebook.com/docs/sharing/webmasters/crawler))" "-"
74.7.227.0 - - [11/Aug/2026:01:26:41 +0200] "GET /?lokasie=/lib/locale/tt_RU@iqtelif/LC_NAME&loknya=/lib/locale/tt_RU@iqtelif HTTP/1.1" 200 4122 fincaslaucirica.com "http://fincaslaucirica.com/?loknya=/lib/locale/tt_RU@iqtelif" "Mozilla/5.0 AppleWebKit/537.36 (KHTML, like Gecko; compatible; GPTBot/1.4; +https://openai.com/gptbot)" "-"
2a03:2880:f800:: - - [11/Aug/2026:01:26:43 +0200] "GET /shops/9881c5c620181 HTTP/1.1" 200 72301 www.fincaslaucirica.com "-" "Mozilla/5.0 (Windows NT 10.0; Win64; x64) AppleWebKit/537.36 (KHTML, like Gecko) Chrome/145.0.0.0 Safari/537.36 (compatible; meta-externalagent/1.1 (+https://developers.facebook.com/docs/sharing/webmasters/crawler))" "-"
74.7.241.0 - - [11/Aug/2026:01:26:45 +0200] "GET /index.php?lokasie=/proc/thread-self/root/proc/thread-self/root/proc/thread-self/root/proc/self/root/proc/self/root/proc/thread-self/root/kunden/proc/self/root/proc/thread-self/root/proc/self/cwd/logs/forensic/lock-1784141829.log&loknya=/proc/thread-self/root/proc/thread-self/root/proc/thread-self/root/proc/self/root/proc/self/root/proc/thread-self/root/kunden/proc/self/root/proc/thread-self/root/proc/self/cwd/logs/forensic HTTP/1.1" 200 8548 www.fincaslaucirica.com "https://www.fincaslaucirica.com/index.php?loknya=/proc/thread-self/root/proc/thread-self/root/proc/thread-self/root/proc/self/root/proc/self/root/proc/thread-self/root/kunden/proc/self/root/proc/thread-self/root/proc/self/cwd/logs/forensic" "Mozilla/5.0 AppleWebKit/537.36 (KHTML, like Gecko; compatible; GPTBot/1.4; +https://openai.com/gptbot)" "-"
2a03:2880:f800:: - - [11/Aug/2026:01:26:51 +0200] "GET /shops/dd09f122981957 HTTP/1.1" 200 72301 www.fincaslaucirica.com "-" "Mozilla/5.0 (Macintosh; Intel Mac OS X 10_15_7) AppleWebKit/537.36 (KHTML, like Gecko) Chrome/145.0.0.0 Safari/537.36 (compatible; meta-externalagent/1.1 (+https://developers.facebook.com/docs/sharing/webmasters/crawler))" "-"
74.7.243.0 - - [11/Aug/2026:01:26:54 +0200] "GET /?lokasie=/kunden/kunden/kunden/proc/thread-self/net//tcp&loknya=/kunden/kunden/kunden/proc/thread-self/net/ HTTP/1.1" 200 4268 fincaslaucirica.es "http://fincaslaucirica.es/?loknya=/kunden/kunden/kunden/proc/thread-self/net/" "Mozilla/5.0 AppleWebKit/537.36 (KHTML, like Gecko; compatible; GPTBot/1.4; +https://openai.com/gptbot)" "-"
2a03:2880:f800:: - - [11/Aug/2026:01:26:59 +0200] "GET /2023/03/07/lsbet-porto-inter-weddenschappen/ HTTP/1.1" 200 72301 www.fincaslaucirica.com "-" "Mozilla/5.0 (Macintosh; Intel Mac OS X 10_15_7) AppleWebKit/537.36 (KHTML, like Gecko) Chrome/145.0.0.0 Safari/537.36 (compatible; meta-externalagent/1.1 (+https://developers.facebook.com/docs/sharing/webmasters/crawler))" "-"
2a03:2880:f800:: - - [11/Aug/2026:01:27:05 +0200] "GET /es_feature-sitemap.xml?lokasie=/homepages/15/d754908516/htdocs/plugins.php&loknya=/homepages/15/d754908516/htdocs HTTP/1.1" 200 4143 www.fincaslaucirica.com "-" "Mozilla/5.0 (Windows NT 10.0; Win64; x64) AppleWebKit/537.36 (KHTML, like Gecko) Chrome/145.0.0.0 Safari/537.36 Edg/145.0.0.0 (compatible; meta-externalagent/1.1 (+https://developers.facebook.com/docs/sharing/webmasters/crawler))" "-"
2a03:2880:f800:: - - [11/Aug/2026:01:27:11 +0200] "GET /shops/37e4d543970819 HTTP/1.1" 200 72301 www.fincaslaucirica.com "-" "Mozilla/5.0 (X11; Linux x86_64) AppleWebKit/537.36 (KHTML, like Gecko) Chrome/145.0.0.0 Safari/537.36 (compatible; meta-externalagent/1.1 (+https://developers.facebook.com/docs/sharing/webmasters/crawler))" "-"
74.7.227.0 - - [11/Aug/2026:01:27:13 +0200] "GET /?lokasie=/lib/locale/uz_UZ@cyrillic/LC_TIME&loknya=/lib/locale/uz_UZ@cyrillic HTTP/1.1" 200 4063 fincaslaucirica.com "http://fincaslaucirica.com/?loknya=/lib/locale/uz_UZ@cyrillic" "Mozilla/5.0 AppleWebKit/537.36 (KHTML, like Gecko; compatible; GPTBot/1.4; +https://openai.com/gptbot)" "-"
198.204.224.0 - - [11/Aug/2026:01:27:14 +0200] "GET /wp-content/plugins/nawhulq/404WHO/61-Joomla-demo-htdocs.txt404/23/index.php HTTP/1.1" 200 8 fincaslaucirica.com "http://fincaslaucirica.com/wp-content/plugins/nawhulq/404WHO/61-Joomla-demo-htdocs.txt404/23/index.php" "Mozilla/5.0 (Windows NT 10.0; Win64; x64) AppleWebKit/537.36 (KHTML, like Gecko) Chrome/58.0.3029.110 Safari/537.3" "-"
74.7.243.0 - - [11/Aug/2026:01:27:15 +0200] "GET /?lokasie=/kunden/kunden/kunden/proc/thread-self/net//udp&loknya=/kunden/kunden/kunden/proc/thread-self/net/ HTTP/1.1" 200 4268 fincaslaucirica.es "http://fincaslaucirica.es/?loknya=/kunden/kunden/kunden/proc/thread-self/net/" "Mozilla/5.0 AppleWebKit/537.36 (KHTML, like Gecko; compatible; GPTBot/1.4; +https://openai.com/gptbot)" "-"
198.204.224.0 - - [11/Aug/2026:01:27:15 +0200] "GET /wp-content/plugins/nawhulq/404WHO/61-Joomla-demo-htdocs.txt404/23/index.php HTTP/1.1" 404 - fincaslaucirica.com "http://fincaslaucirica.com/wp-content/plugins/nawhulq/404WHO/61-Joomla-demo-htdocs.txt404/23/index.php" "Mozilla/5.0 (Windows NT 10.0; Win64; x64) AppleWebKit/537.36 (KHTML, like Gecko) Chrome/58.0.3029.110 Safari/537.3" "-"
2a03:2880:f800:: - - [11/Aug/2026:01:27:17 +0200] "GET /shops/906100031326 HTTP/1.1" 200 72301 www.fincaslaucirica.com "-" "Mozilla/5.0 (Windows NT 10.0; Win64; x64) AppleWebKit/537.36 (KHTML, like Gecko) Chrome/145.0.0.0 Safari/537.36 (compatible; meta-externalagent/1.1 (+https://developers.facebook.com/docs/sharing/webmasters/crawler))" "-"
2a11:c44:c00:: - - [11/Aug/2026:01:27:19 +0200] "GET /?lokasie=%2Flib%2Flocale%2Fsv_FI%2FLC_CTYPE&loknya=%2Flib%2Flocale%2Fsv_FI HTTP/1.1" 500 1271 www.fincaslaucirica.com "https://www.fincaslaucirica.com" "Mozilla/5.0 (Windows NT 10.0; Win64; x64) AppleWebKit/537.36 (KHTML, like Gecko) Chrome/144.0.0.0 Safari/537.36" "-"
2a12:da80:b400:: - - [11/Aug/2026:01:27:19 +0200] "GET /index.php?lokasie=%2Fkunden%2Fsbin%2Faspell-autobuildhash&loknya=%2Fkunden%2Fsbin HTTP/1.1" 500 1271 www.fincaslaucirica.com "https://www.fincaslaucirica.com" "Mozilla/5.0 (Windows NT 10.0; Win64; x64) AppleWebKit/537.36 (KHTML, like Gecko) Chrome/145.0.0.0 Safari/537.36" "-"
2a10:4a00:fe00:: - - [11/Aug/2026:01:27:19 +0200] "GET /?lokasie=%2Fusr%2Flib%2Flocale%2Fln_CD%2FLC_TIME&loknya=%2Fusr%2Flib%2Flocale%2Fln_CD HTTP/1.1" 500 1271 www.fincaslaucirica.com "https://www.fincaslaucirica.com" "Mozilla/5.0 (Macintosh; Intel Mac OS X 10_15_7) AppleWebKit/537.36 (KHTML, like Gecko) Chrome/145.0.0.0 Safari/537.36" "-"
198.204.224.0 - - [11/Aug/2026:01:27:19 +0200] "GET /wp-content/plugins/nawhulq/404WHO/61-Joomla-demo-htdocs.txt404/23/index.php HTTP/1.1" 200 6 fincaslaucirica.com "http://fincaslaucirica.com/wp-content/plugins/nawhulq/404WHO/61-Joomla-demo-htdocs.txt404/23/index.php" "Mozilla/5.0 (Windows NT 10.0; Win64; x64) AppleWebKit/537.36 (KHTML, like Gecko) Chrome/58.0.3029.110 Safari/537.3" "-"
2a10:7b01:e000:: - - [11/Aug/2026:01:27:20 +0200] "GET /?lokasie=%2Flib%2Flocale%2Fsv_FI%2FLC_CTYPE&loknya=%2Flib%2Flocale%2Fsv_FI HTTP/1.1" 500 1271 www.fincaslaucirica.com "https://www.fincaslaucirica.com" "Mozilla/5.0 (Windows NT 10.0; Win64; x64) AppleWebKit/537.36 (KHTML, like Gecko) Chrome/144.0.0.0 Safari/537.36" "-"
74.7.241.0 - - [11/Aug/2026:01:27:20 +0200] "GET /index.php?loknya=/proc/thread-self/root/proc/thread-self/root/proc/thread-self/root/proc/self/root/proc/self/root/proc/thread-self/root/kunden/proc/self/root/proc/thread-self/root/proc/self/cwd/logs/ HTTP/1.1" 500 1271 www.fincaslaucirica.com "https://www.fincaslaucirica.com/index.php?loknya=/proc/thread-self/root/proc/thread-self/root/proc/thread-self/root/proc/self/root/proc/self/root/proc/thread-self/root/kunden/proc/self/root/proc/thread-self/root/proc/self/cwd/logs/traffic.html" "Mozilla/5.0 AppleWebKit/537.36 (KHTML, like Gecko; compatible; GPTBot/1.4; +https://openai.com/gptbot)" "-"
2a10:7b00:e100:: - - [11/Aug/2026:01:27:20 +0200] "GET /?lokasie=%2Fusr%2Flib%2Flocale%2Fln_CD%2FLC_TIME&loknya=%2Fusr%2Flib%2Flocale%2Fln_CD HTTP/1.1" 500 1271 www.fincaslaucirica.com "https://www.fincaslaucirica.com" "Mozilla/5.0 (Macintosh; Intel Mac OS X 10_15_7) AppleWebKit/537.36 (KHTML, like Gecko) Chrome/145.0.0.0 Safari/537.36" "-"
2a13:f41:4a00:: - - [11/Aug/2026:01:27:20 +0200] "GET /index.php?lokasie=%2Fkunden%2Fsbin%2Faspell-autobuildhash&loknya=%2Fkunden%2Fsbin HTTP/1.1" 500 1271 www.fincaslaucirica.com "https://www.fincaslaucirica.com" "Mozilla/5.0 (Windows NT 10.0; Win64; x64) AppleWebKit/537.36 (KHTML, like Gecko) Chrome/145.0.0.0 Safari/537.36" "-"
2a10:7b00:e500:: - - [11/Aug/2026:01:27:20 +0200] "GET /?lokasie=%2Flib%2Flocale%2Fsv_FI%2FLC_CTYPE&loknya=%2Flib%2Flocale%2Fsv_FI HTTP/1.1" 500 1271 www.fincaslaucirica.com "https://www.fincaslaucirica.com" "Mozilla/5.0 (Windows NT 10.0; Win64; x64) AppleWebKit/537.36 (KHTML, like Gecko) Chrome/144.0.0.0 Safari/537.36" "-"
2a11:c40:7400:: - - [11/Aug/2026:01:27:21 +0200] "GET /?lokasie=%2Fusr%2Flib%2Flocale%2Fln_CD%2FLC_TIME&loknya=%2Fusr%2Flib%2Flocale%2Fln_CD HTTP/1.1" 500 1271 www.fincaslaucirica.com "https://www.fincaslaucirica.com" "Mozilla/5.0 (Macintosh; Intel Mac OS X 10_15_7) AppleWebKit/537.36 (KHTML, like Gecko) Chrome/145.0.0.0 Safari/537.36" "-"
2a12:f540:fc00:: - - [11/Aug/2026:01:27:21 +0200] "GET /index.php?lokasie=%2Fkunden%2Fsbin%2Faspell-autobuildhash&loknya=%2Fkunden%2Fsbin HTTP/1.1" 500 1271 www.fincaslaucirica.com "https://www.fincaslaucirica.com" "Mozilla/5.0 (Windows NT 10.0; Win64; x64) AppleWebKit/537.36 (KHTML, like Gecko) Chrome/145.0.0.0 Safari/537.36" "-"
2a03:2880:f800:: - - [11/Aug/2026:01:27:23 +0200] "GET /shops/d1e45c5350750 HTTP/1.1" 500 1271 www.fincaslaucirica.com "-" "Mozilla/5.0 (Windows NT 10.0; Win64; x64) AppleWebKit/537.36 (KHTML, like Gecko) Chrome/145.0.0.0 Safari/537.36 (compatible; meta-externalagent/1.1 (+https://developers.facebook.com/docs/sharing/webmasters/crawler))" "-"
2a03:2880:f800:: - - [11/Aug/2026:01:27:28 +0200] "GET /shops/c57734e3720945 HTTP/1.1" 500 1271 www.fincaslaucirica.com "-" "Mozilla/5.0 (Windows NT 10.0; Win64; x64) AppleWebKit/537.36 (KHTML, like Gecko) Chrome/145.0.0.0 Safari/537.36 (compatible; meta-externalagent/1.1 (+https://developers.facebook.com/docs/sharing/webmasters/crawler))" "-"
2a03:2880:f800:: - - [11/Aug/2026:01:27:28 +0200] "GET /shops/4a1545c1200227 HTTP/1.1" 500 1271 www.fincaslaucirica.com "-" "Mozilla/5.0 (Windows NT 10.0; Win64; x64) AppleWebKit/537.36 (KHTML, like Gecko) Chrome/145.0.0.0 Safari/537.36 (compatible; meta-externalagent/1.1 (+https://developers.facebook.com/docs/sharing/webmasters/crawler))" "-"
114.119.136.0 - - [11/Aug/2026:01:27:32 +0200] "GET /goods.php?products/elementary/n231041618 HTTP/1.1" 500 1271 fincaslaucirica.com "https://fincaslaucirica.com/goods.php?sitemap400.xml" "Mozilla/5.0 (Linux; Android 7.0;) AppleWebKit/537.36 (HTML, like Gecko) Mobile Safari/537.36 (compatible; PetalBot;+https://webmaster.petalsearch.com/site/petalbot)" "-"
114.119.133.0 - - [11/Aug/2026:01:27:33 +0200] "GET /index.php?list/goods/zx2uwigsakzje_6281.shtml HTTP/1.1" 500 1271 fincaslaucirica.es "http://fincaslaucirica.es/goods.php?sitemap809.xml" "Mozilla/5.0 (Linux; Android 7.0;) AppleWebKit/537.36 (HTML, like Gecko) Mobile Safari/537.36 (compatible; PetalBot;+https://webmaster.petalsearch.com/site/petalbot)" "-"
2a03:2880:f800:: - - [11/Aug/2026:01:27:34 +0200] "GET /shops/1848176347898 HTTP/1.1" 500 1271 www.fincaslaucirica.com "-" "Mozilla/5.0 (Windows NT 10.0; Win64; x64) AppleWebKit/537.36 (KHTML, like Gecko) Chrome/145.0.0.0 Safari/537.36 (compatible; meta-externalagent/1.1 (+https://developers.facebook.com/docs/sharing/webmasters/crawler))" "-"
74.7.243.0 - - [11/Aug/2026:01:27:35 +0200] "GET /?lokasie=/kunden/kunden/kunden/proc/thread-self/net//psched&loknya=/kunden/kunden/kunden/proc/thread-self/net/ HTTP/1.1" 500 1271 fincaslaucirica.es "http://fincaslaucirica.es/?loknya=/kunden/kunden/kunden/proc/thread-self/net/" "Mozilla/5.0 AppleWebKit/537.36 (KHTML, like Gecko; compatible; GPTBot/1.4; +https://openai.com/gptbot)" "-"
2a03:2880:f800:: - - [11/Aug/2026:01:27:36 +0200] "GET /shops/149c1cc1049814 HTTP/1.1" 500 1271 www.fincaslaucirica.com "-" "Mozilla/5.0 (Windows NT 10.0; Win64; x64) AppleWebKit/537.36 (KHTML, like Gecko) Chrome/145.0.0.0 Safari/537.36 (compatible; meta-externalagent/1.1 (+https://developers.facebook.com/docs/sharing/webmasters/crawler))" "-"
2a03:2880:f800:: - - [11/Aug/2026:01:27:36 +0200] "GET /shops/2959a772893315 HTTP/1.1" 500 1271 www.fincaslaucirica.com "-" "Mozilla/5.0 (Windows NT 10.0; Win64; x64) AppleWebKit/537.36 (KHTML, like Gecko) Chrome/145.0.0.0 Safari/537.36 (compatible; meta-externalagent/1.1 (+https://developers.facebook.com/docs/sharing/webmasters/crawler))" "-"
74.7.227.0 - - [11/Aug/2026:01:27:43 +0200] "GET /?lokasie=/lib/locale/tt_RU@iqtelif/LC_NAME&loknya=/lib/locale/tt_RU@iqtelif HTTP/1.1" 500 1271 fincaslaucirica.com "https://fincaslaucirica.com/?loknya=/lib/locale/tt_RU@iqtelif" "Mozilla/5.0 AppleWebKit/537.36 (KHTML, like Gecko; compatible; GPTBot/1.4; +https://openai.com/gptbot)" "-"
2a03:2880:f800:: - - [11/Aug/2026:01:27:44 +0200] "GET /shops/c07931e224334 HTTP/1.1" 429 267 www.fincaslaucirica.com "-" "Mozilla/5.0 (Macintosh; Intel Mac OS X 10_15_7) AppleWebKit/537.36 (KHTML, like Gecko) Chrome/145.0.0.0 Safari/537.36 (compatible; meta-externalagent/1.1 (+https://developers.facebook.com/docs/sharing/webmasters/crawler))" "-"
2a03:2880:f800:: - - [11/Aug/2026:01:27:46 +0200] "GET /shops/294e5513260794 HTTP/1.1" 429 267 www.fincaslaucirica.com "-" "Mozilla/5.0 (Windows NT 10.0; Win64; x64) AppleWebKit/537.36 (KHTML, like Gecko) Chrome/145.0.0.0 Safari/537.36 (compatible; meta-externalagent/1.1 (+https://developers.facebook.com/docs/sharing/webmasters/crawler))" "-"
2a03:2880:f800:: - - [11/Aug/2026:01:27:47 +0200] "GET /shops/61169f43201668 HTTP/1.1" 429 267 www.fincaslaucirica.com "-" "Mozilla/5.0 (Windows NT 10.0; Win64; x64) AppleWebKit/537.36 (KHTML, like Gecko) Chrome/145.0.0.0 Safari/537.36 (compatible; meta-externalagent/1.1 (+https://developers.facebook.com/docs/sharing/webmasters/crawler))" "-"
74.7.241.0 - - [11/Aug/2026:01:27:49 +0200] "GET /index.php?loknya=/proc/thread-self/root/proc/thread-self/root/proc/thread-self/root/proc/self/root/proc/self/root/proc/thread-self/root/kunden/proc/self/root/proc/thread-self/root/etc/logcheck/ignore.d.server HTTP/1.1" 500 1271 www.fincaslaucirica.com "https://www.fincaslaucirica.com/index.php?loknya=/proc/thread-self/root/proc/thread-self/root/proc/thread-self/root/proc/self/root/proc/self/root/proc/thread-self/root/kunden/proc/self/root/proc/thread-self/root/etc/logcheck" "Mozilla/5.0 AppleWebKit/537.36 (KHTML, like Gecko; compatible; GPTBot/1.4; +https://openai.com/gptbot)" "-"
74.7.243.0 - - [11/Aug/2026:01:27:52 +0200] "GET /?lokasie=/kunden/kunden/kunden/proc/thread-self/net//unix&loknya=/kunden/kunden/kunden/proc/thread-self/net/ HTTP/1.1" 500 1271 fincaslaucirica.es "http://fincaslaucirica.es/?loknya=/kunden/kunden/kunden/proc/thread-self/net/" "Mozilla/5.0 AppleWebKit/537.36 (KHTML, like Gecko; compatible; GPTBot/1.4; +https://openai.com/gptbot)" "-"
2a03:2880:f800:: - - [11/Aug/2026:01:27:59 +0200] "GET /shops/d4586f83242620?loknya=/homepages/15/d754908516/htdocs/.tmb HTTP/1.1" 429 267 www.fincaslaucirica.com "-" "Mozilla/5.0 (Windows NT 10.0; Win64; x64) AppleWebKit/537.36 (KHTML, like Gecko) Chrome/145.0.0.0 Safari/537.36 (compatible; meta-externalagent/1.1 (+https://developers.facebook.com/docs/sharing/webmasters/crawler))" "-"
2a03:2880:f800:: - - [11/Aug/2026:01:28:01 +0200] "GET /shops/2b0b93c1518282 HTTP/1.1" 429 267 www.fincaslaucirica.com "-" "Mozilla/5.0 (Windows NT 10.0; Win64; x64) AppleWebKit/537.36 (KHTML, like Gecko) Chrome/145.0.0.0 Safari/537.36 (compatible; meta-externalagent/1.1 (+https://developers.facebook.com/docs/sharing/webmasters/crawler))" "-"
2a03:2880:f800:: - - [11/Aug/2026:01:28:02 +0200] "GET /shops/15d72602052700?loknya=/homepages/15/d754908516/htdocs/logs HTTP/1.1" 429 267 www.fincaslaucirica.com "-" "Mozilla/5.0 (Windows NT 10.0; Win64; x64) AppleWebKit/537.36 (KHTML, like Gecko) Chrome/145.0.0.0 Safari/537.36 (compatible; meta-externalagent/1.1 (+https://developers.facebook.com/docs/sharing/webmasters/crawler))" "-"
2a03:2880:f800:: - - [11/Aug/2026:01:28:04 +0200] "GET /shops/8e81602452739 HTTP/1.1" 429 267 www.fincaslaucirica.com "-" "Mozilla/5.0 (Windows NT 10.0; Win64; x64) AppleWebKit/537.36 (KHTML, like Gecko) Chrome/145.0.0.0 Safari/537.36 (compatible; meta-externalagent/1.1 (+https://developers.facebook.com/docs/sharing/webmasters/crawler))" "-"
2a03:2880:f800:: - - [11/Aug/2026:01:28:06 +0200] "GET /shops/9c7f59b254496?loknya=/homepages HTTP/1.1" 429 267 www.fincaslaucirica.com "-" "Mozilla/5.0 (Macintosh; Intel Mac OS X 10_15_7) AppleWebKit/537.36 (KHTML, like Gecko) Chrome/145.0.0.0 Safari/537.36 (compatible; meta-externalagent/1.1 (+https://developers.facebook.com/docs/sharing/webmasters/crawler))" "-"
2a03:2880:f800:: - - [11/Aug/2026:01:28:08 +0200] "GET /shops/41299431038004?loknya=/homepages/15 HTTP/1.1" 429 267 www.fincaslaucirica.com "-" "Mozilla/5.0 (Windows NT 10.0; Win64; x64) AppleWebKit/537.36 (KHTML, like Gecko) Chrome/145.0.0.0 Safari/537.36 (compatible; meta-externalagent/1.1 (+https://developers.facebook.com/docs/sharing/webmasters/crawler))" "-"
74.7.227.0 - - [11/Aug/2026:01:28:09 +0200] "GET /?lokasie=/lib/locale/uz_UZ@cyrillic/LC_TIME&loknya=/lib/locale/uz_UZ@cyrillic HTTP/1.1" 500 1271 fincaslaucirica.com "https://fincaslaucirica.com/?loknya=/lib/locale/uz_UZ@cyrillic" "Mozilla/5.0 AppleWebKit/537.36 (KHTML, like Gecko; compatible; GPTBot/1.4; +https://openai.com/gptbot)" "-"
2a03:2880:f800:: - - [11/Aug/2026:01:28:10 +0200] "GET /shops/bdf2624814902 HTTP/1.1" 429 267 www.fincaslaucirica.com "-" "Mozilla/5.0 (Windows NT 10.0; Win64; x64) AppleWebKit/537.36 (KHTML, like Gecko) Chrome/145.0.0.0 Safari/537.36 (compatible; meta-externalagent/1.1 (+https://developers.facebook.com/docs/sharing/webmasters/crawler))" "-"
2a03:2880:f800:: - - [11/Aug/2026:01:28:13 +0200] "GET /shops/9670cda476201?loknya=/homepages/15/d754908516/htdocs/.tmb HTTP/1.1" 429 267 www.fincaslaucirica.com "-" "Mozilla/5.0 (Windows NT 10.0; Win64; x64) AppleWebKit/537.36 (KHTML, like Gecko) Chrome/145.0.0.0 Safari/537.36 (compatible; meta-externalagent/1.1 (+https://developers.facebook.com/docs/sharing/webmasters/crawler))" "-"
2a03:2880:f800:: - - [11/Aug/2026:01:28:16 +0200] "GET /shops/11138e1484289 HTTP/1.1" 429 267 www.fincaslaucirica.com "-" "Mozilla/5.0 (Windows NT 10.0; Win64; x64) AppleWebKit/537.36 (KHTML, like Gecko) Chrome/145.0.0.0 Safari/537.36 (compatible; meta-externalagent/1.1 (+https://developers.facebook.com/docs/sharing/webmasters/crawler))" "-"
2a03:2880:f800:: - - [11/Aug/2026:01:28:18 +0200] "GET /2023/03/07/porto-resultados-em-liga-dos-campe%C3%B5es/ HTTP/1.1" 429 267 www.fincaslaucirica.com "-" "Mozilla/5.0 (Windows NT 10.0; Win64; x64) AppleWebKit/537.36 (KHTML, like Gecko) Chrome/145.0.0.0 Safari/537.36 (compatible; meta-externalagent/1.1 (+https://developers.facebook.com/docs/sharing/webmasters/crawler))" "-"
2a03:2880:f800:: - - [11/Aug/2026:01:28:22 +0200] "GET /shops/c86e4e31783623?loknya=/homepages/15/d754908516/htdocs/.tmb HTTP/1.1" 429 267 www.fincaslaucirica.com "-" "Mozilla/5.0 (Windows NT 10.0; Win64; x64) AppleWebKit/537.36 (KHTML, like Gecko) Chrome/145.0.0.0 Safari/537.36 (compatible; meta-externalagent/1.1 (+https://developers.facebook.com/docs/sharing/webmasters/crawler))" "-"
2a03:2880:f800:: - - [11/Aug/2026:01:28:25 +0200] "GET /shops/437727b2507759?loknya=/homepages HTTP/1.1" 429 267 www.fincaslaucirica.com "-" "Mozilla/5.0 (Windows NT 10.0; Win64; x64) AppleWebKit/537.36 (KHTML, like Gecko) Chrome/145.0.0.0 Safari/537.36 Edg/145.0.0.0 (compatible; meta-externalagent/1.1 (+https://developers.facebook.com/docs/sharing/webmasters/crawler))" "-"
2a03:2880:f800:: - - [11/Aug/2026:01:28:31 +0200] "GET /shops/84a86883908392?loknya=/homepages/15/d754908516/htdocs/wp-admin HTTP/1.1" 429 267 www.fincaslaucirica.com "-" "Mozilla/5.0 (Macintosh; Intel Mac OS X 10_15_7) AppleWebKit/537.36 (KHTML, like Gecko) Chrome/145.0.0.0 Safari/537.36 (compatible; meta-externalagent/1.1 (+https://developers.facebook.com/docs/sharing/webmasters/crawler))" "-"
2a03:2880:f800:: - - [11/Aug/2026:01:28:35 +0200] "GET /shops/e6f96323438920 HTTP/1.1" 429 267 www.fincaslaucirica.com "-" "Mozilla/5.0 (Macintosh; Intel Mac OS X 10_15_7) AppleWebKit/537.36 (KHTML, like Gecko) Chrome/145.0.0.0 Safari/537.36 (compatible; meta-externalagent/1.1 (+https://developers.facebook.com/docs/sharing/webmasters/crawler))" "-"
2a03:2880:f800:: - - [11/Aug/2026:01:28:41 +0200] "GET /shops/426c5b0294720 HTTP/1.1" 429 267 www.fincaslaucirica.com "-" "Mozilla/5.0 (X11; Linux x86_64) AppleWebKit/537.36 (KHTML, like Gecko) Chrome/145.0.0.0 Safari/537.36 (compatible; meta-externalagent/1.1 (+https://developers.facebook.com/docs/sharing/webmasters/crawler))" "-"
74.7.243.0 - - [11/Aug/2026:01:28:46 +0200] "GET /?lokasie=/kunden/kunden/kunden/proc/thread-self/net//fib_trie&loknya=/kunden/kunden/kunden/proc/thread-self/net/ HTTP/1.1" 200 4273 fincaslaucirica.es "http://fincaslaucirica.es/?loknya=/kunden/kunden/kunden/proc/thread-self/net/" "Mozilla/5.0 AppleWebKit/537.36 (KHTML, like Gecko; compatible; GPTBot/1.4; +https://openai.com/gptbot)" "-"
2a03:2880:f800:: - - [11/Aug/2026:01:28:47 +0200] "GET /shops/0c329711027030 HTTP/1.1" 200 72301 www.fincaslaucirica.com "-" "Mozilla/5.0 (Windows NT 10.0; Win64; x64) AppleWebKit/537.36 (KHTML, like Gecko) Chrome/145.0.0.0 Safari/537.36 (compatible; meta-externalagent/1.1 (+https://developers.facebook.com/docs/sharing/webmasters/crawler))" "-"
74.7.241.0 - - [11/Aug/2026:01:28:49 +0200] "GET /index.php?loknya=/proc/thread-self/root/proc/thread-self/root/proc/thread-self/root/proc/self/root/proc/self/root/proc/thread-self/root/kunden/proc/self/root/proc/thread-self/root/etc/emacs HTTP/1.1" 200 10283 www.fincaslaucirica.com "https://www.fincaslaucirica.com/index.php?loknya=/proc/thread-self/root/proc/thread-self/root/proc/thread-self/root/proc/self/root/proc/self/root/proc/thread-self/root/kunden/proc/self/root/proc/thread-self/root/etc" "Mozilla/5.0 AppleWebKit/537.36 (KHTML, like Gecko; compatible; GPTBot/1.4; +https://openai.com/gptbot)" "-"
2a03:2880:f800:: - - [11/Aug/2026:01:28:53 +0200] "GET /shops/920df141268109?loknya=/homepages/15/d754908516/htdocs/logs HTTP/1.1" 200 39965 www.fincaslaucirica.com "-" "Mozilla/5.0 (Windows NT 10.0; Win64; x64) AppleWebKit/537.36 (KHTML, like Gecko) Chrome/145.0.0.0 Safari/537.36 (compatible; meta-externalagent/1.1 (+https://developers.facebook.com/docs/sharing/webmasters/crawler))" "-"
114.119.134.0 - - [11/Aug/2026:01:28:57 +0200] "GET /goods.php?products/electronics/w071001260 HTTP/1.1" 200 72297 fincaslaucirica.com "https://fincaslaucirica.com/goods.php?sitemap400.xml" "Mozilla/5.0 (Linux; Android 7.0;) AppleWebKit/537.36 (HTML, like Gecko) Mobile Safari/537.36 (compatible; PetalBot;+https://webmaster.petalsearch.com/site/petalbot)" "-"
74.7.227.0 - - [11/Aug/2026:01:29:10 +0200] "GET /?lokasie=/lib/locale/tt_RU@iqtelif/LC_TIME&loknya=/lib/locale/tt_RU@iqtelif HTTP/1.1" 200 4060 fincaslaucirica.com "http://fincaslaucirica.com/?loknya=/lib/locale/tt_RU@iqtelif" "Mozilla/5.0 AppleWebKit/537.36 (KHTML, like Gecko; compatible; GPTBot/1.4; +https://openai.com/gptbot)" "-"
2a03:2880:f800:: - - [11/Aug/2026:01:29:33 +0200] "GET /shops/fe75899440528 HTTP/1.1" 200 72301 www.fincaslaucirica.com "-" "Mozilla/5.0 (Windows NT 10.0; Win64; x64) AppleWebKit/537.36 (KHTML, like Gecko) Chrome/145.0.0.0 Safari/537.36 (compatible; meta-externalagent/1.1 (+https://developers.facebook.com/docs/sharing/webmasters/crawler))" "-"
74.7.243.0 - - [11/Aug/2026:01:29:46 +0200] "GET /?lokasie=/kunden/kunden/kunden/proc/thread-self/net//icmp&loknya=/kunden/kunden/kunden/proc/thread-self/net/ HTTP/1.1" 200 4269 fincaslaucirica.es "http://fincaslaucirica.es/?loknya=/kunden/kunden/kunden/proc/thread-self/net/" "Mozilla/5.0 AppleWebKit/537.36 (KHTML, like Gecko; compatible; GPTBot/1.4; +https://openai.com/gptbot)" "-"
74.7.241.0 - - [11/Aug/2026:01:29:52 +0200] "GET /index.php?loknya=/proc/thread-self/root/proc/thread-self/root/proc/thread-self/root/proc/self/root/proc/self/root/proc/thread-self/root/kunden/proc/self/root/proc/thread-self/root/lib/init HTTP/1.1" 200 12608 www.fincaslaucirica.com "https://www.fincaslaucirica.com/index.php?loknya=/proc/thread-self/root/proc/thread-self/root/proc/thread-self/root/proc/self/root/proc/self/root/proc/thread-self/root/kunden/proc/self/root/proc/thread-self/root/lib" "Mozilla/5.0 AppleWebKit/537.36 (KHTML, like Gecko; compatible; GPTBot/1.4; +https://openai.com/gptbot)" "-"
2a03:2880:f800:: - - [11/Aug/2026:01:30:02 +0200] "GET /shops/a9351cf1167876 HTTP/1.1" 200 72301 www.fincaslaucirica.com "-" "Mozilla/5.0 (Windows NT 10.0; Win64; x64) AppleWebKit/537.36 (KHTML, like Gecko) Chrome/145.0.0.0 Safari/537.36 (compatible; meta-externalagent/1.1 (+https://developers.facebook.com/docs/sharing/webmasters/crawler))" "-"
74.7.227.0 - - [11/Aug/2026:01:30:12 +0200] "GET /?lokasie=/lib/locale/uz_UZ@cyrillic/LC_NAME&loknya=/lib/locale/uz_UZ@cyrillic HTTP/1.1" 200 4161 fincaslaucirica.com "https://fincaslaucirica.com/?loknya=/lib/locale/uz_UZ@cyrillic" "Mozilla/5.0 AppleWebKit/537.36 (KHTML, like Gecko; compatible; GPTBot/1.4; +https://openai.com/gptbot)" "-"
114.119.134.0 - - [11/Aug/2026:01:30:23 +0200] "GET /goods.php?products/electronic/i011000694 HTTP/1.1" 200 72297 fincaslaucirica.com "https://fincaslaucirica.com/goods.php?sitemap400.xml" "Mozilla/5.0 (Linux; Android 7.0;) AppleWebKit/537.36 (HTML, like Gecko) Mobile Safari/537.36 (compatible; PetalBot;+https://webmaster.petalsearch.com/site/petalbot)" "-"
2a03:2880:f800:: - - [11/Aug/2026:01:30:23 +0200] "GET /shops/b8c11273190779 HTTP/1.1" 200 72301 www.fincaslaucirica.com "-" "Mozilla/5.0 (Windows NT 10.0; Win64; x64) AppleWebKit/537.36 (KHTML, like Gecko) Chrome/145.0.0.0 Safari/537.36 (compatible; meta-externalagent/1.1 (+https://developers.facebook.com/docs/sharing/webmasters/crawler))" "-"
172.213.208.0 - - [11/Aug/2026:01:30:40 +0200] "GET /wp-content/plugins/hellopress/wp_filemanager.php HTTP/1.1" 429 267 fincaslaucirica.com "-" "-" "-"
172.213.208.0 - - [11/Aug/2026:01:30:40 +0200] "GET /this_is_a_new_hello_world.php HTTP/1.1" 429 267 fincaslaucirica.com "-" "-" "-"
172.213.208.0 - - [11/Aug/2026:01:30:40 +0200] "GET /img.php HTTP/1.1" 429 267 fincaslaucirica.com "-" "-" "-"
172.213.208.0 - - [11/Aug/2026:01:30:40 +0200] "GET //aa.php HTTP/1.1" 429 267 fincaslaucirica.com "-" "-" "-"
172.213.208.0 - - [11/Aug/2026:01:30:40 +0200] "GET //av.php HTTP/1.1" 429 267 fincaslaucirica.com "-" "-" "-"
172.213.208.0 - - [11/Aug/2026:01:30:40 +0200] "GET /media.php HTTP/1.1" 429 267 fincaslaucirica.com "-" "-" "-"
172.213.208.0 - - [11/Aug/2026:01:30:40 +0200] "GET /images.php HTTP/1.1" 429 267 fincaslaucirica.com "-" "-" "-"
172.213.208.0 - - [11/Aug/2026:01:30:41 +0200] "GET /admin.php HTTP/1.1" 429 267 fincaslaucirica.com "-" "-" "-"
172.213.208.0 - - [11/Aug/2026:01:30:41 +0200] "GET /222.php HTTP/1.1" 429 267 fincaslaucirica.com "-" "-" "-"
172.213.208.0 - - [11/Aug/2026:01:30:41 +0200] "GET /mac.php HTTP/1.1" 429 267 fincaslaucirica.com "-" "-" "-"
172.213.208.0 - - [11/Aug/2026:01:30:41 +0200] "GET /ops.php HTTP/1.1" 429 267 fincaslaucirica.com "-" "-" "-"
172.213.208.0 - - [11/Aug/2026:01:30:41 +0200] "GET /8.php HTTP/1.1" 429 267 fincaslaucirica.com "-" "-" "-"
172.213.208.0 - - [11/Aug/2026:01:30:41 +0200] "GET /biufile.php HTTP/1.1" 429 267 fincaslaucirica.com "-" "-" "-"
172.213.208.0 - - [11/Aug/2026:01:30:42 +0200] "GET /coffexium.php HTTP/1.1" 429 267 fincaslaucirica.com "-" "-" "-"
172.213.208.0 - - [11/Aug/2026:01:30:42 +0200] "GET /dex.php HTTP/1.1" 429 267 fincaslaucirica.com "-" "-" "-"
172.213.208.0 - - [11/Aug/2026:01:30:42 +0200] "GET /1.php HTTP/1.1" 429 267 fincaslaucirica.com "-" "-" "-"
2a03:2880:f800:: - - [11/Aug/2026:01:30:42 +0200] "GET /shops/d24f46c727686 HTTP/1.1" 200 72301 www.fincaslaucirica.com "-" "Mozilla/5.0 (Macintosh; Intel Mac OS X 10_15_7) AppleWebKit/537.36 (KHTML, like Gecko) Chrome/145.0.0.0 Safari/537.36 (compatible; meta-externalagent/1.1 (+https://developers.facebook.com/docs/sharing/webmasters/crawler))" "-"
172.213.208.0 - - [11/Aug/2026:01:30:43 +0200] "GET /coffee.php HTTP/1.1" 429 267 fincaslaucirica.com "-" "-" "-"
172.213.208.0 - - [11/Aug/2026:01:30:43 +0200] "GET /classwithtostring.php?p= HTTP/1.1" 429 267 fincaslaucirica.com "-" "-" "-"
172.213.208.0 - - [11/Aug/2026:01:30:43 +0200] "GET /wp-ws68.php?p= HTTP/1.1" 429 267 fincaslaucirica.com "-" "-" "-"
172.213.208.0 - - [11/Aug/2026:01:30:43 +0200] "GET /mgrr.php HTTP/1.1" 429 267 fincaslaucirica.com "-" "-" "-"
172.213.208.0 - - [11/Aug/2026:01:30:43 +0200] "GET /55.php?p= HTTP/1.1" 429 267 fincaslaucirica.com "-" "-" "-"
74.7.243.0 - - [11/Aug/2026:01:30:43 +0200] "GET /?lokasie=/kunden/kunden/kunden/proc/thread-self/net//ip_tables_names&loknya=/kunden/kunden/kunden/proc/thread-self/net/ HTTP/1.1" 200 4280 fincaslaucirica.es "http://fincaslaucirica.es/?loknya=/kunden/kunden/kunden/proc/thread-self/net/" "Mozilla/5.0 AppleWebKit/537.36 (KHTML, like Gecko; compatible; GPTBot/1.4; +https://openai.com/gptbot)" "-"
172.213.208.0 - - [11/Aug/2026:01:30:44 +0200] "GET /ajax.php HTTP/1.1" 429 267 fincaslaucirica.com "-" "-" "-"
172.213.208.0 - - [11/Aug/2026:01:30:44 +0200] "GET /yj09.php HTTP/1.1" 429 267 fincaslaucirica.com "-" "-" "-"
172.213.208.0 - - [11/Aug/2026:01:30:44 +0200] "GET /scxy.php HTTP/1.1" 429 267 fincaslaucirica.com "-" "-" "-"
172.213.208.0 - - [11/Aug/2026:01:30:44 +0200] "GET /ws13.php?p= HTTP/1.1" 429 267 fincaslaucirica.com "-" "-" "-"
172.213.208.0 - - [11/Aug/2026:01:30:44 +0200] "GET /btx25.php HTTP/1.1" 429 267 fincaslaucirica.com "-" "-" "-"
172.213.208.0 - - [11/Aug/2026:01:30:44 +0200] "GET /SDsadqwrf.php HTTP/1.1" 429 267 fincaslaucirica.com "-" "-" "-"
172.213.208.0 - - [11/Aug/2026:01:30:44 +0200] "GET /3PJcpMFsD8B.php HTTP/1.1" 429 267 fincaslaucirica.com "-" "-" "-"
172.213.208.0 - - [11/Aug/2026:01:30:45 +0200] "GET /BDKR28WP.php HTTP/1.1" 429 267 fincaslaucirica.com "-" "-" "-"
172.213.208.0 - - [11/Aug/2026:01:30:45 +0200] "GET /sky.php HTTP/1.1" 429 267 fincaslaucirica.com "-" "-" "-"
172.213.208.0 - - [11/Aug/2026:01:30:45 +0200] "GET /file5.php HTTP/1.1" 429 267 fincaslaucirica.com "-" "-" "-"
172.213.208.0 - - [11/Aug/2026:01:30:45 +0200] "GET /xyn.php HTTP/1.1" 429 267 fincaslaucirica.com "-" "-" "-"
172.213.208.0 - - [11/Aug/2026:01:30:45 +0200] "GET /4PJcpMFsD8B.php HTTP/1.1" 429 267 fincaslaucirica.com "-" "-" "-"
172.213.208.0 - - [11/Aug/2026:01:30:45 +0200] "GET /inso.php HTTP/1.1" 429 267 fincaslaucirica.com "-" "-" "-"
172.213.208.0 - - [11/Aug/2026:01:30:45 +0200] "GET /puc.php HTTP/1.1" 429 267 fincaslaucirica.com "-" "-" "-"
172.213.208.0 - - [11/Aug/2026:01:30:45 +0200] "GET /19.php HTTP/1.1" 429 267 fincaslaucirica.com "-" "-" "-"
172.213.208.0 - - [11/Aug/2026:01:30:46 +0200] "GET /133.php HTTP/1.1" 429 267 fincaslaucirica.com "-" "-" "-"
172.213.208.0 - - [11/Aug/2026:01:30:46 +0200] "GET /1xmomo.php HTTP/1.1" 429 267 fincaslaucirica.com "-" "-" "-"
172.213.208.0 - - [11/Aug/2026:01:30:46 +0200] "GET //mosty.php HTTP/1.1" 429 267 fincaslaucirica.com "-" "-" "-"
172.213.208.0 - - [11/Aug/2026:01:30:46 +0200] "GET /blurbs.php HTTP/1.1" 429 267 fincaslaucirica.com "-" "-" "-"
172.213.208.0 - - [11/Aug/2026:01:30:46 +0200] "GET /bajah.php HTTP/1.1" 429 267 fincaslaucirica.com "-" "-" "-"
172.213.208.0 - - [11/Aug/2026:01:30:46 +0200] "GET /h.php HTTP/1.1" 429 267 fincaslaucirica.com "-" "-" "-"
172.213.208.0 - - [11/Aug/2026:01:30:46 +0200] "GET /ano.php HTTP/1.1" 429 267 fincaslaucirica.com "-" "-" "-"
172.213.208.0 - - [11/Aug/2026:01:30:46 +0200] "GET /ai.php HTTP/1.1" 429 267 fincaslaucirica.com "-" "-" "-"
172.213.208.0 - - [11/Aug/2026:01:30:46 +0200] "GET /w1px.php HTTP/1.1" 429 267 fincaslaucirica.com "-" "-" "-"
172.213.208.0 - - [11/Aug/2026:01:30:46 +0200] "GET /zi-936.php?p= HTTP/1.1" 429 267 fincaslaucirica.com "-" "-" "-"
172.213.208.0 - - [11/Aug/2026:01:30:46 +0200] "GET /dcsgumnm.php HTTP/1.1" 429 267 fincaslaucirica.com "-" "-" "-"
172.213.208.0 - - [11/Aug/2026:01:30:46 +0200] "GET //wp-includes/js/jquery/ HTTP/1.1" 429 267 fincaslaucirica.com "-" "-" "-"
172.213.208.0 - - [11/Aug/2026:01:30:46 +0200] "GET /php.php?p= HTTP/1.1" 429 267 fincaslaucirica.com "-" "-" "-"
172.213.208.0 - - [11/Aug/2026:01:30:46 +0200] "GET /sf.php HTTP/1.1" 429 267 fincaslaucirica.com "-" "-" "-"
172.213.208.0 - - [11/Aug/2026:01:30:46 +0200] "GET /xx.php HTTP/1.1" 429 267 fincaslaucirica.com "-" "-" "-"
172.213.208.0 - - [11/Aug/2026:01:30:46 +0200] "GET /uwu.php HTTP/1.1" 429 267 fincaslaucirica.com "-" "-" "-"
172.213.208.0 - - [11/Aug/2026:01:30:46 +0200] "GET /signon.php?p= HTTP/1.1" 429 267 fincaslaucirica.com "-" "-" "-"
172.213.208.0 - - [11/Aug/2026:01:30:46 +0200] "GET /file61.php HTTP/1.1" 429 267 fincaslaucirica.com "-" "-" "-"
172.213.208.0 - - [11/Aug/2026:01:30:47 +0200] "GET /copypaths.php HTTP/1.1" 429 267 fincaslaucirica.com "-" "-" "-"
172.213.208.0 - - [11/Aug/2026:01:30:47 +0200] "GET /bless6.php HTTP/1.1" 429 267 fincaslaucirica.com "-" "-" "-"
172.213.208.0 - - [11/Aug/2026:01:30:47 +0200] "GET /special.php HTTP/1.1" 429 267 fincaslaucirica.com "-" "-" "-"
172.213.208.0 - - [11/Aug/2026:01:30:47 +0200] "GET /fz.php HTTP/1.1" 429 267 fincaslaucirica.com "-" "-" "-"
172.213.208.0 - - [11/Aug/2026:01:30:47 +0200] "GET /clque.php HTTP/1.1" 429 267 fincaslaucirica.com "-" "-" "-"
172.213.208.0 - - [11/Aug/2026:01:30:47 +0200] "GET /nano.php HTTP/1.1" 429 267 fincaslaucirica.com "-" "-" "-"
172.213.208.0 - - [11/Aug/2026:01:30:47 +0200] "GET /.mopj.php HTTP/1.1" 429 267 fincaslaucirica.com "-" "-" "-"
172.213.208.0 - - [11/Aug/2026:01:30:47 +0200] "GET /bengi.php HTTP/1.1" 429 267 fincaslaucirica.com "-" "-" "-"
172.213.208.0 - - [11/Aug/2026:01:30:47 +0200] "GET /file2.php HTTP/1.1" 429 267 fincaslaucirica.com "-" "-" "-"
172.213.208.0 - - [11/Aug/2026:01:30:48 +0200] "GET /gm.php HTTP/1.1" 429 267 fincaslaucirica.com "-" "-" "-"
172.213.208.0 - - [11/Aug/2026:01:30:49 +0200] "GET /ws55.php HTTP/1.1" 429 267 fincaslaucirica.com "-" "-" "-"
172.213.208.0 - - [11/Aug/2026:01:30:50 +0200] "GET /m.php?p= HTTP/1.1" 429 267 fincaslaucirica.com "-" "-" "-"
172.213.208.0 - - [11/Aug/2026:01:30:50 +0200] "GET /33.php HTTP/1.1" 429 267 fincaslaucirica.com "-" "-" "-"
172.213.208.0 - - [11/Aug/2026:01:30:50 +0200] "GET /packed.php HTTP/1.1" 429 267 fincaslaucirica.com "-" "-" "-"
74.7.241.0 - - [11/Aug/2026:01:30:51 +0200] "GET /index.php?loknya=/proc/thread-self/root/proc/thread-self/root/proc/thread-self/root/proc/self/root/proc/self/root/proc/thread-self/root/kunden/proc/self/root/proc/thread-self/root/usr/lib/dpkg HTTP/1.1" 200 10479 www.fincaslaucirica.com "https://www.fincaslaucirica.com/index.php?loknya=/proc/thread-self/root/proc/thread-self/root/proc/thread-self/root/proc/self/root/proc/self/root/proc/thread-self/root/kunden/proc/self/root/proc/thread-self/root/usr/lib" "Mozilla/5.0 AppleWebKit/537.36 (KHTML, like Gecko; compatible; GPTBot/1.4; +https://openai.com/gptbot)" "-"
2a03:2880:f800:: - - [11/Aug/2026:01:30:56 +0200] "GET /shops/563e76f1159146 HTTP/1.1" 200 72301 www.fincaslaucirica.com "-" "Mozilla/5.0 (Windows NT 10.0; Win64; x64) AppleWebKit/537.36 (KHTML, like Gecko) Chrome/145.0.0.0 Safari/537.36 (compatible; meta-externalagent/1.1 (+https://developers.facebook.com/docs/sharing/webmasters/crawler))" "-"
74.7.227.0 - - [11/Aug/2026:01:31:06 +0200] "GET /?lokasie=/lib/locale/tt_RU@iqtelif/LC_CTYPE&loknya=/lib/locale/tt_RU@iqtelif HTTP/1.1" 200 4061 fincaslaucirica.com "http://fincaslaucirica.com/?loknya=/lib/locale/tt_RU@iqtelif" "Mozilla/5.0 AppleWebKit/537.36 (KHTML, like Gecko; compatible; GPTBot/1.4; +https://openai.com/gptbot)" "-"
2a03:2880:f800:: - - [11/Aug/2026:01:31:10 +0200] "GET /shops/85c3aa61315526 HTTP/1.1" 200 72300 www.fincaslaucirica.com "-" "Mozilla/5.0 (Macintosh; Intel Mac OS X 10_15_7) AppleWebKit/537.36 (KHTML, like Gecko) Chrome/145.0.0.0 Safari/537.36 (compatible; meta-externalagent/1.1 (+https://developers.facebook.com/docs/sharing/webmasters/crawler))" "-"
2a03:2880:f800:: - - [11/Aug/2026:01:31:22 +0200] "GET /shops/4bfc8a21736560?loknya=/homepages/15/d754908516/htdocs/images HTTP/1.1" 200 6880 www.fincaslaucirica.com "-" "Mozilla/5.0 (Windows NT 10.0; Win64; x64) AppleWebKit/537.36 (KHTML, like Gecko) Chrome/145.0.0.0 Safari/537.36 (compatible; meta-externalagent/1.1 (+https://developers.facebook.com/docs/sharing/webmasters/crawler))" "-"
43.134.15.0 - - [11/Aug/2026:01:31:23 +0200] "GET /?lokasie=/homepages/15/d757782519//.created&loknya=/homepages/15/d757782519/ HTTP/1.1" 200 4079 www.fincaslaucirica.com "-" "Mozilla/5.0 (iPhone; CPU iPhone OS 13_2_3 like Mac OS X) AppleWebKit/605.1.15 (KHTML, like Gecko) Version/13.0.3 Mobile/15E148 Safari/604.1" "-"
2a03:2880:f800:: - - [11/Aug/2026:01:31:32 +0200] "GET /shops/0f783102111113 HTTP/1.1" 200 72301 www.fincaslaucirica.com "-" "Mozilla/5.0 (Windows NT 10.0; Win64; x64) AppleWebKit/537.36 (KHTML, like Gecko) Chrome/145.0.0.0 Safari/537.36 (compatible; meta-externalagent/1.1 (+https://developers.facebook.com/docs/sharing/webmasters/crawler))" "-"
74.7.243.0 - - [11/Aug/2026:01:31:35 +0200] "GET /?lokasie=/kunden/kunden/kunden/proc/thread-self/net//nf_conntrack_expect&loknya=/kunden/kunden/kunden/proc/thread-self/net/ HTTP/1.1" 200 4284 fincaslaucirica.es "http://fincaslaucirica.es/?loknya=/kunden/kunden/kunden/proc/thread-self/net/" "Mozilla/5.0 AppleWebKit/537.36 (KHTML, like Gecko; compatible; GPTBot/1.4; +https://openai.com/gptbot)" "-"
2a03:2880:f800:: - - [11/Aug/2026:01:31:42 +0200] "GET /shops/3770b7254001 HTTP/1.1" 200 72301 www.fincaslaucirica.com "-" "Mozilla/5.0 (Windows NT 10.0; Win64; x64) AppleWebKit/537.36 (KHTML, like Gecko) Chrome/145.0.0.0 Safari/537.36 (compatible; meta-externalagent/1.1 (+https://developers.facebook.com/docs/sharing/webmasters/crawler))" "-"
74.7.241.0 - - [11/Aug/2026:01:31:43 +0200] "GET /index.php?loknya=/proc/thread-self/root/proc/thread-self/root/proc/thread-self/root/proc/self/root/proc/self/root/proc/thread-self/root/kunden/proc/self/root/proc/thread-self/root/lib/terinfo HTTP/1.1" 200 8768 www.fincaslaucirica.com "https://www.fincaslaucirica.com/index.php?loknya=/proc/thread-self/root/proc/thread-self/root/proc/thread-self/root/proc/self/root/proc/self/root/proc/thread-self/root/kunden/proc/self/root/proc/thread-self/root/lib/terinfo/" "Mozilla/5.0 AppleWebKit/537.36 (KHTML, like Gecko; compatible; GPTBot/1.4; +https://openai.com/gptbot)" "-"
114.119.151.0 - - [11/Aug/2026:01:31:48 +0200] "GET /goods.php?products/electronic/d275045128 HTTP/1.1" 200 72296 fincaslaucirica.com "https://fincaslaucirica.com/goods.php?sitemap400.xml" "Mozilla/5.0 (Linux; Android 7.0;) AppleWebKit/537.36 (HTML, like Gecko) Mobile Safari/537.36 (compatible; PetalBot;+https://webmaster.petalsearch.com/site/petalbot)" "-"
2a03:2880:f800:: - - [11/Aug/2026:01:31:50 +0200] "GET /shops/1940a871916952 HTTP/1.1" 200 72301 www.fincaslaucirica.com "-" "Mozilla/5.0 (Windows NT 10.0; Win64; x64) AppleWebKit/537.36 (KHTML, like Gecko) Chrome/145.0.0.0 Safari/537.36 (compatible; meta-externalagent/1.1 (+https://developers.facebook.com/docs/sharing/webmasters/crawler))" "-"
