74.7.227.0 - - [11/Aug/2026:01:31:55 +0200] "GET /index.php?loknya=/homepages/15/d754908516/htdocs/c3a6f9 HTTP/1.1" 200 6752 fincaslaucirica.com "https://fincaslaucirica.com/index.php" "Mozilla/5.0 AppleWebKit/537.36 (KHTML, like Gecko; compatible; GPTBot/1.4; +https://openai.com/gptbot)" "-"
2a03:2880:f800:: - - [11/Aug/2026:01:31:59 +0200] "GET /shops/db1a5282962115 HTTP/1.1" 200 72301 www.fincaslaucirica.com "-" "Mozilla/5.0 (Macintosh; Intel Mac OS X 10_15_7) AppleWebKit/537.36 (KHTML, like Gecko) Chrome/145.0.0.0 Safari/537.36 (compatible; meta-externalagent/1.1 (+https://developers.facebook.com/docs/sharing/webmasters/crawler))" "-"
2a03:2880:f800:: - - [11/Aug/2026:01:32:06 +0200] "GET /shops/3d422363096749 HTTP/1.1" 200 72301 www.fincaslaucirica.com "-" "Mozilla/5.0 (Macintosh; Intel Mac OS X 10_15_7) AppleWebKit/537.36 (KHTML, like Gecko) Chrome/145.0.0.0 Safari/537.36 (compatible; meta-externalagent/1.1 (+https://developers.facebook.com/docs/sharing/webmasters/crawler))" "-"
2a03:2880:f800:: - - [11/Aug/2026:01:32:13 +0200] "GET /shops/f3c16012011252 HTTP/1.1" 200 72300 www.fincaslaucirica.com "-" "Mozilla/5.0 (Windows NT 10.0; Win64; x64) AppleWebKit/537.36 (KHTML, like Gecko) Chrome/145.0.0.0 Safari/537.36 (compatible; meta-externalagent/1.1 (+https://developers.facebook.com/docs/sharing/webmasters/crawler))" "-"
74.7.243.0 - - [11/Aug/2026:01:32:19 +0200] "GET /?lokasie=/kunden/kunden/kunden/proc/thread-self/net//ip_tables_targets&loknya=/kunden/kunden/kunden/proc/thread-self/net/ HTTP/1.1" 200 4282 fincaslaucirica.es "http://fincaslaucirica.es/?loknya=/kunden/kunden/kunden/proc/thread-self/net/" "Mozilla/5.0 AppleWebKit/537.36 (KHTML, like Gecko; compatible; GPTBot/1.4; +https://openai.com/gptbot)" "-"
2a03:2880:f800:: - - [11/Aug/2026:01:32:20 +0200] "GET /shops/81d5f9a1115267 HTTP/1.1" 200 72301 www.fincaslaucirica.com "-" "Mozilla/5.0 (Windows NT 10.0; Win64; x64) AppleWebKit/537.36 (KHTML, like Gecko) Chrome/145.0.0.0 Safari/537.36 (compatible; meta-externalagent/1.1 (+https://developers.facebook.com/docs/sharing/webmasters/crawler))" "-"
2001:16a2:4600:: - - [11/Aug/2026:01:32:21 +0200] "GET /?lokasie=%2Fhomepages%2F29%2Fd763009168%2Fhtpasswd&loknya=%2Fhomepages%2F29%2Fd763009168 HTTP/1.1" 200 4093 www.fincaslaucirica.com "https://www.fincaslaucirica.com" "Mozilla/5.0 (Windows NT 10.0; Win64; x64) AppleWebKit/537.36 (KHTML, like Gecko) Chrome/145.0.0.0 Safari/537.36" "-"
2a03:2880:f800:: - - [11/Aug/2026:01:32:25 +0200] "GET /shops/56a3aed3558372 HTTP/1.1" 200 72301 www.fincaslaucirica.com "-" "Mozilla/5.0 (Windows NT 10.0; Win64; x64) AppleWebKit/537.36 (KHTML, like Gecko) Chrome/145.0.0.0 Safari/537.36 (compatible; meta-externalagent/1.1 (+https://developers.facebook.com/docs/sharing/webmasters/crawler))" "-"
74.7.241.0 - - [11/Aug/2026:01:32:29 +0200] "GET /index.php?loknya=/proc/thread-self/root/proc/thread-self/root/proc/thread-self/root/proc/self/root/proc/self/root/proc/thread-self/root/kunden/proc/self/root/proc/thread-self/root/usr/lib/compat-ld HTTP/1.1" 200 10918 www.fincaslaucirica.com "https://www.fincaslaucirica.com/index.php?loknya=/proc/thread-self/root/proc/thread-self/root/proc/thread-self/root/proc/self/root/proc/self/root/proc/thread-self/root/kunden/proc/self/root/proc/thread-self/root/usr/lib" "Mozilla/5.0 AppleWebKit/537.36 (KHTML, like Gecko; compatible; GPTBot/1.4; +https://openai.com/gptbot)" "-"
2a03:2880:f800:: - - [11/Aug/2026:01:32:31 +0200] "GET /shops/7c0cd62244377 HTTP/1.1" 200 72301 www.fincaslaucirica.com "-" "Mozilla/5.0 (Windows NT 10.0; Win64; x64) AppleWebKit/537.36 (KHTML, like Gecko) Chrome/145.0.0.0 Safari/537.36 (compatible; meta-externalagent/1.1 (+https://developers.facebook.com/docs/sharing/webmasters/crawler))" "-"
114.119.142.0 - - [11/Aug/2026:01:32:34 +0200] "GET /index.php?list/goods/zvw99a3h7bpint_40650.shtml HTTP/1.1" 200 72297 fincaslaucirica.es "http://fincaslaucirica.es/goods.php?sitemap809.xml" "Mozilla/5.0 (Linux; Android 7.0;) AppleWebKit/537.36 (HTML, like Gecko) Mobile Safari/537.36 (compatible; PetalBot;+https://webmaster.petalsearch.com/site/petalbot)" "-"
2a03:2880:f800:: - - [11/Aug/2026:01:32:37 +0200] "GET /shops/9a025541155880 HTTP/1.1" 200 72301 www.fincaslaucirica.com "-" "Mozilla/5.0 (Windows NT 10.0; Win64; x64) AppleWebKit/537.36 (KHTML, like Gecko) Chrome/145.0.0.0 Safari/537.36 (compatible; meta-externalagent/1.1 (+https://developers.facebook.com/docs/sharing/webmasters/crawler))" "-"
2a03:2880:f800:: - - [11/Aug/2026:01:32:41 +0200] "GET /author-sitemap.xml?lokasie=/homepages/15/d754908516/htdocs/buy.php&loknya=/homepages/15/d754908516/htdocs HTTP/1.1" 200 4140 www.fincaslaucirica.com "-" "Mozilla/5.0 (Windows NT 10.0; Win64; x64) AppleWebKit/537.36 (KHTML, like Gecko) Chrome/145.0.0.0 Safari/537.36 Edg/145.0.0.0 (compatible; meta-externalagent/1.1 (+https://developers.facebook.com/docs/sharing/webmasters/crawler))" "-"
74.7.227.0 - - [11/Aug/2026:01:32:43 +0200] "GET /index.php?lokasie=/homepages/15/d754908516/htdocs/license.txt&loknya=/homepages/15/d754908516/htdocs HTTP/1.1" 200 24144 fincaslaucirica.com "https://fincaslaucirica.com/index.php" "Mozilla/5.0 AppleWebKit/537.36 (KHTML, like Gecko; compatible; GPTBot/1.4; +https://openai.com/gptbot)" "-"
2a03:2880:f800:: - - [11/Aug/2026:01:32:46 +0200] "GET /shops/98e0701142741 HTTP/1.1" 429 267 www.fincaslaucirica.com "-" "Mozilla/5.0 (Windows NT 10.0; Win64; x64) AppleWebKit/537.36 (KHTML, like Gecko) Chrome/145.0.0.0 Safari/537.36 (compatible; meta-externalagent/1.1 (+https://developers.facebook.com/docs/sharing/webmasters/crawler))" "-"
2a03:2880:f800:: - - [11/Aug/2026:01:32:51 +0200] "GET /shops/89278e42072467 HTTP/1.1" 429 267 www.fincaslaucirica.com "-" "Mozilla/5.0 (Macintosh; Intel Mac OS X 10_15_7) AppleWebKit/537.36 (KHTML, like Gecko) Chrome/145.0.0.0 Safari/537.36 (compatible; meta-externalagent/1.1 (+https://developers.facebook.com/docs/sharing/webmasters/crawler))" "-"
2a03:2880:f800:: - - [11/Aug/2026:01:32:51 +0200] "GET /shops/d2929722599442 HTTP/1.1" 429 267 www.fincaslaucirica.com "-" "Mozilla/5.0 (Macintosh; Intel Mac OS X 10_15_7) AppleWebKit/537.36 (KHTML, like Gecko) Chrome/145.0.0.0 Safari/537.36 (compatible; meta-externalagent/1.1 (+https://developers.facebook.com/docs/sharing/webmasters/crawler))" "-"
2a03:2880:f800:: - - [11/Aug/2026:01:32:57 +0200] "GET /shops/55f6b85258278 HTTP/1.1" 429 267 www.fincaslaucirica.com "-" "Mozilla/5.0 (Windows NT 10.0; Win64; x64) AppleWebKit/537.36 (KHTML, like Gecko) Chrome/145.0.0.0 Safari/537.36 (compatible; meta-externalagent/1.1 (+https://developers.facebook.com/docs/sharing/webmasters/crawler))" "-"
2a03:2880:f800:: - - [11/Aug/2026:01:32:58 +0200] "GET /2022/12/26/mobile-pokies-play-for-free/ HTTP/1.1" 429 267 www.fincaslaucirica.com "-" "Mozilla/5.0 (Windows NT 10.0; Win64; x64) AppleWebKit/537.36 (KHTML, like Gecko) Chrome/145.0.0.0 Safari/537.36 (compatible; meta-externalagent/1.1 (+https://developers.facebook.com/docs/sharing/webmasters/crawler))" "-"
74.7.243.0 - - [11/Aug/2026:01:32:59 +0200] "GET /?lokasie=/kunden/kunden/kunden/proc/thread-self/net//ip_conntrack_expect&loknya=/kunden/kunden/kunden/proc/thread-self/net/ HTTP/1.1" 200 4284 fincaslaucirica.es "http://fincaslaucirica.es/?loknya=/kunden/kunden/kunden/proc/thread-self/net/" "Mozilla/5.0 AppleWebKit/537.36 (KHTML, like Gecko; compatible; GPTBot/1.4; +https://openai.com/gptbot)" "-"
2a03:2880:f800:: - - [11/Aug/2026:01:33:05 +0200] "GET /shops/4128f953489939 HTTP/1.1" 429 267 www.fincaslaucirica.com "-" "Mozilla/5.0 (Macintosh; Intel Mac OS X 10_15_7) AppleWebKit/537.36 (KHTML, like Gecko) Chrome/145.0.0.0 Safari/537.36 (compatible; meta-externalagent/1.1 (+https://developers.facebook.com/docs/sharing/webmasters/crawler))" "-"
2a03:2880:f800:: - - [11/Aug/2026:01:33:06 +0200] "GET /shops/e16844f1825792 HTTP/1.1" 429 267 www.fincaslaucirica.com "-" "Mozilla/5.0 (Macintosh; Intel Mac OS X 10_15_7) AppleWebKit/537.36 (KHTML, like Gecko) Chrome/145.0.0.0 Safari/537.36 (compatible; meta-externalagent/1.1 (+https://developers.facebook.com/docs/sharing/webmasters/crawler))" "-"
74.7.241.0 - - [11/Aug/2026:01:33:11 +0200] "GET /index.php?loknya=/proc/thread-self/root/proc/thread-self/root/proc/thread-self/root/proc/self/root/proc/self/root/proc/thread-self/root/kunden/proc/self/root/proc/thread-self/root/proc/tty/ HTTP/1.1" 200 15597 www.fincaslaucirica.com "https://www.fincaslaucirica.com/index.php?loknya=/proc/thread-self/root/proc/thread-self/root/proc/thread-self/root/proc/self/root/proc/self/root/proc/thread-self/root/kunden/proc/self/root/proc/thread-self/root/proc/tty/driver" "Mozilla/5.0 AppleWebKit/537.36 (KHTML, like Gecko; compatible; GPTBot/1.4; +https://openai.com/gptbot)" "-"
2a03:2880:f800:: - - [11/Aug/2026:01:33:14 +0200] "GET /shops/45190493797627 HTTP/1.1" 429 267 www.fincaslaucirica.com "-" "Mozilla/5.0 (Windows NT 10.0; Win64; x64) AppleWebKit/537.36 (KHTML, like Gecko) Chrome/145.0.0.0 Safari/537.36 (compatible; meta-externalagent/1.1 (+https://developers.facebook.com/docs/sharing/webmasters/crawler))" "-"
114.119.136.0 - - [11/Aug/2026:01:33:14 +0200] "GET /goods.php?products/electricity/t091047646 HTTP/1.1" 200 72297 fincaslaucirica.com "https://fincaslaucirica.com/goods.php?sitemap400.xml" "Mozilla/5.0 (Linux; Android 7.0;) AppleWebKit/537.36 (HTML, like Gecko) Mobile Safari/537.36 (compatible; PetalBot;+https://webmaster.petalsearch.com/site/petalbot)" "-"
2a03:2880:f800:: - - [11/Aug/2026:01:33:15 +0200] "GET /shops/300013b3562424?loknya=/homepages/15/d754908516/htdocs/wp-admin HTTP/1.1" 429 267 www.fincaslaucirica.com "-" "Mozilla/5.0 (Macintosh; Intel Mac OS X 10_15_7) AppleWebKit/537.36 (KHTML, like Gecko) Chrome/145.0.0.0 Safari/537.36 (compatible; meta-externalagent/1.1 (+https://developers.facebook.com/docs/sharing/webmasters/crawler))" "-"
74.7.227.0 - - [11/Aug/2026:01:33:24 +0200] "GET /index.php?lokasie=/homepages/15/d754908516/htdocs/item.php&loknya=/homepages/15/d754908516/htdocs HTTP/1.1" 200 4134 fincaslaucirica.com "https://fincaslaucirica.com/index.php" "Mozilla/5.0 AppleWebKit/537.36 (KHTML, like Gecko; compatible; GPTBot/1.4; +https://openai.com/gptbot)" "-"
2a03:2880:f800:: - - [11/Aug/2026:01:33:26 +0200] "GET /shops/fedc586999537 HTTP/1.1" 429 267 www.fincaslaucirica.com "-" "Mozilla/5.0 (Macintosh; Intel Mac OS X 10_15_7) AppleWebKit/537.36 (KHTML, like Gecko) Chrome/145.0.0.0 Safari/537.36 (compatible; meta-externalagent/1.1 (+https://developers.facebook.com/docs/sharing/webmasters/crawler))" "-"
2a03:2880:f800:: - - [11/Aug/2026:01:33:28 +0200] "GET /shops/06017404054770 HTTP/1.1" 429 267 www.fincaslaucirica.com "-" "Mozilla/5.0 (Windows NT 10.0; Win64; x64) AppleWebKit/537.36 (KHTML, like Gecko) Chrome/145.0.0.0 Safari/537.36 (compatible; meta-externalagent/1.1 (+https://developers.facebook.com/docs/sharing/webmasters/crawler))" "-"
2a03:2880:f800:: - - [11/Aug/2026:01:33:29 +0200] "GET /shops/cad94c4237222?loknya=/homepages/15 HTTP/1.1" 429 267 www.fincaslaucirica.com "-" "Mozilla/5.0 (Windows NT 10.0; Win64; x64) AppleWebKit/537.36 (KHTML, like Gecko) Chrome/145.0.0.0 Safari/537.36 Edg/145.0.0.0 (compatible; meta-externalagent/1.1 (+https://developers.facebook.com/docs/sharing/webmasters/crawler))" "-"
74.7.243.0 - - [11/Aug/2026:01:33:37 +0200] "GET /?lokasie=/kunden/kunden/kunden/proc/thread-self/net//ip_tables_matches&loknya=/kunden/kunden/kunden/proc/thread-self/net/ HTTP/1.1" 200 4282 fincaslaucirica.es "http://fincaslaucirica.es/?loknya=/kunden/kunden/kunden/proc/thread-self/net/" "Mozilla/5.0 AppleWebKit/537.36 (KHTML, like Gecko; compatible; GPTBot/1.4; +https://openai.com/gptbot)" "-"
2a03:2880:f800:: - - [11/Aug/2026:01:33:42 +0200] "GET /shops/54522a63590650 HTTP/1.1" 429 267 www.fincaslaucirica.com "-" "Mozilla/5.0 (Macintosh; Intel Mac OS X 10.15; rv:147.0) Gecko/20100101 Firefox/147.0 (compatible; meta-externalagent/1.1 (+https://developers.facebook.com/docs/sharing/webmasters/crawler))" "-"
2a03:2880:f800:: - - [11/Aug/2026:01:33:46 +0200] "GET /shops/675fef8700194 HTTP/1.1" 200 72301 www.fincaslaucirica.com "-" "Mozilla/5.0 (Windows NT 10.0; Win64; x64) AppleWebKit/537.36 (KHTML, like Gecko) Chrome/145.0.0.0 Safari/537.36 (compatible; meta-externalagent/1.1 (+https://developers.facebook.com/docs/sharing/webmasters/crawler))" "-"
2a03:2880:f800:: - - [11/Aug/2026:01:33:48 +0200] "GET /shops/f3b6c7d3511260?loknya=/homepages/15/d754908516/htdocs/.tmb HTTP/1.1" 200 6883 www.fincaslaucirica.com "-" "Mozilla/5.0 (Windows NT 10.0; Win64; x64) AppleWebKit/537.36 (KHTML, like Gecko) Chrome/145.0.0.0 Safari/537.36 Edg/145.0.0.0 (compatible; meta-externalagent/1.1 (+https://developers.facebook.com/docs/sharing/webmasters/crawler))" "-"
74.7.241.0 - - [11/Aug/2026:01:33:50 +0200] "GET /index.php?loknya=/proc/thread-self/root/proc/thread-self/root/proc/thread-self/root/proc/self/root/proc/self/root/proc/thread-self/root/kunden/proc/self/root/proc/thread-self/root/lib/ HTTP/1.1" 200 102297 www.fincaslaucirica.com "https://www.fincaslaucirica.com/index.php?loknya=/proc/thread-self/root/proc/thread-self/root/proc/thread-self/root/proc/self/root/proc/self/root/proc/thread-self/root/kunden/proc/self/root/proc/thread-self/root/lib/ccron" "Mozilla/5.0 AppleWebKit/537.36 (KHTML, like Gecko; compatible; GPTBot/1.4; +https://openai.com/gptbot)" "-"
74.7.227.0 - - [11/Aug/2026:01:33:59 +0200] "GET /?lokasie=/homepages/15/d754908516/htdocs/wp-content/uploads/www.fincaslaucirica.com/imported/sorteo-de-los-8-finales-de-la-liga-de-campeones-de-la-porto-x-inter-2023&loknya=/homepages/15/d754908516/htdocs/wp-content/uploads/www.fincaslaucirica.com/imported HTTP/1.1" 200 9697 fincaslaucirica.com "https://fincaslaucirica.com/?loknya=/homepages/15/d754908516/htdocs/wp-content/uploads/www.fincaslaucirica.com/imported" "Mozilla/5.0 AppleWebKit/537.36 (KHTML, like Gecko; compatible; GPTBot/1.4; +https://openai.com/gptbot)" "-"
47.79.13.0 - - [11/Aug/2026:01:34:05 +0200] "GET /index.php?loknya=/homepages/8/d760771195/ HTTP/1.1" 429 267 www.fincaslaucirica.com "https://www.fincaslaucirica.com/" "Mozilla/5.0 (Macintosh; Intel Mac OS X 10_15_7) AppleWebKit/605.1.15 (KHTML, like Gecko) Version/18.3.1 Safari/605.1.15" "-"
2a03:2880:f800:: - - [11/Aug/2026:01:34:06 +0200] "GET /shops/0e6825d2070266?loknya=/homepages/15 HTTP/1.1" 200 34151 www.fincaslaucirica.com "-" "Mozilla/5.0 (Windows NT 10.0; Win64; x64) AppleWebKit/537.36 (KHTML, like Gecko) Chrome/145.0.0.0 Safari/537.36 (compatible; meta-externalagent/1.1 (+https://developers.facebook.com/docs/sharing/webmasters/crawler))" "-"
190.57.224.0 - - [11/Aug/2026:01:34:09 +0200] "GET /index.php?loknya=/homepages/8/d760771195/ HTTP/1.1" 200 12731 www.fincaslaucirica.com "https://www.fincaslaucirica.com/" "Mozilla/5.0 (Windows NT 10.0; Win64; x64) AppleWebKit/537.36 (KHTML, like Gecko) Chrome/99.0.4844.51 Safari/537.36" "-"
74.7.243.0 - - [11/Aug/2026:01:34:11 +0200] "GET /?lokasie=/kunden/kunden/kunden/proc/thread-self/net//sockstat6&loknya=/kunden/kunden/kunden/proc/thread-self/net/ HTTP/1.1" 200 4274 fincaslaucirica.es "http://fincaslaucirica.es/?loknya=/kunden/kunden/kunden/proc/thread-self/net/" "Mozilla/5.0 AppleWebKit/537.36 (KHTML, like Gecko; compatible; GPTBot/1.4; +https://openai.com/gptbot)" "-"
105.235.246.0 - - [11/Aug/2026:01:34:18 +0200] "GET /?loknya=%2Fkunden%2Flib%2Flocale%2Fes_PA HTTP/1.1" 200 20965 www.fincaslaucirica.com "https://www.fincaslaucirica.com" "Mozilla/5.0 (Windows NT 10.0; Win64; x64) AppleWebKit/537.36 (KHTML, like Gecko) Chrome/142.0.0.0 Safari/537.36" "-"
201.241.148.0 - - [11/Aug/2026:01:34:18 +0200] "GET /index.php?lokasie=%2Fhomepages%2F29%2Fd754719120%2Fdistributor.lock&loknya=%2Fhomepages%2F29%2Fd754719120 HTTP/1.1" 200 4077 www.fincaslaucirica.com "https://www.fincaslaucirica.com" "Mozilla/5.0 (Windows NT 10.0; Win64; x64) AppleWebKit/537.36 (KHTML, like Gecko) Chrome/145.0.0.0 Safari/537.36" "-"
2a03:2880:f800:: - - [11/Aug/2026:01:34:18 +0200] "GET /shops/961a27e3891979 HTTP/1.1" 200 72301 www.fincaslaucirica.com "-" "Mozilla/5.0 (Windows NT 10.0; Win64; x64) AppleWebKit/537.36 (KHTML, like Gecko) Chrome/145.0.0.0 Safari/537.36 (compatible; meta-externalagent/1.1 (+https://developers.facebook.com/docs/sharing/webmasters/crawler))" "-"
74.7.241.0 - - [11/Aug/2026:01:34:24 +0200] "GET /index.php?loknya=/proc/thread-self/root/proc/thread-self/root/proc/thread-self/root/proc/self/root/proc/self/root/proc/thread-self/root/kunden/proc/self/root/proc/thread-self/root/usr/include HTTP/1.1" 200 285147 www.fincaslaucirica.com "https://www.fincaslaucirica.com/index.php?loknya=/proc/thread-self/root/proc/thread-self/root/proc/thread-self/root/proc/self/root/proc/self/root/proc/thread-self/root/kunden/proc/self/root/proc/thread-self/root/usr" "Mozilla/5.0 AppleWebKit/537.36 (KHTML, like Gecko; compatible; GPTBot/1.4; +https://openai.com/gptbot)" "-"
2a03:2880:f800:: - - [11/Aug/2026:01:34:31 +0200] "GET /shops/b7747263984150 HTTP/1.1" 200 72301 www.fincaslaucirica.com "-" "Mozilla/5.0 (Macintosh; Intel Mac OS X 10_15_7) AppleWebKit/537.36 (KHTML, like Gecko) Chrome/145.0.0.0 Safari/537.36 (compatible; meta-externalagent/1.1 (+https://developers.facebook.com/docs/sharing/webmasters/crawler))" "-"
74.7.227.0 - - [11/Aug/2026:01:34:32 +0200] "GET /?lokasie=/homepages/15/d754908516/htdocs/wp-content/uploads/www.fincaslaucirica.com/imported/sorteo-de-los-8-finales-de-la-liga-de-campeones-de-la-porto-x-inter-2023&loknya=/homepages/15/d754908516/htdocs/wp-content/uploads/www.fincaslaucirica.com/imported HTTP/1.1" 200 9697 fincaslaucirica.com "http://fincaslaucirica.com/?loknya=/homepages/15/d754908516/htdocs/wp-content/uploads/www.fincaslaucirica.com/imported" "Mozilla/5.0 AppleWebKit/537.36 (KHTML, like Gecko; compatible; GPTBot/1.4; +https://openai.com/gptbot)" "-"
114.119.140.0 - - [11/Aug/2026:01:34:40 +0200] "GET /goods.php?products/electrical/a152034909 HTTP/1.1" 200 72297 fincaslaucirica.com "https://fincaslaucirica.com/goods.php?sitemap400.xml" "Mozilla/5.0 (Linux; Android 7.0;) AppleWebKit/537.36 (HTML, like Gecko) Mobile Safari/537.36 (compatible; PetalBot;+https://webmaster.petalsearch.com/site/petalbot)" "-"
2a03:2880:f800:: - - [11/Aug/2026:01:34:42 +0200] "GET /shops/5b140441815612 HTTP/1.1" 200 72301 www.fincaslaucirica.com "-" "Mozilla/5.0 (Macintosh; Intel Mac OS X 10_15_7) AppleWebKit/537.36 (KHTML, like Gecko) Chrome/145.0.0.0 Safari/537.36 (compatible; meta-externalagent/1.1 (+https://developers.facebook.com/docs/sharing/webmasters/crawler))" "-"
74.7.243.0 - - [11/Aug/2026:01:34:42 +0200] "GET /?lokasie=/kunden/kunden/kunden/proc/thread-self/net//udplite6&loknya=/kunden/kunden/kunden/proc/thread-self/net/ HTTP/1.1" 200 4273 fincaslaucirica.es "http://fincaslaucirica.es/?loknya=/kunden/kunden/kunden/proc/thread-self/net/" "Mozilla/5.0 AppleWebKit/537.36 (KHTML, like Gecko; compatible; GPTBot/1.4; +https://openai.com/gptbot)" "-"
2a03:2880:f800:: - - [11/Aug/2026:01:34:51 +0200] "GET /shops/2e857853349?loknya=/homepages/15/d754908516/htdocs/wp-admin HTTP/1.1" 200 150134 www.fincaslaucirica.com "-" "Mozilla/5.0 (Macintosh; Intel Mac OS X 10_15_7) AppleWebKit/537.36 (KHTML, like Gecko) Chrome/145.0.0.0 Safari/537.36 (compatible; meta-externalagent/1.1 (+https://developers.facebook.com/docs/sharing/webmasters/crawler))" "-"
74.7.241.0 - - [11/Aug/2026:01:34:53 +0200] "GET /index.php?loknya=/proc/thread-self/root/proc/thread-self/root/proc/thread-self/root/proc/self/root/proc/self/root/proc/thread-self/root/kunden/proc/self/root/proc/thread-self/root/usr/bin HTTP/1.1" 200 2449247 www.fincaslaucirica.com "https://www.fincaslaucirica.com/index.php?loknya=/proc/thread-self/root/proc/thread-self/root/proc/thread-self/root/proc/self/root/proc/self/root/proc/thread-self/root/kunden/proc/self/root/proc/thread-self/root/usr" "Mozilla/5.0 AppleWebKit/537.36 (KHTML, like Gecko; compatible; GPTBot/1.4; +https://openai.com/gptbot)" "-"
2a03:2880:f800:: - - [11/Aug/2026:01:34:59 +0200] "GET /shops/08a62422114021 HTTP/1.1" 200 72300 www.fincaslaucirica.com "-" "Mozilla/5.0 (Macintosh; Intel Mac OS X 10_15_7) AppleWebKit/537.36 (KHTML, like Gecko) Chrome/145.0.0.0 Safari/537.36 (compatible; meta-externalagent/1.1 (+https://developers.facebook.com/docs/sharing/webmasters/crawler))" "-"
74.7.227.0 - - [11/Aug/2026:01:35:02 +0200] "GET /?lokasie=/homepages/15/d754908516/htdocs/wp-includes/ms-default-constants.php&loknya=/homepages/15/d754908516/htdocs/wp-includes HTTP/1.1" 200 9307 fincaslaucirica.com "https://fincaslaucirica.com/?loknya=/homepages/15/d754908516/htdocs/wp-includes" "Mozilla/5.0 AppleWebKit/537.36 (KHTML, like Gecko; compatible; GPTBot/1.4; +https://openai.com/gptbot)" "-"
2a03:2880:f800:: - - [11/Aug/2026:01:35:07 +0200] "GET /shops/52291611583227 HTTP/1.1" 200 72301 www.fincaslaucirica.com "-" "Mozilla/5.0 (Windows NT 10.0; Win64; x64) AppleWebKit/537.36 (KHTML, like Gecko) Chrome/145.0.0.0 Safari/537.36 (compatible; meta-externalagent/1.1 (+https://developers.facebook.com/docs/sharing/webmasters/crawler))" "-"
74.7.243.0 - - [11/Aug/2026:01:35:09 +0200] "GET /?lokasie=/kunden/kunden/kunden/proc/thread-self/net//udp6&loknya=/kunden/kunden/kunden/proc/thread-self/net/ HTTP/1.1" 200 4269 fincaslaucirica.es "http://fincaslaucirica.es/?loknya=/kunden/kunden/kunden/proc/thread-self/net/" "Mozilla/5.0 AppleWebKit/537.36 (KHTML, like Gecko; compatible; GPTBot/1.4; +https://openai.com/gptbot)" "-"
2a03:2880:f800:: - - [11/Aug/2026:01:35:15 +0200] "GET /shops/33522301569438?loknya=/homepages/15/d754908516/htdocs/wp-admin HTTP/1.1" 200 150135 www.fincaslaucirica.com "-" "Mozilla/5.0 (Windows NT 10.0; Win64; x64) AppleWebKit/537.36 (KHTML, like Gecko) Chrome/145.0.0.0 Safari/537.36 (compatible; meta-externalagent/1.1 (+https://developers.facebook.com/docs/sharing/webmasters/crawler))" "-"
74.7.241.0 - - [11/Aug/2026:01:35:19 +0200] "GET /index.php?loknya=/proc/thread-self/root/proc/thread-self/root/proc/thread-self/root/proc/self/root/proc/self/root/proc/thread-self/root/kunden/proc/self/root/proc/thread-self/root/usr/lib/ssl HTTP/1.1" 200 15429 www.fincaslaucirica.com "https://www.fincaslaucirica.com/index.php?loknya=/proc/thread-self/root/proc/thread-self/root/proc/thread-self/root/proc/self/root/proc/self/root/proc/thread-self/root/kunden/proc/self/root/proc/thread-self/root/usr/lib" "Mozilla/5.0 AppleWebKit/537.36 (KHTML, like Gecko; compatible; GPTBot/1.4; +https://openai.com/gptbot)" "-"
2a03:2880:f800:: - - [11/Aug/2026:01:35:22 +0200] "GET /shops/121b7011139905 HTTP/1.1" 200 72301 www.fincaslaucirica.com "-" "Mozilla/5.0 (Windows NT 10.0; Win64; x64) AppleWebKit/537.36 (KHTML, like Gecko) Chrome/145.0.0.0 Safari/537.36 (compatible; meta-externalagent/1.1 (+https://developers.facebook.com/docs/sharing/webmasters/crawler))" "-"
2a03:2880:f800:: - - [11/Aug/2026:01:35:28 +0200] "GET /shops/86ca9802049088 HTTP/1.1" 200 72301 www.fincaslaucirica.com "-" "Mozilla/5.0 (Macintosh; Intel Mac OS X 10_15_7) AppleWebKit/537.36 (KHTML, like Gecko) Chrome/145.0.0.0 Safari/537.36 (compatible; meta-externalagent/1.1 (+https://developers.facebook.com/docs/sharing/webmasters/crawler))" "-"
74.7.227.0 - - [11/Aug/2026:01:35:29 +0200] "GET /?lokasie=/homepages/15/d754908516/htdocs/wp-includes/ms-default-constants.php&loknya=/homepages/15/d754908516/htdocs/wp-includes HTTP/1.1" 200 9307 fincaslaucirica.com "http://fincaslaucirica.com/?loknya=/homepages/15/d754908516/htdocs/wp-includes" "Mozilla/5.0 AppleWebKit/537.36 (KHTML, like Gecko; compatible; GPTBot/1.4; +https://openai.com/gptbot)" "-"
74.7.243.0 - - [11/Aug/2026:01:35:33 +0200] "GET /?lokasie=/kunden/kunden/kunden/proc/thread-self/net//anycast6&loknya=/kunden/kunden/kunden/proc/thread-self/net/ HTTP/1.1" 200 4273 fincaslaucirica.es "http://fincaslaucirica.es/?loknya=/kunden/kunden/kunden/proc/thread-self/net/" "Mozilla/5.0 AppleWebKit/537.36 (KHTML, like Gecko; compatible; GPTBot/1.4; +https://openai.com/gptbot)" "-"
2a03:2880:f800:: - - [11/Aug/2026:01:35:35 +0200] "GET /shops/80e0c4e423375 HTTP/1.1" 200 72298 www.fincaslaucirica.com "-" "Mozilla/5.0 (X11; Linux x86_64) AppleWebKit/537.36 (KHTML, like Gecko) Chrome/145.0.0.0 Safari/537.36 (compatible; meta-externalagent/1.1 (+https://developers.facebook.com/docs/sharing/webmasters/crawler))" "-"
2a03:2880:f800:: - - [11/Aug/2026:01:35:40 +0200] "GET /shops/53387e02691408 HTTP/1.1" 200 72301 www.fincaslaucirica.com "-" "Mozilla/5.0 (Windows NT 10.0; Win64; x64) AppleWebKit/537.36 (KHTML, like Gecko) Chrome/145.0.0.0 Safari/537.36 (compatible; meta-externalagent/1.1 (+https://developers.facebook.com/docs/sharing/webmasters/crawler))" "-"
74.7.241.0 - - [11/Aug/2026:01:35:45 +0200] "GET /index.php?loknya=/proc/thread-self/root/proc/thread-self/root/proc/thread-self/root/proc/self/root/proc/self/root/proc/thread-self/root/kunden/proc/self/root/proc/thread-self/root/lib/ssl HTTP/1.1" 200 15164 www.fincaslaucirica.com "https://www.fincaslaucirica.com/index.php?loknya=/proc/thread-self/root/proc/thread-self/root/proc/thread-self/root/proc/self/root/proc/self/root/proc/thread-self/root/kunden/proc/self/root/proc/thread-self/root/lib" "Mozilla/5.0 AppleWebKit/537.36 (KHTML, like Gecko; compatible; GPTBot/1.4; +https://openai.com/gptbot)" "-"
2a03:2880:f800:: - - [11/Aug/2026:01:35:46 +0200] "GET /shops/26e616a1144863 HTTP/1.1" 200 72300 www.fincaslaucirica.com "-" "Mozilla/5.0 (Macintosh; Intel Mac OS X 10_15_7) AppleWebKit/537.36 (KHTML, like Gecko) Chrome/145.0.0.0 Safari/537.36 (compatible; meta-externalagent/1.1 (+https://developers.facebook.com/docs/sharing/webmasters/crawler))" "-"
2a03:2880:f800:: - - [11/Aug/2026:01:35:51 +0200] "GET /es_amenities-sitemap.xml?loknya=/homepages/15/d754908516 HTTP/1.1" 200 19011 www.fincaslaucirica.com "-" "Mozilla/5.0 (Macintosh; Intel Mac OS X 10_15_7) AppleWebKit/537.36 (KHTML, like Gecko) Chrome/145.0.0.0 Safari/537.36 (compatible; meta-externalagent/1.1 (+https://developers.facebook.com/docs/sharing/webmasters/crawler))" "-"
74.7.227.0 - - [11/Aug/2026:01:35:54 +0200] "GET /?lokasie=/lib/aspell/spell&loknya=/lib/aspell HTTP/1.1" 200 4113 fincaslaucirica.com "https://fincaslaucirica.com/?loknya=/lib/aspell" "Mozilla/5.0 AppleWebKit/537.36 (KHTML, like Gecko; compatible; GPTBot/1.4; +https://openai.com/gptbot)" "-"
2a03:2880:f800:: - - [11/Aug/2026:01:35:55 +0200] "GET /shops/969a89b2151382?loknya=/homepages/15/d754908516/htdocs/wp-admin HTTP/1.1" 200 150135 www.fincaslaucirica.com "-" "Mozilla/5.0 (Windows NT 10.0; Win64; x64) AppleWebKit/537.36 (KHTML, like Gecko) Chrome/145.0.0.0 Safari/537.36 (compatible; meta-externalagent/1.1 (+https://developers.facebook.com/docs/sharing/webmasters/crawler))" "-"
74.7.243.0 - - [11/Aug/2026:01:35:55 +0200] "GET /?lokasie=/kunden/kunden/kunden/proc/thread-self/net//tcp6&loknya=/kunden/kunden/kunden/proc/thread-self/net/ HTTP/1.1" 200 4269 fincaslaucirica.es "http://fincaslaucirica.es/?loknya=/kunden/kunden/kunden/proc/thread-self/net/" "Mozilla/5.0 AppleWebKit/537.36 (KHTML, like Gecko; compatible; GPTBot/1.4; +https://openai.com/gptbot)" "-"
2a03:2880:f800:: - - [11/Aug/2026:01:36:00 +0200] "GET /shops/ec1984b375493?loknya=/ HTTP/1.1" 200 29699 www.fincaslaucirica.com "-" "Mozilla/5.0 (Macintosh; Intel Mac OS X 10_15_7) AppleWebKit/537.36 (KHTML, like Gecko) Chrome/145.0.0.0 Safari/537.36 (compatible; meta-externalagent/1.1 (+https://developers.facebook.com/docs/sharing/webmasters/crawler))" "-"
2a03:2880:f800:: - - [11/Aug/2026:01:36:05 +0200] "GET /shops/85f59e43368382?loknya=/homepages/15/d754908516/htdocs/logs HTTP/1.1" 200 39965 www.fincaslaucirica.com "-" "Mozilla/5.0 (Windows NT 10.0; Win64; x64) AppleWebKit/537.36 (KHTML, like Gecko) Chrome/145.0.0.0 Safari/537.36 (compatible; meta-externalagent/1.1 (+https://developers.facebook.com/docs/sharing/webmasters/crawler))" "-"
114.119.136.0 - - [11/Aug/2026:01:36:06 +0200] "GET /goods.php?products/elect/l146033655 HTTP/1.1" 200 72297 fincaslaucirica.com "https://fincaslaucirica.com/goods.php?sitemap400.xml" "Mozilla/5.0 (Linux; Android 7.0;) AppleWebKit/537.36 (HTML, like Gecko) Mobile Safari/537.36 (compatible; PetalBot;+https://webmaster.petalsearch.com/site/petalbot)" "-"
2a01:f2c4:a800:: - - [11/Aug/2026:01:36:07 +0200] "GET /?loknya=%2Fhomepages%2F15%2Fd754908516%2Fhtdocs%2Fwp-content%2Fplugins%2Ffileorganizer%2Fjs HTTP/1.1" 200 5778 www.fincaslaucirica.com "https://www.fincaslaucirica.com" "Mozilla/5.0 (Windows NT 10.0; Win64; x64) AppleWebKit/537.36 (KHTML, like Gecko) Chrome/144.0.0.0 Safari/537.36" "-"
2a13:f41:9600:: - - [11/Aug/2026:01:36:07 +0200] "GET /?lokasie=%2Fusr%2Finclude%2F%2Fnss.h&loknya=%2Fusr%2Finclude%2F HTTP/1.1" 200 5909 www.fincaslaucirica.com "https://www.fincaslaucirica.com" "Mozilla/5.0 (Windows NT 10.0; Win64; x64) AppleWebKit/537.36 (KHTML, like Gecko) Chrome/145.0.0.0 Safari/537.36" "-"
74.7.241.0 - - [11/Aug/2026:01:36:07 +0200] "GET /index.php?loknya=/proc/thread-self/root/proc/thread-self/root/proc/thread-self/root/proc/self/root/proc/self/root/proc/thread-self/root/kunden/proc/self/root/proc/thread-self/root/usr/lib/terminfo HTTP/1.1" 200 29999 www.fincaslaucirica.com "https://www.fincaslaucirica.com/index.php?loknya=/proc/thread-self/root/proc/thread-self/root/proc/thread-self/root/proc/self/root/proc/self/root/proc/thread-self/root/kunden/proc/self/root/proc/thread-self/root/usr/lib" "Mozilla/5.0 AppleWebKit/537.36 (KHTML, like Gecko; compatible; GPTBot/1.4; +https://openai.com/gptbot)" "-"
2a03:2880:f800:: - - [11/Aug/2026:01:36:08 +0200] "GET /shops/8ff78592969362 HTTP/1.1" 200 72301 www.fincaslaucirica.com "-" "Mozilla/5.0 (Windows NT 10.0; Win64; x64) AppleWebKit/537.36 (KHTML, like Gecko) Chrome/145.0.0.0 Safari/537.36 (compatible; meta-externalagent/1.1 (+https://developers.facebook.com/docs/sharing/webmasters/crawler))" "-"
2a03:2880:f800:: - - [11/Aug/2026:01:36:14 +0200] "GET /shops/72233532575647?loknya=/ HTTP/1.1" 429 267 www.fincaslaucirica.com "-" "Mozilla/5.0 (Macintosh; Intel Mac OS X 10_15_7) AppleWebKit/537.36 (KHTML, like Gecko) Chrome/145.0.0.0 Safari/537.36 (compatible; meta-externalagent/1.1 (+https://developers.facebook.com/docs/sharing/webmasters/crawler))" "-"
74.7.243.0 - - [11/Aug/2026:01:36:15 +0200] "GET /?lokasie=/kunden/kunden/kunden/proc/thread-self/net//rt6_stats&loknya=/kunden/kunden/kunden/proc/thread-self/net/ HTTP/1.1" 200 4274 fincaslaucirica.es "http://fincaslaucirica.es/?loknya=/kunden/kunden/kunden/proc/thread-self/net/" "Mozilla/5.0 AppleWebKit/537.36 (KHTML, like Gecko; compatible; GPTBot/1.4; +https://openai.com/gptbot)" "-"
74.7.227.0 - - [11/Aug/2026:01:36:16 +0200] "GET /?lokasie=/lib/aspell/ispell&loknya=/lib/aspell HTTP/1.1" 200 5137 fincaslaucirica.com "https://fincaslaucirica.com/?loknya=/lib/aspell" "Mozilla/5.0 AppleWebKit/537.36 (KHTML, like Gecko; compatible; GPTBot/1.4; +https://openai.com/gptbot)" "-"
2a03:2880:f800:: - - [11/Aug/2026:01:36:17 +0200] "GET /shops/64cb1652053703?loknya=/homepages/15/d754908516/htdocs/wp-admin HTTP/1.1" 429 267 www.fincaslaucirica.com "-" "Mozilla/5.0 (Windows NT 10.0; Win64; x64) AppleWebKit/537.36 (KHTML, like Gecko) Chrome/145.0.0.0 Safari/537.36 (compatible; meta-externalagent/1.1 (+https://developers.facebook.com/docs/sharing/webmasters/crawler))" "-"
2a03:2880:f800:: - - [11/Aug/2026:01:36:18 +0200] "GET /shops/cff21433052400?loknya=/homepages/15/d754908516/htdocs/wp-admin HTTP/1.1" 429 267 www.fincaslaucirica.com "-" "Mozilla/5.0 (X11; Linux x86_64) AppleWebKit/537.36 (KHTML, like Gecko) Chrome/145.0.0.0 Safari/537.36 (compatible; meta-externalagent/1.1 (+https://developers.facebook.com/docs/sharing/webmasters/crawler))" "-"
2a03:2880:f800:: - - [11/Aug/2026:01:36:22 +0200] "GET /shops/082b80857287?loknya=/homepages/15/d754908516/htdocs/.tmb HTTP/1.1" 429 267 www.fincaslaucirica.com "-" "Mozilla/5.0 (Windows NT 10.0; Win64; x64) AppleWebKit/537.36 (KHTML, like Gecko) Chrome/145.0.0.0 Safari/537.36 (compatible; meta-externalagent/1.1 (+https://developers.facebook.com/docs/sharing/webmasters/crawler))" "-"
2a03:2880:f800:: - - [11/Aug/2026:01:36:22 +0200] "GET /shops/3d4c7d376581 HTTP/1.1" 429 267 www.fincaslaucirica.com "-" "Mozilla/5.0 (Macintosh; Intel Mac OS X 10_15_7) AppleWebKit/537.36 (KHTML, like Gecko) Chrome/145.0.0.0 Safari/537.36 (compatible; meta-externalagent/1.1 (+https://developers.facebook.com/docs/sharing/webmasters/crawler))" "-"
74.7.241.0 - - [11/Aug/2026:01:36:27 +0200] "GET /index.php?loknya=/proc/thread-self/root/proc/thread-self/root/proc/thread-self/root/proc/self/root/proc/self/root/proc/thread-self/root/kunden/proc/self/root/proc/thread-self/root/etc/groff HTTP/1.1" 200 12614 www.fincaslaucirica.com "https://www.fincaslaucirica.com/index.php?loknya=/proc/thread-self/root/proc/thread-self/root/proc/thread-self/root/proc/self/root/proc/self/root/proc/thread-self/root/kunden/proc/self/root/proc/thread-self/root/etc" "Mozilla/5.0 AppleWebKit/537.36 (KHTML, like Gecko; compatible; GPTBot/1.4; +https://openai.com/gptbot)" "-"
2a03:2880:f800:: - - [11/Aug/2026:01:36:28 +0200] "GET /shops/216a6a2725243?loknya=/homepages HTTP/1.1" 429 267 www.fincaslaucirica.com "-" "Mozilla/5.0 (Macintosh; Intel Mac OS X 10_15_7) AppleWebKit/537.36 (KHTML, like Gecko) Chrome/145.0.0.0 Safari/537.36 (compatible; meta-externalagent/1.1 (+https://developers.facebook.com/docs/sharing/webmasters/crawler))" "-"
2a03:2880:f800:: - - [11/Aug/2026:01:36:30 +0200] "GET /shops/09417351690288?loknya=/homepages/15 HTTP/1.1" 429 267 www.fincaslaucirica.com "-" "Mozilla/5.0 (Windows NT 10.0; Win64; x64) AppleWebKit/537.36 (KHTML, like Gecko) Chrome/145.0.0.0 Safari/537.36 (compatible; meta-externalagent/1.1 (+https://developers.facebook.com/docs/sharing/webmasters/crawler))" "-"
74.7.243.0 - - [11/Aug/2026:01:36:33 +0200] "GET /?lokasie=/kunden/kunden/kunden/proc/thread-self/net//if_inet6&loknya=/kunden/kunden/kunden/proc/thread-self/net/ HTTP/1.1" 200 4273 fincaslaucirica.es "http://fincaslaucirica.es/?loknya=/kunden/kunden/kunden/proc/thread-self/net/" "Mozilla/5.0 AppleWebKit/537.36 (KHTML, like Gecko; compatible; GPTBot/1.4; +https://openai.com/gptbot)" "-"
2a03:2880:f800:: - - [11/Aug/2026:01:36:36 +0200] "GET /shops/9d966343308654?loknya=/homepages/15/d754908516/htdocs/.tmb HTTP/1.1" 429 267 www.fincaslaucirica.com "-" "Mozilla/5.0 (Windows NT 10.0; Win64; x64) AppleWebKit/537.36 (KHTML, like Gecko) Chrome/145.0.0.0 Safari/537.36 (compatible; meta-externalagent/1.1 (+https://developers.facebook.com/docs/sharing/webmasters/crawler))" "-"
74.7.227.0 - - [11/Aug/2026:01:36:37 +0200] "GET /?loknya=/usr/share/locale/ HTTP/1.1" 200 117551 fincaslaucirica.com "http://fincaslaucirica.com/?loknya=/usr/share/locale/es" "Mozilla/5.0 AppleWebKit/537.36 (KHTML, like Gecko; compatible; GPTBot/1.4; +https://openai.com/gptbot)" "-"
2a03:2880:f800:: - - [11/Aug/2026:01:36:39 +0200] "GET /shops/04c84684061945?loknya=/homepages/15/d754908516/htdocs/wp-admin HTTP/1.1" 429 267 www.fincaslaucirica.com "-" "Mozilla/5.0 (X11; Linux x86_64) AppleWebKit/537.36 (KHTML, like Gecko) Chrome/145.0.0.0 Safari/537.36 (compatible; meta-externalagent/1.1 (+https://developers.facebook.com/docs/sharing/webmasters/crawler))" "-"
74.7.241.0 - - [11/Aug/2026:01:36:45 +0200] "GET /index.php?loknya=/proc/thread-self/root/proc/thread-self/root/proc/thread-self/root/proc/self/root/proc/self/root/proc/thread-self/root/kunden/proc/self/root/proc/thread-self/root/usr/lib/dpkg/methods HTTP/1.1" 200 10722 www.fincaslaucirica.com "https://www.fincaslaucirica.com/index.php?loknya=/proc/thread-self/root/proc/thread-self/root/proc/thread-self/root/proc/self/root/proc/self/root/proc/thread-self/root/kunden/proc/self/root/proc/thread-self/root/usr/lib/dpkg" "Mozilla/5.0 AppleWebKit/537.36 (KHTML, like Gecko; compatible; GPTBot/1.4; +https://openai.com/gptbot)" "-"
2a03:2880:f800:: - - [11/Aug/2026:01:36:46 +0200] "GET /shops/44268e02619220?loknya=/homepages/15/d754908516/htdocs/wp-admin HTTP/1.1" 429 267 www.fincaslaucirica.com "-" "Mozilla/5.0 (Windows NT 10.0; Win64; x64) AppleWebKit/537.36 (KHTML, like Gecko) Chrome/145.0.0.0 Safari/537.36 (compatible; meta-externalagent/1.1 (+https://developers.facebook.com/docs/sharing/webmasters/crawler))" "-"
2a03:2880:f800:: - - [11/Aug/2026:01:36:47 +0200] "GET /shops/65bc0f62805933 HTTP/1.1" 429 267 www.fincaslaucirica.com "-" "Mozilla/5.0 (X11; Linux x86_64) AppleWebKit/537.36 (KHTML, like Gecko) Chrome/145.0.0.0 Safari/537.36 (compatible; meta-externalagent/1.1 (+https://developers.facebook.com/docs/sharing/webmasters/crawler))" "-"
74.7.243.0 - - [11/Aug/2026:01:36:49 +0200] "GET /?lokasie=/kunden/kunden/kunden/proc/thread-self/net//icmp6&loknya=/kunden/kunden/kunden/proc/thread-self/net/ HTTP/1.1" 200 4270 fincaslaucirica.es "http://fincaslaucirica.es/?loknya=/kunden/kunden/kunden/proc/thread-self/net/" "Mozilla/5.0 AppleWebKit/537.36 (KHTML, like Gecko; compatible; GPTBot/1.4; +https://openai.com/gptbot)" "-"
74.7.227.0 - - [11/Aug/2026:01:36:54 +0200] "GET /?lokasie=/homepages/15/d754908516/htdocs/wp-content/uploads/www.fincaslaucirica.com/imported/uefa-champions-league-porto-inter-gruppi-di-6&loknya=/homepages/15/d754908516/htdocs/wp-content/uploads/www.fincaslaucirica.com/imported HTTP/1.1" 200 9231 fincaslaucirica.com "https://fincaslaucirica.com/?loknya=/homepages/15/d754908516/htdocs/wp-content/uploads/www.fincaslaucirica.com/imported" "Mozilla/5.0 AppleWebKit/537.36 (KHTML, like Gecko; compatible; GPTBot/1.4; +https://openai.com/gptbot)" "-"
2a03:2880:f800:: - - [11/Aug/2026:01:36:58 +0200] "GET /shops/f23ef312315877?loknya=/ HTTP/1.1" 429 267 www.fincaslaucirica.com "-" "Mozilla/5.0 (X11; Linux x86_64) AppleWebKit/537.36 (KHTML, like Gecko) Chrome/145.0.0.0 Safari/537.36 (compatible; meta-externalagent/1.1 (+https://developers.facebook.com/docs/sharing/webmasters/crawler))" "-"
2a03:2880:f800:: - - [11/Aug/2026:01:37:00 +0200] "GET /shops/37729701423623?loknya=/homepages/15/d754908516/htdocs/wp-admin HTTP/1.1" 429 267 www.fincaslaucirica.com "-" "Mozilla/5.0 (Macintosh; Intel Mac OS X 10_15_7) AppleWebKit/537.36 (KHTML, like Gecko) Chrome/145.0.0.0 Safari/537.36 (compatible; meta-externalagent/1.1 (+https://developers.facebook.com/docs/sharing/webmasters/crawler))" "-"
74.7.241.0 - - [11/Aug/2026:01:37:00 +0200] "GET /index.php?loknya=/proc/thread-self/root/proc/thread-self/root/proc/thread-self/root/proc/self/root/proc/self/root/proc/thread-self/root/kunden/proc/self/root/proc/thread-self/root/lib/klibc/ HTTP/1.1" 200 10251 www.fincaslaucirica.com "https://www.fincaslaucirica.com/index.php?loknya=/proc/thread-self/root/proc/thread-self/root/proc/thread-self/root/proc/self/root/proc/self/root/proc/thread-self/root/kunden/proc/self/root/proc/thread-self/root/lib/klibc/bin" "Mozilla/5.0 AppleWebKit/537.36 (KHTML, like Gecko; compatible; GPTBot/1.4; +https://openai.com/gptbot)" "-"
2a12:f541:3800:: - - [11/Aug/2026:01:37:00 +0200] "GET /index.php?lokasie=%2Fhomepages%2F34%2Fd759266939%2FDASTOOLSTART&loknya=%2Fhomepages%2F34%2Fd759266939 HTTP/1.1" 200 4097 www.fincaslaucirica.com "https://www.fincaslaucirica.com" "Mozilla/5.0 (Windows NT 10.0; Win64; x64) AppleWebKit/537.36 (KHTML, like Gecko) Chrome/145.0.0.0 Safari/537.36" "-"
2a03:2880:f800:: - - [11/Aug/2026:01:37:01 +0200] "GET /shops/d92582f3754213?loknya=/homepages/15 HTTP/1.1" 429 267 www.fincaslaucirica.com "-" "Mozilla/5.0 (Macintosh; Intel Mac OS X 10_15_7) AppleWebKit/537.36 (KHTML, like Gecko) Chrome/145.0.0.0 Safari/537.36 (compatible; meta-externalagent/1.1 (+https://developers.facebook.com/docs/sharing/webmasters/crawler))" "-"
2a11:c45:5f00:: - - [11/Aug/2026:01:37:01 +0200] "GET /index.php?loknya=%2Fhomepages%2F16%2Fd763971480%2F.config HTTP/1.1" 200 5281 www.fincaslaucirica.com "https://www.fincaslaucirica.com" "Mozilla/5.0 (Windows NT 10.0; Win64; x64) AppleWebKit/537.36 (KHTML, like Gecko) Chrome/144.0.0.0 Safari/537.36" "-"
2a03:2880:f800:: - - [11/Aug/2026:01:37:03 +0200] "GET /shops/29393103750641?loknya=/ HTTP/1.1" 429 267 www.fincaslaucirica.com "-" "Mozilla/5.0 (Windows NT 10.0; Win64; x64) AppleWebKit/537.36 (KHTML, like Gecko) Chrome/145.0.0.0 Safari/537.36 (compatible; meta-externalagent/1.1 (+https://developers.facebook.com/docs/sharing/webmasters/crawler))" "-"
74.7.243.0 - - [11/Aug/2026:01:37:03 +0200] "GET /?lokasie=/kunden/kunden/kunden/proc/thread-self/net//mcfilter6&loknya=/kunden/kunden/kunden/proc/thread-self/net/ HTTP/1.1" 200 4274 fincaslaucirica.es "http://fincaslaucirica.es/?loknya=/kunden/kunden/kunden/proc/thread-self/net/" "Mozilla/5.0 AppleWebKit/537.36 (KHTML, like Gecko; compatible; GPTBot/1.4; +https://openai.com/gptbot)" "-"
2a03:2880:f800:: - - [11/Aug/2026:01:37:05 +0200] "GET /shops/b9c25973289846?loknya=/homepages/15 HTTP/1.1" 429 267 www.fincaslaucirica.com "-" "Mozilla/5.0 (Windows NT 10.0; Win64; x64) AppleWebKit/537.36 (KHTML, like Gecko) Chrome/145.0.0.0 Safari/537.36 (compatible; meta-externalagent/1.1 (+https://developers.facebook.com/docs/sharing/webmasters/crawler))" "-"
2a03:2880:f800:: - - [11/Aug/2026:01:37:07 +0200] "GET /shops/89fb59f1684499?loknya=/homepages/15 HTTP/1.1" 429 267 www.fincaslaucirica.com "-" "Mozilla/5.0 (Windows NT 10.0; Win64; x64) AppleWebKit/537.36 (KHTML, like Gecko) Chrome/145.0.0.0 Safari/537.36 (compatible; meta-externalagent/1.1 (+https://developers.facebook.com/docs/sharing/webmasters/crawler))" "-"
74.7.227.0 - - [11/Aug/2026:01:37:10 +0200] "GET /?lokasie=/homepages/15/d754908516/htdocs/wp-content/uploads/www.fincaslaucirica.com/imported/uefa-champions-league-porto-inter-gruppi-di-6&loknya=/homepages/15/d754908516/htdocs/wp-content/uploads/www.fincaslaucirica.com/imported HTTP/1.1" 200 9231 fincaslaucirica.com "http://fincaslaucirica.com/?loknya=/homepages/15/d754908516/htdocs/wp-content/uploads/www.fincaslaucirica.com/imported" "Mozilla/5.0 AppleWebKit/537.36 (KHTML, like Gecko; compatible; GPTBot/1.4; +https://openai.com/gptbot)" "-"
74.7.241.0 - - [11/Aug/2026:01:37:15 +0200] "GET /index.php?loknya=/proc/thread-self/root/proc/thread-self/root/proc/thread-self/root/proc/self/root/proc/self/root/proc/thread-self/root/kunden/proc/self/root/proc/thread-self/root/lib/cbi HTTP/1.1" 200 8752 www.fincaslaucirica.com "https://www.fincaslaucirica.com/index.php?loknya=/proc/thread-self/root/proc/thread-self/root/proc/thread-self/root/proc/self/root/proc/self/root/proc/thread-self/root/kunden/proc/self/root/proc/thread-self/root/lib" "Mozilla/5.0 AppleWebKit/537.36 (KHTML, like Gecko; compatible; GPTBot/1.4; +https://openai.com/gptbot)" "-"
74.7.243.0 - - [11/Aug/2026:01:37:16 +0200] "GET /?lokasie=/kunden/kunden/kunden/proc/thread-self/net//raw6&loknya=/kunden/kunden/kunden/proc/thread-self/net/ HTTP/1.1" 200 4269 fincaslaucirica.es "http://fincaslaucirica.es/?loknya=/kunden/kunden/kunden/proc/thread-self/net/" "Mozilla/5.0 AppleWebKit/537.36 (KHTML, like Gecko; compatible; GPTBot/1.4; +https://openai.com/gptbot)" "-"
74.7.227.0 - - [11/Aug/2026:01:37:25 +0200] "GET /?lokasie=/homepages/15/d754908516/htdocs/wp-content/uploads/www.fincaslaucirica.com/imported/manager-ganadores-liga-de-campeones-masculino-porto-inter-2023&loknya=/homepages/15/d754908516/htdocs/wp-content/uploads/www.fincaslaucirica.com/imported HTTP/1.1" 200 10307 fincaslaucirica.com "http://fincaslaucirica.com/?loknya=/homepages/15/d754908516/htdocs/wp-content/uploads/www.fincaslaucirica.com/imported" "Mozilla/5.0 AppleWebKit/537.36 (KHTML, like Gecko; compatible; GPTBot/1.4; +https://openai.com/gptbot)" "-"
2a03:2880:f800:: - - [11/Aug/2026:01:37:25 +0200] "GET /shops/72e588e4146289 HTTP/1.1" 200 72301 www.fincaslaucirica.com "-" "Mozilla/5.0 (Windows NT 10.0; Win64; x64) AppleWebKit/537.36 (KHTML, like Gecko) Chrome/145.0.0.0 Safari/537.36 (compatible; meta-externalagent/1.1 (+https://developers.facebook.com/docs/sharing/webmasters/crawler))" "-"
74.7.241.0 - - [11/Aug/2026:01:37:28 +0200] "GET /index.php?loknya=/proc/thread-self/root/proc/thread-self/root/proc/thread-self/root/proc/self/root/proc/self/root/proc/thread-self/root/kunden/proc/self/root/proc/thread-self/root/proc/sys/fs/ HTTP/1.1" 200 114319 www.fincaslaucirica.com "https://www.fincaslaucirica.com/index.php?loknya=/proc/thread-self/root/proc/thread-self/root/proc/thread-self/root/proc/self/root/proc/self/root/proc/thread-self/root/kunden/proc/self/root/proc/thread-self/root/proc/sys/fs/quota" "Mozilla/5.0 AppleWebKit/537.36 (KHTML, like Gecko; compatible; GPTBot/1.4; +https://openai.com/gptbot)" "-"
74.7.243.0 - - [11/Aug/2026:01:37:28 +0200] "GET /?lokasie=/kunden/kunden/kunden/proc/thread-self/net//snmp6&loknya=/kunden/kunden/kunden/proc/thread-self/net/ HTTP/1.1" 200 4270 fincaslaucirica.es "http://fincaslaucirica.es/?loknya=/kunden/kunden/kunden/proc/thread-self/net/" "Mozilla/5.0 AppleWebKit/537.36 (KHTML, like Gecko; compatible; GPTBot/1.4; +https://openai.com/gptbot)" "-"
2a03:2880:f800:: - - [11/Aug/2026:01:37:31 +0200] "GET /shops/1e30e9c3434777?loknya=/homepages/15/d754908516/htdocs/logs HTTP/1.1" 200 39965 www.fincaslaucirica.com "-" "Mozilla/5.0 (Windows NT 10.0; Win64; x64) AppleWebKit/537.36 (KHTML, like Gecko) Chrome/145.0.0.0 Safari/537.36 (compatible; meta-externalagent/1.1 (+https://developers.facebook.com/docs/sharing/webmasters/crawler))" "-"
114.119.151.0 - - [11/Aug/2026:01:37:31 +0200] "GET /goods.php?products/eighth/n132048745 HTTP/1.1" 200 72296 fincaslaucirica.com "https://fincaslaucirica.com/goods.php?sitemap400.xml" "Mozilla/5.0 (Linux; Android 7.0;) AppleWebKit/537.36 (HTML, like Gecko) Mobile Safari/537.36 (compatible; PetalBot;+https://webmaster.petalsearch.com/site/petalbot)" "-"
114.119.154.0 - - [11/Aug/2026:01:37:34 +0200] "GET /index.php?list/goods/zvqd55mw5t25_34552.shtml HTTP/1.1" 200 72295 fincaslaucirica.es "http://fincaslaucirica.es/goods.php?sitemap809.xml" "Mozilla/5.0 (Linux; Android 7.0;) AppleWebKit/537.36 (HTML, like Gecko) Mobile Safari/537.36 (compatible; PetalBot;+https://webmaster.petalsearch.com/site/petalbot)" "-"
74.7.227.0 - - [11/Aug/2026:01:37:38 +0200] "GET /?lokasie=/homepages/15/d754908516/htdocs/wp-content/uploads/www.fincaslaucirica.com/imported/manager-ganadores-liga-de-campeones-masculino-porto-inter-2023&loknya=/homepages/15/d754908516/htdocs/wp-content/uploads/www.fincaslaucirica.com/imported HTTP/1.1" 200 10307 fincaslaucirica.com "https://fincaslaucirica.com/?loknya=/homepages/15/d754908516/htdocs/wp-content/uploads/www.fincaslaucirica.com/imported" "Mozilla/5.0 AppleWebKit/537.36 (KHTML, like Gecko; compatible; GPTBot/1.4; +https://openai.com/gptbot)" "-"
74.7.241.0 - - [11/Aug/2026:01:37:39 +0200] "GET /index.php?loknya=/proc/thread-self/root/proc/thread-self/root/proc/thread-self/root/proc/self/root/proc/self/root/proc/thread-self/root/kunden/proc/self/root/proc/thread-self/root/lib/apt HTTP/1.1" 200 17107 www.fincaslaucirica.com "https://www.fincaslaucirica.com/index.php?loknya=/proc/thread-self/root/proc/thread-self/root/proc/thread-self/root/proc/self/root/proc/self/root/proc/thread-self/root/kunden/proc/self/root/proc/thread-self/root/lib/" "Mozilla/5.0 AppleWebKit/537.36 (KHTML, like Gecko; compatible; GPTBot/1.4; +https://openai.com/gptbot)" "-"
74.7.243.0 - - [11/Aug/2026:01:37:39 +0200] "GET /?lokasie=/kunden/kunden/kunden/proc/thread-self/net//ip6_tables_matches&loknya=/kunden/kunden/kunden/proc/thread-self/net/ HTTP/1.1" 200 4283 fincaslaucirica.es "http://fincaslaucirica.es/?loknya=/kunden/kunden/kunden/proc/thread-self/net/" "Mozilla/5.0 AppleWebKit/537.36 (KHTML, like Gecko; compatible; GPTBot/1.4; +https://openai.com/gptbot)" "-"
74.7.243.0 - - [11/Aug/2026:01:37:48 +0200] "GET /?lokasie=/kunden/kunden/kunden/proc/thread-self/net//ip6_flowlabel&loknya=/kunden/kunden/kunden/proc/thread-self/net/ HTTP/1.1" 200 4278 fincaslaucirica.es "http://fincaslaucirica.es/?loknya=/kunden/kunden/kunden/proc/thread-self/net/" "Mozilla/5.0 AppleWebKit/537.36 (KHTML, like Gecko; compatible; GPTBot/1.4; +https://openai.com/gptbot)" "-"
74.7.241.0 - - [11/Aug/2026:01:37:49 +0200] "GET /index.php?lokasie=/proc/thread-self/root/proc/thread-self/root/proc/thread-self/root/proc/self/root/proc/self/root/proc/thread-self/root/kunden/proc/self/root/proc/thread-self/root/usr/include/utmpx.h&loknya=/proc/thread-self/root/proc/thread-self/root/proc/thread-self/root/proc/self/root/proc/self/root/proc/thread-self/root/kunden/proc/self/root/proc/thread-self/root/usr/include HTTP/1.1" 200 11490 www.fincaslaucirica.com "https://www.fincaslaucirica.com/index.php?loknya=/proc/thread-self/root/proc/thread-self/root/proc/thread-self/root/proc/self/root/proc/self/root/proc/thread-self/root/kunden/proc/self/root/proc/thread-self/root/usr/include" "Mozilla/5.0 AppleWebKit/537.36 (KHTML, like Gecko; compatible; GPTBot/1.4; +https://openai.com/gptbot)" "-"
2a03:2880:f800:: - - [11/Aug/2026:01:37:50 +0200] "GET /shops/8a352611431989 HTTP/1.1" 200 72301 www.fincaslaucirica.com "-" "Mozilla/5.0 (Windows NT 10.0; Win64; x64) AppleWebKit/537.36 (KHTML, like Gecko) Chrome/145.0.0.0 Safari/537.36 (compatible; meta-externalagent/1.1 (+https://developers.facebook.com/docs/sharing/webmasters/crawler))" "-"
74.7.227.0 - - [11/Aug/2026:01:37:50 +0200] "GET /index.php?lokasie=/etc/ssl/certs/Security_Communication_ECC_RootCA1.pem&loknya=/etc/ssl/certs HTTP/1.1" 200 4885 fincaslaucirica.com "http://fincaslaucirica.com/index.php?loknya=/etc/ssl/certs" "Mozilla/5.0 AppleWebKit/537.36 (KHTML, like Gecko; compatible; GPTBot/1.4; +https://openai.com/gptbot)" "-"
74.7.243.0 - - [11/Aug/2026:01:37:56 +0200] "GET /?lokasie=/kunden/kunden/kunden/proc/thread-self/net//igmp6&loknya=/kunden/kunden/kunden/proc/thread-self/net/ HTTP/1.1" 200 4270 fincaslaucirica.es "http://fincaslaucirica.es/?loknya=/kunden/kunden/kunden/proc/thread-self/net/" "Mozilla/5.0 AppleWebKit/537.36 (KHTML, like Gecko; compatible; GPTBot/1.4; +https://openai.com/gptbot)" "-"
