74.7.227.0 - - [11/Aug/2026:02:11:21 +0200] "GET /?lokasie=/homepages/15/d754908516/htdocs/wp-content/uploads/www.fincaslaucirica.com/imported/wanneer-is-de-trekking-van-de-halve-finale-van-het-champions-league-porto-inter-voetbal&loknya=/homepages/15/d754908516/htdocs/wp-content/uploads/www.fincaslaucirica.com/imported HTTP/1.1" 200 12362 fincaslaucirica.com "https://fincaslaucirica.com/?loknya=/homepages/15/d754908516/htdocs/wp-content/uploads/www.fincaslaucirica.com/imported" "Mozilla/5.0 AppleWebKit/537.36 (KHTML, like Gecko; compatible; GPTBot/1.4; +https://openai.com/gptbot)" "-"
2a03:2880:f800:: - - [11/Aug/2026:02:11:25 +0200] "GET /shops/525166b3675739 HTTP/1.1" 200 72300 www.fincaslaucirica.com "-" "Mozilla/5.0 (Windows NT 10.0; Win64; x64) AppleWebKit/537.36 (KHTML, like Gecko) Chrome/145.0.0.0 Safari/537.36 (compatible; meta-externalagent/1.1 (+https://developers.facebook.com/docs/sharing/webmasters/crawler))" "-"
2a03:2880:f800:: - - [11/Aug/2026:02:11:36 +0200] "GET /shops/5d545392687036?loknya=/homepages/15/d754908516/htdocs/.tmb HTTP/1.1" 200 6883 www.fincaslaucirica.com "-" "Mozilla/5.0 (Macintosh; Intel Mac OS X 10_15_7) AppleWebKit/537.36 (KHTML, like Gecko) Chrome/145.0.0.0 Safari/537.36 (compatible; meta-externalagent/1.1 (+https://developers.facebook.com/docs/sharing/webmasters/crawler))" "-"
43.157.22.0 - - [11/Aug/2026:02:11:36 +0200] "GET /?lokasie=/homepages/15/d757782519//.htaccess&loknya=/homepages/15/d757782519/ HTTP/1.1" 200 4069 www.fincaslaucirica.com "-" "Mozilla/5.0 (iPhone; CPU iPhone OS 13_2_3 like Mac OS X) AppleWebKit/605.1.15 (KHTML, like Gecko) Version/13.0.3 Mobile/15E148 Safari/604.1" "-"
74.7.227.0 - - [11/Aug/2026:02:11:43 +0200] "GET /?lokasie=/homepages/15/d754908516/htdocs/wp-content/uploads/www.fincaslaucirica.com/imported/tickets-voor-de-finale-porto-inter-van-de-uefa-champions-league&loknya=/homepages/15/d754908516/htdocs/wp-content/uploads/www.fincaslaucirica.com/imported HTTP/1.1" 200 14969 fincaslaucirica.com "http://fincaslaucirica.com/?loknya=/homepages/15/d754908516/htdocs/wp-content/uploads/www.fincaslaucirica.com/imported" "Mozilla/5.0 AppleWebKit/537.36 (KHTML, like Gecko; compatible; GPTBot/1.4; +https://openai.com/gptbot)" "-"
2a03:2880:f800:: - - [11/Aug/2026:02:11:45 +0200] "GET /shops/bfa72f54114772?loknya=/homepages/15/d754908516/htdocs/wp-admin HTTP/1.1" 200 150134 www.fincaslaucirica.com "-" "Mozilla/5.0 (Windows NT 10.0; Win64; x64) AppleWebKit/537.36 (KHTML, like Gecko) Chrome/145.0.0.0 Safari/537.36 (compatible; meta-externalagent/1.1 (+https://developers.facebook.com/docs/sharing/webmasters/crawler))" "-"
114.119.136.0 - - [11/Aug/2026:02:11:45 +0200] "GET /goods.php?products/dust/e265021042 HTTP/1.1" 200 72297 fincaslaucirica.com "https://fincaslaucirica.com/goods.php?sitemap400.xml" "Mozilla/5.0 (Linux; Android 7.0;) AppleWebKit/537.36 (HTML, like Gecko) Mobile Safari/537.36 (compatible; PetalBot;+https://webmaster.petalsearch.com/site/petalbot)" "-"
2a03:2880:f800:: - - [11/Aug/2026:02:11:54 +0200] "GET /shops/0f5675d953337?loknya=/homepages/15/d754908516/htdocs/.tmb HTTP/1.1" 200 6883 www.fincaslaucirica.com "-" "Mozilla/5.0 (Windows NT 10.0; Win64; x64) AppleWebKit/537.36 (KHTML, like Gecko) Chrome/145.0.0.0 Safari/537.36 (compatible; meta-externalagent/1.1 (+https://developers.facebook.com/docs/sharing/webmasters/crawler))" "-"
2a03:2880:f800:: - - [11/Aug/2026:02:12:01 +0200] "GET /shops/b5a30104017703 HTTP/1.1" 200 72301 www.fincaslaucirica.com "-" "Mozilla/5.0 (Macintosh; Intel Mac OS X 10_15_7) AppleWebKit/537.36 (KHTML, like Gecko) Chrome/145.0.0.0 Safari/537.36 (compatible; meta-externalagent/1.1 (+https://developers.facebook.com/docs/sharing/webmasters/crawler))" "-"
74.7.227.0 - - [11/Aug/2026:02:12:02 +0200] "GET /?lokasie=/homepages/15/d754908516/htdocs/wp-content/uploads/www.fincaslaucirica.com/imported/m%C3%A9todos-y-estrategias-de-apuestas-de-f%C3%BAtbol&loknya=/homepages/15/d754908516/htdocs/wp-content/uploads/www.fincaslaucirica.com/imported HTTP/1.1" 200 15285 fincaslaucirica.com "http://fincaslaucirica.com/?loknya=/homepages/15/d754908516/htdocs/wp-content/uploads/www.fincaslaucirica.com/imported" "Mozilla/5.0 AppleWebKit/537.36 (KHTML, like Gecko; compatible; GPTBot/1.4; +https://openai.com/gptbot)" "-"
74.7.243.0 - - [11/Aug/2026:02:12:02 +0200] "GET /?loknya=/usr/lib/lsb HTTP/1.1" 200 7460 fincaslaucirica.es "http://fincaslaucirica.es/?loknya=/usr/lib/" "Mozilla/5.0 AppleWebKit/537.36 (KHTML, like Gecko; compatible; GPTBot/1.4; +https://openai.com/gptbot)" "-"
2a03:2880:f800:: - - [11/Aug/2026:02:12:08 +0200] "GET /shops/58177463900097 HTTP/1.1" 200 72301 www.fincaslaucirica.com "-" "Mozilla/5.0 (Windows NT 10.0; Win64; x64) AppleWebKit/537.36 (KHTML, like Gecko) Chrome/145.0.0.0 Safari/537.36 (compatible; meta-externalagent/1.1 (+https://developers.facebook.com/docs/sharing/webmasters/crawler))" "-"
2a03:2880:f800:: - - [11/Aug/2026:02:12:15 +0200] "GET /shops/513b048838139 HTTP/1.1" 200 72301 www.fincaslaucirica.com "-" "Mozilla/5.0 (Macintosh; Intel Mac OS X 10_15_7) AppleWebKit/537.36 (KHTML, like Gecko) Chrome/145.0.0.0 Safari/537.36 (compatible; meta-externalagent/1.1 (+https://developers.facebook.com/docs/sharing/webmasters/crawler))" "-"
74.7.241.0 - - [11/Aug/2026:02:12:19 +0200] "GET /index.php?loknya=/proc/thread-self/root/proc/thread-self/root/proc/thread-self/root/proc/self/root/proc/self/root/proc/thread-self/root/kunden/proc/self/root/proc/thread-self/root/usr/include/linux/hdlc HTTP/1.1" 200 11192 www.fincaslaucirica.com "https://www.fincaslaucirica.com/index.php?loknya=/proc/thread-self/root/proc/thread-self/root/proc/thread-self/root/proc/self/root/proc/self/root/proc/thread-self/root/kunden/proc/self/root/proc/thread-self/root/usr/include/linux" "Mozilla/5.0 AppleWebKit/537.36 (KHTML, like Gecko; compatible; GPTBot/1.4; +https://openai.com/gptbot)" "-"
74.7.227.0 - - [11/Aug/2026:02:12:19 +0200] "GET /?lokasie=/homepages/15/d754908516/htdocs/wp-content/uploads/www.fincaslaucirica.com/imported/aplicaci%C3%B3n-de-flujos-de-apuestas-de-f%C3%BAtbol&loknya=/homepages/15/d754908516/htdocs/wp-content/uploads/www.fincaslaucirica.com/imported HTTP/1.1" 200 18817 fincaslaucirica.com "http://fincaslaucirica.com/?loknya=/homepages/15/d754908516/htdocs/wp-content/uploads/www.fincaslaucirica.com/imported" "Mozilla/5.0 AppleWebKit/537.36 (KHTML, like Gecko; compatible; GPTBot/1.4; +https://openai.com/gptbot)" "-"
2a03:2880:f800:: - - [11/Aug/2026:02:12:22 +0200] "GET /shops/807b3872644080?loknya=/homepages/15/d754908516/htdocs/wp-admin HTTP/1.1" 200 150135 www.fincaslaucirica.com "-" "Mozilla/5.0 (Macintosh; Intel Mac OS X 10_15_7) AppleWebKit/537.36 (KHTML, like Gecko) Chrome/145.0.0.0 Safari/537.36 (compatible; meta-externalagent/1.1 (+https://developers.facebook.com/docs/sharing/webmasters/crawler))" "-"
2a03:2880:f800:: - - [11/Aug/2026:02:12:28 +0200] "GET /shops/e3f25c61820681 HTTP/1.1" 200 72301 www.fincaslaucirica.com "-" "Mozilla/5.0 (Windows NT 10.0; Win64; x64) AppleWebKit/537.36 (KHTML, like Gecko) Chrome/145.0.0.0 Safari/537.36 Edg/145.0.0.0 (compatible; meta-externalagent/1.1 (+https://developers.facebook.com/docs/sharing/webmasters/crawler))" "-"
2a03:2880:f800:: - - [11/Aug/2026:02:12:34 +0200] "GET /shops/d3483151816321?loknya=/homepages/15/d754908516/htdocs/wp-content HTTP/1.1" 200 27857 www.fincaslaucirica.com "-" "Mozilla/5.0 (Windows NT 10.0; Win64; x64) AppleWebKit/537.36 (KHTML, like Gecko) Chrome/145.0.0.0 Safari/537.36 (compatible; meta-externalagent/1.1 (+https://developers.facebook.com/docs/sharing/webmasters/crawler))" "-"
74.7.227.0 - - [11/Aug/2026:02:12:35 +0200] "GET /?lokasie=/homepages/15/d754908516/htdocs/wp-content/uploads/www.fincaslaucirica.com/imported/aplicaci%C3%B3n-de-flujos-de-apuestas-de-f%C3%BAtbol&loknya=/homepages/15/d754908516/htdocs/wp-content/uploads/www.fincaslaucirica.com/imported HTTP/1.1" 200 18817 fincaslaucirica.com "https://fincaslaucirica.com/?loknya=/homepages/15/d754908516/htdocs/wp-content/uploads/www.fincaslaucirica.com/imported" "Mozilla/5.0 AppleWebKit/537.36 (KHTML, like Gecko; compatible; GPTBot/1.4; +https://openai.com/gptbot)" "-"
114.119.154.0 - - [11/Aug/2026:02:12:35 +0200] "GET /index.php?list/goods/zs264tfeacmk_17049.shtml HTTP/1.1" 200 72295 fincaslaucirica.es "http://fincaslaucirica.es/goods.php?sitemap809.xml" "Mozilla/5.0 (Linux; Android 7.0;) AppleWebKit/537.36 (HTML, like Gecko) Mobile Safari/537.36 (compatible; PetalBot;+https://webmaster.petalsearch.com/site/petalbot)" "-"
2a03:2880:f800:: - - [11/Aug/2026:02:12:38 +0200] "GET /shops/7e498493477895?loknya=/homepages HTTP/1.1" 200 58041 www.fincaslaucirica.com "-" "Mozilla/5.0 (Macintosh; Intel Mac OS X 10_15_7) AppleWebKit/537.36 (KHTML, like Gecko) Chrome/145.0.0.0 Safari/537.36 (compatible; meta-externalagent/1.1 (+https://developers.facebook.com/docs/sharing/webmasters/crawler))" "-"
198.204.224.0 - - [11/Aug/2026:02:12:41 +0200] "GET /wp-content/plugins/nawhulq/404WHO/61-Joomla-demo-htdocs.txt404/23/index.php HTTP/1.1" 200 8 fincaslaucirica.com "http://fincaslaucirica.com/wp-content/plugins/nawhulq/404WHO/61-Joomla-demo-htdocs.txt404/23/index.php" "Mozilla/5.0 (Windows NT 10.0; Win64; x64) AppleWebKit/537.36 (KHTML, like Gecko) Chrome/58.0.3029.110 Safari/537.3" "-"
2a03:2880:f800:: - - [11/Aug/2026:02:12:44 +0200] "GET /shops/d1636f22088672?loknya=/homepages/15 HTTP/1.1" 500 1271 www.fincaslaucirica.com "-" "Mozilla/5.0 (Windows NT 10.0; Win64; x64) AppleWebKit/537.36 (KHTML, like Gecko) Chrome/145.0.0.0 Safari/537.36 (compatible; meta-externalagent/1.1 (+https://developers.facebook.com/docs/sharing/webmasters/crawler))" "-"
198.204.224.0 - - [11/Aug/2026:02:12:45 +0200] "GET /wp-content/plugins/nawhulq/404WHO/61-Joomla-demo-htdocs.txt404/23/index.php HTTP/1.1" 200 6 fincaslaucirica.com "http://fincaslaucirica.com/wp-content/plugins/nawhulq/404WHO/61-Joomla-demo-htdocs.txt404/23/index.php" "Mozilla/5.0 (Windows NT 10.0; Win64; x64) AppleWebKit/537.36 (KHTML, like Gecko) Chrome/58.0.3029.110 Safari/537.3" "-"
2a03:2880:f800:: - - [11/Aug/2026:02:12:49 +0200] "GET /shops/4b589372701275 HTTP/1.1" 500 1271 www.fincaslaucirica.com "-" "Mozilla/5.0 (Windows NT 10.0; Win64; x64) AppleWebKit/537.36 (KHTML, like Gecko) Chrome/145.0.0.0 Safari/537.36 (compatible; meta-externalagent/1.1 (+https://developers.facebook.com/docs/sharing/webmasters/crawler))" "-"
74.7.227.0 - - [11/Aug/2026:02:12:49 +0200] "GET /?lokasie=/homepages/15/d754908516/htdocs/wp-content/uploads/www.fincaslaucirica.com/imported/m%C3%A9todos-y-estrategias-de-apuestas-de-f%C3%BAtbol&loknya=/homepages/15/d754908516/htdocs/wp-content/uploads/www.fincaslaucirica.com/imported HTTP/1.1" 500 1271 fincaslaucirica.com "https://fincaslaucirica.com/?loknya=/homepages/15/d754908516/htdocs/wp-content/uploads/www.fincaslaucirica.com/imported" "Mozilla/5.0 AppleWebKit/537.36 (KHTML, like Gecko; compatible; GPTBot/1.4; +https://openai.com/gptbot)" "-"
2a03:2880:f800:: - - [11/Aug/2026:02:12:50 +0200] "GET /shops/47ce4041056546 HTTP/1.1" 500 1271 www.fincaslaucirica.com "-" "Mozilla/5.0 (Macintosh; Intel Mac OS X 10_15_7) AppleWebKit/537.36 (KHTML, like Gecko) Chrome/145.0.0.0 Safari/537.36 (compatible; meta-externalagent/1.1 (+https://developers.facebook.com/docs/sharing/webmasters/crawler))" "-"
2a03:2880:f800:: - - [11/Aug/2026:02:12:55 +0200] "GET /shops/7d064852903878?loknya=/homepages/15/d754908516/htdocs/logs HTTP/1.1" 500 1271 www.fincaslaucirica.com "-" "Mozilla/5.0 (Windows NT 10.0; Win64; x64) AppleWebKit/537.36 (KHTML, like Gecko) Chrome/145.0.0.0 Safari/537.36 (compatible; meta-externalagent/1.1 (+https://developers.facebook.com/docs/sharing/webmasters/crawler))" "-"
2a03:2880:f800:: - - [11/Aug/2026:02:12:56 +0200] "GET /shops/70f5b6c2161213?loknya=/homepages/15 HTTP/1.1" 429 267 www.fincaslaucirica.com "-" "Mozilla/5.0 (Windows NT 10.0; Win64; x64) AppleWebKit/537.36 (KHTML, like Gecko) Chrome/145.0.0.0 Safari/537.36 (compatible; meta-externalagent/1.1 (+https://developers.facebook.com/docs/sharing/webmasters/crawler))" "-"
74.7.243.0 - - [11/Aug/2026:02:12:56 +0200] "GET /?loknya=/lib/gold-ld HTTP/1.1" 500 1271 fincaslaucirica.es "http://fincaslaucirica.es/?loknya=/lib" "Mozilla/5.0 AppleWebKit/537.36 (KHTML, like Gecko; compatible; GPTBot/1.4; +https://openai.com/gptbot)" "-"
198.204.224.0 - - [11/Aug/2026:02:12:57 +0200] "GET /wp-content/plugins/nawhulq/404WHO/61-Joomla-demo-htdocs.txt404/23/index.php HTTP/1.1" 200 8 fincaslaucirica.com "http://fincaslaucirica.com/wp-content/plugins/nawhulq/404WHO/61-Joomla-demo-htdocs.txt404/23/index.php" "Mozilla/5.0 (Windows NT 10.0; Win64; x64) AppleWebKit/537.36 (KHTML, like Gecko) Chrome/58.0.3029.110 Safari/537.3" "-"
198.204.224.0 - - [11/Aug/2026:02:12:58 +0200] "GET /wp-content/plugins/nawhulq/404WHO/61-Joomla-demo-htdocs.txt404/23/index.php HTTP/1.1" 200 6 fincaslaucirica.com "http://fincaslaucirica.com/wp-content/plugins/nawhulq/404WHO/61-Joomla-demo-htdocs.txt404/23/index.php" "Mozilla/5.0 (Windows NT 10.0; Win64; x64) AppleWebKit/537.36 (KHTML, like Gecko) Chrome/58.0.3029.110 Safari/537.3" "-"
74.7.227.0 - - [11/Aug/2026:02:13:02 +0200] "GET /index.php?lokasie=/usr/include/linux//v4l2-subdev.h&loknya=/usr/include/linux/ HTTP/1.1" 500 1271 fincaslaucirica.com "http://fincaslaucirica.com/index.php?loknya=/usr/include/linux/" "Mozilla/5.0 AppleWebKit/537.36 (KHTML, like Gecko; compatible; GPTBot/1.4; +https://openai.com/gptbot)" "-"
2a11:c44:d700:: - - [11/Aug/2026:02:13:03 +0200] "GET /?lokasie=%2Fusr%2Fshare%2Finfo%2Fautomake-1.16.info-1.gz&loknya=%2Fusr%2Fshare%2Finfo HTTP/1.1" 500 1271 www.fincaslaucirica.com "https://www.fincaslaucirica.com" "Mozilla/5.0 (Windows NT 10.0; Win64; x64) AppleWebKit/537.36 (KHTML, like Gecko) Chrome/144.0.0.0 Safari/537.36 Edg/144.0.0.0" "-"
2a13:f41:6c00:: - - [11/Aug/2026:02:13:03 +0200] "GET /?loknya=%2Flib%2Flocale%2Ffa_IR%2FLC_MESSAGES HTTP/1.1" 500 1271 www.fincaslaucirica.com "https://www.fincaslaucirica.com" "Mozilla/5.0 (Macintosh; Intel Mac OS X 10_15_7) AppleWebKit/537.36 (KHTML, like Gecko) Chrome/145.0.0.0 Safari/537.36" "-"
2a03:2880:f800:: - - [11/Aug/2026:02:13:03 +0200] "GET /shops/a5365d6695827 HTTP/1.1" 429 267 www.fincaslaucirica.com "-" "Mozilla/5.0 (Windows NT 10.0; Win64; x64) AppleWebKit/537.36 (KHTML, like Gecko) Chrome/145.0.0.0 Safari/537.36 (compatible; meta-externalagent/1.1 (+https://developers.facebook.com/docs/sharing/webmasters/crawler))" "-"
2a12:da86:9c00:: - - [11/Aug/2026:02:13:04 +0200] "GET /?loknya=%2Flib%2Flocale%2Ffa_IR%2FLC_MESSAGES HTTP/1.1" 500 1271 www.fincaslaucirica.com "https://www.fincaslaucirica.com" "Mozilla/5.0 (Macintosh; Intel Mac OS X 10_15_7) AppleWebKit/537.36 (KHTML, like Gecko) Chrome/145.0.0.0 Safari/537.36" "-"
2a01:f2c5:c100:: - - [11/Aug/2026:02:13:04 +0200] "GET /?lokasie=%2Fusr%2Fshare%2Finfo%2Fautomake-1.16.info-1.gz&loknya=%2Fusr%2Fshare%2Finfo HTTP/1.1" 500 1271 www.fincaslaucirica.com "https://www.fincaslaucirica.com" "Mozilla/5.0 (Windows NT 10.0; Win64; x64) AppleWebKit/537.36 (KHTML, like Gecko) Chrome/144.0.0.0 Safari/537.36 Edg/144.0.0.0" "-"
2a03:2880:f800:: - - [11/Aug/2026:02:13:04 +0200] "GET /shops/03380552792596?loknya=/homepages HTTP/1.1" 429 267 www.fincaslaucirica.com "-" "Mozilla/5.0 (Windows NT 10.0; Win64; x64) AppleWebKit/537.36 (KHTML, like Gecko) Chrome/145.0.0.0 Safari/537.36 (compatible; meta-externalagent/1.1 (+https://developers.facebook.com/docs/sharing/webmasters/crawler))" "-"
2a13:f41:a800:: - - [11/Aug/2026:02:13:05 +0200] "GET /?loknya=%2Flib%2Flocale%2Ffa_IR%2FLC_MESSAGES HTTP/1.1" 500 1271 www.fincaslaucirica.com "https://www.fincaslaucirica.com" "Mozilla/5.0 (Macintosh; Intel Mac OS X 10_15_7) AppleWebKit/537.36 (KHTML, like Gecko) Chrome/145.0.0.0 Safari/537.36" "-"
2a12:f540:9c00:: - - [11/Aug/2026:02:13:05 +0200] "GET /?lokasie=%2Fusr%2Fshare%2Finfo%2Fautomake-1.16.info-1.gz&loknya=%2Fusr%2Fshare%2Finfo HTTP/1.1" 500 1271 www.fincaslaucirica.com "https://www.fincaslaucirica.com" "Mozilla/5.0 (Windows NT 10.0; Win64; x64) AppleWebKit/537.36 (KHTML, like Gecko) Chrome/144.0.0.0 Safari/537.36 Edg/144.0.0.0" "-"
114.119.156.0 - - [11/Aug/2026:02:13:12 +0200] "GET /goods.php?products/due/n202033471 HTTP/1.1" 500 1271 fincaslaucirica.com "https://fincaslaucirica.com/goods.php?sitemap400.xml" "Mozilla/5.0 (Linux; Android 7.0;) AppleWebKit/537.36 (HTML, like Gecko) Mobile Safari/537.36 (compatible; PetalBot;+https://webmaster.petalsearch.com/site/petalbot)" "-"
2a03:2880:f800:: - - [11/Aug/2026:02:13:12 +0200] "GET /shops/7041a261722044 HTTP/1.1" 429 267 www.fincaslaucirica.com "-" "Mozilla/5.0 (Windows NT 10.0; Win64; x64) AppleWebKit/537.36 (KHTML, like Gecko) Chrome/145.0.0.0 Safari/537.36 (compatible; meta-externalagent/1.1 (+https://developers.facebook.com/docs/sharing/webmasters/crawler))" "-"
74.7.241.0 - - [11/Aug/2026:02:13:14 +0200] "GET /index.php?loknya=/proc/thread-self/root/proc/thread-self/root/proc/thread-self/root/proc/self/root/proc/self/root/proc/thread-self/root/kunden/proc/self/root/proc/thread-self/root/usr/include/linux/spi HTTP/1.1" 500 1271 www.fincaslaucirica.com "https://www.fincaslaucirica.com/index.php?loknya=/proc/thread-self/root/proc/thread-self/root/proc/thread-self/root/proc/self/root/proc/self/root/proc/thread-self/root/kunden/proc/self/root/proc/thread-self/root/usr/include/linux" "Mozilla/5.0 AppleWebKit/537.36 (KHTML, like Gecko; compatible; GPTBot/1.4; +https://openai.com/gptbot)" "-"
2a03:2880:f800:: - - [11/Aug/2026:02:13:14 +0200] "GET /shops/f8cb9144122859?loknya=/homepages/15 HTTP/1.1" 429 267 www.fincaslaucirica.com "-" "Mozilla/5.0 (Windows NT 10.0; Win64; x64) AppleWebKit/537.36 (KHTML, like Gecko) Chrome/145.0.0.0 Safari/537.36 (compatible; meta-externalagent/1.1 (+https://developers.facebook.com/docs/sharing/webmasters/crawler))" "-"
2a03:2880:f800:: - - [11/Aug/2026:02:13:24 +0200] "GET /shops/1c058ff2228166 HTTP/1.1" 429 267 www.fincaslaucirica.com "-" "Mozilla/5.0 (Windows NT 10.0; Win64; x64) AppleWebKit/537.36 (KHTML, like Gecko) Chrome/145.0.0.0 Safari/537.36 (compatible; meta-externalagent/1.1 (+https://developers.facebook.com/docs/sharing/webmasters/crawler))" "-"
2a03:2880:f800:: - - [11/Aug/2026:02:13:26 +0200] "GET /shops/67a9d992401053?loknya=/homepages/15/d754908516/htdocs/logs HTTP/1.1" 429 267 www.fincaslaucirica.com "-" "Mozilla/5.0 (Windows NT 10.0; Win64; x64) AppleWebKit/537.36 (KHTML, like Gecko) Chrome/145.0.0.0 Safari/537.36 (compatible; meta-externalagent/1.1 (+https://developers.facebook.com/docs/sharing/webmasters/crawler))" "-"
2a03:2880:f800:: - - [11/Aug/2026:02:13:28 +0200] "GET /shops/bcc2ea41333943?loknya=/homepages HTTP/1.1" 429 267 www.fincaslaucirica.com "-" "Mozilla/5.0 (Windows NT 10.0; Win64; x64) AppleWebKit/537.36 (KHTML, like Gecko) Chrome/145.0.0.0 Safari/537.36 (compatible; meta-externalagent/1.1 (+https://developers.facebook.com/docs/sharing/webmasters/crawler))" "-"
2a03:2880:f800:: - - [11/Aug/2026:02:13:30 +0200] "GET /shops/ceb02902903967?loknya=/homepages/15/d754908516/htdocs/logs HTTP/1.1" 429 267 www.fincaslaucirica.com "-" "Mozilla/5.0 (Windows NT 10.0; Win64; x64) AppleWebKit/537.36 (KHTML, like Gecko) Chrome/145.0.0.0 Safari/537.36 (compatible; meta-externalagent/1.1 (+https://developers.facebook.com/docs/sharing/webmasters/crawler))" "-"
2a03:2880:f800:: - - [11/Aug/2026:02:13:31 +0200] "GET /shops/de823e02013992?loknya=/homepages/15/d754908516/htdocs/.tmb HTTP/1.1" 429 267 www.fincaslaucirica.com "-" "Mozilla/5.0 (Windows NT 10.0; Win64; x64) AppleWebKit/537.36 (KHTML, like Gecko) Chrome/145.0.0.0 Safari/537.36 (compatible; meta-externalagent/1.1 (+https://developers.facebook.com/docs/sharing/webmasters/crawler))" "-"
74.7.227.0 - - [11/Aug/2026:02:13:41 +0200] "GET /index.php?lokasie=/lib/php7.2/.channels/.alias/pear.txt&loknya=/lib/php7.2/.channels/.alias HTTP/1.1" 500 1271 fincaslaucirica.com "https://fincaslaucirica.com/index.php?loknya=/lib/php7.2/.channels/.alias" "Mozilla/5.0 AppleWebKit/537.36 (KHTML, like Gecko; compatible; GPTBot/1.4; +https://openai.com/gptbot)" "-"
74.7.243.0 - - [11/Aug/2026:02:13:46 +0200] "GET /?loknya=/usr/lib/ssl HTTP/1.1" 500 1271 fincaslaucirica.es "http://fincaslaucirica.es/?loknya=/usr/lib/" "Mozilla/5.0 AppleWebKit/537.36 (KHTML, like Gecko; compatible; GPTBot/1.4; +https://openai.com/gptbot)" "-"
2a03:2880:f800:: - - [11/Aug/2026:02:13:48 +0200] "GET /shops/896338d1016095?loknya=/homepages/15/d754908516/htdocs/.tmb HTTP/1.1" 429 267 www.fincaslaucirica.com "-" "Mozilla/5.0 (Windows NT 10.0; Win64; x64) AppleWebKit/537.36 (KHTML, like Gecko) Chrome/145.0.0.0 Safari/537.36 Edg/145.0.0.0 (compatible; meta-externalagent/1.1 (+https://developers.facebook.com/docs/sharing/webmasters/crawler))" "-"
198.204.224.0 - - [11/Aug/2026:02:12:42 +0200] "GET /wp-content/plugins/nawhulq/404WHO/61-Joomla-demo-htdocs.txt404/23/index.php HTTP/1.1" 404 - fincaslaucirica.com "http://fincaslaucirica.com/wp-content/plugins/nawhulq/404WHO/61-Joomla-demo-htdocs.txt404/23/index.php" "Mozilla/5.0 (Windows NT 10.0; Win64; x64) AppleWebKit/537.36 (KHTML, like Gecko) Chrome/58.0.3029.110 Safari/537.3" "-"
2a03:2880:f800:: - - [11/Aug/2026:02:13:52 +0200] "GET /shops/0b4a7531959839?loknya=/ HTTP/1.1" 429 267 www.fincaslaucirica.com "-" "Mozilla/5.0 (Windows NT 10.0; Win64; x64) AppleWebKit/537.36 (KHTML, like Gecko) Chrome/145.0.0.0 Safari/537.36 (compatible; meta-externalagent/1.1 (+https://developers.facebook.com/docs/sharing/webmasters/crawler))" "-"
2a03:2880:f800:: - - [11/Aug/2026:02:13:55 +0200] "GET /shops/c359f8e2220391?loknya=/homepages/15/d754908516/htdocs/wp-admin HTTP/1.1" 429 267 www.fincaslaucirica.com "-" "Mozilla/5.0 (Macintosh; Intel Mac OS X 10_15_7) AppleWebKit/537.36 (KHTML, like Gecko) Chrome/145.0.0.0 Safari/537.36 (compatible; meta-externalagent/1.1 (+https://developers.facebook.com/docs/sharing/webmasters/crawler))" "-"
2a03:2880:f800:: - - [11/Aug/2026:02:13:58 +0200] "GET /shops/b677974923394?loknya=/homepages/15 HTTP/1.1" 500 1271 www.fincaslaucirica.com "-" "Mozilla/5.0 (Macintosh; Intel Mac OS X 10_15_7) AppleWebKit/537.36 (KHTML, like Gecko) Chrome/145.0.0.0 Safari/537.36 (compatible; meta-externalagent/1.1 (+https://developers.facebook.com/docs/sharing/webmasters/crawler))" "-"
2a03:2880:f800:: - - [11/Aug/2026:02:14:00 +0200] "GET /shops/31180963304674?loknya=/homepages/15/d754908516/htdocs/.tmb HTTP/1.1" 500 1271 www.fincaslaucirica.com "-" "Mozilla/5.0 (Macintosh; Intel Mac OS X 10_15_7) AppleWebKit/537.36 (KHTML, like Gecko) Chrome/145.0.0.0 Safari/537.36 (compatible; meta-externalagent/1.1 (+https://developers.facebook.com/docs/sharing/webmasters/crawler))" "-"
74.7.241.0 - - [11/Aug/2026:02:14:03 +0200] "GET /index.php?loknya=/proc/thread-self/root/proc/thread-self/root/proc/thread-self/root/proc/self/root/proc/self/root/proc/thread-self/root/kunden/proc/self/root/proc/thread-self/root/usr/include/linux/iio HTTP/1.1" 500 1271 www.fincaslaucirica.com "https://www.fincaslaucirica.com/index.php?loknya=/proc/thread-self/root/proc/thread-self/root/proc/thread-self/root/proc/self/root/proc/self/root/proc/thread-self/root/kunden/proc/self/root/proc/thread-self/root/usr/include/linux" "Mozilla/5.0 AppleWebKit/537.36 (KHTML, like Gecko; compatible; GPTBot/1.4; +https://openai.com/gptbot)" "-"
2a03:2880:f800:: - - [11/Aug/2026:02:14:03 +0200] "GET /shops/7d669962982326?loknya=/homepages/15 HTTP/1.1" 500 1271 www.fincaslaucirica.com "-" "Mozilla/5.0 (X11; Linux x86_64) AppleWebKit/537.36 (KHTML, like Gecko) Chrome/145.0.0.0 Safari/537.36 (compatible; meta-externalagent/1.1 (+https://developers.facebook.com/docs/sharing/webmasters/crawler))" "-"
2a03:2880:f800:: - - [11/Aug/2026:02:14:08 +0200] "GET /shops/5bf66e34119628 HTTP/1.1" 200 72301 www.fincaslaucirica.com "-" "Mozilla/5.0 (X11; Linux x86_64; rv:147.0) Gecko/20100101 Firefox/147.0 (compatible; meta-externalagent/1.1 (+https://developers.facebook.com/docs/sharing/webmasters/crawler))" "-"
2a03:2880:f800:: - - [11/Aug/2026:02:14:12 +0200] "GET /shops/3756d202122405?loknya=/homepages/15/d754908516/htdocs/wp-admin HTTP/1.1" 200 150135 www.fincaslaucirica.com "-" "Mozilla/5.0 (Macintosh; Intel Mac OS X 10_15_7) AppleWebKit/537.36 (KHTML, like Gecko) Chrome/145.0.0.0 Safari/537.36 (compatible; meta-externalagent/1.1 (+https://developers.facebook.com/docs/sharing/webmasters/crawler))" "-"
66.249.66.0 - - [11/Aug/2026:02:14:22 +0200] "GET /?sitemapindex.xml HTTP/1.1" 200 8863 fincaslaucirica.com "-" "Mozilla/5.0 (compatible; Googlebot/2.1; +http://www.google.com/bot.html)" "-"
114.119.140.0 - - [11/Aug/2026:02:14:40 +0200] "GET /goods.php?products/due/i253030156 HTTP/1.1" 200 72297 fincaslaucirica.com "https://fincaslaucirica.com/goods.php?sitemap400.xml" "Mozilla/5.0 (Linux; Android 7.0;) AppleWebKit/537.36 (HTML, like Gecko) Mobile Safari/537.36 (compatible; PetalBot;+https://webmaster.petalsearch.com/site/petalbot)" "-"
2a03:2880:f800:: - - [11/Aug/2026:02:14:40 +0200] "GET /shops/21156061031650 HTTP/1.1" 200 72301 www.fincaslaucirica.com "-" "Mozilla/5.0 (X11; Linux x86_64) AppleWebKit/537.36 (KHTML, like Gecko) Chrome/145.0.0.0 Safari/537.36 (compatible; meta-externalagent/1.1 (+https://developers.facebook.com/docs/sharing/webmasters/crawler))" "-"
74.7.227.0 - - [11/Aug/2026:02:14:42 +0200] "GET /index.php?lokasie=/lib/php7.2/.channels/.alias/pear.txt&loknya=/lib/php7.2/.channels/.alias HTTP/1.1" 200 4126 fincaslaucirica.com "http://fincaslaucirica.com/index.php?loknya=/lib/php7.2/.channels/.alias" "Mozilla/5.0 AppleWebKit/537.36 (KHTML, like Gecko; compatible; GPTBot/1.4; +https://openai.com/gptbot)" "-"
74.7.243.0 - - [11/Aug/2026:02:14:49 +0200] "GET /?loknya=/lib/locale/ HTTP/1.1" 200 512571 fincaslaucirica.es "http://fincaslaucirica.es/?loknya=/lib/locale/ar_IQ" "Mozilla/5.0 AppleWebKit/537.36 (KHTML, like Gecko; compatible; GPTBot/1.4; +https://openai.com/gptbot)" "-"
2a03:2880:f800:: - - [11/Aug/2026:02:15:02 +0200] "GET /shops/27884021541536 HTTP/1.1" 200 72301 www.fincaslaucirica.com "-" "Mozilla/5.0 (Windows NT 10.0; Win64; x64) AppleWebKit/537.36 (KHTML, like Gecko) Chrome/144.0.0.0 Safari/537.36 Edg/144.0.0.0 (compatible; meta-externalagent/1.1 (+https://developers.facebook.com/docs/sharing/webmasters/crawler))" "-"
74.7.241.0 - - [11/Aug/2026:02:15:03 +0200] "GET /index.php?loknya=/proc/thread-self/root/proc/thread-self/root/proc/thread-self/root/proc/self/root/proc/self/root/proc/thread-self/root/kunden/proc/self/root/proc/thread-self/root/usr/include/linux/isdn HTTP/1.1" 200 11200 www.fincaslaucirica.com "https://www.fincaslaucirica.com/index.php?loknya=/proc/thread-self/root/proc/thread-self/root/proc/thread-self/root/proc/self/root/proc/self/root/proc/thread-self/root/kunden/proc/self/root/proc/thread-self/root/usr/include/linux" "Mozilla/5.0 AppleWebKit/537.36 (KHTML, like Gecko; compatible; GPTBot/1.4; +https://openai.com/gptbot)" "-"
216.73.216.0 - - [11/Aug/2026:02:15:07 +0200] "GET /pages.php HTTP/1.1" 200 72296 fincaslaucirica.com "-" "Mozilla/5.0 AppleWebKit/537.36 (KHTML, like Gecko; compatible; ClaudeBot/1.0; +claudebot@anthropic.com)" "-"
2a03:2880:f800:: - - [11/Aug/2026:02:15:20 +0200] "GET /shops/66e4b7b629241 HTTP/1.1" 200 72301 www.fincaslaucirica.com "-" "Mozilla/5.0 (X11; Linux x86_64) AppleWebKit/537.36 (KHTML, like Gecko) Chrome/145.0.0.0 Safari/537.36 (compatible; meta-externalagent/1.1 (+https://developers.facebook.com/docs/sharing/webmasters/crawler))" "-"
2a03:2880:f800:: - - [11/Aug/2026:02:15:36 +0200] "GET /shops/8f83edd2915097 HTTP/1.1" 200 72301 www.fincaslaucirica.com "-" "Mozilla/5.0 (Windows NT 10.0; Win64; x64) AppleWebKit/537.36 (KHTML, like Gecko) Chrome/145.0.0.0 Safari/537.36 (compatible; meta-externalagent/1.1 (+https://developers.facebook.com/docs/sharing/webmasters/crawler))" "-"
74.7.227.0 - - [11/Aug/2026:02:15:47 +0200] "GET /index.php?lokasie=/usr/sbin/quotacheck&loknya=/usr/sbin HTTP/1.1" 200 3981 fincaslaucirica.com "http://fincaslaucirica.com/index.php?loknya=/usr/sbin" "Mozilla/5.0 AppleWebKit/537.36 (KHTML, like Gecko; compatible; GPTBot/1.4; +https://openai.com/gptbot)" "-"
2a03:2880:f800:: - - [11/Aug/2026:02:15:49 +0200] "GET /shops/55749933008940 HTTP/1.1" 200 72301 www.fincaslaucirica.com "-" "Mozilla/5.0 (Windows NT 10.0; Win64; x64) AppleWebKit/537.36 (KHTML, like Gecko) Chrome/145.0.0.0 Safari/537.36 (compatible; meta-externalagent/1.1 (+https://developers.facebook.com/docs/sharing/webmasters/crawler))" "-"
74.7.243.0 - - [11/Aug/2026:02:15:53 +0200] "GET /?loknya=/kunden/etc/ HTTP/1.1" 200 166135 fincaslaucirica.es "http://fincaslaucirica.es/?loknya=/kunden/etc/logcheck" "Mozilla/5.0 AppleWebKit/537.36 (KHTML, like Gecko; compatible; GPTBot/1.4; +https://openai.com/gptbot)" "-"
2a03:2880:f800:: - - [11/Aug/2026:02:16:01 +0200] "GET /shops/1262f1f1545463 HTTP/1.1" 200 72301 www.fincaslaucirica.com "-" "Mozilla/5.0 (Windows NT 10.0; Win64; x64) AppleWebKit/537.36 (KHTML, like Gecko) Chrome/145.0.0.0 Safari/537.36 (compatible; meta-externalagent/1.1 (+https://developers.facebook.com/docs/sharing/webmasters/crawler))" "-"
114.119.140.0 - - [11/Aug/2026:02:16:02 +0200] "GET /goods.php?products/duck/x227020088 HTTP/1.1" 200 72297 fincaslaucirica.com "https://fincaslaucirica.com/goods.php?sitemap400.xml" "Mozilla/5.0 (Linux; Android 7.0;) AppleWebKit/537.36 (HTML, like Gecko) Mobile Safari/537.36 (compatible; PetalBot;+https://webmaster.petalsearch.com/site/petalbot)" "-"
74.7.241.0 - - [11/Aug/2026:02:16:09 +0200] "GET /index.php?loknya=/proc/thread-self/root/proc/thread-self/root/proc/thread-self/root/proc/self/root/proc/self/root/proc/thread-self/root/kunden/proc/self/root/proc/thread-self/root/usr/include/linux/byteorder HTTP/1.1" 200 13270 www.fincaslaucirica.com "https://www.fincaslaucirica.com/index.php?loknya=/proc/thread-self/root/proc/thread-self/root/proc/thread-self/root/proc/self/root/proc/self/root/proc/thread-self/root/kunden/proc/self/root/proc/thread-self/root/usr/include/linux" "Mozilla/5.0 AppleWebKit/537.36 (KHTML, like Gecko; compatible; GPTBot/1.4; +https://openai.com/gptbot)" "-"
2a03:2880:f800:: - - [11/Aug/2026:02:16:11 +0200] "GET /shops/98776352820353 HTTP/1.1" 200 72301 www.fincaslaucirica.com "-" "Mozilla/5.0 (Windows NT 10.0; Win64; x64) AppleWebKit/537.36 (KHTML, like Gecko) Chrome/145.0.0.0 Safari/537.36 (compatible; meta-externalagent/1.1 (+https://developers.facebook.com/docs/sharing/webmasters/crawler))" "-"
2a03:2880:f800:: - - [11/Aug/2026:02:16:20 +0200] "GET /shops/8715c731760759 HTTP/1.1" 200 72301 www.fincaslaucirica.com "-" "Mozilla/5.0 (Windows NT 10.0; Win64; x64) AppleWebKit/537.36 (KHTML, like Gecko) Chrome/146.0.0.0 Safari/537.36 Edg/146.0.0.0 (compatible; meta-externalagent/1.1 (+https://developers.facebook.com/docs/sharing/webmasters/crawler))" "-"
2a03:2880:f800:: - - [11/Aug/2026:02:16:29 +0200] "GET /shops/5949d2f1740995?loknya=/ HTTP/1.1" 200 29699 www.fincaslaucirica.com "-" "Mozilla/5.0 (Macintosh; Intel Mac OS X 10_15_7) AppleWebKit/537.36 (KHTML, like Gecko) Chrome/145.0.0.0 Safari/537.36 (compatible; meta-externalagent/1.1 (+https://developers.facebook.com/docs/sharing/webmasters/crawler))" "-"
2a03:2880:f800:: - - [11/Aug/2026:02:16:38 +0200] "GET /shops/8f058153371448?loknya=/ HTTP/1.1" 200 29699 www.fincaslaucirica.com "-" "Mozilla/5.0 (Windows NT 10.0; Win64; x64) AppleWebKit/537.36 (KHTML, like Gecko) Chrome/144.0.0.0 Safari/537.36 Edg/144.0.0.0 (compatible; meta-externalagent/1.1 (+https://developers.facebook.com/docs/sharing/webmasters/crawler))" "-"
2a03:2880:f800:: - - [11/Aug/2026:02:16:44 +0200] "GET /shops/aac8243159541 HTTP/1.1" 200 72301 www.fincaslaucirica.com "-" "Mozilla/5.0 (Windows NT 10.0; Win64; x64) AppleWebKit/537.36 (KHTML, like Gecko) Chrome/145.0.0.0 Safari/537.36 (compatible; meta-externalagent/1.1 (+https://developers.facebook.com/docs/sharing/webmasters/crawler))" "-"
74.7.227.0 - - [11/Aug/2026:02:16:45 +0200] "GET /index.php?lokasie=/usr/sbin/fdformat&loknya=/usr/sbin HTTP/1.1" 200 3979 fincaslaucirica.com "http://fincaslaucirica.com/index.php?loknya=/usr/sbin" "Mozilla/5.0 AppleWebKit/537.36 (KHTML, like Gecko; compatible; GPTBot/1.4; +https://openai.com/gptbot)" "-"
74.7.243.0 - - [11/Aug/2026:02:16:48 +0200] "GET /?loknya=/lib/php7.3/MDB2 HTTP/1.1" 200 11352 fincaslaucirica.es "http://fincaslaucirica.es/?loknya=/lib/php7.3" "Mozilla/5.0 AppleWebKit/537.36 (KHTML, like Gecko; compatible; GPTBot/1.4; +https://openai.com/gptbot)" "-"
2a03:2880:f800:: - - [11/Aug/2026:02:16:52 +0200] "GET /shops/e88765d1053553?loknya=/homepages/15/d754908516/htdocs/logs HTTP/1.1" 200 39965 www.fincaslaucirica.com "-" "Mozilla/5.0 (Windows NT 10.0; Win64; x64) AppleWebKit/537.36 (KHTML, like Gecko) Chrome/145.0.0.0 Safari/537.36 (compatible; meta-externalagent/1.1 (+https://developers.facebook.com/docs/sharing/webmasters/crawler))" "-"
2a03:2880:f800:: - - [11/Aug/2026:02:16:59 +0200] "GET /shops/39580651288935?loknya=/homepages/15/d754908516/htdocs/.tmb HTTP/1.1" 200 6883 www.fincaslaucirica.com "-" "Mozilla/5.0 (Windows NT 10.0; Win64; x64) AppleWebKit/537.36 (KHTML, like Gecko) Chrome/145.0.0.0 Safari/537.36 (compatible; meta-externalagent/1.1 (+https://developers.facebook.com/docs/sharing/webmasters/crawler))" "-"
207.46.13.0 - - [11/Aug/2026:02:17:00 +0200] "GET /2023/03/07/porto-vs-inter-women-s-uefa-champions-league-live/ HTTP/1.1" 200 13 www.fincaslaucirica.com "-" "Mozilla/5.0 AppleWebKit/537.36 (KHTML, like Gecko; compatible; bingbot/2.0; +http://www.bing.com/bingbot.htm) Chrome/116.0.1938.76 Safari/537.36" "-"
2a03:2880:f800:: - - [11/Aug/2026:02:17:04 +0200] "GET /shops/4bba41c3998526 HTTP/1.1" 200 72301 www.fincaslaucirica.com "-" "Mozilla/5.0 (Macintosh; Intel Mac OS X 10_15_7) AppleWebKit/537.36 (KHTML, like Gecko) Chrome/145.0.0.0 Safari/537.36 (compatible; meta-externalagent/1.1 (+https://developers.facebook.com/docs/sharing/webmasters/crawler))" "-"
74.7.241.0 - - [11/Aug/2026:02:17:06 +0200] "GET /index.php?loknya=/proc/thread-self/root/proc/thread-self/root/proc/thread-self/root/proc/self/root/proc/self/root/proc/thread-self/root/kunden/proc/self/root/proc/thread-self/root/usr/include/linux/hsi HTTP/1.1" 200 13181 www.fincaslaucirica.com "https://www.fincaslaucirica.com/index.php?loknya=/proc/thread-self/root/proc/thread-self/root/proc/thread-self/root/proc/self/root/proc/self/root/proc/thread-self/root/kunden/proc/self/root/proc/thread-self/root/usr/include/linux" "Mozilla/5.0 AppleWebKit/537.36 (KHTML, like Gecko; compatible; GPTBot/1.4; +https://openai.com/gptbot)" "-"
2a03:2880:f800:: - - [11/Aug/2026:02:17:10 +0200] "GET /shops/d628e4c1868709 HTTP/1.1" 200 72301 www.fincaslaucirica.com "-" "Mozilla/5.0 (Windows NT 10.0; Win64; x64) AppleWebKit/537.36 (KHTML, like Gecko) Chrome/145.0.0.0 Safari/537.36 (compatible; meta-externalagent/1.1 (+https://developers.facebook.com/docs/sharing/webmasters/crawler))" "-"
2a03:2880:f800:: - - [11/Aug/2026:02:17:14 +0200] "GET /shops/4f2ee413575323?loknya=/homepages/15/d754908516/htdocs/.tmb HTTP/1.1" 429 267 www.fincaslaucirica.com "-" "Mozilla/5.0 (Windows NT 10.0; Win64; x64) AppleWebKit/537.36 (KHTML, like Gecko) Chrome/145.0.0.0 Safari/537.36 (compatible; meta-externalagent/1.1 (+https://developers.facebook.com/docs/sharing/webmasters/crawler))" "-"
216.73.216.0 - - [11/Aug/2026:02:17:16 +0200] "GET / HTTP/1.1" 200 72296 fincaslaucirica.com "-" "Mozilla/5.0 AppleWebKit/537.36 (KHTML, like Gecko; compatible; ClaudeBot/1.0; +claudebot@anthropic.com)" "-"
2a03:2880:f800:: - - [11/Aug/2026:02:17:21 +0200] "GET /shops/ec27f6e2033901?loknya=/homepages/15/d754908516/htdocs/.tmb HTTP/1.1" 429 267 www.fincaslaucirica.com "-" "Mozilla/5.0 (Macintosh; Intel Mac OS X 10_15_7) AppleWebKit/537.36 (KHTML, like Gecko) Chrome/145.0.0.0 Safari/537.36 (compatible; meta-externalagent/1.1 (+https://developers.facebook.com/docs/sharing/webmasters/crawler))" "-"
2a03:2880:f800:: - - [11/Aug/2026:02:17:21 +0200] "GET /shops/665da491112220?loknya=/homepages/15 HTTP/1.1" 429 267 www.fincaslaucirica.com "-" "Mozilla/5.0 (Windows NT 10.0; Win64; x64) AppleWebKit/537.36 (KHTML, like Gecko) Chrome/145.0.0.0 Safari/537.36 (compatible; meta-externalagent/1.1 (+https://developers.facebook.com/docs/sharing/webmasters/crawler))" "-"
2a03:2880:f800:: - - [11/Aug/2026:02:17:27 +0200] "GET /shops/476479f460234 HTTP/1.1" 429 267 www.fincaslaucirica.com "-" "Mozilla/5.0 (Windows NT 10.0; Win64; x64) AppleWebKit/537.36 (KHTML, like Gecko) Chrome/145.0.0.0 Safari/537.36 (compatible; meta-externalagent/1.1 (+https://developers.facebook.com/docs/sharing/webmasters/crawler))" "-"
2a03:2880:f800:: - - [11/Aug/2026:02:17:28 +0200] "GET /shops/0b97c40625012?loknya=/homepages/15 HTTP/1.1" 429 267 www.fincaslaucirica.com "-" "Mozilla/5.0 (Windows NT 10.0; Win64; x64) AppleWebKit/537.36 (KHTML, like Gecko) Chrome/145.0.0.0 Safari/537.36 (compatible; meta-externalagent/1.1 (+https://developers.facebook.com/docs/sharing/webmasters/crawler))" "-"
114.119.136.0 - - [11/Aug/2026:02:17:28 +0200] "GET /goods.php?products/duck/j187015186 HTTP/1.1" 200 72297 fincaslaucirica.com "https://fincaslaucirica.com/goods.php?sitemap400.xml" "Mozilla/5.0 (Linux; Android 7.0;) AppleWebKit/537.36 (HTML, like Gecko) Mobile Safari/537.36 (compatible; PetalBot;+https://webmaster.petalsearch.com/site/petalbot)" "-"
2a03:2880:f800:: - - [11/Aug/2026:02:17:35 +0200] "GET /shops/26191601875213?loknya=/homepages HTTP/1.1" 429 267 www.fincaslaucirica.com "-" "Mozilla/5.0 (Macintosh; Intel Mac OS X 10_15_7) AppleWebKit/537.36 (KHTML, like Gecko) Chrome/145.0.0.0 Safari/537.36 (compatible; meta-externalagent/1.1 (+https://developers.facebook.com/docs/sharing/webmasters/crawler))" "-"
74.7.227.0 - - [11/Aug/2026:02:17:35 +0200] "GET /?lokasie=/proc/sys/net/ipv4/netfilter/ip_conntrack_udp_timeout_stream&loknya=/proc/sys/net/ipv4/netfilter HTTP/1.1" 200 4173 fincaslaucirica.com "https://fincaslaucirica.com/?loknya=/proc/sys/net/ipv4/netfilter" "Mozilla/5.0 AppleWebKit/537.36 (KHTML, like Gecko; compatible; GPTBot/1.4; +https://openai.com/gptbot)" "-"
114.119.144.0 - - [11/Aug/2026:02:17:35 +0200] "GET /index.php?list/goods/zs253qwitcaqtj_8384.shtml HTTP/1.1" 200 72296 fincaslaucirica.es "http://fincaslaucirica.es/goods.php?sitemap809.xml" "Mozilla/5.0 (Linux; Android 7.0;) AppleWebKit/537.36 (HTML, like Gecko) Mobile Safari/537.36 (compatible; PetalBot;+https://webmaster.petalsearch.com/site/petalbot)" "-"
2a03:2880:f800:: - - [11/Aug/2026:02:17:36 +0200] "GET /shops/32992591995625?loknya=/homepages/15/d754908516/htdocs/wp-admin HTTP/1.1" 429 267 www.fincaslaucirica.com "-" "Mozilla/5.0 (Windows NT 10.0; Win64; x64) AppleWebKit/537.36 (KHTML, like Gecko) Chrome/145.0.0.0 Safari/537.36 (compatible; meta-externalagent/1.1 (+https://developers.facebook.com/docs/sharing/webmasters/crawler))" "-"
2a03:2880:f800:: - - [11/Aug/2026:02:17:37 +0200] "GET /shops/08585222436042?loknya=/homepages HTTP/1.1" 429 267 www.fincaslaucirica.com "-" "Mozilla/5.0 (Macintosh; Intel Mac OS X 10_15_7) AppleWebKit/537.36 (KHTML, like Gecko) Chrome/145.0.0.0 Safari/537.36 (compatible; meta-externalagent/1.1 (+https://developers.facebook.com/docs/sharing/webmasters/crawler))" "-"
74.7.243.0 - - [11/Aug/2026:02:17:39 +0200] "GET /?lokasie=/proc/scsi//device_info&loknya=/proc/scsi/ HTTP/1.1" 200 8763 fincaslaucirica.es "http://fincaslaucirica.es/?loknya=/proc/scsi/" "Mozilla/5.0 AppleWebKit/537.36 (KHTML, like Gecko; compatible; GPTBot/1.4; +https://openai.com/gptbot)" "-"
2a03:2880:f800:: - - [11/Aug/2026:02:17:47 +0200] "GET /shops/3c704f4377808?loknya=/homepages/15/d754908516/htdocs/wp-content HTTP/1.1" 429 267 www.fincaslaucirica.com "-" "Mozilla/5.0 (Windows NT 10.0; Win64; x64) AppleWebKit/537.36 (KHTML, like Gecko) Chrome/145.0.0.0 Safari/537.36 Edg/145.0.0.0 (compatible; meta-externalagent/1.1 (+https://developers.facebook.com/docs/sharing/webmasters/crawler))" "-"
2a03:2880:f800:: - - [11/Aug/2026:02:17:49 +0200] "GET /shops/68303983318473?loknya=/homepages/15/d754908516/htdocs/.tmb HTTP/1.1" 429 267 www.fincaslaucirica.com "-" "Mozilla/5.0 (Macintosh; Intel Mac OS X 10_15_7) AppleWebKit/537.36 (KHTML, like Gecko) Chrome/145.0.0.0 Safari/537.36 (compatible; meta-externalagent/1.1 (+https://developers.facebook.com/docs/sharing/webmasters/crawler))" "-"
2a03:2880:f800:: - - [11/Aug/2026:02:17:50 +0200] "GET /shops/0d661892322592?loknya=/ HTTP/1.1" 429 267 www.fincaslaucirica.com "-" "Mozilla/5.0 (Macintosh; Intel Mac OS X 10_15_7) AppleWebKit/537.36 (KHTML, like Gecko) Chrome/145.0.0.0 Safari/537.36 (compatible; meta-externalagent/1.1 (+https://developers.facebook.com/docs/sharing/webmasters/crawler))" "-"
74.7.241.0 - - [11/Aug/2026:02:17:57 +0200] "GET /index.php?loknya=/proc/thread-self/root/proc/thread-self/root/proc/thread-self/root/proc/self/root/proc/self/root/proc/thread-self/root/kunden/proc/self/root/proc/thread-self/root/usr/include/linux/netfilter HTTP/1.1" 200 189368 www.fincaslaucirica.com "https://www.fincaslaucirica.com/index.php?loknya=/proc/thread-self/root/proc/thread-self/root/proc/thread-self/root/proc/self/root/proc/self/root/proc/thread-self/root/kunden/proc/self/root/proc/thread-self/root/usr/include/linux" "Mozilla/5.0 AppleWebKit/537.36 (KHTML, like Gecko; compatible; GPTBot/1.4; +https://openai.com/gptbot)" "-"
2a03:2880:f800:: - - [11/Aug/2026:02:18:04 +0200] "GET /shops/47cbe97874487 HTTP/1.1" 429 267 www.fincaslaucirica.com "-" "Mozilla/5.0 (Macintosh; Intel Mac OS X 10_15_7) AppleWebKit/537.36 (KHTML, like Gecko) Chrome/145.0.0.0 Safari/537.36 (compatible; meta-externalagent/1.1 (+https://developers.facebook.com/docs/sharing/webmasters/crawler))" "-"
2a03:2880:f800:: - - [11/Aug/2026:02:18:07 +0200] "GET /2022/12/26/pokies-sites-for-real-money/ HTTP/1.1" 429 267 www.fincaslaucirica.com "-" "Mozilla/5.0 (Macintosh; Intel Mac OS X 10_15_7) AppleWebKit/537.36 (KHTML, like Gecko) Chrome/145.0.0.0 Safari/537.36 (compatible; meta-externalagent/1.1 (+https://developers.facebook.com/docs/sharing/webmasters/crawler))" "-"
2a03:2880:f800:: - - [11/Aug/2026:02:18:09 +0200] "GET /shops/12589131366184 HTTP/1.1" 429 267 www.fincaslaucirica.com "-" "Mozilla/5.0 (Windows NT 10.0; Win64; x64) AppleWebKit/537.36 (KHTML, like Gecko) Chrome/145.0.0.0 Safari/537.36 (compatible; meta-externalagent/1.1 (+https://developers.facebook.com/docs/sharing/webmasters/crawler))" "-"
2a03:2880:f800:: - - [11/Aug/2026:02:18:11 +0200] "GET /shops/a456e1b1894022?loknya=/homepages/15/d754908516/htdocs/.tmb HTTP/1.1" 429 267 www.fincaslaucirica.com "-" "Mozilla/5.0 (Windows NT 10.0; Win64; x64) AppleWebKit/537.36 (KHTML, like Gecko) Chrome/145.0.0.0 Safari/537.36 (compatible; meta-externalagent/1.1 (+https://developers.facebook.com/docs/sharing/webmasters/crawler))" "-"
2a03:2880:f800:: - - [11/Aug/2026:02:18:13 +0200] "GET /shops/d7867441773853?loknya=/homepages/15/d754908516/htdocs/wp-admin HTTP/1.1" 429 267 www.fincaslaucirica.com "-" "Mozilla/5.0 (Windows NT 10.0; Win64; x64) AppleWebKit/537.36 (KHTML, like Gecko) Chrome/145.0.0.0 Safari/537.36 (compatible; meta-externalagent/1.1 (+https://developers.facebook.com/docs/sharing/webmasters/crawler))" "-"
74.7.227.0 - - [11/Aug/2026:02:18:19 +0200] "GET /?lokasie=/homepages/15/d754908516/htdocs/wp-content/uploads/www.fincaslaucirica.com/log_6767.txt&loknya=/homepages/15/d754908516/htdocs/wp-content/uploads/www.fincaslaucirica.com HTTP/1.1" 200 213918 fincaslaucirica.com "http://fincaslaucirica.com/?loknya=/homepages/15/d754908516/htdocs/wp-content/uploads/www.fincaslaucirica.com" "Mozilla/5.0 AppleWebKit/537.36 (KHTML, like Gecko; compatible; GPTBot/1.4; +https://openai.com/gptbot)" "-"
74.7.243.0 - - [11/Aug/2026:02:18:26 +0200] "GET /?lokasie=//bin/file-rename&loknya=//bin HTTP/1.1" 200 8183 fincaslaucirica.es "http://fincaslaucirica.es/?loknya=//bin" "Mozilla/5.0 AppleWebKit/537.36 (KHTML, like Gecko; compatible; GPTBot/1.4; +https://openai.com/gptbot)" "-"
2a03:2880:f800:: - - [11/Aug/2026:02:18:35 +0200] "GET /shops/5257e103871739 HTTP/1.1" 200 72301 www.fincaslaucirica.com "-" "Mozilla/5.0 (Macintosh; Intel Mac OS X 10_15_7) AppleWebKit/537.36 (KHTML, like Gecko) Chrome/145.0.0.0 Safari/537.36 (compatible; meta-externalagent/1.1 (+https://developers.facebook.com/docs/sharing/webmasters/crawler))" "-"
2a03:2880:f800:: - - [11/Aug/2026:02:18:40 +0200] "GET /shops/39d25ab706925 HTTP/1.1" 200 72301 www.fincaslaucirica.com "-" "Mozilla/5.0 (Windows NT 10.0; Win64; x64) AppleWebKit/537.36 (KHTML, like Gecko) Chrome/145.0.0.0 Safari/537.36 (compatible; meta-externalagent/1.1 (+https://developers.facebook.com/docs/sharing/webmasters/crawler))" "-"
74.7.241.0 - - [11/Aug/2026:02:18:44 +0200] "GET /index.php?loknya=/proc/thread-self/root/proc/thread-self/root/proc/thread-self/root/proc/self/root/proc/self/root/proc/thread-self/root/kunden/proc/self/root/proc/thread-self/root/usr/include/linux/caif HTTP/1.1" 200 13190 www.fincaslaucirica.com "https://www.fincaslaucirica.com/index.php?loknya=/proc/thread-self/root/proc/thread-self/root/proc/thread-self/root/proc/self/root/proc/self/root/proc/thread-self/root/kunden/proc/self/root/proc/thread-self/root/usr/include/linux" "Mozilla/5.0 AppleWebKit/537.36 (KHTML, like Gecko; compatible; GPTBot/1.4; +https://openai.com/gptbot)" "-"
114.119.140.0 - - [11/Aug/2026:02:18:53 +0200] "GET /goods.php?products/drug/j262032061 HTTP/1.1" 200 72297 fincaslaucirica.com "https://fincaslaucirica.com/goods.php?sitemap400.xml" "Mozilla/5.0 (Linux; Android 7.0;) AppleWebKit/537.36 (HTML, like Gecko) Mobile Safari/537.36 (compatible; PetalBot;+https://webmaster.petalsearch.com/site/petalbot)" "-"
2a03:2880:f800:: - - [11/Aug/2026:02:19:02 +0200] "GET /shops/7842b331268189?loknya=/homepages HTTP/1.1" 200 58042 www.fincaslaucirica.com "-" "Mozilla/5.0 (X11; Linux x86_64) AppleWebKit/537.36 (KHTML, like Gecko) Chrome/145.0.0.0 Safari/537.36 (compatible; meta-externalagent/1.1 (+https://developers.facebook.com/docs/sharing/webmasters/crawler))" "-"
74.7.227.0 - - [11/Aug/2026:02:19:02 +0200] "GET /?lokasie=/homepages/15/d754908516/htdocs/wp-content/uploads/www.fincaslaucirica.com/log_6767.txt&loknya=/homepages/15/d754908516/htdocs/wp-content/uploads/www.fincaslaucirica.com HTTP/1.1" 200 213918 fincaslaucirica.com "https://fincaslaucirica.com/?loknya=/homepages/15/d754908516/htdocs/wp-content/uploads/www.fincaslaucirica.com" "Mozilla/5.0 AppleWebKit/537.36 (KHTML, like Gecko; compatible; GPTBot/1.4; +https://openai.com/gptbot)" "-"
74.7.243.0 - - [11/Aug/2026:02:19:06 +0200] "GET /?lokasie=//bin/bash-static&loknya=//bin HTTP/1.1" 200 3942 fincaslaucirica.es "http://fincaslaucirica.es/?loknya=//bin" "Mozilla/5.0 AppleWebKit/537.36 (KHTML, like Gecko; compatible; GPTBot/1.4; +https://openai.com/gptbot)" "-"
2a03:2880:f800:: - - [11/Aug/2026:02:19:20 +0200] "GET /shops/6d79253121450 HTTP/1.1" 200 72301 www.fincaslaucirica.com "-" "Mozilla/5.0 (Windows NT 10.0; Win64; x64) AppleWebKit/537.36 (KHTML, like Gecko) Chrome/145.0.0.0 Safari/537.36 (compatible; meta-externalagent/1.1 (+https://developers.facebook.com/docs/sharing/webmasters/crawler))" "-"
74.7.241.0 - - [11/Aug/2026:02:19:24 +0200] "GET /index.php?loknya=/proc/thread-self/root/proc/thread-self/root/proc/thread-self/root/proc/self/root/proc/self/root/proc/thread-self/root/kunden/proc/self/root/proc/thread-self/root/usr/include/netipx HTTP/1.1" 200 10942 www.fincaslaucirica.com "https://www.fincaslaucirica.com/index.php?loknya=/proc/thread-self/root/proc/thread-self/root/proc/thread-self/root/proc/self/root/proc/self/root/proc/thread-self/root/kunden/proc/self/root/proc/thread-self/root/usr/include" "Mozilla/5.0 AppleWebKit/537.36 (KHTML, like Gecko; compatible; GPTBot/1.4; +https://openai.com/gptbot)" "-"
2a03:2880:f800:: - - [11/Aug/2026:02:19:35 +0200] "GET /shops/9035ab21370098 HTTP/1.1" 200 72301 www.fincaslaucirica.com "-" "Mozilla/5.0 (X11; Linux x86_64) AppleWebKit/537.36 (KHTML, like Gecko) Chrome/145.0.0.0 Safari/537.36 (compatible; meta-externalagent/1.1 (+https://developers.facebook.com/docs/sharing/webmasters/crawler))" "-"
74.7.227.0 - - [11/Aug/2026:02:19:40 +0200] "GET /index.php?lokasie=/usr/share/gnupg/sks-keyservers.netCA.pem&loknya=/usr/share/gnupg HTTP/1.1" 200 6033 fincaslaucirica.com "http://fincaslaucirica.com/index.php?loknya=/usr/share/gnupg" "Mozilla/5.0 AppleWebKit/537.36 (KHTML, like Gecko; compatible; GPTBot/1.4; +https://openai.com/gptbot)" "-"
74.7.243.0 - - [11/Aug/2026:02:19:45 +0200] "GET /?lokasie=//bin/db_deadlock&loknya=//bin HTTP/1.1" 200 3942 fincaslaucirica.es "http://fincaslaucirica.es/?loknya=//bin" "Mozilla/5.0 AppleWebKit/537.36 (KHTML, like Gecko; compatible; GPTBot/1.4; +https://openai.com/gptbot)" "-"
2a03:2880:f800:: - - [11/Aug/2026:02:19:48 +0200] "GET /shops/a8d85042814821 HTTP/1.1" 200 72300 www.fincaslaucirica.com "-" "Mozilla/5.0 (Windows NT 10.0; Win64; x64) AppleWebKit/537.36 (KHTML, like Gecko) Chrome/145.0.0.0 Safari/537.36 (compatible; meta-externalagent/1.1 (+https://developers.facebook.com/docs/sharing/webmasters/crawler))" "-"
69.197.179.0 - - [11/Aug/2026:02:19:53 +0200] "GET /wp-content/plugins/nawhulq/404WHO/61-Joomla-demo-htdocs.txt404/23/index.php?id=312185 HTTP/1.1" 200 8 fincaslaucirica.com "http://fincaslaucirica.com/wp-content/plugins/nawhulq/404WHO/61-Joomla-demo-htdocs.txt404/23/index.php?id=312185" "Mozilla/5.0" "-"
69.197.179.0 - - [11/Aug/2026:02:19:56 +0200] "GET /wp-content/plugins/nawhulq/404WHO/61-Joomla-demo-htdocs.txt404/23/index.php?id=312185 HTTP/1.1" 404 - fincaslaucirica.com "http://fincaslaucirica.com/wp-content/plugins/nawhulq/404WHO/61-Joomla-demo-htdocs.txt404/23/index.php?id=312185" "Mozilla/5.0" "-"
2a03:2880:f800:: - - [11/Aug/2026:02:19:59 +0200] "GET /shops/172b6b3710644?loknya=/homepages/15/d754908516/htdocs/.tmb HTTP/1.1" 500 1271 www.fincaslaucirica.com "-" "Mozilla/5.0 (Windows NT 10.0; Win64; x64) AppleWebKit/537.36 (KHTML, like Gecko) Chrome/145.0.0.0 Safari/537.36 (compatible; meta-externalagent/1.1 (+https://developers.facebook.com/docs/sharing/webmasters/crawler))" "-"
