216.73.216.0 - - [11/Aug/2026:02:57:06 +0200] "GET /goods.php?lokasie=%2Fhomepages%2F15%2Fd764511227%2F.created&loknya=%2Fhomepages%2F15%2Fd764511227 HTTP/1.1" 429 267 fincaslaucirica.es "-" "Mozilla/5.0 AppleWebKit/537.36 (KHTML, like Gecko; compatible; ClaudeBot/1.0; +claudebot@anthropic.com)" "-"
216.73.216.0 - - [11/Aug/2026:02:57:06 +0200] "GET /goods.php?lokasie=%2Fhomepages%2F15%2Fd758980737%2F.htaccess&loknya=%2Fhomepages%2F15%2Fd758980737 HTTP/1.1" 429 267 fincaslaucirica.es "-" "Mozilla/5.0 AppleWebKit/537.36 (KHTML, like Gecko; compatible; ClaudeBot/1.0; +claudebot@anthropic.com)" "-"
216.73.216.0 - - [11/Aug/2026:02:57:07 +0200] "GET /goods.php?lokasie=%2Fhomepages%2F15%2Fd763429663%2Fhtaccesslist&loknya=%2Fhomepages%2F15%2Fd763429663 HTTP/1.1" 429 267 fincaslaucirica.es "-" "Mozilla/5.0 AppleWebKit/537.36 (KHTML, like Gecko; compatible; ClaudeBot/1.0; +claudebot@anthropic.com)" "-"
216.73.216.0 - - [11/Aug/2026:02:57:07 +0200] "GET /goods.php?lokasie=%2Fhomepages%2F15%2Fd761179162%2F.created&loknya=%2Fhomepages%2F15%2Fd761179162 HTTP/1.1" 429 267 fincaslaucirica.es "-" "Mozilla/5.0 AppleWebKit/537.36 (KHTML, like Gecko; compatible; ClaudeBot/1.0; +claudebot@anthropic.com)" "-"
216.73.216.0 - - [11/Aug/2026:02:57:07 +0200] "GET /goods.php?lokasie=%2Fhomepages%2F15%2Fd762995994%2Flast_traffic&loknya=%2Fhomepages%2F15%2Fd762995994 HTTP/1.1" 429 267 fincaslaucirica.es "-" "Mozilla/5.0 AppleWebKit/537.36 (KHTML, like Gecko; compatible; ClaudeBot/1.0; +claudebot@anthropic.com)" "-"
216.73.216.0 - - [11/Aug/2026:02:57:07 +0200] "GET /goods.php?lokasie=%2Fhomepages%2F15%2Fd756874479%2Fhtaccesslist&loknya=%2Fhomepages%2F15%2Fd756874479 HTTP/1.1" 429 267 fincaslaucirica.es "-" "Mozilla/5.0 AppleWebKit/537.36 (KHTML, like Gecko; compatible; ClaudeBot/1.0; +claudebot@anthropic.com)" "-"
216.73.216.0 - - [11/Aug/2026:02:57:07 +0200] "GET /goods.php?lokasie=%2Fhomepages%2F15%2Fd763429663%2Fdistributor.lock&loknya=%2Fhomepages%2F15%2Fd763429663 HTTP/1.1" 429 267 fincaslaucirica.es "-" "Mozilla/5.0 AppleWebKit/537.36 (KHTML, like Gecko; compatible; ClaudeBot/1.0; +claudebot@anthropic.com)" "-"
216.73.216.0 - - [11/Aug/2026:02:57:07 +0200] "GET /goods.php?lokasie=%2Fhomepages%2F15%2Fd760300403%2Fhtaccesslist&loknya=%2Fhomepages%2F15%2Fd760300403 HTTP/1.1" 429 267 fincaslaucirica.es "-" "Mozilla/5.0 AppleWebKit/537.36 (KHTML, like Gecko; compatible; ClaudeBot/1.0; +claudebot@anthropic.com)" "-"
216.73.216.0 - - [11/Aug/2026:02:57:07 +0200] "GET /goods.php?lokasie=%2Fhomepages%2F15%2Fd763429663%2F.created&loknya=%2Fhomepages%2F15%2Fd763429663 HTTP/1.1" 429 267 fincaslaucirica.es "-" "Mozilla/5.0 AppleWebKit/537.36 (KHTML, like Gecko; compatible; ClaudeBot/1.0; +claudebot@anthropic.com)" "-"
216.73.216.0 - - [11/Aug/2026:02:57:07 +0200] "GET /goods.php?lokasie=%2Fhomepages%2F15%2Fd756186258%2FDASTOOLSTART&loknya=%2Fhomepages%2F15%2Fd756186258 HTTP/1.1" 429 267 fincaslaucirica.es "-" "Mozilla/5.0 AppleWebKit/537.36 (KHTML, like Gecko; compatible; ClaudeBot/1.0; +claudebot@anthropic.com)" "-"
216.73.216.0 - - [11/Aug/2026:02:57:07 +0200] "GET /goods.php?lokasie=%2Fhomepages%2F15%2Fd763429663%2F.htaccess&loknya=%2Fhomepages%2F15%2Fd763429663 HTTP/1.1" 429 267 fincaslaucirica.es "-" "Mozilla/5.0 AppleWebKit/537.36 (KHTML, like Gecko; compatible; ClaudeBot/1.0; +claudebot@anthropic.com)" "-"
216.73.216.0 - - [11/Aug/2026:02:57:07 +0200] "GET /goods.php?lokasie=%2Fhomepages%2F15%2Fd763659305%2FDASTOOLSTART&loknya=%2Fhomepages%2F15%2Fd763659305 HTTP/1.1" 429 267 fincaslaucirica.es "-" "Mozilla/5.0 AppleWebKit/537.36 (KHTML, like Gecko; compatible; ClaudeBot/1.0; +claudebot@anthropic.com)" "-"
216.73.216.0 - - [11/Aug/2026:02:57:07 +0200] "GET /goods.php?lokasie=%2Fhomepages%2F15%2Fd759867956%2FDASTOOLSTART&loknya=%2Fhomepages%2F15%2Fd759867956 HTTP/1.1" 429 267 fincaslaucirica.es "-" "Mozilla/5.0 AppleWebKit/537.36 (KHTML, like Gecko; compatible; ClaudeBot/1.0; +claudebot@anthropic.com)" "-"
216.73.216.0 - - [11/Aug/2026:02:57:08 +0200] "GET /goods.php?lokasie=%2Fhomepages%2F15%2Fd759512589%2FDASTOOLSTART&loknya=%2Fhomepages%2F15%2Fd759512589 HTTP/1.1" 429 267 fincaslaucirica.es "-" "Mozilla/5.0 AppleWebKit/537.36 (KHTML, like Gecko; compatible; ClaudeBot/1.0; +claudebot@anthropic.com)" "-"
216.73.216.0 - - [11/Aug/2026:02:57:08 +0200] "GET /goods.php?lokasie=%2Fhomepages%2F15%2Fd765164104%2FDASTOOLSTART&loknya=%2Fhomepages%2F15%2Fd765164104 HTTP/1.1" 429 267 fincaslaucirica.es "-" "Mozilla/5.0 AppleWebKit/537.36 (KHTML, like Gecko; compatible; ClaudeBot/1.0; +claudebot@anthropic.com)" "-"
216.73.216.0 - - [11/Aug/2026:02:57:08 +0200] "GET /goods.php?lokasie=%2Fhomepages%2F15%2Fd760300403%2Fdistributor.lock&loknya=%2Fhomepages%2F15%2Fd760300403 HTTP/1.1" 429 267 fincaslaucirica.es "-" "Mozilla/5.0 AppleWebKit/537.36 (KHTML, like Gecko; compatible; ClaudeBot/1.0; +claudebot@anthropic.com)" "-"
216.73.216.0 - - [11/Aug/2026:02:57:08 +0200] "GET /goods.php?lokasie=%2Fhomepages%2F15%2Fd756874479%2F.created&loknya=%2Fhomepages%2F15%2Fd756874479 HTTP/1.1" 429 267 fincaslaucirica.es "-" "Mozilla/5.0 AppleWebKit/537.36 (KHTML, like Gecko; compatible; ClaudeBot/1.0; +claudebot@anthropic.com)" "-"
216.73.216.0 - - [11/Aug/2026:02:57:08 +0200] "GET /goods.php?lokasie=%2Fhomepages%2F15%2Fd760300403%2F.created&loknya=%2Fhomepages%2F15%2Fd760300403 HTTP/1.1" 429 267 fincaslaucirica.es "-" "Mozilla/5.0 AppleWebKit/537.36 (KHTML, like Gecko; compatible; ClaudeBot/1.0; +claudebot@anthropic.com)" "-"
216.73.216.0 - - [11/Aug/2026:02:57:08 +0200] "GET /goods.php?lokasie=%2Fhomepages%2F15%2Fd759563960%2FDASTOOLSTART&loknya=%2Fhomepages%2F15%2Fd759563960 HTTP/1.1" 429 267 fincaslaucirica.es "-" "Mozilla/5.0 AppleWebKit/537.36 (KHTML, like Gecko; compatible; ClaudeBot/1.0; +claudebot@anthropic.com)" "-"
216.73.216.0 - - [11/Aug/2026:02:57:08 +0200] "GET /goods.php?lokasie=%2Fhomepages%2F15%2Fd756874479%2F.htaccess&loknya=%2Fhomepages%2F15%2Fd756874479 HTTP/1.1" 429 267 fincaslaucirica.es "-" "Mozilla/5.0 AppleWebKit/537.36 (KHTML, like Gecko; compatible; ClaudeBot/1.0; +claudebot@anthropic.com)" "-"
216.73.216.0 - - [11/Aug/2026:02:57:08 +0200] "GET /goods.php?lokasie=%2Fhomepages%2F15%2Fd754382915%2FDASTOOLSTART&loknya=%2Fhomepages%2F15%2Fd754382915 HTTP/1.1" 429 267 fincaslaucirica.es "-" "Mozilla/5.0 AppleWebKit/537.36 (KHTML, like Gecko; compatible; ClaudeBot/1.0; +claudebot@anthropic.com)" "-"
216.73.216.0 - - [11/Aug/2026:02:57:08 +0200] "GET /goods.php?lokasie=%2Fhomepages%2F15%2Fd761939857%2FDASTOOLSTART&loknya=%2Fhomepages%2F15%2Fd761939857 HTTP/1.1" 429 267 fincaslaucirica.es "-" "Mozilla/5.0 AppleWebKit/537.36 (KHTML, like Gecko; compatible; ClaudeBot/1.0; +claudebot@anthropic.com)" "-"
216.73.216.0 - - [11/Aug/2026:02:57:08 +0200] "GET /goods.php?lokasie=%2Fhomepages%2F15%2Fd754931969%2FDASTOOLSTART&loknya=%2Fhomepages%2F15%2Fd754931969 HTTP/1.1" 429 267 fincaslaucirica.es "-" "Mozilla/5.0 AppleWebKit/537.36 (KHTML, like Gecko; compatible; ClaudeBot/1.0; +claudebot@anthropic.com)" "-"
216.73.216.0 - - [11/Aug/2026:02:57:08 +0200] "GET /goods.php?lokasie=%2Fhomepages%2F15%2Fd758961796%2FDASTOOLSTART&loknya=%2Fhomepages%2F15%2Fd758961796 HTTP/1.1" 429 267 fincaslaucirica.es "-" "Mozilla/5.0 AppleWebKit/537.36 (KHTML, like Gecko; compatible; ClaudeBot/1.0; +claudebot@anthropic.com)" "-"
216.73.216.0 - - [11/Aug/2026:02:57:09 +0200] "GET /goods.php?lokasie=%2Fhomepages%2F15%2Fd762882912%2FDASTOOLSTART&loknya=%2Fhomepages%2F15%2Fd762882912 HTTP/1.1" 429 267 fincaslaucirica.es "-" "Mozilla/5.0 AppleWebKit/537.36 (KHTML, like Gecko; compatible; ClaudeBot/1.0; +claudebot@anthropic.com)" "-"
216.73.216.0 - - [11/Aug/2026:02:57:09 +0200] "GET /goods.php?lokasie=%2Fhomepages%2F15%2Fd765189672%2FDASTOOLSTART&loknya=%2Fhomepages%2F15%2Fd765189672 HTTP/1.1" 429 267 fincaslaucirica.es "-" "Mozilla/5.0 AppleWebKit/537.36 (KHTML, like Gecko; compatible; ClaudeBot/1.0; +claudebot@anthropic.com)" "-"
216.73.216.0 - - [11/Aug/2026:02:57:09 +0200] "GET /goods.php?lokasie=%2Fhomepages%2F15%2Fd762995994%2Fhtpasswd&loknya=%2Fhomepages%2F15%2Fd762995994 HTTP/1.1" 429 267 fincaslaucirica.es "-" "Mozilla/5.0 AppleWebKit/537.36 (KHTML, like Gecko; compatible; ClaudeBot/1.0; +claudebot@anthropic.com)" "-"
216.73.216.0 - - [11/Aug/2026:02:57:09 +0200] "GET /goods.php?lokasie=%2Fhomepages%2F15%2Fd761539981%2FDASTOOLSTART&loknya=%2Fhomepages%2F15%2Fd761539981 HTTP/1.1" 429 267 fincaslaucirica.es "-" "Mozilla/5.0 AppleWebKit/537.36 (KHTML, like Gecko; compatible; ClaudeBot/1.0; +claudebot@anthropic.com)" "-"
216.73.216.0 - - [11/Aug/2026:02:57:09 +0200] "GET /goods.php?lokasie=%2Fhomepages%2F15%2Fd759984093%2FDASTOOLSTART&loknya=%2Fhomepages%2F15%2Fd759984093 HTTP/1.1" 429 267 fincaslaucirica.es "-" "Mozilla/5.0 AppleWebKit/537.36 (KHTML, like Gecko; compatible; ClaudeBot/1.0; +claudebot@anthropic.com)" "-"
216.73.216.0 - - [11/Aug/2026:02:57:09 +0200] "GET /goods.php?lokasie=%2Fhomepages%2F15%2Fd755617041%2FDASTOOLSTART&loknya=%2Fhomepages%2F15%2Fd755617041 HTTP/1.1" 429 267 fincaslaucirica.es "-" "Mozilla/5.0 AppleWebKit/537.36 (KHTML, like Gecko; compatible; ClaudeBot/1.0; +claudebot@anthropic.com)" "-"
216.73.216.0 - - [11/Aug/2026:02:57:09 +0200] "GET /goods.php?lokasie=%2Fhomepages%2F15%2Fd764605791%2FDASTOOLSTART&loknya=%2Fhomepages%2F15%2Fd764605791 HTTP/1.1" 429 267 fincaslaucirica.es "-" "Mozilla/5.0 AppleWebKit/537.36 (KHTML, like Gecko; compatible; ClaudeBot/1.0; +claudebot@anthropic.com)" "-"
216.73.216.0 - - [11/Aug/2026:02:57:09 +0200] "GET /goods.php?lokasie=%2Fhomepages%2F15%2Fd757782519%2FDASTOOLSTART&loknya=%2Fhomepages%2F15%2Fd757782519 HTTP/1.1" 429 267 fincaslaucirica.es "-" "Mozilla/5.0 AppleWebKit/537.36 (KHTML, like Gecko; compatible; ClaudeBot/1.0; +claudebot@anthropic.com)" "-"
216.73.216.0 - - [11/Aug/2026:02:57:09 +0200] "GET /goods.php?lokasie=%2Fhomepages%2F15%2Fd764787681%2FDASTOOLSTART&loknya=%2Fhomepages%2F15%2Fd764787681 HTTP/1.1" 429 267 fincaslaucirica.es "-" "Mozilla/5.0 AppleWebKit/537.36 (KHTML, like Gecko; compatible; ClaudeBot/1.0; +claudebot@anthropic.com)" "-"
216.73.216.0 - - [11/Aug/2026:02:57:09 +0200] "GET /goods.php?lokasie=%2Fhomepages%2F15%2Fd764955706%2FDASTOOLSTART&loknya=%2Fhomepages%2F15%2Fd764955706 HTTP/1.1" 429 267 fincaslaucirica.es "-" "Mozilla/5.0 AppleWebKit/537.36 (KHTML, like Gecko; compatible; ClaudeBot/1.0; +claudebot@anthropic.com)" "-"
216.73.216.0 - - [11/Aug/2026:02:57:09 +0200] "GET /goods.php?lokasie=%2Fhomepages%2F15%2Fd759896391%2FDASTOOLSTART&loknya=%2Fhomepages%2F15%2Fd759896391 HTTP/1.1" 429 267 fincaslaucirica.es "-" "Mozilla/5.0 AppleWebKit/537.36 (KHTML, like Gecko; compatible; ClaudeBot/1.0; +claudebot@anthropic.com)" "-"
216.73.216.0 - - [11/Aug/2026:02:57:10 +0200] "GET /goods.php?lokasie=%2Fhomepages%2F15%2Fd758980737%2FDASTOOLSTART&loknya=%2Fhomepages%2F15%2Fd758980737 HTTP/1.1" 429 267 fincaslaucirica.es "-" "Mozilla/5.0 AppleWebKit/537.36 (KHTML, like Gecko; compatible; ClaudeBot/1.0; +claudebot@anthropic.com)" "-"
216.73.216.0 - - [11/Aug/2026:02:57:10 +0200] "GET /goods.php?lokasie=%2Fhomepages%2F15%2Fd762995994%2Fhtaccesslist&loknya=%2Fhomepages%2F15%2Fd762995994 HTTP/1.1" 429 267 fincaslaucirica.es "-" "Mozilla/5.0 AppleWebKit/537.36 (KHTML, like Gecko; compatible; ClaudeBot/1.0; +claudebot@anthropic.com)" "-"
216.73.216.0 - - [11/Aug/2026:02:57:10 +0200] "GET /goods.php?lokasie=%2Fhomepages%2F15%2Fd764511227%2FDASTOOLSTART&loknya=%2Fhomepages%2F15%2Fd764511227 HTTP/1.1" 429 267 fincaslaucirica.es "-" "Mozilla/5.0 AppleWebKit/537.36 (KHTML, like Gecko; compatible; ClaudeBot/1.0; +claudebot@anthropic.com)" "-"
216.73.216.0 - - [11/Aug/2026:02:57:10 +0200] "GET /goods.php?lokasie=%2Fhomepages%2F15%2Fd761179162%2FDASTOOLSTART&loknya=%2Fhomepages%2F15%2Fd761179162 HTTP/1.1" 429 267 fincaslaucirica.es "-" "Mozilla/5.0 AppleWebKit/537.36 (KHTML, like Gecko; compatible; ClaudeBot/1.0; +claudebot@anthropic.com)" "-"
216.73.216.0 - - [11/Aug/2026:02:57:10 +0200] "GET /goods.php?lokasie=%2Fhomepages%2F15%2Fd762995994%2Fmetadata.json&loknya=%2Fhomepages%2F15%2Fd762995994 HTTP/1.1" 429 267 fincaslaucirica.es "-" "Mozilla/5.0 AppleWebKit/537.36 (KHTML, like Gecko; compatible; ClaudeBot/1.0; +claudebot@anthropic.com)" "-"
2a03:2880:f800:: - - [11/Aug/2026:02:57:11 +0200] "GET /shops/48df273826944 HTTP/1.1" 200 72301 www.fincaslaucirica.com "-" "Mozilla/5.0 (Windows NT 10.0; Win64; x64) AppleWebKit/537.36 (KHTML, like Gecko) Chrome/145.0.0.0 Safari/537.36 (compatible; meta-externalagent/1.1 (+https://developers.facebook.com/docs/sharing/webmasters/crawler))" "-"
2a03:2880:f800:: - - [11/Aug/2026:02:57:17 +0200] "GET /shops/8e10ce22909321 HTTP/1.1" 200 72300 www.fincaslaucirica.com "-" "Mozilla/5.0 (Macintosh; Intel Mac OS X 10_15_7) AppleWebKit/537.36 (KHTML, like Gecko) Chrome/145.0.0.0 Safari/537.36 (compatible; meta-externalagent/1.1 (+https://developers.facebook.com/docs/sharing/webmasters/crawler))" "-"
2a03:2880:f800:: - - [11/Aug/2026:02:57:21 +0200] "GET /shops/47137d53835171 HTTP/1.1" 429 267 www.fincaslaucirica.com "-" "Mozilla/5.0 (Windows NT 10.0; Win64; x64) AppleWebKit/537.36 (KHTML, like Gecko) Chrome/145.0.0.0 Safari/537.36 (compatible; meta-externalagent/1.1 (+https://developers.facebook.com/docs/sharing/webmasters/crawler))" "-"
74.7.227.0 - - [11/Aug/2026:02:57:23 +0200] "GET /index.php?lokasie=/etc/timezone&loknya=/etc HTTP/1.1" 200 3951 fincaslaucirica.com "https://fincaslaucirica.com/index.php?loknya=/etc" "Mozilla/5.0 AppleWebKit/537.36 (KHTML, like Gecko; compatible; GPTBot/1.4; +https://openai.com/gptbot)" "-"
2a03:2880:f800:: - - [11/Aug/2026:02:57:26 +0200] "GET /shops/385fe531109721?loknya=/homepages HTTP/1.1" 429 267 www.fincaslaucirica.com "-" "Mozilla/5.0 (X11; Linux x86_64) AppleWebKit/537.36 (KHTML, like Gecko) Chrome/145.0.0.0 Safari/537.36 (compatible; meta-externalagent/1.1 (+https://developers.facebook.com/docs/sharing/webmasters/crawler))" "-"
2a03:2880:f800:: - - [11/Aug/2026:02:57:26 +0200] "GET /shops/3d476a03979345?loknya=/homepages/15/d754908516/htdocs/wp-admin HTTP/1.1" 429 267 www.fincaslaucirica.com "-" "Mozilla/5.0 (Windows NT 10.0; Win64; x64) AppleWebKit/537.36 (KHTML, like Gecko) Chrome/145.0.0.0 Safari/537.36 (compatible; meta-externalagent/1.1 (+https://developers.facebook.com/docs/sharing/webmasters/crawler))" "-"
114.119.157.0 - - [11/Aug/2026:02:57:30 +0200] "GET /goods.php?products/domain/k094045137 HTTP/1.1" 200 72297 fincaslaucirica.com "https://fincaslaucirica.com/goods.php?sitemap400.xml" "Mozilla/5.0 (Linux; Android 7.0;) AppleWebKit/537.36 (HTML, like Gecko) Mobile Safari/537.36 (compatible; PetalBot;+https://webmaster.petalsearch.com/site/petalbot)" "-"
2a03:2880:f800:: - - [11/Aug/2026:02:57:31 +0200] "GET /shops/1311a162292064 HTTP/1.1" 429 267 www.fincaslaucirica.com "-" "Mozilla/5.0 (Windows NT 10.0; Win64; x64) AppleWebKit/537.36 (KHTML, like Gecko) Chrome/145.0.0.0 Safari/537.36 Edg/145.0.0.0 (compatible; meta-externalagent/1.1 (+https://developers.facebook.com/docs/sharing/webmasters/crawler))" "-"
2a03:2880:f800:: - - [11/Aug/2026:02:57:32 +0200] "GET /shops/a23d5e21357476?loknya=/homepages/15/d754908516/htdocs/wp-admin HTTP/1.1" 429 267 www.fincaslaucirica.com "-" "Mozilla/5.0 (Windows NT 10.0; Win64; x64) AppleWebKit/537.36 (KHTML, like Gecko) Chrome/145.0.0.0 Safari/537.36 (compatible; meta-externalagent/1.1 (+https://developers.facebook.com/docs/sharing/webmasters/crawler))" "-"
74.7.241.0 - - [11/Aug/2026:02:57:32 +0200] "GET /index.php?loknya=/proc/thread-self/root/proc/thread-self/root/proc/thread-self/root/proc/self/root/proc/self/root/proc/thread-self/root/kunden/proc/self/root/proc/thread-self/cwd/ HTTP/1.1" 200 100132 www.fincaslaucirica.com "https://www.fincaslaucirica.com/index.php?loknya=/proc/thread-self/root/proc/thread-self/root/proc/thread-self/root/proc/self/root/proc/self/root/proc/thread-self/root/kunden/proc/self/root/proc/thread-self/cwd/logs" "Mozilla/5.0 AppleWebKit/537.36 (KHTML, like Gecko; compatible; GPTBot/1.4; +https://openai.com/gptbot)" "-"
2a03:2880:f800:: - - [11/Aug/2026:02:57:39 +0200] "GET /shops/f314be6598542?loknya=/ HTTP/1.1" 429 267 www.fincaslaucirica.com "-" "Mozilla/5.0 (Macintosh; Intel Mac OS X 10_15_7) AppleWebKit/537.36 (KHTML, like Gecko) Chrome/145.0.0.0 Safari/537.36 (compatible; meta-externalagent/1.1 (+https://developers.facebook.com/docs/sharing/webmasters/crawler))" "-"
2a03:2880:f800:: - - [11/Aug/2026:02:57:40 +0200] "GET /shops/0bca52b4060502?loknya=/homepages/15/d754908516/htdocs/.tmb HTTP/1.1" 429 267 www.fincaslaucirica.com "-" "Mozilla/5.0 (Windows NT 10.0; Win64; x64) AppleWebKit/537.36 (KHTML, like Gecko) Chrome/145.0.0.0 Safari/537.36 (compatible; meta-externalagent/1.1 (+https://developers.facebook.com/docs/sharing/webmasters/crawler))" "-"
114.119.135.0 - - [11/Aug/2026:02:57:40 +0200] "GET /index.php?sitemap860.xml HTTP/1.1" 200 563347 fincaslaucirica.es "http://fincaslaucirica.es/?sitemapindex.xml" "Mozilla/5.0 (Linux; Android 7.0;) AppleWebKit/537.36 (HTML, like Gecko) Mobile Safari/537.36 (compatible; PetalBot;+https://webmaster.petalsearch.com/site/petalbot)" "-"
74.7.243.0 - - [11/Aug/2026:02:57:44 +0200] "GET /?lokasie=/lib/aspell/british-ise-wo_accents.alias&loknya=/lib/aspell HTTP/1.1" 200 4105 fincaslaucirica.es "http://fincaslaucirica.es/?loknya=/lib/aspell" "Mozilla/5.0 AppleWebKit/537.36 (KHTML, like Gecko; compatible; GPTBot/1.4; +https://openai.com/gptbot)" "-"
2a03:2880:f800:: - - [11/Aug/2026:02:57:48 +0200] "GET /shops/048bd453177771?loknya=/homepages HTTP/1.1" 429 267 www.fincaslaucirica.com "-" "Mozilla/5.0 (Macintosh; Intel Mac OS X 10_15_7) AppleWebKit/537.36 (KHTML, like Gecko) Chrome/145.0.0.0 Safari/537.36 (compatible; meta-externalagent/1.1 (+https://developers.facebook.com/docs/sharing/webmasters/crawler))" "-"
2a03:2880:f800:: - - [11/Aug/2026:02:57:50 +0200] "GET /shops/66489281279860?loknya=/homepages/15/d754908516/htdocs/.tmb HTTP/1.1" 429 267 www.fincaslaucirica.com "-" "Mozilla/5.0 (Windows NT 10.0; Win64; x64) AppleWebKit/537.36 (KHTML, like Gecko) Chrome/145.0.0.0 Safari/537.36 (compatible; meta-externalagent/1.1 (+https://developers.facebook.com/docs/sharing/webmasters/crawler))" "-"
2a03:2880:f800:: - - [11/Aug/2026:02:57:59 +0200] "GET /shops/1c223262850817 HTTP/1.1" 429 267 www.fincaslaucirica.com "-" "Mozilla/5.0 (Macintosh; Intel Mac OS X 10_15_7) AppleWebKit/537.36 (KHTML, like Gecko) Chrome/145.0.0.0 Safari/537.36 (compatible; meta-externalagent/1.1 (+https://developers.facebook.com/docs/sharing/webmasters/crawler))" "-"
216.73.216.0 - - [11/Aug/2026:02:57:59 +0200] "GET /pages.php?lokasie=%2Fhomepages%2F5%2Fd761314089%2Fhtpasswd&loknya=%2Fhomepages%2F5%2Fd761314089 HTTP/1.1" 200 4064 fincaslaucirica.com "-" "Mozilla/5.0 AppleWebKit/537.36 (KHTML, like Gecko; compatible; ClaudeBot/1.0; +claudebot@anthropic.com)" "-"
216.73.216.0 - - [11/Aug/2026:02:57:59 +0200] "GET /pages.php?lokasie=%2Fhomepages%2F5%2Fd756489351%2Fhtaccesslist&loknya=%2Fhomepages%2F5%2Fd756489351 HTTP/1.1" 200 4068 fincaslaucirica.com "-" "Mozilla/5.0 AppleWebKit/537.36 (KHTML, like Gecko; compatible; ClaudeBot/1.0; +claudebot@anthropic.com)" "-"
216.73.216.0 - - [11/Aug/2026:02:58:00 +0200] "GET /pages.php?lokasie=%2Fhomepages%2F8%2Fd758567929%2Fhtaccesslist&loknya=%2Fhomepages%2F8%2Fd758567929 HTTP/1.1" 200 4068 fincaslaucirica.com "-" "Mozilla/5.0 AppleWebKit/537.36 (KHTML, like Gecko; compatible; ClaudeBot/1.0; +claudebot@anthropic.com)" "-"
2a10:4a00:800:: - - [11/Aug/2026:02:58:00 +0200] "GET /index.php?lokasie=%2Fhomepages%2F42%2Fd765612088%2Fphpinilist&loknya=%2Fhomepages%2F42%2Fd765612088 HTTP/1.1" 200 4094 www.fincaslaucirica.com "https://www.fincaslaucirica.com" "Mozilla/5.0 (Windows NT 10.0; Win64; x64) AppleWebKit/537.36 (KHTML, like Gecko) Chrome/145.0.0.0 Safari/537.36" "-"
2a10:4a00:bb00:: - - [11/Aug/2026:02:58:01 +0200] "GET /index.php?loknya=%2Fproc%2Firq%2F119%2Fi40e-eth0-TxRx-6 HTTP/1.1" 200 5244 www.fincaslaucirica.com "https://www.fincaslaucirica.com" "Mozilla/5.0 (Windows NT 10.0; Win64; x64) AppleWebKit/537.36 (KHTML, like Gecko) Chrome/144.0.0.0 Safari/537.36 Edg/144.0.0.0" "-"
2a03:2880:f800:: - - [11/Aug/2026:02:58:01 +0200] "GET /shops/58518802364001 HTTP/1.1" 429 267 www.fincaslaucirica.com "-" "Mozilla/5.0 (X11; Linux x86_64) AppleWebKit/537.36 (KHTML, like Gecko) Chrome/145.0.0.0 Safari/537.36 (compatible; meta-externalagent/1.1 (+https://developers.facebook.com/docs/sharing/webmasters/crawler))" "-"
2a03:2880:f800:: - - [11/Aug/2026:02:58:03 +0200] "GET /shops/0387d7b654596 HTTP/1.1" 429 267 www.fincaslaucirica.com "-" "Mozilla/5.0 (Macintosh; Intel Mac OS X 10_15_7) AppleWebKit/537.36 (KHTML, like Gecko) Chrome/145.0.0.0 Safari/537.36 (compatible; meta-externalagent/1.1 (+https://developers.facebook.com/docs/sharing/webmasters/crawler))" "-"
216.73.216.0 - - [11/Aug/2026:02:58:06 +0200] "GET /pages.php?lokasie=%2Fhomepages%2F5%2Fd756532967%2Fhtpasswd&loknya=%2Fhomepages%2F5%2Fd756532967 HTTP/1.1" 200 4064 fincaslaucirica.com "-" "Mozilla/5.0 AppleWebKit/537.36 (KHTML, like Gecko; compatible; ClaudeBot/1.0; +claudebot@anthropic.com)" "-"
216.73.216.0 - - [11/Aug/2026:02:58:07 +0200] "GET /pages.php?lokasie=%2Fhomepages%2F8%2Fd761265400%2Fhtpasswd&loknya=%2Fhomepages%2F8%2Fd761265400 HTTP/1.1" 200 4064 fincaslaucirica.com "-" "Mozilla/5.0 AppleWebKit/537.36 (KHTML, like Gecko; compatible; ClaudeBot/1.0; +claudebot@anthropic.com)" "-"
216.73.216.0 - - [11/Aug/2026:02:58:07 +0200] "GET /pages.php?lokasie=%2Fhomepages%2F41%2Fd763017452%2Fhtpasswd&loknya=%2Fhomepages%2F41%2Fd763017452 HTTP/1.1" 200 4068 fincaslaucirica.com "-" "Mozilla/5.0 AppleWebKit/537.36 (KHTML, like Gecko; compatible; ClaudeBot/1.0; +claudebot@anthropic.com)" "-"
74.7.241.0 - - [11/Aug/2026:02:58:14 +0200] "GET /index.php?loknya=/proc/thread-self/root/proc/thread-self/root/proc/thread-self/root/proc/self/root/proc/self/root/proc/thread-self/root/kunden/proc/self/root/proc/thread-self/root/usr/include/tirpc/ HTTP/1.1" 200 14005 www.fincaslaucirica.com "https://www.fincaslaucirica.com/index.php?loknya=/proc/thread-self/root/proc/thread-self/root/proc/thread-self/root/proc/self/root/proc/self/root/proc/thread-self/root/kunden/proc/self/root/proc/thread-self/root/usr/include/tirpc/rpcsvc" "Mozilla/5.0 AppleWebKit/537.36 (KHTML, like Gecko; compatible; GPTBot/1.4; +https://openai.com/gptbot)" "-"
2a03:2880:f800:: - - [11/Aug/2026:02:58:15 +0200] "GET /2023/03/07/trekking-champions-league-voetbalkwalificaties/ HTTP/1.1" 429 267 www.fincaslaucirica.com "-" "Mozilla/5.0 (X11; Linux x86_64) AppleWebKit/537.36 (KHTML, like Gecko) Chrome/145.0.0.0 Safari/537.36 (compatible; meta-externalagent/1.1 (+https://developers.facebook.com/docs/sharing/webmasters/crawler))" "-"
2a03:2880:f800:: - - [11/Aug/2026:02:58:18 +0200] "GET /shops/91857043900275?loknya=/homepages/15/d754908516/htdocs/.tmb HTTP/1.1" 429 267 www.fincaslaucirica.com "-" "Mozilla/5.0 (Windows NT 10.0; Win64; x64) AppleWebKit/537.36 (KHTML, like Gecko) Chrome/145.0.0.0 Safari/537.36 (compatible; meta-externalagent/1.1 (+https://developers.facebook.com/docs/sharing/webmasters/crawler))" "-"
2a03:2880:f800:: - - [11/Aug/2026:02:58:20 +0200] "GET /shops/046372c1602305?loknya=/homepages/15/d754908516/htdocs/.tmb HTTP/1.1" 429 267 www.fincaslaucirica.com "-" "Mozilla/5.0 (Macintosh; Intel Mac OS X 10_15_7) AppleWebKit/537.36 (KHTML, like Gecko) Chrome/145.0.0.0 Safari/537.36 (compatible; meta-externalagent/1.1 (+https://developers.facebook.com/docs/sharing/webmasters/crawler))" "-"
216.73.216.0 - - [11/Aug/2026:02:58:20 +0200] "GET /pages.php?lokasie=%2Fhomepages%2F5%2Fd756489351%2Fhtpasswd&loknya=%2Fhomepages%2F5%2Fd756489351 HTTP/1.1" 200 4064 fincaslaucirica.com "-" "Mozilla/5.0 AppleWebKit/537.36 (KHTML, like Gecko; compatible; ClaudeBot/1.0; +claudebot@anthropic.com)" "-"
216.73.216.0 - - [11/Aug/2026:02:58:21 +0200] "GET /pages.php?lokasie=%2Fhomepages%2F8%2Fd758567929%2Fhtpasswd&loknya=%2Fhomepages%2F8%2Fd758567929 HTTP/1.1" 200 4064 fincaslaucirica.com "-" "Mozilla/5.0 AppleWebKit/537.36 (KHTML, like Gecko; compatible; ClaudeBot/1.0; +claudebot@anthropic.com)" "-"
216.73.216.0 - - [11/Aug/2026:02:58:21 +0200] "GET /pages.php?lokasie=%2Fhomepages%2F8%2Fd759814980%2Fhtpasswd&loknya=%2Fhomepages%2F8%2Fd759814980 HTTP/1.1" 200 4064 fincaslaucirica.com "-" "Mozilla/5.0 AppleWebKit/537.36 (KHTML, like Gecko; compatible; ClaudeBot/1.0; +claudebot@anthropic.com)" "-"
2a03:2880:f800:: - - [11/Aug/2026:02:58:22 +0200] "GET /shops/484f8372303063 HTTP/1.1" 200 72301 www.fincaslaucirica.com "-" "Mozilla/5.0 (Windows NT 10.0; Win64; x64) AppleWebKit/537.36 (KHTML, like Gecko) Chrome/144.0.0.0 Safari/537.36 Edg/144.0.0.0 (compatible; meta-externalagent/1.1 (+https://developers.facebook.com/docs/sharing/webmasters/crawler))" "-"
2a03:2880:f800:: - - [11/Aug/2026:02:58:24 +0200] "GET /shops/26843c43871596?loknya=/homepages/15/d754908516/htdocs/wp-admin HTTP/1.1" 200 150135 www.fincaslaucirica.com "-" "Mozilla/5.0 (Macintosh; Intel Mac OS X 10_15_7) AppleWebKit/537.36 (KHTML, like Gecko) Chrome/145.0.0.0 Safari/537.36 (compatible; meta-externalagent/1.1 (+https://developers.facebook.com/docs/sharing/webmasters/crawler))" "-"
216.73.216.0 - - [11/Aug/2026:02:58:25 +0200] "GET /pages.php?lokasie=%2Fhomepages%2F8%2Fd758567929%2Flast_traffic&loknya=%2Fhomepages%2F8%2Fd758567929 HTTP/1.1" 200 4068 fincaslaucirica.com "-" "Mozilla/5.0 AppleWebKit/537.36 (KHTML, like Gecko; compatible; ClaudeBot/1.0; +claudebot@anthropic.com)" "-"
216.73.216.0 - - [11/Aug/2026:02:58:26 +0200] "GET /pages.php?lokasie=%2Fhomepages%2F8%2Fd761265400%2Flast_traffic&loknya=%2Fhomepages%2F8%2Fd761265400 HTTP/1.1" 200 4068 fincaslaucirica.com "-" "Mozilla/5.0 AppleWebKit/537.36 (KHTML, like Gecko; compatible; ClaudeBot/1.0; +claudebot@anthropic.com)" "-"
216.73.216.0 - - [11/Aug/2026:02:58:26 +0200] "GET /pages.php?lokasie=%2Fhomepages%2F5%2Fd761314089%2Flast_traffic&loknya=%2Fhomepages%2F5%2Fd761314089 HTTP/1.1" 200 4068 fincaslaucirica.com "-" "Mozilla/5.0 AppleWebKit/537.36 (KHTML, like Gecko; compatible; ClaudeBot/1.0; +claudebot@anthropic.com)" "-"
47.79.13.0 - - [11/Aug/2026:02:58:27 +0200] "GET /index.php?loknya=/homepages/14/d764670838/ HTTP/1.1" 429 267 www.fincaslaucirica.com "https://www.fincaslaucirica.com/" "Mozilla/5.0 (Windows NT 10.0; Win64; x64) AppleWebKit/537.36 (KHTML, like Gecko) Chrome/135.0.0.0 Safari/537.36" "-"
74.7.227.0 - - [11/Aug/2026:02:58:28 +0200] "GET /index.php?lokasie=/etc/shells&loknya=/etc HTTP/1.1" 200 4007 fincaslaucirica.com "https://fincaslaucirica.com/index.php?loknya=/etc" "Mozilla/5.0 AppleWebKit/537.36 (KHTML, like Gecko; compatible; GPTBot/1.4; +https://openai.com/gptbot)" "-"
216.73.216.0 - - [11/Aug/2026:02:58:35 +0200] "GET /pages.php?loknya=%2Fhomepages%2F41%2Fd761977154%2Fmanaged HTTP/1.1" 200 5258 fincaslaucirica.com "-" "Mozilla/5.0 AppleWebKit/537.36 (KHTML, like Gecko; compatible; ClaudeBot/1.0; +claudebot@anthropic.com)" "-"
216.73.216.0 - - [11/Aug/2026:02:58:36 +0200] "GET /pages.php?loknya=%2Fhomepages%2F32%2Fd758027735%2Fmanaged HTTP/1.1" 200 5258 fincaslaucirica.com "-" "Mozilla/5.0 AppleWebKit/537.36 (KHTML, like Gecko; compatible; ClaudeBot/1.0; +claudebot@anthropic.com)" "-"
216.73.216.0 - - [11/Aug/2026:02:58:36 +0200] "GET /pages.php?loknya=%2Fhomepages%2F32%2Fd762654697%2Fmanaged HTTP/1.1" 200 5258 fincaslaucirica.com "-" "Mozilla/5.0 AppleWebKit/537.36 (KHTML, like Gecko; compatible; ClaudeBot/1.0; +claudebot@anthropic.com)" "-"
216.73.216.0 - - [11/Aug/2026:02:58:36 +0200] "GET /pages.php?loknya=%2Fhomepages%2F5%2Fd759949162%2Fmanaged HTTP/1.1" 200 5251 fincaslaucirica.com "-" "Mozilla/5.0 AppleWebKit/537.36 (KHTML, like Gecko; compatible; ClaudeBot/1.0; +claudebot@anthropic.com)" "-"
216.73.216.0 - - [11/Aug/2026:02:58:37 +0200] "GET /pages.php?loknya=%2Fhomepages%2F0%2Fd762767700%2Fmanaged HTTP/1.1" 200 5251 fincaslaucirica.com "-" "Mozilla/5.0 AppleWebKit/537.36 (KHTML, like Gecko; compatible; ClaudeBot/1.0; +claudebot@anthropic.com)" "-"
216.73.216.0 - - [11/Aug/2026:02:58:37 +0200] "GET /pages.php?loknya=%2Fhomepages%2F5%2Fd761765665%2Fmanaged HTTP/1.1" 200 5251 fincaslaucirica.com "-" "Mozilla/5.0 AppleWebKit/537.36 (KHTML, like Gecko; compatible; ClaudeBot/1.0; +claudebot@anthropic.com)" "-"
216.73.216.0 - - [11/Aug/2026:02:58:38 +0200] "GET /pages.php?loknya=%2Fhomepages%2F32%2Fd757598672%2Fmanaged HTTP/1.1" 200 5258 fincaslaucirica.com "-" "Mozilla/5.0 AppleWebKit/537.36 (KHTML, like Gecko; compatible; ClaudeBot/1.0; +claudebot@anthropic.com)" "-"
27.96.94.0 - - [11/Aug/2026:02:58:38 +0200] "GET /index.php?loknya=/homepages/14/d764670838/ HTTP/1.1" 200 14132 www.fincaslaucirica.com "https://www.fincaslaucirica.com/" "Mozilla/5.0 (Macintosh; Intel Mac OS X 10.15; rv:135.0) Gecko/20100101 Firefox/135.0" "-"
216.73.216.0 - - [11/Aug/2026:02:58:39 +0200] "GET /pages.php?loknya=%2Fhomepages%2F32%2Fd765095548%2Fmanaged HTTP/1.1" 200 5258 fincaslaucirica.com "-" "Mozilla/5.0 AppleWebKit/537.36 (KHTML, like Gecko; compatible; ClaudeBot/1.0; +claudebot@anthropic.com)" "-"
216.73.216.0 - - [11/Aug/2026:02:58:40 +0200] "GET /pages.php?loknya=%2Fhomepages%2F41%2Fd760850470%2F.config HTTP/1.1" 200 5258 fincaslaucirica.com "-" "Mozilla/5.0 AppleWebKit/537.36 (KHTML, like Gecko; compatible; ClaudeBot/1.0; +claudebot@anthropic.com)" "-"
216.73.216.0 - - [11/Aug/2026:02:58:41 +0200] "GET /pages.php?loknya=%2Fhomepages%2F8%2Fd760771195%2F.config HTTP/1.1" 200 5251 fincaslaucirica.com "-" "Mozilla/5.0 AppleWebKit/537.36 (KHTML, like Gecko; compatible; ClaudeBot/1.0; +claudebot@anthropic.com)" "-"
216.73.216.0 - - [11/Aug/2026:02:58:42 +0200] "GET /pages.php?loknya=%2Fhomepages%2F32%2Fd761621073%2Fmanaged HTTP/1.1" 200 5258 fincaslaucirica.com "-" "Mozilla/5.0 AppleWebKit/537.36 (KHTML, like Gecko; compatible; ClaudeBot/1.0; +claudebot@anthropic.com)" "-"
216.73.216.0 - - [11/Aug/2026:02:58:43 +0200] "GET /pages.php?loknya=%2Fhomepages%2F0%2Fd760985554%2F.config HTTP/1.1" 200 5251 fincaslaucirica.com "-" "Mozilla/5.0 AppleWebKit/537.36 (KHTML, like Gecko; compatible; ClaudeBot/1.0; +claudebot@anthropic.com)" "-"
216.73.216.0 - - [11/Aug/2026:02:58:44 +0200] "GET /pages.php?loknya=%2Fhomepages%2F32%2Fd763377933%2Fmanaged HTTP/1.1" 200 5258 fincaslaucirica.com "-" "Mozilla/5.0 AppleWebKit/537.36 (KHTML, like Gecko; compatible; ClaudeBot/1.0; +claudebot@anthropic.com)" "-"
216.73.216.0 - - [11/Aug/2026:02:58:45 +0200] "GET /pages.php?loknya=%2Fhomepages%2F5%2Fd764501629%2Fmanaged HTTP/1.1" 429 267 fincaslaucirica.com "-" "Mozilla/5.0 AppleWebKit/537.36 (KHTML, like Gecko; compatible; ClaudeBot/1.0; +claudebot@anthropic.com)" "-"
216.73.216.0 - - [11/Aug/2026:02:58:45 +0200] "GET /pages.php?loknya=%2Fhomepages%2F41%2Fd760590419%2F.config HTTP/1.1" 429 267 fincaslaucirica.com "-" "Mozilla/5.0 AppleWebKit/537.36 (KHTML, like Gecko; compatible; ClaudeBot/1.0; +claudebot@anthropic.com)" "-"
216.73.216.0 - - [11/Aug/2026:02:58:46 +0200] "GET /pages.php?loknya=%2Fhomepages%2F0%2Fd764306151%2Fmanaged HTTP/1.1" 429 267 fincaslaucirica.com "-" "Mozilla/5.0 AppleWebKit/537.36 (KHTML, like Gecko; compatible; ClaudeBot/1.0; +claudebot@anthropic.com)" "-"
2a03:2880:f800:: - - [11/Aug/2026:02:58:46 +0200] "GET /shops/60ac4704048181 HTTP/1.1" 200 72301 www.fincaslaucirica.com "-" "Mozilla/5.0 (Windows NT 10.0; Win64; x64) AppleWebKit/537.36 (KHTML, like Gecko) Chrome/145.0.0.0 Safari/537.36 (compatible; meta-externalagent/1.1 (+https://developers.facebook.com/docs/sharing/webmasters/crawler))" "-"
216.73.216.0 - - [11/Aug/2026:02:58:46 +0200] "GET /pages.php?loknya=%2Fhomepages%2F32%2Fd760774603%2F.config HTTP/1.1" 429 267 fincaslaucirica.com "-" "Mozilla/5.0 AppleWebKit/537.36 (KHTML, like Gecko; compatible; ClaudeBot/1.0; +claudebot@anthropic.com)" "-"
216.73.216.0 - - [11/Aug/2026:02:58:47 +0200] "GET /pages.php?loknya=%2Fhomepages%2F32%2Fd754623948%2Fmanaged HTTP/1.1" 429 267 fincaslaucirica.com "-" "Mozilla/5.0 AppleWebKit/537.36 (KHTML, like Gecko; compatible; ClaudeBot/1.0; +claudebot@anthropic.com)" "-"
216.73.216.0 - - [11/Aug/2026:02:58:48 +0200] "GET /pages.php?loknya=%2Fhomepages%2F32%2Fd754247243%2Fmanaged HTTP/1.1" 429 267 fincaslaucirica.com "-" "Mozilla/5.0 AppleWebKit/537.36 (KHTML, like Gecko; compatible; ClaudeBot/1.0; +claudebot@anthropic.com)" "-"
216.73.216.0 - - [11/Aug/2026:02:58:49 +0200] "GET /pages.php?loknya=%2Fhomepages%2F5%2Fd763532395%2Fmanaged HTTP/1.1" 429 267 fincaslaucirica.com "-" "Mozilla/5.0 AppleWebKit/537.36 (KHTML, like Gecko; compatible; ClaudeBot/1.0; +claudebot@anthropic.com)" "-"
216.73.216.0 - - [11/Aug/2026:02:58:49 +0200] "GET /pages.php?loknya=%2Fhomepages%2F32%2Fd760337033%2F.config HTTP/1.1" 429 267 fincaslaucirica.com "-" "Mozilla/5.0 AppleWebKit/537.36 (KHTML, like Gecko; compatible; ClaudeBot/1.0; +claudebot@anthropic.com)" "-"
74.7.241.0 - - [11/Aug/2026:02:58:49 +0200] "GET /index.php?loknya=/proc/thread-self/root/proc/thread-self/root/proc/thread-self/root/proc/self/root/proc/self/root/proc/thread-self/root/kunden/proc/self/root/proc/thread-self/cwd/logs/forensic HTTP/1.1" 200 50362 www.fincaslaucirica.com "https://www.fincaslaucirica.com/index.php?loknya=/proc/thread-self/root/proc/thread-self/root/proc/thread-self/root/proc/self/root/proc/self/root/proc/thread-self/root/kunden/proc/self/root/proc/thread-self/cwd/logs" "Mozilla/5.0 AppleWebKit/537.36 (KHTML, like Gecko; compatible; GPTBot/1.4; +https://openai.com/gptbot)" "-"
74.7.243.0 - - [11/Aug/2026:02:58:49 +0200] "GET /?lokasie=/lib/aspell/british-wo_accents.alias&loknya=/lib/aspell HTTP/1.1" 200 4097 fincaslaucirica.es "http://fincaslaucirica.es/?loknya=/lib/aspell" "Mozilla/5.0 AppleWebKit/537.36 (KHTML, like Gecko; compatible; GPTBot/1.4; +https://openai.com/gptbot)" "-"
216.73.216.0 - - [11/Aug/2026:02:58:50 +0200] "GET /pages.php?loknya=%2Fhomepages%2F41%2Fd760850470%2Fmanaged HTTP/1.1" 429 267 fincaslaucirica.com "-" "Mozilla/5.0 AppleWebKit/537.36 (KHTML, like Gecko; compatible; ClaudeBot/1.0; +claudebot@anthropic.com)" "-"
216.73.216.0 - - [11/Aug/2026:02:58:50 +0200] "GET /pages.php?loknya=%2Fhomepages%2F32%2F HTTP/1.1" 429 267 fincaslaucirica.com "-" "Mozilla/5.0 AppleWebKit/537.36 (KHTML, like Gecko; compatible; ClaudeBot/1.0; +claudebot@anthropic.com)" "-"
216.73.216.0 - - [11/Aug/2026:02:58:51 +0200] "GET /pages.php?loknya=%2Fhomepages%2F8%2Fd760771195%2Fmanaged HTTP/1.1" 429 267 fincaslaucirica.com "-" "Mozilla/5.0 AppleWebKit/537.36 (KHTML, like Gecko; compatible; ClaudeBot/1.0; +claudebot@anthropic.com)" "-"
216.73.216.0 - - [11/Aug/2026:02:58:51 +0200] "GET /pages.php?loknya=%2Fhomepages%2F0%2F HTTP/1.1" 429 267 fincaslaucirica.com "-" "Mozilla/5.0 AppleWebKit/537.36 (KHTML, like Gecko; compatible; ClaudeBot/1.0; +claudebot@anthropic.com)" "-"
216.73.216.0 - - [11/Aug/2026:02:58:52 +0200] "GET /pages.php?loknya=%2Fhomepages%2F0%2Fd760985554%2Fmanaged HTTP/1.1" 429 267 fincaslaucirica.com "-" "Mozilla/5.0 AppleWebKit/537.36 (KHTML, like Gecko; compatible; ClaudeBot/1.0; +claudebot@anthropic.com)" "-"
216.73.216.0 - - [11/Aug/2026:02:58:53 +0200] "GET /pages.php?loknya=%2Fhomepages%2F41%2Fd760590419%2Fmanaged HTTP/1.1" 429 267 fincaslaucirica.com "-" "Mozilla/5.0 AppleWebKit/537.36 (KHTML, like Gecko; compatible; ClaudeBot/1.0; +claudebot@anthropic.com)" "-"
216.73.216.0 - - [11/Aug/2026:02:58:53 +0200] "GET /pages.php?loknya=%2Fhomepages%2F32%2Fd760774603%2Fmanaged HTTP/1.1" 429 267 fincaslaucirica.com "-" "Mozilla/5.0 AppleWebKit/537.36 (KHTML, like Gecko; compatible; ClaudeBot/1.0; +claudebot@anthropic.com)" "-"
216.73.216.0 - - [11/Aug/2026:02:58:53 +0200] "GET /pages.php?loknya=%2Fhomepages%2F5%2Fd762254136%2Fhtdocs HTTP/1.1" 429 267 fincaslaucirica.com "-" "Mozilla/5.0 AppleWebKit/537.36 (KHTML, like Gecko; compatible; ClaudeBot/1.0; +claudebot@anthropic.com)" "-"
216.73.216.0 - - [11/Aug/2026:02:58:54 +0200] "GET /pages.php?loknya=%2Fhomepages%2F32%2Fd760337033%2Fmanaged HTTP/1.1" 429 267 fincaslaucirica.com "-" "Mozilla/5.0 AppleWebKit/537.36 (KHTML, like Gecko; compatible; ClaudeBot/1.0; +claudebot@anthropic.com)" "-"
216.73.216.0 - - [11/Aug/2026:02:58:54 +0200] "GET /pages.php?loknya=%2Fhomepages%2F0%2Fd764306151%2Fhtdocs HTTP/1.1" 429 267 fincaslaucirica.com "-" "Mozilla/5.0 AppleWebKit/537.36 (KHTML, like Gecko; compatible; ClaudeBot/1.0; +claudebot@anthropic.com)" "-"
114.119.151.0 - - [11/Aug/2026:02:58:55 +0200] "GET /goods.php?products/domain/b148011347 HTTP/1.1" 200 72296 fincaslaucirica.com "https://fincaslaucirica.com/goods.php?sitemap400.xml" "Mozilla/5.0 (Linux; Android 7.0;) AppleWebKit/537.36 (HTML, like Gecko) Mobile Safari/537.36 (compatible; PetalBot;+https://webmaster.petalsearch.com/site/petalbot)" "-"
216.73.216.0 - - [11/Aug/2026:02:58:56 +0200] "GET /pages.php?loknya=%2Fhomepages%2F32%2Fd757598672%2F.config HTTP/1.1" 429 267 fincaslaucirica.com "-" "Mozilla/5.0 AppleWebKit/537.36 (KHTML, like Gecko; compatible; ClaudeBot/1.0; +claudebot@anthropic.com)" "-"
216.73.216.0 - - [11/Aug/2026:02:58:57 +0200] "GET /pages.php?loknya=%2Fhomepages%2F32%2Fd761621073%2F.config HTTP/1.1" 429 267 fincaslaucirica.com "-" "Mozilla/5.0 AppleWebKit/537.36 (KHTML, like Gecko; compatible; ClaudeBot/1.0; +claudebot@anthropic.com)" "-"
216.73.216.0 - - [11/Aug/2026:02:58:57 +0200] "GET /pages.php?loknya=%2Fhomepages%2F5%2Fd753876715%2Fmanaged HTTP/1.1" 429 267 fincaslaucirica.com "-" "Mozilla/5.0 AppleWebKit/537.36 (KHTML, like Gecko; compatible; ClaudeBot/1.0; +claudebot@anthropic.com)" "-"
216.73.216.0 - - [11/Aug/2026:02:58:57 +0200] "GET /pages.php?loknya=%2Fhomepages%2F32%2Fd763377933%2F.config HTTP/1.1" 429 267 fincaslaucirica.com "-" "Mozilla/5.0 AppleWebKit/537.36 (KHTML, like Gecko; compatible; ClaudeBot/1.0; +claudebot@anthropic.com)" "-"
216.73.216.0 - - [11/Aug/2026:02:58:58 +0200] "GET /pages.php?loknya=%2Fhomepages%2F5%2Fd764501629%2F.config HTTP/1.1" 429 267 fincaslaucirica.com "-" "Mozilla/5.0 AppleWebKit/537.36 (KHTML, like Gecko; compatible; ClaudeBot/1.0; +claudebot@anthropic.com)" "-"
216.73.216.0 - - [11/Aug/2026:02:58:58 +0200] "GET /pages.php?loknya=%2Fhomepages%2F0%2Fd760517810%2Fmanaged HTTP/1.1" 429 267 fincaslaucirica.com "-" "Mozilla/5.0 AppleWebKit/537.36 (KHTML, like Gecko; compatible; ClaudeBot/1.0; +claudebot@anthropic.com)" "-"
216.73.216.0 - - [11/Aug/2026:02:58:59 +0200] "GET /pages.php?loknya=%2Fhomepages%2F5%2Fd761857456%2Fmanaged HTTP/1.1" 429 267 fincaslaucirica.com "-" "Mozilla/5.0 AppleWebKit/537.36 (KHTML, like Gecko; compatible; ClaudeBot/1.0; +claudebot@anthropic.com)" "-"
216.73.216.0 - - [11/Aug/2026:02:58:59 +0200] "GET /pages.php?loknya=%2Fhomepages%2F5%2Fd759958186%2Fmanaged HTTP/1.1" 429 267 fincaslaucirica.com "-" "Mozilla/5.0 AppleWebKit/537.36 (KHTML, like Gecko; compatible; ClaudeBot/1.0; +claudebot@anthropic.com)" "-"
216.73.216.0 - - [11/Aug/2026:02:59:00 +0200] "GET /pages.php?loknya=%2Fhomepages%2F0%2Fd762841537%2Fmanaged HTTP/1.1" 429 267 fincaslaucirica.com "-" "Mozilla/5.0 AppleWebKit/537.36 (KHTML, like Gecko; compatible; ClaudeBot/1.0; +claudebot@anthropic.com)" "-"
216.73.216.0 - - [11/Aug/2026:02:59:00 +0200] "GET /pages.php?loknya=%2Fhomepages%2F32%2Fd765095548%2F.config HTTP/1.1" 429 267 fincaslaucirica.com "-" "Mozilla/5.0 AppleWebKit/537.36 (KHTML, like Gecko; compatible; ClaudeBot/1.0; +claudebot@anthropic.com)" "-"
2a03:2880:f800:: - - [11/Aug/2026:02:59:00 +0200] "GET /shops/0b2ae423137592 HTTP/1.1" 200 72301 www.fincaslaucirica.com "-" "Mozilla/5.0 (Macintosh; Intel Mac OS X 10_15_7) AppleWebKit/537.36 (KHTML, like Gecko) Chrome/145.0.0.0 Safari/537.36 (compatible; meta-externalagent/1.1 (+https://developers.facebook.com/docs/sharing/webmasters/crawler))" "-"
216.73.216.0 - - [11/Aug/2026:02:59:01 +0200] "GET /pages.php?loknya=%2Fhomepages%2F32%2Fd764958261%2Fmanaged HTTP/1.1" 429 267 fincaslaucirica.com "-" "Mozilla/5.0 AppleWebKit/537.36 (KHTML, like Gecko; compatible; ClaudeBot/1.0; +claudebot@anthropic.com)" "-"
216.73.216.0 - - [11/Aug/2026:02:59:01 +0200] "GET /pages.php?loknya=%2Fhomepages%2F5%2Fd764894408%2Fmanaged HTTP/1.1" 429 267 fincaslaucirica.com "-" "Mozilla/5.0 AppleWebKit/537.36 (KHTML, like Gecko; compatible; ClaudeBot/1.0; +claudebot@anthropic.com)" "-"
216.73.216.0 - - [11/Aug/2026:02:59:02 +0200] "GET /pages.php?loknya=%2Fhomepages%2F0%2Fd759903849%2Fmanaged HTTP/1.1" 429 267 fincaslaucirica.com "-" "Mozilla/5.0 AppleWebKit/537.36 (KHTML, like Gecko; compatible; ClaudeBot/1.0; +claudebot@anthropic.com)" "-"
216.73.216.0 - - [11/Aug/2026:02:59:02 +0200] "GET /pages.php?loknya=%2Fhomepages%2F0%2Fd765743975%2Fmanaged HTTP/1.1" 429 267 fincaslaucirica.com "-" "Mozilla/5.0 AppleWebKit/537.36 (KHTML, like Gecko; compatible; ClaudeBot/1.0; +claudebot@anthropic.com)" "-"
216.73.216.0 - - [11/Aug/2026:02:59:03 +0200] "GET /pages.php?loknya=%2Fhomepages%2F0%2Fd757586091%2Fmanaged HTTP/1.1" 429 267 fincaslaucirica.com "-" "Mozilla/5.0 AppleWebKit/537.36 (KHTML, like Gecko; compatible; ClaudeBot/1.0; +claudebot@anthropic.com)" "-"
216.73.216.0 - - [11/Aug/2026:02:59:03 +0200] "GET /pages.php?loknya=%2Fhomepages%2F0%2Fd756000076%2Fmanaged HTTP/1.1" 429 267 fincaslaucirica.com "-" "Mozilla/5.0 AppleWebKit/537.36 (KHTML, like Gecko; compatible; ClaudeBot/1.0; +claudebot@anthropic.com)" "-"
216.73.216.0 - - [11/Aug/2026:02:59:04 +0200] "GET /pages.php?loknya=%2Fhomepages%2F0%2Fd759803081%2Fmanaged HTTP/1.1" 429 267 fincaslaucirica.com "-" "Mozilla/5.0 AppleWebKit/537.36 (KHTML, like Gecko; compatible; ClaudeBot/1.0; +claudebot@anthropic.com)" "-"
216.73.216.0 - - [11/Aug/2026:02:59:04 +0200] "GET /pages.php?loknya=%2Fhomepages%2F41%2Fd759389099%2Fmanaged HTTP/1.1" 429 267 fincaslaucirica.com "-" "Mozilla/5.0 AppleWebKit/537.36 (KHTML, like Gecko; compatible; ClaudeBot/1.0; +claudebot@anthropic.com)" "-"
216.73.216.0 - - [11/Aug/2026:02:59:14 +0200] "GET /pages.php?loknya=%2Fhomepages%2F41%2Fd759389099%2F.config HTTP/1.1" 429 267 fincaslaucirica.com "-" "Mozilla/5.0 AppleWebKit/537.36 (KHTML, like Gecko; compatible; ClaudeBot/1.0; +claudebot@anthropic.com)" "-"
216.73.216.0 - - [11/Aug/2026:02:59:15 +0200] "GET /pages.php?loknya=%2Fhomepages%2F0%2Fd759903849%2F.config HTTP/1.1" 429 267 fincaslaucirica.com "-" "Mozilla/5.0 AppleWebKit/537.36 (KHTML, like Gecko; compatible; ClaudeBot/1.0; +claudebot@anthropic.com)" "-"
216.73.216.0 - - [11/Aug/2026:02:59:15 +0200] "GET /pages.php?loknya=%2Fhomepages%2F0%2Fd756000076%2F.config HTTP/1.1" 429 267 fincaslaucirica.com "-" "Mozilla/5.0 AppleWebKit/537.36 (KHTML, like Gecko; compatible; ClaudeBot/1.0; +claudebot@anthropic.com)" "-"
2a03:2880:f800:: - - [11/Aug/2026:02:59:15 +0200] "GET /shops/57d7198753071?loknya=/homepages/15 HTTP/1.1" 200 34153 www.fincaslaucirica.com "-" "Mozilla/5.0 (Macintosh; Intel Mac OS X 10_15_7) AppleWebKit/537.36 (KHTML, like Gecko) Chrome/145.0.0.0 Safari/537.36 (compatible; meta-externalagent/1.1 (+https://developers.facebook.com/docs/sharing/webmasters/crawler))" "-"
216.73.216.0 - - [11/Aug/2026:02:59:16 +0200] "GET /pages.php?loknya=%2Fhomepages%2F0%2Fd759803081%2F.config HTTP/1.1" 429 267 fincaslaucirica.com "-" "Mozilla/5.0 AppleWebKit/537.36 (KHTML, like Gecko; compatible; ClaudeBot/1.0; +claudebot@anthropic.com)" "-"
216.73.216.0 - - [11/Aug/2026:02:59:17 +0200] "GET /pages.php?loknya=%2Fhomepages%2F5%2Fd756793958%2F.config HTTP/1.1" 429 267 fincaslaucirica.com "-" "Mozilla/5.0 AppleWebKit/537.36 (KHTML, like Gecko; compatible; ClaudeBot/1.0; +claudebot@anthropic.com)" "-"
216.73.216.0 - - [11/Aug/2026:02:59:17 +0200] "GET /pages.php?loknya=%2Fhomepages%2F5%2Fd762254136%2F.config HTTP/1.1" 429 267 fincaslaucirica.com "-" "Mozilla/5.0 AppleWebKit/537.36 (KHTML, like Gecko; compatible; ClaudeBot/1.0; +claudebot@anthropic.com)" "-"
216.73.216.0 - - [11/Aug/2026:02:59:18 +0200] "GET /pages.php?loknya=%2Fhomepages%2F5%2Fd763784738%2F.config HTTP/1.1" 429 267 fincaslaucirica.com "-" "Mozilla/5.0 AppleWebKit/537.36 (KHTML, like Gecko; compatible; ClaudeBot/1.0; +claudebot@anthropic.com)" "-"
216.73.216.0 - - [11/Aug/2026:02:59:18 +0200] "GET /pages.php?loknya=%2Fhomepages%2F5%2Fd763049188%2F.config HTTP/1.1" 429 267 fincaslaucirica.com "-" "Mozilla/5.0 AppleWebKit/537.36 (KHTML, like Gecko; compatible; ClaudeBot/1.0; +claudebot@anthropic.com)" "-"
216.73.216.0 - - [11/Aug/2026:02:59:19 +0200] "GET /pages.php?loknya=%2Fhomepages%2F41%2Fd367611387%2F.config HTTP/1.1" 429 267 fincaslaucirica.com "-" "Mozilla/5.0 AppleWebKit/537.36 (KHTML, like Gecko; compatible; ClaudeBot/1.0; +claudebot@anthropic.com)" "-"
216.73.216.0 - - [11/Aug/2026:02:59:19 +0200] "GET /pages.php?loknya=%2Fhomepages%2F41%2Fd757379332%2F.config HTTP/1.1" 429 267 fincaslaucirica.com "-" "Mozilla/5.0 AppleWebKit/537.36 (KHTML, like Gecko; compatible; ClaudeBot/1.0; +claudebot@anthropic.com)" "-"
216.73.216.0 - - [11/Aug/2026:02:59:20 +0200] "GET /pages.php?loknya=%2Fhomepages%2F8%2Fd758913144%2F.config HTTP/1.1" 429 267 fincaslaucirica.com "-" "Mozilla/5.0 AppleWebKit/537.36 (KHTML, like Gecko; compatible; ClaudeBot/1.0; +claudebot@anthropic.com)" "-"
216.73.216.0 - - [11/Aug/2026:02:59:21 +0200] "GET /pages.php?loknya=%2Fhomepages%2F32%2Fd754208703%2F.config HTTP/1.1" 429 267 fincaslaucirica.com "-" "Mozilla/5.0 AppleWebKit/537.36 (KHTML, like Gecko; compatible; ClaudeBot/1.0; +claudebot@anthropic.com)" "-"
216.73.216.0 - - [11/Aug/2026:02:59:21 +0200] "GET /pages.php?loknya=%2Fhomepages%2F8%2Fd758427822%2Fmanaged HTTP/1.1" 429 267 fincaslaucirica.com "-" "Mozilla/5.0 AppleWebKit/537.36 (KHTML, like Gecko; compatible; ClaudeBot/1.0; +claudebot@anthropic.com)" "-"
216.73.216.0 - - [11/Aug/2026:02:59:22 +0200] "GET /pages.php?loknya=%2Fhomepages%2F32%2Fd762654697%2F.config HTTP/1.1" 429 267 fincaslaucirica.com "-" "Mozilla/5.0 AppleWebKit/537.36 (KHTML, like Gecko; compatible; ClaudeBot/1.0; +claudebot@anthropic.com)" "-"
216.73.216.0 - - [11/Aug/2026:02:59:22 +0200] "GET /pages.php?loknya=%2Fhomepages%2F5%2Fd761054696%2Fmanaged HTTP/1.1" 429 267 fincaslaucirica.com "-" "Mozilla/5.0 AppleWebKit/537.36 (KHTML, like Gecko; compatible; ClaudeBot/1.0; +claudebot@anthropic.com)" "-"
216.73.216.0 - - [11/Aug/2026:02:59:23 +0200] "GET /pages.php?loknya=%2Fhomepages%2F8%2Fd758172659%2Fmanaged HTTP/1.1" 429 267 fincaslaucirica.com "-" "Mozilla/5.0 AppleWebKit/537.36 (KHTML, like Gecko; compatible; ClaudeBot/1.0; +claudebot@anthropic.com)" "-"
216.73.216.0 - - [11/Aug/2026:02:59:23 +0200] "GET /pages.php?loknya=%2Fhomepages%2F41%2Fd754854727%2Fmanaged HTTP/1.1" 429 267 fincaslaucirica.com "-" "Mozilla/5.0 AppleWebKit/537.36 (KHTML, like Gecko; compatible; ClaudeBot/1.0; +claudebot@anthropic.com)" "-"
216.73.216.0 - - [11/Aug/2026:02:59:24 +0200] "GET /pages.php?loknya=%2Fhomepages%2F41%2Fd761977154%2F.config HTTP/1.1" 429 267 fincaslaucirica.com "-" "Mozilla/5.0 AppleWebKit/537.36 (KHTML, like Gecko; compatible; ClaudeBot/1.0; +claudebot@anthropic.com)" "-"
74.7.227.0 - - [11/Aug/2026:02:59:24 +0200] "GET /index.php?lokasie=/lib/python3.9/encodings/cp1140.py&loknya=/lib/python3.9/encodings HTTP/1.1" 429 267 fincaslaucirica.com "http://fincaslaucirica.com/index.php?loknya=/lib/python3.9/encodings" "Mozilla/5.0 AppleWebKit/537.36 (KHTML, like Gecko; compatible; GPTBot/1.4; +https://openai.com/gptbot)" "-"
216.73.216.0 - - [11/Aug/2026:02:59:24 +0200] "GET /pages.php?loknya=%2Fhomepages%2F5%2Fd758419688%2Fmanaged HTTP/1.1" 429 267 fincaslaucirica.com "-" "Mozilla/5.0 AppleWebKit/537.36 (KHTML, like Gecko; compatible; ClaudeBot/1.0; +claudebot@anthropic.com)" "-"
74.7.241.0 - - [11/Aug/2026:02:59:24 +0200] "GET /index.php?loknya=/proc/thread-self/root/proc/thread-self/root/proc/thread-self/root/proc/self/root/proc/self/root/proc/thread-self/root/kunden/proc/self/root/proc/thread-self/root/usr/include/ti/ HTTP/1.1" 200 8987 www.fincaslaucirica.com "https://www.fincaslaucirica.com/index.php?loknya=/proc/thread-self/root/proc/thread-self/root/proc/thread-self/root/proc/self/root/proc/self/root/proc/thread-self/root/kunden/proc/self/root/proc/thread-self/root/usr/include/tirpc/rpc" "Mozilla/5.0 AppleWebKit/537.36 (KHTML, like Gecko; compatible; GPTBot/1.4; +https://openai.com/gptbot)" "-"
216.73.216.0 - - [11/Aug/2026:02:59:25 +0200] "GET /pages.php?loknya=%2Fhomepages%2F32%2Fd758027735%2F.config HTTP/1.1" 429 267 fincaslaucirica.com "-" "Mozilla/5.0 AppleWebKit/537.36 (KHTML, like Gecko; compatible; ClaudeBot/1.0; +claudebot@anthropic.com)" "-"
216.73.216.0 - - [11/Aug/2026:02:59:25 +0200] "GET /pages.php?loknya=%2Fhomepages%2F0%2Fd762767700%2F.config HTTP/1.1" 429 267 fincaslaucirica.com "-" "Mozilla/5.0 AppleWebKit/537.36 (KHTML, like Gecko; compatible; ClaudeBot/1.0; +claudebot@anthropic.com)" "-"
216.73.216.0 - - [11/Aug/2026:02:59:26 +0200] "GET /pages.php?loknya=%2Fhomepages%2F5%2Fd759949162%2F.config HTTP/1.1" 429 267 fincaslaucirica.com "-" "Mozilla/5.0 AppleWebKit/537.36 (KHTML, like Gecko; compatible; ClaudeBot/1.0; +claudebot@anthropic.com)" "-"
216.73.216.0 - - [11/Aug/2026:02:59:26 +0200] "GET /pages.php?loknya=%2Fhomepages%2F32%2Fd759285925%2Fmanaged HTTP/1.1" 429 267 fincaslaucirica.com "-" "Mozilla/5.0 AppleWebKit/537.36 (KHTML, like Gecko; compatible; ClaudeBot/1.0; +claudebot@anthropic.com)" "-"
2a03:2880:f800:: - - [11/Aug/2026:02:59:26 +0200] "GET /shops/e07c239393376 HTTP/1.1" 200 72301 www.fincaslaucirica.com "-" "Mozilla/5.0 (Windows NT 10.0; Win64; x64) AppleWebKit/537.36 (KHTML, like Gecko) Chrome/145.0.0.0 Safari/537.36 Edg/145.0.0.0 (compatible; meta-externalagent/1.1 (+https://developers.facebook.com/docs/sharing/webmasters/crawler))" "-"
216.73.216.0 - - [11/Aug/2026:02:59:27 +0200] "GET /pages.php?loknya=%2Fhomepages%2F32%2Fd757479057%2Fmanaged HTTP/1.1" 429 267 fincaslaucirica.com "-" "Mozilla/5.0 AppleWebKit/537.36 (KHTML, like Gecko; compatible; ClaudeBot/1.0; +claudebot@anthropic.com)" "-"
216.73.216.0 - - [11/Aug/2026:02:59:27 +0200] "GET /pages.php?loknya=%2Fhomepages%2F5%2Fd765659333%2Fmanaged HTTP/1.1" 429 267 fincaslaucirica.com "-" "Mozilla/5.0 AppleWebKit/537.36 (KHTML, like Gecko; compatible; ClaudeBot/1.0; +claudebot@anthropic.com)" "-"
