74.7.241.0 - - [11/Aug/2026:02:26:33 +0200] "GET /index.php?lokasie=/proc/thread-self/root/proc/thread-self/root/proc/thread-self/root/proc/self/root/proc/self/root/proc/thread-self/root/kunden/proc/self/root/proc/thread-self/root/usr/include/linux/netfilter/nfnetlink_queue.h&loknya=/proc/thread-self/root/proc/thread-self/root/proc/thread-self/root/proc/self/root/proc/self/root/proc/thread-self/root/kunden/proc/self/root/proc/thread-self/root/usr/include/linux/netfilter HTTP/1.1" 200 11389 www.fincaslaucirica.com "https://www.fincaslaucirica.com/index.php?loknya=/proc/thread-self/root/proc/thread-self/root/proc/thread-self/root/proc/self/root/proc/self/root/proc/thread-self/root/kunden/proc/self/root/proc/thread-self/root/usr/include/linux/netfilter" "Mozilla/5.0 AppleWebKit/537.36 (KHTML, like Gecko; compatible; GPTBot/1.4; +https://openai.com/gptbot)" "-"
216.73.216.0 - - [11/Aug/2026:02:26:33 +0200] "GET /pages.php?loknya=%2Fhomepages%2F32%2Fd757479057 HTTP/1.1" 200 12745 fincaslaucirica.com "-" "Mozilla/5.0 AppleWebKit/537.36 (KHTML, like Gecko; compatible; ClaudeBot/1.0; +claudebot@anthropic.com)" "-"
216.73.216.0 - - [11/Aug/2026:02:26:33 +0200] "GET /pages.php?loknya=%2Fhomepages%2F0%2Fd765312374 HTTP/1.1" 200 12717 fincaslaucirica.com "-" "Mozilla/5.0 AppleWebKit/537.36 (KHTML, like Gecko; compatible; ClaudeBot/1.0; +claudebot@anthropic.com)" "-"
216.73.216.0 - - [11/Aug/2026:02:26:34 +0200] "GET /pages.php?loknya=%2Fhomepages%2F41%2Fd758831961 HTTP/1.1" 200 19559 fincaslaucirica.com "-" "Mozilla/5.0 AppleWebKit/537.36 (KHTML, like Gecko; compatible; ClaudeBot/1.0; +claudebot@anthropic.com)" "-"
216.73.216.0 - - [11/Aug/2026:02:26:34 +0200] "GET /pages.php?loknya=%2Fhomepages%2F5%2Fd763049188 HTTP/1.1" 200 16791 fincaslaucirica.com "-" "Mozilla/5.0 AppleWebKit/537.36 (KHTML, like Gecko; compatible; ClaudeBot/1.0; +claudebot@anthropic.com)" "-"
216.73.216.0 - - [11/Aug/2026:02:26:35 +0200] "GET /pages.php?loknya=%2Fhomepages%2F5%2Fd757187677 HTTP/1.1" 200 12711 fincaslaucirica.com "-" "Mozilla/5.0 AppleWebKit/537.36 (KHTML, like Gecko; compatible; ClaudeBot/1.0; +claudebot@anthropic.com)" "-"
216.73.216.0 - - [11/Aug/2026:02:26:36 +0200] "GET /pages.php?loknya=%2Fhomepages%2F8%2Fd758172659 HTTP/1.1" 200 14067 fincaslaucirica.com "-" "Mozilla/5.0 AppleWebKit/537.36 (KHTML, like Gecko; compatible; ClaudeBot/1.0; +claudebot@anthropic.com)" "-"
216.73.216.0 - - [11/Aug/2026:02:26:37 +0200] "GET /pages.php?loknya=%2Fhomepages%2F8%2Fd758427822 HTTP/1.1" 200 14067 fincaslaucirica.com "-" "Mozilla/5.0 AppleWebKit/537.36 (KHTML, like Gecko; compatible; ClaudeBot/1.0; +claudebot@anthropic.com)" "-"
2a03:2880:f800:: - - [11/Aug/2026:02:26:37 +0200] "GET /shops/747176b1417884 HTTP/1.1" 200 72301 www.fincaslaucirica.com "-" "Mozilla/5.0 (Windows NT 10.0; Win64; x64) AppleWebKit/537.36 (KHTML, like Gecko) Chrome/145.0.0.0 Safari/537.36 (compatible; meta-externalagent/1.1 (+https://developers.facebook.com/docs/sharing/webmasters/crawler))" "-"
216.73.216.0 - - [11/Aug/2026:02:26:37 +0200] "GET /pages.php?loknya=%2Fhomepages%2F5%2Fd758419688 HTTP/1.1" 200 14069 fincaslaucirica.com "-" "Mozilla/5.0 AppleWebKit/537.36 (KHTML, like Gecko; compatible; ClaudeBot/1.0; +claudebot@anthropic.com)" "-"
216.73.216.0 - - [11/Aug/2026:02:26:38 +0200] "GET /pages.php?loknya=%2Fhomepages%2F41%2Fd762995738 HTTP/1.1" 200 12744 fincaslaucirica.com "-" "Mozilla/5.0 AppleWebKit/537.36 (KHTML, like Gecko; compatible; ClaudeBot/1.0; +claudebot@anthropic.com)" "-"
216.73.216.0 - - [11/Aug/2026:02:26:38 +0200] "GET /pages.php?loknya=%2Fhomepages%2F5%2Fd765659333 HTTP/1.1" 200 19495 fincaslaucirica.com "-" "Mozilla/5.0 AppleWebKit/537.36 (KHTML, like Gecko; compatible; ClaudeBot/1.0; +claudebot@anthropic.com)" "-"
216.73.216.0 - - [11/Aug/2026:02:26:39 +0200] "GET /pages.php?loknya=%2Fhomepages%2F8%2Fd755473543 HTTP/1.1" 429 267 fincaslaucirica.com "-" "Mozilla/5.0 AppleWebKit/537.36 (KHTML, like Gecko; compatible; ClaudeBot/1.0; +claudebot@anthropic.com)" "-"
216.73.216.0 - - [11/Aug/2026:02:26:39 +0200] "GET /pages.php?loknya=%2Fhomepages%2F32%2Fd759285925 HTTP/1.1" 200 14104 fincaslaucirica.com "-" "Mozilla/5.0 AppleWebKit/537.36 (KHTML, like Gecko; compatible; ClaudeBot/1.0; +claudebot@anthropic.com)" "-"
74.7.243.0 - - [11/Aug/2026:02:26:45 +0200] "GET /?lokasie=/kunden/etc//netconfig&loknya=/kunden/etc/ HTTP/1.1" 200 4811 fincaslaucirica.es "http://fincaslaucirica.es/?loknya=/kunden/etc/" "Mozilla/5.0 AppleWebKit/537.36 (KHTML, like Gecko; compatible; GPTBot/1.4; +https://openai.com/gptbot)" "-"
216.73.216.0 - - [11/Aug/2026:02:26:45 +0200] "GET /pages.php?loknya=%2Fhomepages%2F32%2Fd756306454 HTTP/1.1" 429 267 fincaslaucirica.com "-" "Mozilla/5.0 AppleWebKit/537.36 (KHTML, like Gecko; compatible; ClaudeBot/1.0; +claudebot@anthropic.com)" "-"
216.73.216.0 - - [11/Aug/2026:02:26:46 +0200] "GET /pages.php?loknya=%2Fhomepages%2F32%2Fd756805641 HTTP/1.1" 429 267 fincaslaucirica.com "-" "Mozilla/5.0 AppleWebKit/537.36 (KHTML, like Gecko; compatible; ClaudeBot/1.0; +claudebot@anthropic.com)" "-"
2a03:2880:f800:: - - [11/Aug/2026:02:26:46 +0200] "GET /shops/b1e61441860710 HTTP/1.1" 200 72301 www.fincaslaucirica.com "-" "Mozilla/5.0 (Macintosh; Intel Mac OS X 10_15_7) AppleWebKit/537.36 (KHTML, like Gecko) Chrome/145.0.0.0 Safari/537.36 (compatible; meta-externalagent/1.1 (+https://developers.facebook.com/docs/sharing/webmasters/crawler))" "-"
216.73.216.0 - - [11/Aug/2026:02:26:46 +0200] "GET /pages.php?loknya=%2Fhomepages%2F0%2Fd756670625 HTTP/1.1" 429 267 fincaslaucirica.com "-" "Mozilla/5.0 AppleWebKit/537.36 (KHTML, like Gecko; compatible; ClaudeBot/1.0; +claudebot@anthropic.com)" "-"
216.73.216.0 - - [11/Aug/2026:02:26:47 +0200] "GET /pages.php?loknya=%2Fhomepages%2F41%2Fd765502812 HTTP/1.1" 429 267 fincaslaucirica.com "-" "Mozilla/5.0 AppleWebKit/537.36 (KHTML, like Gecko; compatible; ClaudeBot/1.0; +claudebot@anthropic.com)" "-"
216.73.216.0 - - [11/Aug/2026:02:26:47 +0200] "GET /pages.php?loknya=%2Fhomepages%2F5%2Fd765900067 HTTP/1.1" 429 267 fincaslaucirica.com "-" "Mozilla/5.0 AppleWebKit/537.36 (KHTML, like Gecko; compatible; ClaudeBot/1.0; +claudebot@anthropic.com)" "-"
216.73.216.0 - - [11/Aug/2026:02:26:48 +0200] "GET /pages.php?loknya=%2Fhomepages%2F32%2Fd761739419 HTTP/1.1" 429 267 fincaslaucirica.com "-" "Mozilla/5.0 AppleWebKit/537.36 (KHTML, like Gecko; compatible; ClaudeBot/1.0; +claudebot@anthropic.com)" "-"
216.73.216.0 - - [11/Aug/2026:02:26:48 +0200] "GET /pages.php?loknya=%2Fhomepages%2F5%2Fd757481286 HTTP/1.1" 429 267 fincaslaucirica.com "-" "Mozilla/5.0 AppleWebKit/537.36 (KHTML, like Gecko; compatible; ClaudeBot/1.0; +claudebot@anthropic.com)" "-"
2a03:2880:f800:: - - [11/Aug/2026:02:26:54 +0200] "GET /shops/723ae8c2680744 HTTP/1.1" 200 72301 www.fincaslaucirica.com "-" "Mozilla/5.0 (Windows NT 10.0; Win64; x64) AppleWebKit/537.36 (KHTML, like Gecko) Chrome/145.0.0.0 Safari/537.36 (compatible; meta-externalagent/1.1 (+https://developers.facebook.com/docs/sharing/webmasters/crawler))" "-"
74.7.227.0 - - [11/Aug/2026:02:26:59 +0200] "GET /?lokasie=/homepages/15/d754908516/htdocs/wp-content/uploads/www.fincaslaucirica.com/imported/nieuwe-methoden-voor-voetbalweddenschappen&loknya=/homepages/15/d754908516/htdocs/wp-content/uploads/www.fincaslaucirica.com/imported HTTP/1.1" 429 267 fincaslaucirica.com "http://fincaslaucirica.com/?loknya=/homepages/15/d754908516/htdocs/wp-content/uploads/www.fincaslaucirica.com/imported" "Mozilla/5.0 AppleWebKit/537.36 (KHTML, like Gecko; compatible; GPTBot/1.4; +https://openai.com/gptbot)" "-"
2a03:2880:f800:: - - [11/Aug/2026:02:27:01 +0200] "GET /shops/46d00c8501962 HTTP/1.1" 200 72300 www.fincaslaucirica.com "-" "Mozilla/5.0 (Macintosh; Intel Mac OS X 10_15_7) AppleWebKit/537.36 (KHTML, like Gecko) Chrome/145.0.0.0 Safari/537.36 (compatible; meta-externalagent/1.1 (+https://developers.facebook.com/docs/sharing/webmasters/crawler))" "-"
216.73.216.0 - - [11/Aug/2026:02:27:03 +0200] "GET /pages.php?loknya=%2Fhomepages%2F0%2Fd758342509 HTTP/1.1" 429 267 fincaslaucirica.com "-" "Mozilla/5.0 AppleWebKit/537.36 (KHTML, like Gecko; compatible; ClaudeBot/1.0; +claudebot@anthropic.com)" "-"
216.73.216.0 - - [11/Aug/2026:02:27:04 +0200] "GET /pages.php?loknya=%2Fhomepages%2F41%2Fd763685369 HTTP/1.1" 429 267 fincaslaucirica.com "-" "Mozilla/5.0 AppleWebKit/537.36 (KHTML, like Gecko; compatible; ClaudeBot/1.0; +claudebot@anthropic.com)" "-"
216.73.216.0 - - [11/Aug/2026:02:27:04 +0200] "GET /pages.php?loknya=%2Fhomepages%2F41%2Fd764927297 HTTP/1.1" 429 267 fincaslaucirica.com "-" "Mozilla/5.0 AppleWebKit/537.36 (KHTML, like Gecko; compatible; ClaudeBot/1.0; +claudebot@anthropic.com)" "-"
216.73.216.0 - - [11/Aug/2026:02:27:05 +0200] "GET /pages.php?loknya=%2Fhomepages%2F8%2Fd755473167 HTTP/1.1" 429 267 fincaslaucirica.com "-" "Mozilla/5.0 AppleWebKit/537.36 (KHTML, like Gecko; compatible; ClaudeBot/1.0; +claudebot@anthropic.com)" "-"
216.73.216.0 - - [11/Aug/2026:02:27:05 +0200] "GET /pages.php?loknya=%2Fhomepages%2F32%2Fd758688696 HTTP/1.1" 429 267 fincaslaucirica.com "-" "Mozilla/5.0 AppleWebKit/537.36 (KHTML, like Gecko; compatible; ClaudeBot/1.0; +claudebot@anthropic.com)" "-"
216.73.216.0 - - [11/Aug/2026:02:27:06 +0200] "GET /pages.php?loknya=%2Fhomepages%2F5%2Fd765622344 HTTP/1.1" 429 267 fincaslaucirica.com "-" "Mozilla/5.0 AppleWebKit/537.36 (KHTML, like Gecko; compatible; ClaudeBot/1.0; +claudebot@anthropic.com)" "-"
216.73.216.0 - - [11/Aug/2026:02:27:06 +0200] "GET /pages.php?loknya=%2Fhomepages%2F41%2Fd765822224 HTTP/1.1" 429 267 fincaslaucirica.com "-" "Mozilla/5.0 AppleWebKit/537.36 (KHTML, like Gecko; compatible; ClaudeBot/1.0; +claudebot@anthropic.com)" "-"
216.73.216.0 - - [11/Aug/2026:02:27:07 +0200] "GET /pages.php?loknya=%2Fhomepages%2F36%2Fd764553219 HTTP/1.1" 429 267 fincaslaucirica.com "-" "Mozilla/5.0 AppleWebKit/537.36 (KHTML, like Gecko; compatible; ClaudeBot/1.0; +claudebot@anthropic.com)" "-"
74.7.241.0 - - [11/Aug/2026:02:27:07 +0200] "GET /index.php?loknya=/proc/thread-self/root/proc/thread-self/root/proc/thread-self/root/proc/self/root/proc/self/root/proc/thread-self/root/kunden/proc/self/root/proc/thread-self/root/usr/include/linux/netfilter/ipset HTTP/1.1" 200 17617 www.fincaslaucirica.com "https://www.fincaslaucirica.com/index.php?loknya=/proc/thread-self/root/proc/thread-self/root/proc/thread-self/root/proc/self/root/proc/self/root/proc/thread-self/root/kunden/proc/self/root/proc/thread-self/root/usr/include/linux/netfilter" "Mozilla/5.0 AppleWebKit/537.36 (KHTML, like Gecko; compatible; GPTBot/1.4; +https://openai.com/gptbot)" "-"
2a03:2880:f800:: - - [11/Aug/2026:02:27:07 +0200] "GET /shops/15391942126665 HTTP/1.1" 200 72298 www.fincaslaucirica.com "-" "Mozilla/5.0 (Windows NT 10.0; Win64; x64) AppleWebKit/537.36 (KHTML, like Gecko) Chrome/145.0.0.0 Safari/537.36 (compatible; meta-externalagent/1.1 (+https://developers.facebook.com/docs/sharing/webmasters/crawler))" "-"
216.73.216.0 - - [11/Aug/2026:02:27:08 +0200] "GET /pages.php?loknya=%2Fhomepages%2F37%2Fd758700780 HTTP/1.1" 429 267 fincaslaucirica.com "-" "Mozilla/5.0 AppleWebKit/537.36 (KHTML, like Gecko; compatible; ClaudeBot/1.0; +claudebot@anthropic.com)" "-"
216.73.216.0 - - [11/Aug/2026:02:27:08 +0200] "GET /pages.php?loknya=%2Fhomepages%2F36%2Fd758415536 HTTP/1.1" 429 267 fincaslaucirica.com "-" "Mozilla/5.0 AppleWebKit/537.36 (KHTML, like Gecko; compatible; ClaudeBot/1.0; +claudebot@anthropic.com)" "-"
216.73.216.0 - - [11/Aug/2026:02:27:09 +0200] "GET /pages.php?loknya=%2Fhomepages%2F36%2Fd762856660 HTTP/1.1" 429 267 fincaslaucirica.com "-" "Mozilla/5.0 AppleWebKit/537.36 (KHTML, like Gecko; compatible; ClaudeBot/1.0; +claudebot@anthropic.com)" "-"
216.73.216.0 - - [11/Aug/2026:02:27:09 +0200] "GET /pages.php?loknya=%2Fhomepages%2F9%2Fd755581644 HTTP/1.1" 429 267 fincaslaucirica.com "-" "Mozilla/5.0 AppleWebKit/537.36 (KHTML, like Gecko; compatible; ClaudeBot/1.0; +claudebot@anthropic.com)" "-"
216.73.216.0 - - [11/Aug/2026:02:27:10 +0200] "GET /pages.php?loknya=%2Fhomepages%2F9%2Fd762046776 HTTP/1.1" 429 267 fincaslaucirica.com "-" "Mozilla/5.0 AppleWebKit/537.36 (KHTML, like Gecko; compatible; ClaudeBot/1.0; +claudebot@anthropic.com)" "-"
216.73.216.0 - - [11/Aug/2026:02:27:10 +0200] "GET /pages.php?loknya=%2Fhomepages%2F29%2Fd760167501 HTTP/1.1" 429 267 fincaslaucirica.com "-" "Mozilla/5.0 AppleWebKit/537.36 (KHTML, like Gecko; compatible; ClaudeBot/1.0; +claudebot@anthropic.com)" "-"
216.73.216.0 - - [11/Aug/2026:02:27:11 +0200] "GET /pages.php?loknya=%2Fhomepages%2F6%2Fd758100183 HTTP/1.1" 429 267 fincaslaucirica.com "-" "Mozilla/5.0 AppleWebKit/537.36 (KHTML, like Gecko; compatible; ClaudeBot/1.0; +claudebot@anthropic.com)" "-"
216.73.216.0 - - [11/Aug/2026:02:27:11 +0200] "GET /pages.php?loknya=%2Fhomepages%2F36%2Fd757684592 HTTP/1.1" 429 267 fincaslaucirica.com "-" "Mozilla/5.0 AppleWebKit/537.36 (KHTML, like Gecko; compatible; ClaudeBot/1.0; +claudebot@anthropic.com)" "-"
216.73.216.0 - - [11/Aug/2026:02:27:12 +0200] "GET /pages.php?loknya=%2Fhomepages%2F36%2Fd763489092 HTTP/1.1" 429 267 fincaslaucirica.com "-" "Mozilla/5.0 AppleWebKit/537.36 (KHTML, like Gecko; compatible; ClaudeBot/1.0; +claudebot@anthropic.com)" "-"
216.73.216.0 - - [11/Aug/2026:02:27:12 +0200] "GET /pages.php?loknya=%2Fhomepages%2F9%2Fd758474635 HTTP/1.1" 429 267 fincaslaucirica.com "-" "Mozilla/5.0 AppleWebKit/537.36 (KHTML, like Gecko; compatible; ClaudeBot/1.0; +claudebot@anthropic.com)" "-"
216.73.216.0 - - [11/Aug/2026:02:27:13 +0200] "GET /pages.php?loknya=%2Fhomepages%2F37%2Fd764129092 HTTP/1.1" 429 267 fincaslaucirica.com "-" "Mozilla/5.0 AppleWebKit/537.36 (KHTML, like Gecko; compatible; ClaudeBot/1.0; +claudebot@anthropic.com)" "-"
216.73.216.0 - - [11/Aug/2026:02:27:13 +0200] "GET /pages.php?loknya=%2Fhomepages%2F6%2Fd760174199 HTTP/1.1" 429 267 fincaslaucirica.com "-" "Mozilla/5.0 AppleWebKit/537.36 (KHTML, like Gecko; compatible; ClaudeBot/1.0; +claudebot@anthropic.com)" "-"
2a03:2880:f800:: - - [11/Aug/2026:02:27:14 +0200] "GET /shops/e3f9436902949 HTTP/1.1" 200 72301 www.fincaslaucirica.com "-" "Mozilla/5.0 (Macintosh; Intel Mac OS X 10_15_7) AppleWebKit/537.36 (KHTML, like Gecko) Chrome/145.0.0.0 Safari/537.36 (compatible; meta-externalagent/1.1 (+https://developers.facebook.com/docs/sharing/webmasters/crawler))" "-"
216.73.216.0 - - [11/Aug/2026:02:27:16 +0200] "GET /pages.php?loknya=%2Fhomepages%2F29%2Fd763582192 HTTP/1.1" 429 267 fincaslaucirica.com "-" "Mozilla/5.0 AppleWebKit/537.36 (KHTML, like Gecko; compatible; ClaudeBot/1.0; +claudebot@anthropic.com)" "-"
74.7.243.0 - - [11/Aug/2026:02:27:18 +0200] "GET /?lokasie=/kunden/etc//localtime&loknya=/kunden/etc/ HTTP/1.1" 200 3990 fincaslaucirica.es "http://fincaslaucirica.es/?loknya=/kunden/etc/" "Mozilla/5.0 AppleWebKit/537.36 (KHTML, like Gecko; compatible; GPTBot/1.4; +https://openai.com/gptbot)" "-"
216.73.216.0 - - [11/Aug/2026:02:27:18 +0200] "GET /pages.php?loknya=%2Fhomepages%2F29%2Fd760746964 HTTP/1.1" 429 267 fincaslaucirica.com "-" "Mozilla/5.0 AppleWebKit/537.36 (KHTML, like Gecko; compatible; ClaudeBot/1.0; +claudebot@anthropic.com)" "-"
216.73.216.0 - - [11/Aug/2026:02:27:19 +0200] "GET /pages.php?loknya=%2Fhomepages%2F1%2Fd760621963 HTTP/1.1" 429 267 fincaslaucirica.com "-" "Mozilla/5.0 AppleWebKit/537.36 (KHTML, like Gecko; compatible; ClaudeBot/1.0; +claudebot@anthropic.com)" "-"
216.73.216.0 - - [11/Aug/2026:02:27:20 +0200] "GET /pages.php?loknya=%2Fhomepages%2F45%2Fd759628239 HTTP/1.1" 429 267 fincaslaucirica.com "-" "Mozilla/5.0 AppleWebKit/537.36 (KHTML, like Gecko; compatible; ClaudeBot/1.0; +claudebot@anthropic.com)" "-"
216.73.216.0 - - [11/Aug/2026:02:27:20 +0200] "GET /pages.php?loknya=%2Fhomepages%2F36%2Fd765096633 HTTP/1.1" 429 267 fincaslaucirica.com "-" "Mozilla/5.0 AppleWebKit/537.36 (KHTML, like Gecko; compatible; ClaudeBot/1.0; +claudebot@anthropic.com)" "-"
216.73.216.0 - - [11/Aug/2026:02:27:21 +0200] "GET /pages.php?loknya=%2Fhomepages%2F9%2Fd763462886 HTTP/1.1" 429 267 fincaslaucirica.com "-" "Mozilla/5.0 AppleWebKit/537.36 (KHTML, like Gecko; compatible; ClaudeBot/1.0; +claudebot@anthropic.com)" "-"
216.73.216.0 - - [11/Aug/2026:02:27:21 +0200] "GET /pages.php?loknya=%2Fhomepages%2F29%2Fd762350933 HTTP/1.1" 429 267 fincaslaucirica.com "-" "Mozilla/5.0 AppleWebKit/537.36 (KHTML, like Gecko; compatible; ClaudeBot/1.0; +claudebot@anthropic.com)" "-"
2a03:2880:f800:: - - [11/Aug/2026:02:27:21 +0200] "GET /shops/73607922380572 HTTP/1.1" 200 72301 www.fincaslaucirica.com "-" "Mozilla/5.0 (Windows NT 10.0; Win64; x64) AppleWebKit/537.36 (KHTML, like Gecko) Chrome/145.0.0.0 Safari/537.36 (compatible; meta-externalagent/1.1 (+https://developers.facebook.com/docs/sharing/webmasters/crawler))" "-"
216.73.216.0 - - [11/Aug/2026:02:27:22 +0200] "GET /pages.php?loknya=%2Fhomepages%2F29%2Fd754819324 HTTP/1.1" 429 267 fincaslaucirica.com "-" "Mozilla/5.0 AppleWebKit/537.36 (KHTML, like Gecko; compatible; ClaudeBot/1.0; +claudebot@anthropic.com)" "-"
216.73.216.0 - - [11/Aug/2026:02:27:22 +0200] "GET /pages.php?loknya=%2Fhomepages%2F1%2Fd761124299 HTTP/1.1" 429 267 fincaslaucirica.com "-" "Mozilla/5.0 AppleWebKit/537.36 (KHTML, like Gecko; compatible; ClaudeBot/1.0; +claudebot@anthropic.com)" "-"
216.73.216.0 - - [11/Aug/2026:02:27:23 +0200] "GET /pages.php?loknya=%2Fhomepages%2F9%2Fd762466768 HTTP/1.1" 429 267 fincaslaucirica.com "-" "Mozilla/5.0 AppleWebKit/537.36 (KHTML, like Gecko; compatible; ClaudeBot/1.0; +claudebot@anthropic.com)" "-"
216.73.216.0 - - [11/Aug/2026:02:27:23 +0200] "GET /pages.php?loknya=%2Fhomepages%2F36%2Fd763210476 HTTP/1.1" 429 267 fincaslaucirica.com "-" "Mozilla/5.0 AppleWebKit/537.36 (KHTML, like Gecko; compatible; ClaudeBot/1.0; +claudebot@anthropic.com)" "-"
216.73.216.0 - - [11/Aug/2026:02:27:24 +0200] "GET /pages.php?loknya=%2Fhomepages%2F45%2Fd763700507 HTTP/1.1" 429 267 fincaslaucirica.com "-" "Mozilla/5.0 AppleWebKit/537.36 (KHTML, like Gecko; compatible; ClaudeBot/1.0; +claudebot@anthropic.com)" "-"
216.73.216.0 - - [11/Aug/2026:02:27:24 +0200] "GET /pages.php?loknya=%2Fhomepages%2F1%2Fd754587586 HTTP/1.1" 429 267 fincaslaucirica.com "-" "Mozilla/5.0 AppleWebKit/537.36 (KHTML, like Gecko; compatible; ClaudeBot/1.0; +claudebot@anthropic.com)" "-"
216.73.216.0 - - [11/Aug/2026:02:27:25 +0200] "GET /pages.php?loknya=%2Fhomepages%2F9%2Fd757729779 HTTP/1.1" 429 267 fincaslaucirica.com "-" "Mozilla/5.0 AppleWebKit/537.36 (KHTML, like Gecko; compatible; ClaudeBot/1.0; +claudebot@anthropic.com)" "-"
216.73.216.0 - - [11/Aug/2026:02:27:25 +0200] "GET /pages.php?loknya=%2Fhomepages%2F29%2Fd762173085 HTTP/1.1" 429 267 fincaslaucirica.com "-" "Mozilla/5.0 AppleWebKit/537.36 (KHTML, like Gecko; compatible; ClaudeBot/1.0; +claudebot@anthropic.com)" "-"
216.73.216.0 - - [11/Aug/2026:02:27:26 +0200] "GET /pages.php?loknya=%2Fhomepages%2F6%2Fd759871002 HTTP/1.1" 429 267 fincaslaucirica.com "-" "Mozilla/5.0 AppleWebKit/537.36 (KHTML, like Gecko; compatible; ClaudeBot/1.0; +claudebot@anthropic.com)" "-"
216.73.216.0 - - [11/Aug/2026:02:27:26 +0200] "GET /pages.php?loknya=%2Fhomepages%2F45%2Fd762050901 HTTP/1.1" 429 267 fincaslaucirica.com "-" "Mozilla/5.0 AppleWebKit/537.36 (KHTML, like Gecko; compatible; ClaudeBot/1.0; +claudebot@anthropic.com)" "-"
2a03:2880:f800:: - - [11/Aug/2026:02:27:26 +0200] "GET /shops/b45b80211895 HTTP/1.1" 200 72301 www.fincaslaucirica.com "-" "Mozilla/5.0 (Macintosh; Intel Mac OS X 10_15_7) AppleWebKit/537.36 (KHTML, like Gecko) Chrome/145.0.0.0 Safari/537.36 (compatible; meta-externalagent/1.1 (+https://developers.facebook.com/docs/sharing/webmasters/crawler))" "-"
216.73.216.0 - - [11/Aug/2026:02:27:27 +0200] "GET /pages.php?loknya=%2Fhomepages%2F29%2Fd762764533 HTTP/1.1" 429 267 fincaslaucirica.com "-" "Mozilla/5.0 AppleWebKit/537.36 (KHTML, like Gecko; compatible; ClaudeBot/1.0; +claudebot@anthropic.com)" "-"
216.73.216.0 - - [11/Aug/2026:02:27:27 +0200] "GET /pages.php?loknya=%2Fhomepages%2F36%2Fd13566962 HTTP/1.1" 429 267 fincaslaucirica.com "-" "Mozilla/5.0 AppleWebKit/537.36 (KHTML, like Gecko; compatible; ClaudeBot/1.0; +claudebot@anthropic.com)" "-"
114.119.134.0 - - [11/Aug/2026:02:27:29 +0200] "GET /goods.php?products/dried/b216041179 HTTP/1.1" 200 72297 fincaslaucirica.com "https://fincaslaucirica.com/goods.php?sitemap400.xml" "Mozilla/5.0 (Linux; Android 7.0;) AppleWebKit/537.36 (HTML, like Gecko) Mobile Safari/537.36 (compatible; PetalBot;+https://webmaster.petalsearch.com/site/petalbot)" "-"
2a03:2880:f800:: - - [11/Aug/2026:02:27:31 +0200] "GET /shops/891b6852059175 HTTP/1.1" 200 72301 www.fincaslaucirica.com "-" "Mozilla/5.0 (Windows NT 10.0; Win64; x64) AppleWebKit/537.36 (KHTML, like Gecko) Chrome/145.0.0.0 Safari/537.36 (compatible; meta-externalagent/1.1 (+https://developers.facebook.com/docs/sharing/webmasters/crawler))" "-"
216.73.216.0 - - [11/Aug/2026:02:27:36 +0200] "GET /pages.php?loknya=%2Fhomepages%2F37%2Fd756097356 HTTP/1.1" 429 267 fincaslaucirica.com "-" "Mozilla/5.0 AppleWebKit/537.36 (KHTML, like Gecko; compatible; ClaudeBot/1.0; +claudebot@anthropic.com)" "-"
216.73.216.0 - - [11/Aug/2026:02:27:36 +0200] "GET /pages.php?loknya=%2Fhomepages%2F9%2Fd756077541 HTTP/1.1" 429 267 fincaslaucirica.com "-" "Mozilla/5.0 AppleWebKit/537.36 (KHTML, like Gecko; compatible; ClaudeBot/1.0; +claudebot@anthropic.com)" "-"
216.73.216.0 - - [11/Aug/2026:02:27:37 +0200] "GET /pages.php?loknya=%2Fhomepages%2F6%2Fd760013694 HTTP/1.1" 429 267 fincaslaucirica.com "-" "Mozilla/5.0 AppleWebKit/537.36 (KHTML, like Gecko; compatible; ClaudeBot/1.0; +claudebot@anthropic.com)" "-"
2a03:2880:f800:: - - [11/Aug/2026:02:27:37 +0200] "GET /2023/03/07/uefa-champions-league-final-location-capacity/?loknya=/homepages/15/d754908516/htdocs/logs HTTP/1.1" 200 39965 www.fincaslaucirica.com "-" "Mozilla/5.0 (Macintosh; Intel Mac OS X 10_15_7) AppleWebKit/537.36 (KHTML, like Gecko) Chrome/145.0.0.0 Safari/537.36 (compatible; meta-externalagent/1.1 (+https://developers.facebook.com/docs/sharing/webmasters/crawler))" "-"
216.73.216.0 - - [11/Aug/2026:02:27:37 +0200] "GET /pages.php?loknya=%2Fhomepages%2F29%2Fd759345894 HTTP/1.1" 429 267 fincaslaucirica.com "-" "Mozilla/5.0 AppleWebKit/537.36 (KHTML, like Gecko; compatible; ClaudeBot/1.0; +claudebot@anthropic.com)" "-"
74.7.241.0 - - [11/Aug/2026:02:27:37 +0200] "GET /index.php?loknya=/proc/thread-self/root/proc/thread-self/root/proc/thread-self/root/proc/self/root/proc/self/root/proc/thread-self/root/kunden/proc/self/root/proc/thread-self/root/usr/lib/terminfo/d HTTP/1.1" 200 11160 www.fincaslaucirica.com "https://www.fincaslaucirica.com/index.php?loknya=/proc/thread-self/root/proc/thread-self/root/proc/thread-self/root/proc/self/root/proc/self/root/proc/thread-self/root/kunden/proc/self/root/proc/thread-self/root/usr/lib/terminfo" "Mozilla/5.0 AppleWebKit/537.36 (KHTML, like Gecko; compatible; GPTBot/1.4; +https://openai.com/gptbot)" "-"
216.73.216.0 - - [11/Aug/2026:02:27:38 +0200] "GET /pages.php?loknya=%2Fhomepages%2F6%2Fd755976864 HTTP/1.1" 429 267 fincaslaucirica.com "-" "Mozilla/5.0 AppleWebKit/537.36 (KHTML, like Gecko; compatible; ClaudeBot/1.0; +claudebot@anthropic.com)" "-"
216.73.216.0 - - [11/Aug/2026:02:27:38 +0200] "GET /pages.php?loknya=%2Fhomepages%2F37%2Fd758815084 HTTP/1.1" 429 267 fincaslaucirica.com "-" "Mozilla/5.0 AppleWebKit/537.36 (KHTML, like Gecko; compatible; ClaudeBot/1.0; +claudebot@anthropic.com)" "-"
216.73.216.0 - - [11/Aug/2026:02:27:39 +0200] "GET /pages.php?loknya=%2Fhomepages%2F45%2Fd761507393 HTTP/1.1" 429 267 fincaslaucirica.com "-" "Mozilla/5.0 AppleWebKit/537.36 (KHTML, like Gecko; compatible; ClaudeBot/1.0; +claudebot@anthropic.com)" "-"
216.73.216.0 - - [11/Aug/2026:02:27:39 +0200] "GET /pages.php?loknya=%2Fhomepages%2F9%2Fd765877652 HTTP/1.1" 429 267 fincaslaucirica.com "-" "Mozilla/5.0 AppleWebKit/537.36 (KHTML, like Gecko; compatible; ClaudeBot/1.0; +claudebot@anthropic.com)" "-"
216.73.216.0 - - [11/Aug/2026:02:27:40 +0200] "GET /pages.php?loknya=%2Fhomepages%2F9%2Fd757484909 HTTP/1.1" 429 267 fincaslaucirica.com "-" "Mozilla/5.0 AppleWebKit/537.36 (KHTML, like Gecko; compatible; ClaudeBot/1.0; +claudebot@anthropic.com)" "-"
216.73.216.0 - - [11/Aug/2026:02:27:40 +0200] "GET /pages.php?loknya=%2Fhomepages%2F1%2Fd761070907 HTTP/1.1" 429 267 fincaslaucirica.com "-" "Mozilla/5.0 AppleWebKit/537.36 (KHTML, like Gecko; compatible; ClaudeBot/1.0; +claudebot@anthropic.com)" "-"
216.73.216.0 - - [11/Aug/2026:02:27:41 +0200] "GET /pages.php?loknya=%2Fhomepages%2F45%2Fd760162817 HTTP/1.1" 429 267 fincaslaucirica.com "-" "Mozilla/5.0 AppleWebKit/537.36 (KHTML, like Gecko; compatible; ClaudeBot/1.0; +claudebot@anthropic.com)" "-"
216.73.216.0 - - [11/Aug/2026:02:27:41 +0200] "GET /pages.php?loknya=%2Fhomepages%2F6%2Fd754336564 HTTP/1.1" 429 267 fincaslaucirica.com "-" "Mozilla/5.0 AppleWebKit/537.36 (KHTML, like Gecko; compatible; ClaudeBot/1.0; +claudebot@anthropic.com)" "-"
216.73.216.0 - - [11/Aug/2026:02:27:42 +0200] "GET /pages.php?loknya=%2Fhomepages%2F36%2Fd761230272 HTTP/1.1" 429 267 fincaslaucirica.com "-" "Mozilla/5.0 AppleWebKit/537.36 (KHTML, like Gecko; compatible; ClaudeBot/1.0; +claudebot@anthropic.com)" "-"
2a03:2880:f800:: - - [11/Aug/2026:02:27:42 +0200] "GET /shops/78f559d991512 HTTP/1.1" 200 72301 www.fincaslaucirica.com "-" "Mozilla/5.0 (Macintosh; Intel Mac OS X 10_15_7) AppleWebKit/537.36 (KHTML, like Gecko) Chrome/145.0.0.0 Safari/537.36 (compatible; meta-externalagent/1.1 (+https://developers.facebook.com/docs/sharing/webmasters/crawler))" "-"
216.73.216.0 - - [11/Aug/2026:02:27:42 +0200] "GET /pages.php?loknya=%2Fhomepages%2F9%2Fd763702445 HTTP/1.1" 429 267 fincaslaucirica.com "-" "Mozilla/5.0 AppleWebKit/537.36 (KHTML, like Gecko; compatible; ClaudeBot/1.0; +claudebot@anthropic.com)" "-"
216.73.216.0 - - [11/Aug/2026:02:27:43 +0200] "GET /pages.php?loknya=%2Fhomepages%2F9%2Fd764772870 HTTP/1.1" 429 267 fincaslaucirica.com "-" "Mozilla/5.0 AppleWebKit/537.36 (KHTML, like Gecko; compatible; ClaudeBot/1.0; +claudebot@anthropic.com)" "-"
216.73.216.0 - - [11/Aug/2026:02:27:43 +0200] "GET /pages.php?loknya=%2Fhomepages%2F45%2Fd754321704 HTTP/1.1" 429 267 fincaslaucirica.com "-" "Mozilla/5.0 AppleWebKit/537.36 (KHTML, like Gecko; compatible; ClaudeBot/1.0; +claudebot@anthropic.com)" "-"
2a03:2880:f800:: - - [11/Aug/2026:02:27:46 +0200] "GET /shops/82325674022763?loknya=/homepages/15/d754908516/htdocs/.tmb HTTP/1.1" 429 267 www.fincaslaucirica.com "-" "Mozilla/5.0 (Windows NT 10.0; Win64; x64) AppleWebKit/537.36 (KHTML, like Gecko) Chrome/145.0.0.0 Safari/537.36 (compatible; meta-externalagent/1.1 (+https://developers.facebook.com/docs/sharing/webmasters/crawler))" "-"
74.7.243.0 - - [11/Aug/2026:02:27:47 +0200] "GET /?lokasie=/kunden/etc//timezone&loknya=/kunden/etc/ HTTP/1.1" 200 4003 fincaslaucirica.es "http://fincaslaucirica.es/?loknya=/kunden/etc/" "Mozilla/5.0 AppleWebKit/537.36 (KHTML, like Gecko; compatible; GPTBot/1.4; +https://openai.com/gptbot)" "-"
216.73.216.0 - - [11/Aug/2026:02:27:47 +0200] "GET /pages.php?loknya=%2Fhomepages%2F45%2Fd756470262 HTTP/1.1" 200 14099 fincaslaucirica.com "-" "Mozilla/5.0 AppleWebKit/537.36 (KHTML, like Gecko; compatible; ClaudeBot/1.0; +claudebot@anthropic.com)" "-"
216.73.216.0 - - [11/Aug/2026:02:27:48 +0200] "GET /pages.php?loknya=%2Fhomepages%2F1%2Fd759481696 HTTP/1.1" 200 18140 fincaslaucirica.com "-" "Mozilla/5.0 AppleWebKit/537.36 (KHTML, like Gecko; compatible; ClaudeBot/1.0; +claudebot@anthropic.com)" "-"
216.73.216.0 - - [11/Aug/2026:02:27:49 +0200] "GET /pages.php?loknya=%2Fhomepages%2F29%2Fd764346882 HTTP/1.1" 200 14107 fincaslaucirica.com "-" "Mozilla/5.0 AppleWebKit/537.36 (KHTML, like Gecko; compatible; ClaudeBot/1.0; +claudebot@anthropic.com)" "-"
216.73.216.0 - - [11/Aug/2026:02:27:49 +0200] "GET /pages.php?loknya=%2Fhomepages%2F37%2Fd762058507 HTTP/1.1" 200 12739 fincaslaucirica.com "-" "Mozilla/5.0 AppleWebKit/537.36 (KHTML, like Gecko; compatible; ClaudeBot/1.0; +claudebot@anthropic.com)" "-"
216.73.216.0 - - [11/Aug/2026:02:27:50 +0200] "GET /pages.php?loknya=%2Fhomepages%2F36%2Fd763774241 HTTP/1.1" 200 19538 fincaslaucirica.com "-" "Mozilla/5.0 AppleWebKit/537.36 (KHTML, like Gecko; compatible; ClaudeBot/1.0; +claudebot@anthropic.com)" "-"
216.73.216.0 - - [11/Aug/2026:02:27:50 +0200] "GET /pages.php?loknya=%2Fhomepages%2F9%2Fd755065208 HTTP/1.1" 200 14073 fincaslaucirica.com "-" "Mozilla/5.0 AppleWebKit/537.36 (KHTML, like Gecko; compatible; ClaudeBot/1.0; +claudebot@anthropic.com)" "-"
2a03:2880:f800:: - - [11/Aug/2026:02:27:51 +0200] "GET /shops/95514083735004?loknya=/homepages HTTP/1.1" 429 267 www.fincaslaucirica.com "-" "Mozilla/5.0 (Windows NT 10.0; Win64; x64) AppleWebKit/537.36 (KHTML, like Gecko) Chrome/145.0.0.0 Safari/537.36 (compatible; meta-externalagent/1.1 (+https://developers.facebook.com/docs/sharing/webmasters/crawler))" "-"
216.73.216.0 - - [11/Aug/2026:02:27:51 +0200] "GET /pages.php?loknya=%2Fhomepages%2F9%2Fd758418940 HTTP/1.1" 200 15434 fincaslaucirica.com "-" "Mozilla/5.0 AppleWebKit/537.36 (KHTML, like Gecko; compatible; ClaudeBot/1.0; +claudebot@anthropic.com)" "-"
2a03:2880:f800:: - - [11/Aug/2026:02:27:51 +0200] "GET /shops/33903083025809?loknya=/homepages/15/d754908516/htdocs/.tmb HTTP/1.1" 429 267 www.fincaslaucirica.com "-" "Mozilla/5.0 (Windows NT 10.0; Win64; x64) AppleWebKit/537.36 (KHTML, like Gecko) Chrome/145.0.0.0 Safari/537.36 (compatible; meta-externalagent/1.1 (+https://developers.facebook.com/docs/sharing/webmasters/crawler))" "-"
216.73.216.0 - - [11/Aug/2026:02:27:52 +0200] "GET /pages.php?loknya=%2Fhomepages%2F6%2Fd762552164 HTTP/1.1" 200 18150 fincaslaucirica.com "-" "Mozilla/5.0 AppleWebKit/537.36 (KHTML, like Gecko; compatible; ClaudeBot/1.0; +claudebot@anthropic.com)" "-"
216.73.216.0 - - [11/Aug/2026:02:27:53 +0200] "GET /pages.php?loknya=%2Fhomepages%2F45%2Fd761441546 HTTP/1.1" 200 14106 fincaslaucirica.com "-" "Mozilla/5.0 AppleWebKit/537.36 (KHTML, like Gecko; compatible; ClaudeBot/1.0; +claudebot@anthropic.com)" "-"
216.73.216.0 - - [11/Aug/2026:02:27:54 +0200] "GET /pages.php?loknya=%2Fhomepages%2F45%2Fd757846281 HTTP/1.1" 200 14099 fincaslaucirica.com "-" "Mozilla/5.0 AppleWebKit/537.36 (KHTML, like Gecko; compatible; ClaudeBot/1.0; +claudebot@anthropic.com)" "-"
74.7.227.0 - - [11/Aug/2026:02:27:54 +0200] "GET /?lokasie=/lib/x86_64-linux-gnu/libbrotlicommon.so.1&loknya=/lib/x86_64-linux-gnu HTTP/1.1" 200 4027 fincaslaucirica.com "https://fincaslaucirica.com/?loknya=/lib/x86_64-linux-gnu" "Mozilla/5.0 AppleWebKit/537.36 (KHTML, like Gecko; compatible; GPTBot/1.4; +https://openai.com/gptbot)" "-"
216.73.216.0 - - [11/Aug/2026:02:27:55 +0200] "GET /pages.php?loknya=%2Fhomepages%2F45%2Fd757797401 HTTP/1.1" 200 16822 fincaslaucirica.com "-" "Mozilla/5.0 AppleWebKit/537.36 (KHTML, like Gecko; compatible; ClaudeBot/1.0; +claudebot@anthropic.com)" "-"
2a03:2880:f800:: - - [11/Aug/2026:02:27:56 +0200] "GET /shops/18ca2b6606419 HTTP/1.1" 429 267 www.fincaslaucirica.com "-" "Mozilla/5.0 (Macintosh; Intel Mac OS X 10_15_7) AppleWebKit/537.36 (KHTML, like Gecko) Chrome/145.0.0.0 Safari/537.36 (compatible; meta-externalagent/1.1 (+https://developers.facebook.com/docs/sharing/webmasters/crawler))" "-"
216.73.216.0 - - [11/Aug/2026:02:27:56 +0200] "GET /pages.php?loknya=%2Fhomepages%2F1%2Fd756473414 HTTP/1.1" 200 14070 fincaslaucirica.com "-" "Mozilla/5.0 AppleWebKit/537.36 (KHTML, like Gecko; compatible; ClaudeBot/1.0; +claudebot@anthropic.com)" "-"
216.73.216.0 - - [11/Aug/2026:02:27:57 +0200] "GET /pages.php?loknya=%2Fhomepages%2F45%2Fd69360765 HTTP/1.1" 200 19550 fincaslaucirica.com "-" "Mozilla/5.0 AppleWebKit/537.36 (KHTML, like Gecko; compatible; ClaudeBot/1.0; +claudebot@anthropic.com)" "-"
2a03:2880:f800:: - - [11/Aug/2026:02:27:57 +0200] "GET /shops/6a09cf54017398?loknya=/homepages/15/d754908516/htdocs/wp-admin HTTP/1.1" 429 267 www.fincaslaucirica.com "-" "Mozilla/5.0 (Windows NT 10.0; Win64; x64) AppleWebKit/537.36 (KHTML, like Gecko) Chrome/145.0.0.0 Safari/537.36 (compatible; meta-externalagent/1.1 (+https://developers.facebook.com/docs/sharing/webmasters/crawler))" "-"
216.73.216.0 - - [11/Aug/2026:02:27:58 +0200] "GET /pages.php?loknya=%2Fhomepages%2F36%2Fd763035824 HTTP/1.1" 200 18165 fincaslaucirica.com "-" "Mozilla/5.0 AppleWebKit/537.36 (KHTML, like Gecko; compatible; ClaudeBot/1.0; +claudebot@anthropic.com)" "-"
216.73.216.0 - - [11/Aug/2026:02:27:59 +0200] "GET /pages.php?loknya=%2Fhomepages%2F36%2Fd763818938 HTTP/1.1" 200 19562 fincaslaucirica.com "-" "Mozilla/5.0 AppleWebKit/537.36 (KHTML, like Gecko; compatible; ClaudeBot/1.0; +claudebot@anthropic.com)" "-"
216.73.216.0 - - [11/Aug/2026:02:28:00 +0200] "GET /pages.php?loknya=%2Fhomepages%2F1%2Fd758507010 HTTP/1.1" 200 15425 fincaslaucirica.com "-" "Mozilla/5.0 AppleWebKit/537.36 (KHTML, like Gecko; compatible; ClaudeBot/1.0; +claudebot@anthropic.com)" "-"
2a03:2880:f800:: - - [11/Aug/2026:02:28:04 +0200] "GET /shops/c8d29622742049?loknya=/ HTTP/1.1" 429 267 www.fincaslaucirica.com "-" "Mozilla/5.0 (Windows NT 10.0; Win64; x64) AppleWebKit/537.36 (KHTML, like Gecko) Chrome/145.0.0.0 Safari/537.36 (compatible; meta-externalagent/1.1 (+https://developers.facebook.com/docs/sharing/webmasters/crawler))" "-"
2a03:2880:f800:: - - [11/Aug/2026:02:28:05 +0200] "GET /shops/31155052498054?loknya=/homepages/15/d754908516/htdocs/wp-admin HTTP/1.1" 429 267 www.fincaslaucirica.com "-" "Mozilla/5.0 (Windows NT 10.0; Win64; x64) AppleWebKit/537.36 (KHTML, like Gecko) Chrome/145.0.0.0 Safari/537.36 (compatible; meta-externalagent/1.1 (+https://developers.facebook.com/docs/sharing/webmasters/crawler))" "-"
74.7.241.0 - - [11/Aug/2026:02:28:05 +0200] "GET /index.php?loknya=/proc/thread-self/root/proc/thread-self/root/proc/thread-self/root/proc/self/root/proc/self/root/proc/thread-self/root/kunden/proc/self/root/proc/thread-self/root/usr/include/linux/can HTTP/1.1" 200 24897 www.fincaslaucirica.com "https://www.fincaslaucirica.com/index.php?loknya=/proc/thread-self/root/proc/thread-self/root/proc/thread-self/root/proc/self/root/proc/self/root/proc/thread-self/root/kunden/proc/self/root/proc/thread-self/root/usr/include/linux" "Mozilla/5.0 AppleWebKit/537.36 (KHTML, like Gecko; compatible; GPTBot/1.4; +https://openai.com/gptbot)" "-"
216.73.216.0 - - [11/Aug/2026:02:28:09 +0200] "GET /pages.php?loknya=%2Fhomepages%2F45%2Fd759739629 HTTP/1.1" 200 12740 fincaslaucirica.com "-" "Mozilla/5.0 AppleWebKit/537.36 (KHTML, like Gecko; compatible; ClaudeBot/1.0; +claudebot@anthropic.com)" "-"
216.73.216.0 - - [11/Aug/2026:02:28:09 +0200] "GET /pages.php?loknya=%2Fhomepages%2F9%2Fd762758262 HTTP/1.1" 200 15424 fincaslaucirica.com "-" "Mozilla/5.0 AppleWebKit/537.36 (KHTML, like Gecko; compatible; ClaudeBot/1.0; +claudebot@anthropic.com)" "-"
216.73.216.0 - - [11/Aug/2026:02:28:10 +0200] "GET /pages.php?loknya=%2Fhomepages%2F37%2Fd761966622 HTTP/1.1" 200 12739 fincaslaucirica.com "-" "Mozilla/5.0 AppleWebKit/537.36 (KHTML, like Gecko; compatible; ClaudeBot/1.0; +claudebot@anthropic.com)" "-"
216.73.216.0 - - [11/Aug/2026:02:28:10 +0200] "GET /pages.php?loknya=%2Fhomepages%2F1%2Fd764933508 HTTP/1.1" 200 19490 fincaslaucirica.com "-" "Mozilla/5.0 AppleWebKit/537.36 (KHTML, like Gecko; compatible; ClaudeBot/1.0; +claudebot@anthropic.com)" "-"
216.73.216.0 - - [11/Aug/2026:02:28:11 +0200] "GET /pages.php?loknya=%2Fhomepages%2F37%2Fd762842608 HTTP/1.1" 200 19561 fincaslaucirica.com "-" "Mozilla/5.0 AppleWebKit/537.36 (KHTML, like Gecko; compatible; ClaudeBot/1.0; +claudebot@anthropic.com)" "-"
216.73.216.0 - - [11/Aug/2026:02:28:11 +0200] "GET /pages.php?loknya=%2Fhomepages%2F36%2Fd761184259 HTTP/1.1" 200 16828 fincaslaucirica.com "-" "Mozilla/5.0 AppleWebKit/537.36 (KHTML, like Gecko; compatible; ClaudeBot/1.0; +claudebot@anthropic.com)" "-"
216.73.216.0 - - [11/Aug/2026:02:28:12 +0200] "GET /pages.php?loknya=%2Fhomepages%2F45%2Fd762456699 HTTP/1.1" 200 18195 fincaslaucirica.com "-" "Mozilla/5.0 AppleWebKit/537.36 (KHTML, like Gecko; compatible; ClaudeBot/1.0; +claudebot@anthropic.com)" "-"
2a03:2880:f800:: - - [11/Aug/2026:02:28:12 +0200] "GET /shops/5e188491777100 HTTP/1.1" 429 267 www.fincaslaucirica.com "-" "Mozilla/5.0 (Windows NT 10.0; Win64; x64) AppleWebKit/537.36 (KHTML, like Gecko) Chrome/145.0.0.0 Safari/537.36 (compatible; meta-externalagent/1.1 (+https://developers.facebook.com/docs/sharing/webmasters/crawler))" "-"
216.73.216.0 - - [11/Aug/2026:02:28:13 +0200] "GET /pages.php?loknya=%2Fhomepages%2F29%2Fd758426010 HTTP/1.1" 200 14100 fincaslaucirica.com "-" "Mozilla/5.0 AppleWebKit/537.36 (KHTML, like Gecko; compatible; ClaudeBot/1.0; +claudebot@anthropic.com)" "-"
216.73.216.0 - - [11/Aug/2026:02:28:14 +0200] "GET /pages.php?loknya=%2Fhomepages%2F9%2Fd762910730 HTTP/1.1" 200 15424 fincaslaucirica.com "-" "Mozilla/5.0 AppleWebKit/537.36 (KHTML, like Gecko; compatible; ClaudeBot/1.0; +claudebot@anthropic.com)" "-"
2a03:2880:f800:: - - [11/Aug/2026:02:28:14 +0200] "GET /shops/51780c72510976 HTTP/1.1" 429 267 www.fincaslaucirica.com "-" "Mozilla/5.0 (Windows NT 10.0; Win64; x64) AppleWebKit/537.36 (KHTML, like Gecko) Chrome/145.0.0.0 Safari/537.36 (compatible; meta-externalagent/1.1 (+https://developers.facebook.com/docs/sharing/webmasters/crawler))" "-"
74.7.243.0 - - [11/Aug/2026:02:28:15 +0200] "GET /?lokasie=/kunden/etc//services&loknya=/kunden/etc/ HTTP/1.1" 200 16840 fincaslaucirica.es "http://fincaslaucirica.es/?loknya=/kunden/etc/" "Mozilla/5.0 AppleWebKit/537.36 (KHTML, like Gecko; compatible; GPTBot/1.4; +https://openai.com/gptbot)" "-"
216.73.216.0 - - [11/Aug/2026:02:28:15 +0200] "GET /pages.php?loknya=%2Fhomepages%2F1%2Fd764126095 HTTP/1.1" 200 12718 fincaslaucirica.com "-" "Mozilla/5.0 AppleWebKit/537.36 (KHTML, like Gecko; compatible; ClaudeBot/1.0; +claudebot@anthropic.com)" "-"
216.73.216.0 - - [11/Aug/2026:02:28:16 +0200] "GET /pages.php?loknya=%2Fhomepages%2F6%2Fd759635861 HTTP/1.1" 429 267 fincaslaucirica.com "-" "Mozilla/5.0 AppleWebKit/537.36 (KHTML, like Gecko; compatible; ClaudeBot/1.0; +claudebot@anthropic.com)" "-"
216.73.216.0 - - [11/Aug/2026:02:28:16 +0200] "GET /pages.php?loknya=%2Fhomepages%2F9%2Fd762775981 HTTP/1.1" 429 267 fincaslaucirica.com "-" "Mozilla/5.0 AppleWebKit/537.36 (KHTML, like Gecko; compatible; ClaudeBot/1.0; +claudebot@anthropic.com)" "-"
216.73.216.0 - - [11/Aug/2026:02:28:17 +0200] "GET /pages.php?loknya=%2Fhomepages%2F36%2Fd763467989 HTTP/1.1" 429 267 fincaslaucirica.com "-" "Mozilla/5.0 AppleWebKit/537.36 (KHTML, like Gecko; compatible; ClaudeBot/1.0; +claudebot@anthropic.com)" "-"
216.73.216.0 - - [11/Aug/2026:02:28:17 +0200] "GET /pages.php?loknya=%2Fhomepages%2F9%2Fd757576982 HTTP/1.1" 429 267 fincaslaucirica.com "-" "Mozilla/5.0 AppleWebKit/537.36 (KHTML, like Gecko; compatible; ClaudeBot/1.0; +claudebot@anthropic.com)" "-"
216.73.216.0 - - [11/Aug/2026:02:28:18 +0200] "GET /pages.php?loknya=%2Fhomepages%2F1%2Fd758619716 HTTP/1.1" 429 267 fincaslaucirica.com "-" "Mozilla/5.0 AppleWebKit/537.36 (KHTML, like Gecko; compatible; ClaudeBot/1.0; +claudebot@anthropic.com)" "-"
216.73.216.0 - - [11/Aug/2026:02:28:18 +0200] "GET /pages.php?loknya=%2Fhomepages%2F45%2Fd763019430 HTTP/1.1" 429 267 fincaslaucirica.com "-" "Mozilla/5.0 AppleWebKit/537.36 (KHTML, like Gecko; compatible; ClaudeBot/1.0; +claudebot@anthropic.com)" "-"
216.73.216.0 - - [11/Aug/2026:02:28:19 +0200] "GET /pages.php?loknya=%2Fhomepages%2F9%2Fd764141331 HTTP/1.1" 429 267 fincaslaucirica.com "-" "Mozilla/5.0 AppleWebKit/537.36 (KHTML, like Gecko; compatible; ClaudeBot/1.0; +claudebot@anthropic.com)" "-"
216.73.216.0 - - [11/Aug/2026:02:28:20 +0200] "GET /pages.php?loknya=%2Fhomepages%2F9%2Fd759496979 HTTP/1.1" 429 267 fincaslaucirica.com "-" "Mozilla/5.0 AppleWebKit/537.36 (KHTML, like Gecko; compatible; ClaudeBot/1.0; +claudebot@anthropic.com)" "-"
216.73.216.0 - - [11/Aug/2026:02:28:21 +0200] "GET /pages.php?loknya=%2Fhomepages%2F29%2Fd759189807 HTTP/1.1" 429 267 fincaslaucirica.com "-" "Mozilla/5.0 AppleWebKit/537.36 (KHTML, like Gecko; compatible; ClaudeBot/1.0; +claudebot@anthropic.com)" "-"
216.73.216.0 - - [11/Aug/2026:02:28:21 +0200] "GET /pages.php?loknya=%2Fhomepages%2F29%2Fd764481678 HTTP/1.1" 429 267 fincaslaucirica.com "-" "Mozilla/5.0 AppleWebKit/537.36 (KHTML, like Gecko; compatible; ClaudeBot/1.0; +claudebot@anthropic.com)" "-"
216.73.216.0 - - [11/Aug/2026:02:28:21 +0200] "GET /pages.php?loknya=%2Fhomepages%2F36%2Fd753930138 HTTP/1.1" 429 267 fincaslaucirica.com "-" "Mozilla/5.0 AppleWebKit/537.36 (KHTML, like Gecko; compatible; ClaudeBot/1.0; +claudebot@anthropic.com)" "-"
216.73.216.0 - - [11/Aug/2026:02:28:22 +0200] "GET /pages.php?loknya=%2Fhomepages%2F1%2Fd754141650 HTTP/1.1" 429 267 fincaslaucirica.com "-" "Mozilla/5.0 AppleWebKit/537.36 (KHTML, like Gecko; compatible; ClaudeBot/1.0; +claudebot@anthropic.com)" "-"
216.73.216.0 - - [11/Aug/2026:02:28:22 +0200] "GET /pages.php?loknya=%2Fhomepages%2F29%2Fd763009168 HTTP/1.1" 429 267 fincaslaucirica.com "-" "Mozilla/5.0 AppleWebKit/537.36 (KHTML, like Gecko; compatible; ClaudeBot/1.0; +claudebot@anthropic.com)" "-"
2a03:2880:f800:: - - [11/Aug/2026:02:28:23 +0200] "GET /shops/df76253761331 HTTP/1.1" 429 267 www.fincaslaucirica.com "-" "Mozilla/5.0 (Windows NT 10.0; Win64; x64) AppleWebKit/537.36 (KHTML, like Gecko) Chrome/145.0.0.0 Safari/537.36 (compatible; meta-externalagent/1.1 (+https://developers.facebook.com/docs/sharing/webmasters/crawler))" "-"
216.73.216.0 - - [11/Aug/2026:02:28:23 +0200] "GET /pages.php?loknya=%2Fhomepages%2F6%2Fd761740615 HTTP/1.1" 429 267 fincaslaucirica.com "-" "Mozilla/5.0 AppleWebKit/537.36 (KHTML, like Gecko; compatible; ClaudeBot/1.0; +claudebot@anthropic.com)" "-"
216.73.216.0 - - [11/Aug/2026:02:28:23 +0200] "GET /pages.php?loknya=%2Fhomepages%2F1%2Fd753961029 HTTP/1.1" 429 267 fincaslaucirica.com "-" "Mozilla/5.0 AppleWebKit/537.36 (KHTML, like Gecko; compatible; ClaudeBot/1.0; +claudebot@anthropic.com)" "-"
216.73.216.0 - - [11/Aug/2026:02:28:24 +0200] "GET /pages.php?loknya=%2Fhomepages%2F1%2Fd759405979 HTTP/1.1" 429 267 fincaslaucirica.com "-" "Mozilla/5.0 AppleWebKit/537.36 (KHTML, like Gecko; compatible; ClaudeBot/1.0; +claudebot@anthropic.com)" "-"
216.73.216.0 - - [11/Aug/2026:02:28:24 +0200] "GET /pages.php?loknya=%2Fhomepages%2F45%2Fd754321657 HTTP/1.1" 429 267 fincaslaucirica.com "-" "Mozilla/5.0 AppleWebKit/537.36 (KHTML, like Gecko; compatible; ClaudeBot/1.0; +claudebot@anthropic.com)" "-"
216.73.216.0 - - [11/Aug/2026:02:28:25 +0200] "GET /pages.php?loknya=%2Fhomepages%2F1%2Fd763459071 HTTP/1.1" 429 267 fincaslaucirica.com "-" "Mozilla/5.0 AppleWebKit/537.36 (KHTML, like Gecko; compatible; ClaudeBot/1.0; +claudebot@anthropic.com)" "-"
216.73.216.0 - - [11/Aug/2026:02:28:25 +0200] "GET /pages.php?loknya=%2Fhomepages%2F1%2Fd759083794 HTTP/1.1" 429 267 fincaslaucirica.com "-" "Mozilla/5.0 AppleWebKit/537.36 (KHTML, like Gecko; compatible; ClaudeBot/1.0; +claudebot@anthropic.com)" "-"
216.73.216.0 - - [11/Aug/2026:02:28:26 +0200] "GET /pages.php?loknya=%2Fhomepages%2F37%2Fd764685478 HTTP/1.1" 429 267 fincaslaucirica.com "-" "Mozilla/5.0 AppleWebKit/537.36 (KHTML, like Gecko; compatible; ClaudeBot/1.0; +claudebot@anthropic.com)" "-"
2a03:2880:f800:: - - [11/Aug/2026:02:28:26 +0200] "GET /shops/029b5293069049?loknya=/homepages HTTP/1.1" 429 267 www.fincaslaucirica.com "-" "Mozilla/5.0 (X11; Linux x86_64) AppleWebKit/537.36 (KHTML, like Gecko) Chrome/145.0.0.0 Safari/537.36 (compatible; meta-externalagent/1.1 (+https://developers.facebook.com/docs/sharing/webmasters/crawler))" "-"
2a03:2880:f800:: - - [11/Aug/2026:02:28:26 +0200] "GET /shops/20031482037715?loknya=/homepages/15/d754908516/htdocs/.tmb HTTP/1.1" 429 267 www.fincaslaucirica.com "-" "Mozilla/5.0 (Windows NT 10.0; Win64; x64) AppleWebKit/537.36 (KHTML, like Gecko) Chrome/144.0.0.0 Safari/537.36 Edg/144.0.0.0 (compatible; meta-externalagent/1.1 (+https://developers.facebook.com/docs/sharing/webmasters/crawler))" "-"
216.73.216.0 - - [11/Aug/2026:02:28:26 +0200] "GET /pages.php?loknya=%2Fhomepages%2F6%2Fd757784296 HTTP/1.1" 429 267 fincaslaucirica.com "-" "Mozilla/5.0 AppleWebKit/537.36 (KHTML, like Gecko; compatible; ClaudeBot/1.0; +claudebot@anthropic.com)" "-"
216.73.216.0 - - [11/Aug/2026:02:28:27 +0200] "GET /pages.php?loknya=%2Fhomepages%2F29%2Fd762766883 HTTP/1.1" 429 267 fincaslaucirica.com "-" "Mozilla/5.0 AppleWebKit/537.36 (KHTML, like Gecko; compatible; ClaudeBot/1.0; +claudebot@anthropic.com)" "-"
74.7.241.0 - - [11/Aug/2026:02:28:29 +0200] "GET /index.php?loknya=/proc/thread-self/root/proc/thread-self/root/proc/thread-self/root/proc/self/root/proc/self/root/proc/thread-self/root/kunden/proc/self/root/proc/thread-self/root/lib/valgrind HTTP/1.1" 200 10718 www.fincaslaucirica.com "https://www.fincaslaucirica.com/index.php?loknya=/proc/thread-self/root/proc/thread-self/root/proc/thread-self/root/proc/self/root/proc/self/root/proc/thread-self/root/kunden/proc/self/root/proc/thread-self/root/lib/" "Mozilla/5.0 AppleWebKit/537.36 (KHTML, like Gecko; compatible; GPTBot/1.4; +https://openai.com/gptbot)" "-"
216.73.216.0 - - [11/Aug/2026:02:28:38 +0200] "GET /pages.php?loknya=%2Fhomepages%2F1%2Fd757133952 HTTP/1.1" 429 267 fincaslaucirica.com "-" "Mozilla/5.0 AppleWebKit/537.36 (KHTML, like Gecko; compatible; ClaudeBot/1.0; +claudebot@anthropic.com)" "-"
216.73.216.0 - - [11/Aug/2026:02:28:39 +0200] "GET /pages.php?loknya=%2Fhomepages%2F9%2Fd758385429 HTTP/1.1" 429 267 fincaslaucirica.com "-" "Mozilla/5.0 AppleWebKit/537.36 (KHTML, like Gecko; compatible; ClaudeBot/1.0; +claudebot@anthropic.com)" "-"
216.73.216.0 - - [11/Aug/2026:02:28:39 +0200] "GET /pages.php?loknya=%2Fhomepages%2F1%2Fd763507810 HTTP/1.1" 429 267 fincaslaucirica.com "-" "Mozilla/5.0 AppleWebKit/537.36 (KHTML, like Gecko; compatible; ClaudeBot/1.0; +claudebot@anthropic.com)" "-"
74.7.243.0 - - [11/Aug/2026:02:28:40 +0200] "GET /?lokasie=/kunden/etc//hostname&loknya=/kunden/etc/ HTTP/1.1" 200 3997 fincaslaucirica.es "http://fincaslaucirica.es/?loknya=/kunden/etc/" "Mozilla/5.0 AppleWebKit/537.36 (KHTML, like Gecko; compatible; GPTBot/1.4; +https://openai.com/gptbot)" "-"
216.73.216.0 - - [11/Aug/2026:02:28:40 +0200] "GET /pages.php?loknya=%2Fhomepages%2F6%2Fd764136628 HTTP/1.1" 429 267 fincaslaucirica.com "-" "Mozilla/5.0 AppleWebKit/537.36 (KHTML, like Gecko; compatible; ClaudeBot/1.0; +claudebot@anthropic.com)" "-"
2a03:2880:f800:: - - [11/Aug/2026:02:28:40 +0200] "GET /shops/8e64862264451?loknya=/homepages HTTP/1.1" 429 267 www.fincaslaucirica.com "-" "Mozilla/5.0 (Windows NT 10.0; Win64; x64) AppleWebKit/537.36 (KHTML, like Gecko) Chrome/145.0.0.0 Safari/537.36 (compatible; meta-externalagent/1.1 (+https://developers.facebook.com/docs/sharing/webmasters/crawler))" "-"
216.73.216.0 - - [11/Aug/2026:02:28:40 +0200] "GET /pages.php?loknya=%2Fhomepages%2F29%2Fd758941882 HTTP/1.1" 429 267 fincaslaucirica.com "-" "Mozilla/5.0 AppleWebKit/537.36 (KHTML, like Gecko; compatible; ClaudeBot/1.0; +claudebot@anthropic.com)" "-"
216.73.216.0 - - [11/Aug/2026:02:28:41 +0200] "GET /pages.php?loknya=%2Fhomepages%2F1%2Fd763451974 HTTP/1.1" 429 267 fincaslaucirica.com "-" "Mozilla/5.0 AppleWebKit/537.36 (KHTML, like Gecko; compatible; ClaudeBot/1.0; +claudebot@anthropic.com)" "-"
216.73.216.0 - - [11/Aug/2026:02:28:41 +0200] "GET /pages.php?loknya=%2Fhomepages%2F37%2Fd412720620 HTTP/1.1" 429 267 fincaslaucirica.com "-" "Mozilla/5.0 AppleWebKit/537.36 (KHTML, like Gecko; compatible; ClaudeBot/1.0; +claudebot@anthropic.com)" "-"
2a03:2880:f800:: - - [11/Aug/2026:02:28:43 +0200] "GET /shops/281a8d8258788?loknya=/homepages/15 HTTP/1.1" 429 267 www.fincaslaucirica.com "-" "Mozilla/5.0 (Windows NT 10.0; Win64; x64) AppleWebKit/537.36 (KHTML, like Gecko) Chrome/145.0.0.0 Safari/537.36 (compatible; meta-externalagent/1.1 (+https://developers.facebook.com/docs/sharing/webmasters/crawler))" "-"
216.73.216.0 - - [11/Aug/2026:02:28:43 +0200] "GET /pages.php?loknya=%2Fhomepages%2F6%2Fd759401707 HTTP/1.1" 429 267 fincaslaucirica.com "-" "Mozilla/5.0 AppleWebKit/537.36 (KHTML, like Gecko; compatible; ClaudeBot/1.0; +claudebot@anthropic.com)" "-"
2a03:2880:f800:: - - [11/Aug/2026:02:28:44 +0200] "GET /shops/93834741622501?loknya=/homepages/15/d754908516/htdocs/.tmb HTTP/1.1" 429 267 www.fincaslaucirica.com "-" "Mozilla/5.0 (Macintosh; Intel Mac OS X 10_15_7) AppleWebKit/537.36 (KHTML, like Gecko) Chrome/145.0.0.0 Safari/537.36 (compatible; meta-externalagent/1.1 (+https://developers.facebook.com/docs/sharing/webmasters/crawler))" "-"
216.73.216.0 - - [11/Aug/2026:02:28:44 +0200] "GET /pages.php?loknya=%2Fhomepages%2F36%2Fd759656947 HTTP/1.1" 429 267 fincaslaucirica.com "-" "Mozilla/5.0 AppleWebKit/537.36 (KHTML, like Gecko; compatible; ClaudeBot/1.0; +claudebot@anthropic.com)" "-"
216.73.216.0 - - [11/Aug/2026:02:28:45 +0200] "GET /pages.php?loknya=%2Fhomepages%2F9%2Fd761846133 HTTP/1.1" 429 267 fincaslaucirica.com "-" "Mozilla/5.0 AppleWebKit/537.36 (KHTML, like Gecko; compatible; ClaudeBot/1.0; +claudebot@anthropic.com)" "-"
216.73.216.0 - - [11/Aug/2026:02:28:45 +0200] "GET /pages.php?loknya=%2Fhomepages%2F37%2Fd753908425 HTTP/1.1" 429 267 fincaslaucirica.com "-" "Mozilla/5.0 AppleWebKit/537.36 (KHTML, like Gecko; compatible; ClaudeBot/1.0; +claudebot@anthropic.com)" "-"
216.73.216.0 - - [11/Aug/2026:02:28:46 +0200] "GET /pages.php?loknya=%2Fhomepages%2F45%2Fd765817575 HTTP/1.1" 429 267 fincaslaucirica.com "-" "Mozilla/5.0 AppleWebKit/537.36 (KHTML, like Gecko; compatible; ClaudeBot/1.0; +claudebot@anthropic.com)" "-"
216.73.216.0 - - [11/Aug/2026:02:28:46 +0200] "GET /pages.php?loknya=%2Fhomepages%2F9%2Fd758384583 HTTP/1.1" 429 267 fincaslaucirica.com "-" "Mozilla/5.0 AppleWebKit/537.36 (KHTML, like Gecko; compatible; ClaudeBot/1.0; +claudebot@anthropic.com)" "-"
216.73.216.0 - - [11/Aug/2026:02:28:47 +0200] "GET /pages.php?loknya=%2Fhomepages%2F45%2Fd763426215 HTTP/1.1" 429 267 fincaslaucirica.com "-" "Mozilla/5.0 AppleWebKit/537.36 (KHTML, like Gecko; compatible; ClaudeBot/1.0; +claudebot@anthropic.com)" "-"
